01-01 00:00:07.685  1463  1463 W Resources: Preloaded drawable resource #0x108066a (android:drawable/textfield_search_right_selected_holo_light) that varies with configuration!!
01-01 00:00:07.685  1463  1463 W Resources: Preloaded drawable resource #0x1080668 (android:drawable/textfield_search_right_default_holo_light) that varies with configuration!!
01-01 00:00:07.705  1463  1463 D dalvikvm: GC_EXPLICIT freed 123K, 19% free 2913K/3560K, paused 2ms+2ms, total 20ms
01-01 00:00:07.707  1463  1463 W Resources: Preloaded drawable resource #0x1080635 (android:drawable/tab_unselected_holo) that varies with configuration!!
01-01 00:00:07.711  1463  1463 W Resources: Preloaded drawable resource #0x1080630 (android:drawable/tab_selected_holo) that varies with configuration!!
01-01 00:00:07.712  1463  1463 W Resources: Preloaded drawable resource #0x1080634 (android:drawable/tab_unselected_focused_holo) that varies with configuration!!
01-01 00:00:07.713  1463  1463 W Resources: Preloaded drawable resource #0x108062f (android:drawable/tab_selected_focused_holo) that varies with configuration!!
01-01 00:00:07.713  1463  1463 W Resources: Preloaded drawable resource #0x1080636 (android:drawable/tab_unselected_pressed_holo) that varies with configuration!!
01-01 00:00:07.714  1463  1463 W Resources: Preloaded drawable resource #0x1080631 (android:drawable/tab_selected_pressed_holo) that varies with configuration!!
01-01 00:00:07.714  1463  1463 W Resources: Preloaded drawable resource #0x1080636 (android:drawable/tab_unselected_pressed_holo) that varies with configuration!!
01-01 00:00:07.715  1463  1463 W Resources: Preloaded drawable resource #0x1080631 (android:drawable/tab_selected_pressed_holo) that varies with configuration!!
01-01 00:00:07.715  1463  1463 W Resources: Preloaded drawable resource #0x1080624 (android:drawable/tab_indicator_holo) that varies with configuration!!
01-01 00:00:07.716  1463  1463 W Resources: Preloaded drawable resource #0x1080635 (android:drawable/tab_unselected_holo) that varies with configuration!!
01-01 00:00:07.716  1463  1463 W Resources: Preloaded drawable resource #0x1080630 (android:drawable/tab_selected_holo) that varies with configuration!!
01-01 00:00:07.717  1463  1463 W Resources: Preloaded drawable resource #0x1080634 (android:drawable/tab_unselected_focused_holo) that varies with configuration!!
01-01 00:00:07.717  1463  1463 W Resources: Preloaded drawable resource #0x108062f (android:drawable/tab_selected_focused_holo) that varies with configuration!!
01-01 00:00:07.718  1463  1463 W Resources: Preloaded drawable resource #0x1080636 (android:drawable/tab_unselected_pressed_holo) that varies with configuration!!
01-01 00:00:07.719  1463  1463 W Resources: Preloaded drawable resource #0x1080631 (android:drawable/tab_selected_pressed_holo) that varies with configuration!!
01-01 00:00:07.743  1480  1480 I DvbServer: ServiceManager: 0x77f7ff40
01-01 00:00:07.780  1463  1463 D dalvikvm: GC_EXPLICIT freed 35K, 18% free 2948K/3560K, paused 2ms+4ms, total 25ms
01-01 00:00:07.781  1463  1463 I Zygote  : ...preloaded 274 resources in 2762ms.
01-01 00:00:07.789  1463  1463 I Zygote  : ...preloaded 31 resources in 8ms.
01-01 00:00:07.790  1463  1463 D libEGL  : loaded /system/lib/egl/libGLES_mali.so
01-01 00:00:07.820  1463  1463 D dalvikvm: GC_EXPLICIT freed 20K, 18% free 2953K/3560K, paused 2ms+2ms, total 22ms
01-01 00:00:07.841  1463  1463 D dalvikvm: GC_EXPLICIT freed 10K, 18% free 2943K/3560K, paused 1ms+2ms, total 20ms
01-01 00:00:07.861  1463  1463 D dalvikvm: GC_EXPLICIT freed <1K, 18% free 2943K/3560K, paused 3ms+2ms, total 20ms
01-01 00:00:07.885  1463  1463 I dalvikvm: System server process 1962 has been created
01-01 00:00:07.885  1463  1463 I Zygote  : Accepting command socket connections
01-01 00:00:07.972  1962  1962 I SystemServer: Entered the Android system server!
01-01 00:00:07.973  1962  1962 D SensorService: nuSensorService starting...
01-01 00:00:07.981  1962  1962 D         : init_socket_server init server ok
01-01 00:00:08.073  1962  1962 E         : couldn't find 'xiaocong_acc' input device
01-01 00:00:08.073  1962  1962 D         : Sensor_PROC_CreateMode
01-01 00:00:08.073  1962  1962 E         : init sensor proc fail
01-01 00:00:08.073  1962  1962 I SensorService: HiMultiscreen Accelerometer
01-01 00:00:08.073  1962  1962 I SensorService: HiMultiscreen Gyroscope
01-01 00:00:08.073  1962  1962 D SensorService: Max socket buffer size 163840
01-01 00:00:08.073  1962  1975 D SensorService: nuSensorService thread starting...
01-01 00:00:08.075  1962  1962 I SystemServer: Waiting for installd to be ready.
01-01 00:00:08.079  1962  1962 I Installer: connecting...
01-01 00:00:08.081  1466  1466 I installd: new connection
01-01 00:00:08.081  1962  1962 I SystemServer: Power Manager
01-01 00:00:08.082  1962  1962 I SystemServer: Activity Manager
01-01 00:00:08.085  1962  1977 I XXXXXXX : ******************************* ADJ: 0,1,2,3,9,15
01-01 00:00:08.085  1962  1977 I XXXXXXX : ******************************* MINFREE: 2048,2560,3072,3584,4096,5120
01-01 00:00:08.087  1962  1977 I ActivityManager: Memory class: 96
01-01 00:00:08.115  1962  1977 W BatteryStatsImpl: Couldn't get kernel wake lock stats
01-01 00:00:08.198  1962  1962 I IntentFirewall: Read new rules (A:0 B:0 S:0)
01-01 00:00:08.203  1962  1962 I SystemServer: Display Manager
01-01 00:00:08.203  1962  1962 I SystemServer: nDisplay Manager
01-01 00:00:08.204  1962  1962 I SystemServer: Telephony Registry
01-01 00:00:08.207  1962  1962 I SystemServer: Scheduling Policy
01-01 00:00:08.208  1962  1976 I DisplayManagerService: Display device added: DisplayDeviceInfo{"Встроенный экран": 1920 x 1080, 60.000004 fps, density 240, 240.236 x 240.631 dpi, touch INTERNAL, rotation 0, type BUILT_IN, FLAG_DEFAULT_DISPLAY, FLAG_ROTATES_WITH_CONTENT, FLAG_SECURE, FLAG_SUPPORTS_PROTECTED_BUFFERS}
01-01 00:00:08.208  1962  1962 I SystemServer: Package Manager
01-01 00:00:08.238  1962  1966 D dalvikvm: GC_CONCURRENT freed 413K, 12% free 3520K/3992K, paused 2ms+1ms, total 17ms
01-01 00:00:08.281  1962  1962 D SELinuxMMAC: Couldn't find install policy /data/security/mac_permissions.xml
01-01 00:00:08.282  1962  1962 D SELinuxMMAC: Using install policy file /system/etc/security/mac_permissions.xml
01-01 00:00:08.343  1480  1999 V DVBSTACK: ----------------------------- 	 s_fd  = 72
01-01 00:00:08.343  1480  1999 V DVBSTACK: ----------------------------- 	 listen ret = 0
01-01 00:00:08.419  1962  1966 D dalvikvm: GC_CONCURRENT freed 797K, 20% free 3645K/4512K, paused 2ms+3ms, total 20ms
01-01 00:00:08.564  1962  1962 W PackageManager: Library not found: /system/framework/com.android.future.usb.accessory.jar
01-01 00:00:08.714  1962  1962 W PackageParser: No actions in intent filter at /system/priv-app/Contacts.apk Binary XML file line #77
01-01 00:00:08.720  1962  1962 W PackageParser: No actions in intent filter at /system/priv-app/Contacts.apk Binary XML file line #375
01-01 00:00:08.910  1962  1966 D dalvikvm: GC_CONCURRENT freed 399K, 11% free 4148K/4616K, paused 2ms+2ms, total 22ms
01-01 00:00:08.978  1962  1962 W ResourceType: Failure getting entry for 0x7f0d0181 (t=12 e=385) in package 0 (error -75)
01-01 00:00:08.978  1962  1962 W ResourceType: Failure getting entry for 0x7f0d0181 (t=12 e=385) in package 0 (error -75)
01-01 00:00:08.978  1962  1962 W ResourceType: Failure getting entry for 0x7f0d0181 (t=12 e=385) in package 0 (error -75)
01-01 00:00:08.978  1962  1962 W ResourceType: Failure getting entry for 0x7f0d0181 (t=12 e=385) in package 0 (error -75)
01-01 00:00:09.309  1962  1962 W Resources: Converting to boolean: TypedValue{t=0x3/d=0x225c "false" a=2 r=0x7f120ac5}
01-01 00:00:09.327  1962  1962 W ResourceType: Failure getting entry for 0x7f1303ca (t=18 e=970) in package 0 (error -75)
01-01 00:00:09.494  1962  1966 D dalvikvm: GC_CONCURRENT freed 264K, 7% free 4857K/5192K, paused 2ms+5ms, total 30ms
01-01 00:00:09.619  1962  1962 W PackageParser: No actions in intent filter at /system/app/Bluetooth.apk Binary XML file line #210
01-01 00:00:09.677  1962  1962 W PackageParser: No actions in intent filter at /system/app/Calendar.apk Binary XML file line #64
01-01 00:00:09.734  1962  1962 W PackageParser: No actions in intent filter at /system/app/Gallery2.apk Binary XML file line #95
01-01 00:00:09.739  1962  1962 W PackageParser: Unknown element under <application>: permission at /system/app/Gallery2.apk Binary XML file line #242
01-01 00:00:09.739  1962  1962 W PackageParser: Unknown element under <application>: permission at /system/app/Gallery2.apk Binary XML file line #245
01-01 00:00:09.798  1962  1962 W PackageParser: No actions in intent filter at /system/app/HiGallery.apk Binary XML file line #88
01-01 00:00:09.799  1962  1962 W PackageParser: No actions in intent filter at /system/app/HiGallery.apk Binary XML file line #110
01-01 00:00:09.854  1962  1962 W PackageParser: No actions in intent filter at /system/app/HiMusic.apk Binary XML file line #61
01-01 00:00:09.856  1962  1962 W PackageParser: No actions in intent filter at /system/app/HiMusic.apk Binary XML file line #249
01-01 00:00:10.014  1962  1962 W PackageParser: No actions in intent filter at /system/app/QuickSearchBox.apk Binary XML file line #50
01-01 00:00:10.037  1962  1962 D PackageManager: No files in app dir /vendor/app
01-01 00:00:10.046  1962  1962 D PackageManager: skip copy non-system app library of /data/app-lib/com.google.android.youtube.tv-1.2.7-10207100-minAPI17
01-01 00:00:10.058  1962  1962 D PackageManager: skip copy non-system app library of /data/app-lib/com.hzrom.boxtool-1
01-01 00:00:10.072  1962  1962 D PackageManager: skip copy non-system app library of /data/app-lib/com.theolivetree.ftpserverpro-1
01-01 00:00:10.095  1962  1962 D PackageManager: skip copy non-system app library of /data/app-lib/berserker.android.apps.ftpdroid-1
01-01 00:00:10.105  1962  1966 D dalvikvm: GC_CONCURRENT freed 396K, 8% free 5396K/5860K, paused 2ms+5ms, total 43ms
01-01 00:00:10.127  1962  1962 D PackageManager: skip copy non-system app library of /data/app-lib/com.ghisler.android.TotalCommander-1
01-01 00:00:10.166  1962  1962 D PackageManager: skip copy non-system app library of /data/app-lib/com.tvaddon.downloader-1
01-01 00:00:10.184  1962  1962 D PackageManager: skip copy non-system app library of /data/app-lib/ds.cpuoverlay-1
01-01 00:00:10.195  1962  1962 D PackageManager: skip copy non-system app library of /data/app-lib/com.autostart-1
01-01 00:00:10.213  1962  1962 W PackageParser: Unknown element under <manifest>: meta-data at /data/app/com.andevapps.tvhd-1.apk Binary XML file line #10
01-01 00:00:10.217  1962  1962 W PackageManager: Package com.andevapps.tvhd desires unavailable shared library org.apache.http.legacy; ignoring!
01-01 00:00:10.217  1962  1962 D PackageManager: skip copy non-system app library of /data/app-lib/com.andevapps.tvhd-1
01-01 00:00:10.223  1962  1962 W PackageManager: Package com.andevapps.tvhd desires unavailable shared library org.apache.http.legacy; ignoring!
01-01 00:00:10.223  1962  1962 W PackageManager: Package com.google.android.gms desires unavailable shared library com.google.android.ble; ignoring!
01-01 00:00:10.223  1962  1962 I PackageManager: Time to scan packages: 1.664 seconds
01-01 00:00:10.226  1962  1962 W PackageManager: Not granting permission android.permission.GLOBAL_SEARCH to package com.android.quicksearchbox (protectionLevel=18 flags=0x8be45)
01-01 00:00:10.227  1962  1962 W PackageManager: Unknown permission com.android.launcher.permission.READ_SETTINGS in package com.hisilicon.dlna.dms
01-01 00:00:10.227  1962  1962 W PackageManager: Unknown permission com.android.launcher.permission.WRITE_SETTINGS in package com.hisilicon.dlna.dms
01-01 00:00:10.229  1962  1962 W PackageManager: Unknown permission com.android.launcher.permission.READ_SETTINGS in package com.google.android.onetimeinitializer
01-01 00:00:10.229  1962  1962 W PackageManager: Unknown permission com.android.launcher.permission.WRITE_SETTINGS in package com.google.android.onetimeinitializer
01-01 00:00:10.229  1962  1962 W PackageManager: Unknown permission com.android.launcher.permission.PRELOAD_WORKSPACE in package com.google.android.partnersetup
01-01 00:00:10.230  1962  1962 W PackageManager: Unknown permission com.android.vending.billing.IBillingAccountService.BIND2 in package com.google.android.gsf.login
01-01 00:00:10.230  1962  1962 W PackageManager: Unknown permission com.android.chrome.TOS_ACKED in package com.google.android.gsf.login
01-01 00:00:10.230  1962  1962 W PackageManager: Unknown permission android.permission.SYSTEM_OVERLAY_WINDOW in package com.hisilicon.android.pqsetting
01-01 00:00:10.231  1962  1962 W PackageManager: Unknown permission com.google.android.gallery3d.permission.GALLERY_PROVIDER in package com.android.bluetooth
01-01 00:00:10.231  1962  1962 W PackageManager: Unknown permission android.permission.MMS_SEND_OUTBOX_MSG in package com.android.bluetooth
01-01 00:00:10.232  1962  1962 W PackageManager: Unknown permission com.google.android.finsky.permission.BIND_GET_INSTALL_REFERRER_SERVICE in package com.andevapps.tvhd
01-01 00:00:10.232  1962  1962 W PackageManager: Unknown permission com.android.launcher.permission.READ_SETTINGS in package com.android.onetimeinitializer
01-01 00:00:10.232  1962  1962 W PackageManager: Unknown permission com.android.launcher.permission.WRITE_SETTINGS in package com.android.onetimeinitializer
01-01 00:00:10.233  1962  1962 W PackageManager: Unknown permission android.permission.OBSERVE_GRANT_REVOKE_PERMISSIONS in package com.google.android.gms
01-01 00:00:10.233  1962  1962 W PackageManager: Unknown permission android.permission.RECOVERY in package com.google.android.gms
01-01 00:00:10.233  1962  1962 W PackageManager: Not granting permission android.permission.READ_DREAM_STATE to package com.google.android.gms (protectionLevel=2 flags=0x40483e45)
01-01 00:00:10.233  1962  1962 W PackageManager: Unknown permission android.permission.PROVIDE_TRUST_AGENT in package com.google.android.gms
01-01 00:00:10.234  1962  1962 W PackageManager: Unknown permission com.google.android.apps.enterprise.dmagent.permission.AutoSyncPermission in package com.google.android.gms
01-01 00:00:10.234  1962  1962 W PackageManager: Unknown permission com.google.android.googlequicksearchbox.permission.PAUSE_HOTWORD in package com.google.android.gms
01-01 00:00:10.234  1962  1962 W PackageManager: Unknown permission android.permission.MANAGE_VOICE_KEYPHRASES in package com.google.android.gms
01-01 00:00:10.234  1962  1962 W PackageManager: Unknown permission android.permission.REAL_GET_TASKS in package com.google.android.gms
01-01 00:00:10.234  1962  1962 W PackageManager: Unknown permission com.google.android.hangouts.START_HANGOUT in package com.google.android.gms
01-01 00:00:10.235  1962  1962 W PackageManager: Unknown permission android.permission.READ_WIFI_CREDENTIAL in package com.google.android.gms
01-01 00:00:10.235  1962  1962 W PackageManager: Unknown permission android.permission.SCORE_NETWORKS in package com.google.android.gms
01-01 00:00:10.235  1962  1962 W PackageManager: Unknown permission android.permission.CONTROL_INCALL_EXPERIENCE in package com.google.android.gms
01-01 00:00:10.235  1962  1962 W PackageManager: Unknown permission android.permission.USER_ACTIVITY in package com.google.android.gms
01-01 00:00:10.235  1962  1962 W PackageManager: Unknown permission android.permission.MODIFY_AUDIO_ROUTING in package com.google.android.gms
01-01 00:00:10.235  1962  1962 W PackageManager: Unknown permission com.google.android.wearable.READ_SETTINGS in package com.google.android.gms
01-01 00:00:10.235  1962  1962 W PackageManager: Unknown permission android.permission.INTENT_FILTER_VERIFICATION_AGENT in package com.google.android.gms
01-01 00:00:10.235  1962  1962 W PackageManager: Unknown permission android.permission.LOCAL_MAC_ADDRESS in package com.google.android.gms
01-01 00:00:10.235  1962  1962 W PackageManager: Unknown permission android.permission.CHANGE_DEVICE_IDLE_TEMP_WHITELIST in package com.google.android.gms
01-01 00:00:10.236  1962  1962 W PackageManager: Unknown permission android.permission.BODY_SENSORS in package com.google.android.gms
01-01 00:00:10.236  1962  1962 W PackageManager: Unknown permission android.permission.NOTIFY_PENDING_SYSTEM_UPDATE in package com.google.android.gms
01-01 00:00:10.236  1962  1962 W PackageManager: Unknown permission com.google.android.launcher.permission.RECEIVE_LAUNCH_BROADCASTS in package com.google.android.gms
01-01 00:00:10.236  1962  1962 W PackageManager: Unknown permission com.google.android.gm.permission.READ_GMAIL in package com.google.android.gms
01-01 00:00:10.236  1962  1962 W PackageManager: Unknown permission com.android.voicemail.permission.READ_VOICEMAIL in package com.google.android.gms
01-01 00:00:10.236  1962  1962 W PackageManager: Unknown permission com.google.android.gallery3d.permission.PICASA_STORE in package com.android.dreams.phototable
01-01 00:00:10.238  1962  1962 W PackageManager: Unknown permission com.android.launcher.permission.READ_SETTINGS in package com.android.settings
01-01 00:00:10.238  1962  1962 W PackageManager: Unknown permission com.android.launcher.permission.WRITE_SETTINGS in package com.android.settings
01-01 00:00:10.238  1962  1962 W PackageManager: Unknown permission android.permission.QUICKBOOT_POWERON in package ds.cpuoverlay
01-01 00:00:10.239  1962  1962 W PackageManager: Unknown permission android.permission.ACCESS_SUPERUSER in package com.ghisler.android.TotalCommander
01-01 00:00:10.239  1962  1962 W PackageManager: Unknown permission android.permission.REAL_GET_TASKS in package com.android.vending
01-01 00:00:10.239  1962  1962 W PackageManager: Not granting permission android.permission.SEND_DOWNLOAD_COMPLETED_INTENTS to package com.android.vending (protectionLevel=2 flags=0x404abe45)
01-01 00:00:10.240  1962  1962 W PackageManager: Unknown permission android.permission.SEND_SMS_NO_CONFIRMATION in package com.android.vending
01-01 00:00:10.240  1962  1962 W PackageManager: Unknown permission android.permission.USE_FINGERPRINT in package com.android.vending
01-01 00:00:10.240  1962  1962 W PackageManager: Unknown permission android.permission.GET_PACKAGE_IMPORTANCE in package com.android.vending
01-01 00:00:10.240  1962  1962 W PackageManager: Unknown permission android.permission.GET_ACCOUNTS_PRIVILEGED in package com.android.vending
01-01 00:00:10.240  1962  1962 W PackageManager: Unknown permission android.permission.INSTALL_GRANT_RUNTIME_PERMISSIONS in package com.android.vending
01-01 00:00:10.240  1962  1962 W PackageManager: Unknown permission android.permission.GRANT_RUNTIME_PERMISSIONS in package com.android.vending
01-01 00:00:10.240  1962  1962 W PackageManager: Unknown permission android.permission.REVOKE_RUNTIME_PERMISSIONS in package com.android.vending
01-01 00:00:10.240  1962  1962 W PackageManager: Unknown permission android.permission.CHANGE_DEVICE_IDLE_TEMP_WHITELIST in package com.android.vending
01-01 00:00:10.240  1962  1962 W PackageManager: Not granting permission android.permission.FORCE_STOP_PACKAGES to package com.android.vending (protectionLevel=2 flags=0x404abe45)
01-01 00:00:10.240  1962  1962 W PackageManager: Unknown permission com.google.android.partnersetup.permission.WRITE_APP_PROVIDER in package com.android.vending
01-01 00:00:10.241  1962  1962 W PackageManager: Unknown permission com.android.launcher.permission.READ_SETTINGS in package com.hisilicon.dlna.player
01-01 00:00:10.241  1962  1962 W PackageManager: Unknown permission com.android.launcher.permission.WRITE_SETTINGS in package com.hisilicon.dlna.player
01-01 00:00:10.242  1962  1962 W PackageManager: Unknown permission android.permission.ACCESS_SUPERUSER in package berserker.android.apps.ftpdroid
01-01 00:00:10.242  1962  1962 W PackageManager: Not granting permission android.permission.DELETE_PACKAGES to package com.svox.pico (protectionLevel=18 flags=0x8be45)
01-01 00:00:10.243  1962  1962 W PackageManager: Not granting permission android.permission.READ_DREAM_STATE to package com.google.android.gsf (protectionLevel=2 flags=0x40083e45)
01-01 00:00:10.396  1962  1962 D dalvikvm: GC_EXPLICIT freed 740K, 14% free 5252K/6064K, paused 2ms+4ms, total 45ms
01-01 00:00:10.399  1962  1962 I SystemServer: Entropy Mixer
01-01 00:00:10.401  1962  1962 I EntropyMixer: Writing entropy...
01-01 00:00:10.418  1962  1962 I SystemServer: User Service
01-01 00:00:10.418  1962  1962 I SystemServer: startQbService Enter
01-01 00:00:10.418  1962  1962 I SystemServer: Account Manager
01-01 00:00:10.429  1962  1962 I SystemServer: Content Manager
01-01 00:00:10.429  1962  1962 I SystemServer: System Content Providers
01-01 00:00:10.466  1962  1962 I SystemServer: Lights Service
01-01 00:00:10.466  1962  1962 I SystemServer: Battery Service
01-01 00:00:10.468  1962  1962 I SystemServer: Vibrator Service
01-01 00:00:10.469  1962  1972 W BatteryStatsImpl: Couldn't get kernel wake lock stats
01-01 00:00:10.469  1962  1962 I SystemServer: Consumer IR Service
01-01 00:00:10.470  1962  1962 E ConsumerIrService: Can't open consumer IR HW Module, error: -2
01-01 00:00:10.472  1962  1962 W libsuspend: Error writing 'on' to /sys/power/state: Invalid argument
01-01 00:00:10.472  1962  1962 E libsuspend: Error opening /sys/power/autosleep: No such file or directory
01-01 00:00:10.472  1962  1962 I libsuspend: Selected wakeup count
01-01 00:00:10.473  1462  1545 D PermissionCache: checking android.permission.ACCESS_SURFACE_FLINGER for uid=1000 => granted (380 us)
01-01 00:00:10.473  1462  1462 D SurfaceFlinger: Screen acquired, type=0 flinger=0x772d8450
01-01 00:00:10.473  1462  1462 D SurfaceFlinger:  screen was previously acquired
01-01 00:00:10.473  1962  1962 I SystemServer: Alarm Manager
01-01 00:00:10.474  1962  1962 D AlarmManagerService: Kernel timezone updated to 0 minutes west of GMT
01-01 00:00:10.477  1962  1962 I SystemServer: Init Watchdog
01-01 00:00:10.478  1962  1962 I SystemServer: Input Manager
01-01 00:00:10.479  1962  1962 I InputManager: Initializing input manager, mUseDevInputEventForAudioJack=false
01-01 00:00:10.480  1962  1962 I SystemServer: Window Manager
01-01 00:00:10.488  1962  1976 I WindowManager: No existing display settings /data/system/display_settings.xml; starting empty
01-01 00:00:10.516  1962  1990 E Keyfunction: -------->Keyfunction <---------
01-01 00:00:10.523  1962  1990 I Keyfunction: -----doc--->org.apache.harmony.xml.dom.DocumentImpl@2ce1ae10
01-01 00:00:10.524  1962  1990 I Keyfunction: Got 2 items from the xml file
01-01 00:00:10.527  1962  1990 E         : error sending wake message (Invalid argument)
01-01 00:00:10.527  1962  1990 I WindowManager: No keyguard interface!
01-01 00:00:10.530  1962  1962 I InputManager: Starting input manager
01-01 00:00:10.531  1962  2016 E EventHub: could not get driver version for /dev/input/mouse1, Not a typewriter
01-01 00:00:10.531  1962  1962 I SystemServer: Bluetooth Manager Service
01-01 00:00:10.532  1962  1962 D BluetoothManagerService: Loading stored name and address
01-01 00:00:10.533  1962  1962 D BluetoothManagerService: Stored bluetooth Name=,Address=22:22:28:44:15:F7
01-01 00:00:10.534  1962  1962 I SystemServer: Input Method Service
01-01 00:00:10.538  1962  1962 W InputMethodManagerService: Couldn't create dir.: /data/system/inputmethod
01-01 00:00:10.548  1962  2016 I EventHub: New device: id=1, fd=97, path='/dev/input/event2', name='qwerty', classes=0x14, configuration='/system/usr/idc/qwerty.idc', keyLayout='', keyCharacterMap='', builtinKeyboard=false, usingSuspendBlockIoctl=true, usingClockIoctl=true
01-01 00:00:10.548  1962  2016 E EventHub: could not get driver version for /dev/input/mouse0, Not a typewriter
01-01 00:00:10.555  1962  1962 I SystemServer: Accessibility Manager
01-01 00:00:10.560  1962  1962 I XXXXXXX : ******************************* ADJ: 0,1,2,3,9,15
01-01 00:00:10.560  1962  1962 I XXXXXXX : ******************************* MINFREE: 2048,2560,3072,3584,4096,5120
01-01 00:00:10.562  1962  2016 D EventHub: No input device configuration file found for device 'Hi mouse'.
01-01 00:00:10.562  1962  2016 I EventHub: New device: id=2, fd=101, path='/dev/input/event1', name='Hi mouse', classes=0x8, configuration='', keyLayout='', keyCharacterMap='', builtinKeyboard=false, usingSuspendBlockIoctl=true, usingClockIoctl=true
01-01 00:00:10.562  1962  2016 D EventHub: No input device configuration file found for device 'Hi keyboard'.
01-01 00:00:10.570  1962  2016 W EventHub: Unable to disable kernel key repeat for /dev/input/event0: Function not implemented
01-01 00:00:10.570  1962  2016 I EventHub: New device: id=3, fd=102, path='/dev/input/event0', name='Hi keyboard', classes=0x63, configuration='', keyLayout='/system/usr/keylayout/Vendor_0001_Product_0001.kl', keyCharacterMap='/system/usr/keychars/Generic.kcm', builtinKeyboard=false, usingSuspendBlockIoctl=true, usingClockIoctl=true
01-01 00:00:10.570  1962  2016 E EventHub: could not get driver version for /dev/input/mice, Not a typewriter
01-01 00:00:10.593  1962  1962 I ActivityManager: Config changes=1df8 {1.0 ?mcc?mnc ru_RU ldltr sw720dp w1280dp h720dp 240dpi xlrg long land ?uimode ?night -touch -keyb/v/h -nav/h s.2}
01-01 00:00:10.607  1962  1962 I SystemServer: Mount Service
01-01 00:00:10.611  1962  1962 D MountService: got storage path: /mnt/sdcard description: SD-карта primary: true removable: false emulated: false mtpReserve: 0 allowMassStorage: false maxFileSize: 0
01-01 00:00:10.612  1962  1962 D MountService: addVolumeLocked() StorageVolume:
01-01 00:00:10.612  1962  1962 D MountService:     mStorageId=0 mPath=/mnt/sdcard mDescriptionId=17040666 mPrimary=true 
01-01 00:00:10.612  1962  1962 D MountService:     mRemovable=false mEmulated=false mMtpReserveSpace=0 
01-01 00:00:10.612  1962  1962 D MountService:     mAllowMassStorage=false mMaxFileSize=0 mOwner=null mUuid=null 
01-01 00:00:10.612  1962  1962 D MountService:     mUserLabel=null mState=null 
01-01 00:00:10.612  1962  1962 D MountService: got storage path: /storage/emulated/0 description: SD-карта primary: false removable: false emulated: false mtpReserve: 0 allowMassStorage: false maxFileSize: 0
01-01 00:00:10.613  1962  1962 D MountService: addVolumeLocked() StorageVolume:
01-01 00:00:10.613  1962  1962 D MountService:     mStorageId=0 mPath=/storage/emulated/0 mDescriptionId=17040666 
01-01 00:00:10.613  1962  1962 D MountService:     mPrimary=false mRemovable=false mEmulated=false mMtpReserveSpace=0 
01-01 00:00:10.613  1962  1962 D MountService:     mAllowMassStorage=false mMaxFileSize=0 mOwner=null mUuid=null 
01-01 00:00:10.613  1962  1962 D MountService:     mUserLabel=null mState=null 
01-01 00:00:10.618  1962  1962 I SystemServer: LockSettingsService
01-01 00:00:10.622  1962  1962 I SystemServer: Device Policy
01-01 00:00:10.624  1962  1962 I SystemServer: Status Bar
01-01 00:00:10.626  1962  1962 I SystemServer: Clipboard Service
01-01 00:00:10.627  1962  1962 I SystemServer: NetworkManagement Service
01-01 00:00:10.633  1962  2016 I InputReader: Device added: id=-1, name='Virtual', sources=0x00000301
01-01 00:00:10.633  1962  1962 I SystemServer: Text Service Manager Service
01-01 00:00:10.634  1962  2016 I InputReader: Device added: id=3, name='Hi keyboard', sources=0x00000701
01-01 00:00:10.639  1962  2027 I MountService: Media shared on daemon connection unmounted
01-01 00:00:10.639  1962  2027 I MountService: Updating valid state unmounted
01-01 00:00:10.639  1962  2027 D MountService: volume state changed for /mnt/sdcard_external (null -> unmounted)
01-01 00:00:10.640  1962  2027 W MountService: getSecureContainerList() called when storage not mounted
01-01 00:00:10.643  1962  1962 I SystemServer: micphone Android Service
01-01 00:00:10.646  1962  1962 V Karaoke-JNI: Karaoke JNI Call
01-01 00:00:10.646  1962  1962 D MicphoneService: load karaoke_jni lib
01-01 00:00:10.646  1962  1962 D MicphoneService: new MicphoneService
01-01 00:00:10.646  1962  1962 D IRTSoundEffectsService: new MicphoneService
01-01 00:00:10.646  1962  1962 I SystemServer: rtSoundEffects Android Service
01-01 00:00:10.646  1962  1962 I SystemServer: NetworkStats Service
01-01 00:00:10.647  1962  1962 W Settings: Setting ntp_server has moved from android.provider.Settings.Secure to android.provider.Settings.Global.
01-01 00:00:10.647  1962  1962 I NtpTrustedTime: Ntp disable flag set to true.
01-01 00:00:10.651  1962  2027 I PackageManager: No secure containers on sdcard
01-01 00:00:10.652  1962  1962 I SystemServer: NetworkPolicy Service
01-01 00:00:10.652  1962  2027 W PackageManager: Not granting permission android.permission.GLOBAL_SEARCH to package com.android.quicksearchbox (protectionLevel=18 flags=0x8be45)
01-01 00:00:10.653  1962  2027 W PackageManager: Unknown permission com.android.launcher.permission.READ_SETTINGS in package com.hisilicon.dlna.dms
01-01 00:00:10.653  1962  2027 W PackageManager: Unknown permission com.android.launcher.permission.WRITE_SETTINGS in package com.hisilicon.dlna.dms
01-01 00:00:10.655  1962  2027 W PackageManager: Unknown permission com.android.launcher.permission.READ_SETTINGS in package com.google.android.onetimeinitializer
01-01 00:00:10.655  1962  2027 W PackageManager: Unknown permission com.android.launcher.permission.WRITE_SETTINGS in package com.google.android.onetimeinitializer
01-01 00:00:10.655  1962  1962 I SystemServer: Wi-Fi P2pService
01-01 00:00:10.655  1962  2027 W PackageManager: Unknown permission com.android.launcher.permission.PRELOAD_WORKSPACE in package com.google.android.partnersetup
01-01 00:00:10.656  1962  2027 W PackageManager: Unknown permission com.android.vending.billing.IBillingAccountService.BIND2 in package com.google.android.gsf.login
01-01 00:00:10.656  1962  2027 W PackageManager: Unknown permission com.android.chrome.TOS_ACKED in package com.google.android.gsf.login
01-01 00:00:10.657  1962  2027 W PackageManager: Unknown permission android.permission.SYSTEM_OVERLAY_WINDOW in package com.hisilicon.android.pqsetting
01-01 00:00:10.658  1962  2027 W PackageManager: Unknown permission com.google.android.gallery3d.permission.GALLERY_PROVIDER in package com.android.bluetooth
01-01 00:00:10.658  1962  2027 W PackageManager: Unknown permission android.permission.MMS_SEND_OUTBOX_MSG in package com.android.bluetooth
01-01 00:00:10.659  1962  2027 W PackageManager: Unknown permission com.google.android.finsky.permission.BIND_GET_INSTALL_REFERRER_SERVICE in package com.andevapps.tvhd
01-01 00:00:10.659  1962  2027 W PackageManager: Unknown permission com.android.launcher.permission.READ_SETTINGS in package com.android.onetimeinitializer
01-01 00:00:10.659  1962  2027 W PackageManager: Unknown permission com.android.launcher.permission.WRITE_SETTINGS in package com.android.onetimeinitializer
01-01 00:00:10.661  1962  2027 W PackageManager: Unknown permission android.permission.OBSERVE_GRANT_REVOKE_PERMISSIONS in package com.google.android.gms
01-01 00:00:10.661  1962  2027 W PackageManager: Unknown permission android.permission.RECOVERY in package com.google.android.gms
01-01 00:00:10.662  1962  2016 I InputReader: Device added: id=2, name='Hi mouse', sources=0x00002002
01-01 00:00:10.662  1962  2016 I InputReader:   Touch device 'qwerty' could not query the properties of its associated display.  The device will be inoperable until the display size becomes available.
01-01 00:00:10.662  1962  2016 I InputReader: Device added: id=1, name='qwerty', sources=0x00001002
01-01 00:00:10.662  1962  2027 W PackageManager: Not granting permission android.permission.READ_DREAM_STATE to package com.google.android.gms (protectionLevel=2 flags=0x40483e45)
01-01 00:00:10.662  1962  2027 W PackageManager: Unknown permission android.permission.PROVIDE_TRUST_AGENT in package com.google.android.gms
01-01 00:00:10.662  1962  2027 W PackageManager: Unknown permission com.google.android.apps.enterprise.dmagent.permission.AutoSyncPermission in package com.google.android.gms
01-01 00:00:10.663  1962  2027 W PackageManager: Unknown permission com.google.android.googlequicksearchbox.permission.PAUSE_HOTWORD in package com.google.android.gms
01-01 00:00:10.663  1962  2027 W PackageManager: Unknown permission android.permission.MANAGE_VOICE_KEYPHRASES in package com.google.android.gms
01-01 00:00:10.663  1962  2027 W PackageManager: Unknown permission android.permission.REAL_GET_TASKS in package com.google.android.gms
01-01 00:00:10.663  1962  2027 W PackageManager: Unknown permission com.google.android.hangouts.START_HANGOUT in package com.google.android.gms
01-01 00:00:10.663  1962  2027 W PackageManager: Unknown permission android.permission.READ_WIFI_CREDENTIAL in package com.google.android.gms
01-01 00:00:10.663  1962  2015 I ActivityManager: Config changes=68 {1.0 ?mcc?mnc ru_RU ldltr sw720dp w1280dp h720dp 240dpi xlrg long land ?uimode ?night finger -keyb/v/h dpad/v s.3}
01-01 00:00:10.663  1962  2027 W PackageManager: Unknown permission android.permission.SCORE_NETWORKS in package com.google.android.gms
01-01 00:00:10.664  1962  2027 W PackageManager: Unknown permission android.permission.CONTROL_INCALL_EXPERIENCE in package com.google.android.gms
01-01 00:00:10.665  1962  2016 I InputReader: Reconfiguring input devices.  changes=0x00000004
01-01 00:00:10.665  1962  2016 I InputReader: Device reconfigured: id=1, name='qwerty', size 1920x1080, orientation 0, mode 1, display id 0
01-01 00:00:10.665  1962  2027 W PackageManager: Unknown permission android.permission.USER_ACTIVITY in package com.google.android.gms
01-01 00:00:10.665  1962  2027 W PackageManager: Unknown permission android.permission.MODIFY_AUDIO_ROUTING in package com.google.android.gms
01-01 00:00:10.665  1962  2027 W PackageManager: Unknown permission com.google.android.wearable.READ_SETTINGS in package com.google.android.gms
01-01 00:00:10.665  1962  2027 W PackageManager: Unknown permission android.permission.INTENT_FILTER_VERIFICATION_AGENT in package com.google.android.gms
01-01 00:00:10.665  1962  2027 W PackageManager: Unknown permission android.permission.LOCAL_MAC_ADDRESS in package com.google.android.gms
01-01 00:00:10.665  1962  2027 W PackageManager: Unknown permission android.permission.CHANGE_DEVICE_IDLE_TEMP_WHITELIST in package com.google.android.gms
01-01 00:00:10.665  1962  2027 W PackageManager: Unknown permission android.permission.BODY_SENSORS in package com.google.android.gms
01-01 00:00:10.665  1962  2027 W PackageManager: Unknown permission android.permission.NOTIFY_PENDING_SYSTEM_UPDATE in package com.google.android.gms
01-01 00:00:10.665  1962  2027 W PackageManager: Unknown permission com.google.android.launcher.permission.RECEIVE_LAUNCH_BROADCASTS in package com.google.android.gms
01-01 00:00:10.665  1962  2027 W PackageManager: Unknown permission com.google.android.gm.permission.READ_GMAIL in package com.google.android.gms
01-01 00:00:10.665  1962  2027 W PackageManager: Unknown permission com.android.voicemail.permission.READ_VOICEMAIL in package com.google.android.gms
01-01 00:00:10.666  1962  2027 W PackageManager: Unknown permission com.google.android.gallery3d.permission.PICASA_STORE in package com.android.dreams.phototable
01-01 00:00:10.667  1962  2027 W PackageManager: Unknown permission com.android.launcher.permission.READ_SETTINGS in package com.android.settings
01-01 00:00:10.667  1962  2027 W PackageManager: Unknown permission com.android.launcher.permission.WRITE_SETTINGS in package com.android.settings
01-01 00:00:10.667  1962  2027 W PackageManager: Unknown permission android.permission.QUICKBOOT_POWERON in package ds.cpuoverlay
01-01 00:00:10.667  1962  2027 W PackageManager: Unknown permission android.permission.ACCESS_SUPERUSER in package com.ghisler.android.TotalCommander
01-01 00:00:10.668  1962  2027 W PackageManager: Unknown permission android.permission.REAL_GET_TASKS in package com.android.vending
01-01 00:00:10.668  1962  2027 W PackageManager: Not granting permission android.permission.SEND_DOWNLOAD_COMPLETED_INTENTS to package com.android.vending (protectionLevel=2 flags=0x404abe45)
01-01 00:00:10.668  1962  2027 W PackageManager: Unknown permission android.permission.SEND_SMS_NO_CONFIRMATION in package com.android.vending
01-01 00:00:10.668  1962  2027 W PackageManager: Unknown permission android.permission.USE_FINGERPRINT in package com.android.vending
01-01 00:00:10.668  1962  2027 W PackageManager: Unknown permission android.permission.GET_PACKAGE_IMPORTANCE in package com.android.vending
01-01 00:00:10.668  1962  2027 W PackageManager: Unknown permission android.permission.GET_ACCOUNTS_PRIVILEGED in package com.android.vending
01-01 00:00:10.668  1962  2027 W PackageManager: Unknown permission android.permission.INSTALL_GRANT_RUNTIME_PERMISSIONS in package com.android.vending
01-01 00:00:10.668  1962  2027 W PackageManager: Unknown permission android.permission.GRANT_RUNTIME_PERMISSIONS in package com.android.vending
01-01 00:00:10.668  1962  2027 W PackageManager: Unknown permission android.permission.REVOKE_RUNTIME_PERMISSIONS in package com.android.vending
01-01 00:00:10.669  1962  2027 W PackageManager: Unknown permission android.permission.CHANGE_DEVICE_IDLE_TEMP_WHITELIST in package com.android.vending
01-01 00:00:10.669  1962  2027 W PackageManager: Not granting permission android.permission.FORCE_STOP_PACKAGES to package com.android.vending (protectionLevel=2 flags=0x404abe45)
01-01 00:00:10.669  1962  2027 W PackageManager: Unknown permission com.google.android.partnersetup.permission.WRITE_APP_PROVIDER in package com.android.vending
01-01 00:00:10.669  1962  2027 W PackageManager: Unknown permission com.android.launcher.permission.READ_SETTINGS in package com.hisilicon.dlna.player
01-01 00:00:10.669  1962  2027 W PackageManager: Unknown permission com.android.launcher.permission.WRITE_SETTINGS in package com.hisilicon.dlna.player
01-01 00:00:10.670  1962  2027 W PackageManager: Unknown permission android.permission.ACCESS_SUPERUSER in package berserker.android.apps.ftpdroid
01-01 00:00:10.674  1962  2027 W PackageManager: Not granting permission android.permission.DELETE_PACKAGES to package com.svox.pico (protectionLevel=18 flags=0x8be45)
01-01 00:00:10.675  1962  2027 W PackageManager: Not granting permission android.permission.READ_DREAM_STATE to package com.google.android.gsf (protectionLevel=2 flags=0x40083e45)
01-01 00:00:10.711  1962  1966 D dalvikvm: GC_CONCURRENT freed 630K, 12% free 5620K/6324K, paused 3ms+4ms, total 41ms
01-01 00:00:10.827  1962  1962 I SystemServer: Wi-Fi Service
01-01 00:00:10.909  1962  1962 D WifiStateMachine: completeConstruction: E
01-01 00:00:10.909  1962  1962 D WifiStateMachine: completeConstruction: maxDepth=6
01-01 00:00:10.909  1962  1962 D WifiStateMachine: setupInitialStateStack: E mInitialState=InitialState
01-01 00:00:10.909  1962  1962 D WifiStateMachine: moveTempStackToStateStack: i=1,j=0
01-01 00:00:10.909  1962  1962 D WifiStateMachine: moveTempStackToStateStack: i=0,j=1
01-01 00:00:10.909  1962  1962 D WifiStateMachine: moveTempStackToStateStack: X mStateStackTop=1,startingIndex=0,Top=InitialState
01-01 00:00:10.909  1962  1962 D WifiStateMachine: completeConstruction: X
01-01 00:00:10.910  1962  2032 D WifiStateMachine: handleMessage: E msg.what=-2
01-01 00:00:10.910  1962  2032 D WifiStateMachine: invokeEnterMethods: DefaultState
01-01 00:00:10.910  1962  2032 D WifiStateMachine: invokeEnterMethods: InitialState
01-01 00:00:10.914  1962  2032 D WifiStateMachine: handleMessage: X
01-01 00:00:10.914  1962  2032 D WifiStateMachine: handleMessage: E msg.what=131154
01-01 00:00:10.914  1962  2032 D WifiStateMachine: processMsg: InitialState
01-01 00:00:10.914  1962  2032 D WifiStateMachine: processMsg: DefaultState
01-01 00:00:10.914  1962  2032 D WifiStateMachine: handleMessage: X
01-01 00:00:10.914  1962  2032 D WifiStateMachine: handleMessage: E msg.what=69632
01-01 00:00:10.914  1962  2032 D WifiStateMachine: processMsg: InitialState
01-01 00:00:10.914  1962  2032 D WifiStateMachine: processMsg: DefaultState
01-01 00:00:10.914  1962  2032 D WifiStateMachine: handleMessage: X
01-01 00:00:10.914  1962  2032 D WifiStateMachine: handleMessage: E msg.what=131084
01-01 00:00:10.914  1962  2032 D WifiStateMachine: processMsg: InitialState
01-01 00:00:10.914  1962  2032 D WifiStateMachine: processMsg: DefaultState
01-01 00:00:10.914  1962  2032 D WifiStateMachine: handleMessage: X
01-01 00:00:10.915  1962  1962 I SystemServer: Ethernet Service
01-01 00:00:10.935  1962  1962 I SystemServer: Pppoe Service
01-01 00:00:10.936  1962  1962 I G3Service: G3 service initialize
01-01 00:00:10.936  1962  1962 I SystemServer: G3 Service
01-01 00:00:10.936  1962  1962 I SystemServer: Connectivity Service
01-01 00:00:10.937  1962  1962 D ConnectivityService: ConnectivityService starting up
01-01 00:00:10.940  1962  1962 D ConnectivityService: wifiOnly=false
01-01 00:00:10.967  1962  1962 I EthernetJNI: interface eth0:2 found
01-01 00:00:10.967  1962  1962 D EthernetJNI: android_net_ethernet_initEthernetNative exited with success
01-01 00:00:10.969  1962  1962 E NetUtils: Interface eth0 LinkDown!
01-01 00:00:10.969  1962  1962 E EthernetDataTracker: Physical Connection ERROR! please check your wire
01-01 00:00:10.969  1962  1962 W ContextImpl: Calling a method in the system process without a qualified user: android.app.ContextImpl.sendStickyBroadcast:1358 android.net.EthernetDataTracker.postNotification:695 android.net.EthernetDataTracker.reconnect:969 com.android.server.ConnectivityService.<init>:649 com.android.server.ConnectivityService.<init>:453 
01-01 00:00:10.974  1962  1962 I G3StateTracker: getInstance()
01-01 00:00:10.974  1962  1962 I G3StateTracker: getInstance(): new G3StateTracker()
01-01 00:00:10.974  1962  1962 I G3StateTracker: G3StateTracker constructor
01-01 00:00:10.975  1962  1962 I G3StateTracker: startMonitoring() begin...
01-01 00:00:10.976  1962  1962 I G3Manager: init G3Manager
01-01 00:00:10.976  1962  1962 I G3Manager: getG3PersistedConnectMode()
01-01 00:00:10.976  1962  1962 I G3Service: getG3PersistedConnectMode() :AUTO 0
01-01 00:00:10.976  1962  1962 I G3Manager: getG3PersistedState()
01-01 00:00:10.976  1962  1962 I G3Service: getG3PersistedState() :DISABLE
01-01 00:00:10.976  1962  1962 I G3StateTracker: startMonitoring() success
01-01 00:00:10.976  1962  1962 E G3StateTracker: reconnect failed, the 3g card is removed
01-01 00:00:10.980  1962  2032 D WifiStateMachine: handleMessage: E msg.what=131217
01-01 00:00:10.980  1962  2032 D WifiStateMachine: processMsg: InitialState
01-01 00:00:10.980  1962  2032 D WifiStateMachine: processMsg: DefaultState
01-01 00:00:10.980  1962  2032 D WifiStateMachine: handleMessage: X
01-01 00:00:10.980  1962  1962 E MobileDataStateTracker: default: Ignoring feature request because could not acquire PhoneService
01-01 00:00:10.980  1962  1962 E MobileDataStateTracker: default: Could not enable APN type "default"
01-01 00:00:10.984  1962  1962 I EthernetService: setEthernetState from 0 to 1
01-01 00:00:10.985  1962  1962 E NetUtils: Interface eth0 LinkDown!
01-01 00:00:10.986  1962  1962 E EthernetDataTracker: Physical Connection ERROR! please check your wire
01-01 00:00:10.986  1962  1962 W ContextImpl: Calling a method in the system process without a qualified user: android.app.ContextImpl.sendStickyBroadcast:1358 android.net.EthernetDataTracker.postNotification:695 android.net.EthernetDataTracker.reconnect:969 android.net.EthernetDataTracker.interfaceAdded:202 android.net.EthernetDataTracker.resetInterface:1185 
01-01 00:00:10.987  1962  1962 I WifiService: WifiService starting up with Wi-Fi disabled
01-01 00:00:10.998  1962  1962 I G3Service: getG3PersistedState() :DISABLE
01-01 00:00:10.998  1962  1962 I G3StateTracker: getInstance()
01-01 00:00:10.998  1962  1962 I G3Service: checkAndStartG3()->g3EnableState:0, now register g3 observer
01-01 00:00:10.998  1962  1962 I G3Service: registerG3Observer
01-01 00:00:10.998  1962  1962 I G3StateTracker: 3g registerG3Observer Success!
01-01 00:00:10.998  1962  1962 I WifiService: WifiService starting up with WiFi-AP disabled
01-01 00:00:10.998  1962  1962 I SystemServer: Network Service Discovery Service
01-01 00:00:10.999  1962  1962 D NsdService: Network service discovery enabled true
01-01 00:00:11.000  1962  1962 I SystemServer: UpdateLock Service
01-01 00:00:11.037  1962  1962 I SystemServer: Notification Manager
01-01 00:00:11.041  1962  1962 I SystemServer: Device Storage Monitor
01-01 00:00:11.043  1962  1962 I SystemServer: Location Manager
01-01 00:00:11.044  1962  1962 I SystemServer: Country Detector
01-01 00:00:11.044  1962  1962 I SystemServer: Search Service
01-01 00:00:11.045  1962  1962 I SystemServer: DropBox Service
01-01 00:00:11.046  1962  1962 I SystemServer: Wallpaper Service
01-01 00:00:11.049  1962  1962 I SystemServer: Audio Service
01-01 00:00:11.098  1465  1465 D AudioPolicyManagerBase: NO Force device 
01-01 00:00:11.099  1465  1465 D AudioPolicyManagerBase: NO Force device 
01-01 00:00:11.114  1465  2040 D AudioPolicyManagerBase: AudioPolicyManagerBase::checkAndSetVolume 15,1.000000
01-01 00:00:11.115  1465  1859 D AudioPolicyManagerBase: AudioPolicyManagerBase::checkAndSetVolume 15,0.501188
01-01 00:00:11.115  1465  1847 I AudioFlinger: AudioFlinger::setStreamVolume 1,0.501188
01-01 00:00:11.116  1465  2040 D AudioPolicyManagerBase: AudioPolicyManagerBase::checkAndSetVolume 5,0.060000
01-01 00:00:11.116  1465  1847 I AudioFlinger: AudioFlinger::setStreamVolume 2,0.060000
01-01 00:00:11.116  1465  1859 D AudioPolicyManagerBase: AudioPolicyManagerBase::checkAndSetVolume 15,1.000000
01-01 00:00:11.117  1465  2040 D AudioPolicyManagerBase: AudioPolicyManagerBase::checkAndSetVolume 6,0.125893
01-01 00:00:11.118  1465  1847 I AudioFlinger: AudioFlinger::setStreamVolume 4,0.125893
01-01 00:00:11.118  1465  1859 D AudioPolicyManagerBase: AudioPolicyManagerBase::checkAndSetVolume 5,0.060000
01-01 00:00:11.118  1465  1847 I AudioFlinger: AudioFlinger::setStreamVolume 5,0.060000
01-01 00:00:11.119  1465  1859 D AudioPolicyManagerBase: AudioPolicyManagerBase::checkAndSetVolume 15,0.501188
01-01 00:00:11.119  1465  1847 I AudioFlinger: AudioFlinger::setStreamVolume 7,0.501188
01-01 00:00:11.120  1465  1465 D AudioPolicyManagerBase: AudioPolicyManagerBase::checkAndSetVolume 15,0.501188
01-01 00:00:11.120  1465  1847 I AudioFlinger: AudioFlinger::setStreamVolume 8,0.501188
01-01 00:00:11.121  1465  2041 D AudioPolicyManagerBase: AudioPolicyManagerBase::checkAndSetVolume 15,1.000000
01-01 00:00:11.122  1962  1962 I SystemServer: Dock Observer
01-01 00:00:11.123  1962  1962 W DockObserver: This kernel does not have dock station support
01-01 00:00:11.123  1962  1962 I SystemServer: Wired Accessory Manager
01-01 00:00:11.125  1962  1962 W WiredAccessoryManager: This kernel does not have usb audio support
01-01 00:00:11.126  1962  1962 I SystemServer: USB Service
01-01 00:00:11.129  1962  1962 I SystemServer: Serial Service
01-01 00:00:11.129  1962  1962 I SystemServer: Twilight Service
01-01 00:00:11.130  1962  1962 I SystemServer: UI Mode Manager Service
01-01 00:00:11.131  1962  1962 I SystemServer: Backup Service
01-01 00:00:11.140  1962  1962 V BackupManagerService: Initializing package tracking
01-01 00:00:11.141  1962  1962 V BackupManagerService: No ancestral data
01-01 00:00:11.143  1962  1962 V BackupManagerService: addPackageParticipantsLocked: all
01-01 00:00:11.143  1962  1962 I BackupManagerService: Scheduling backup for new app com.android.calendar
01-01 00:00:11.144  1962  1962 D BackupManagerService: Now staging backup of com.android.calendar
01-01 00:00:11.155  1962  1962 I BackupManagerService: Scheduling backup for new app com.android.browser
01-01 00:00:11.155  1962  1962 D BackupManagerService: Now staging backup of com.android.browser
01-01 00:00:11.161  1962  1962 I BackupManagerService: Scheduling backup for new app com.android.providers.userdictionary
01-01 00:00:11.161  1962  1962 D BackupManagerService: Now staging backup of com.android.providers.userdictionary
01-01 00:00:11.165  1962  1962 I BackupManagerService: Scheduling backup for new app com.android.sharedstoragebackup
01-01 00:00:11.165  1962  1962 D BackupManagerService: Now staging backup of com.android.sharedstoragebackup
01-01 00:00:11.168  1962  1962 I BackupManagerService: Scheduling backup for new app android
01-01 00:00:11.168  1962  1962 D BackupManagerService: Now staging backup of android
01-01 00:00:11.174  1962  1962 I BackupManagerService: Scheduling backup for new app com.android.vending
01-01 00:00:11.176  1962  1966 D dalvikvm: GC_CONCURRENT freed 640K, 11% free 5921K/6640K, paused 3ms+3ms, total 45ms
01-01 00:00:11.176  1962  1962 D BackupManagerService: Now staging backup of com.android.vending
01-01 00:00:11.180  1962  1962 I BackupManagerService: Scheduling backup for new app com.android.providers.settings
01-01 00:00:11.180  1962  1962 D BackupManagerService: Now staging backup of com.android.providers.settings
01-01 00:00:11.183  1962  1962 I BackupManagerService: Scheduling backup for new app com.hisilicon.android.inputmethod.latin
01-01 00:00:11.183  1962  1962 D BackupManagerService: Now staging backup of com.hisilicon.android.inputmethod.latin
01-01 00:00:11.186  1962  1962 V BackupManagerService: Starting with transport android/com.android.internal.backup.LocalTransport
01-01 00:00:11.186  1962  1962 V BackupManagerService: Found transports: 2
01-01 00:00:11.186  1962  1962 I BackupManagerService: Binding to transport host ComponentInfo{android/com.android.internal.backup.LocalTransportService}
