03-11 23:46:22.366  2330  2780 I Icing   : Indexing done A652BB0F1CCCAF287989406DFC2CDC4B7C781426
03-11 23:46:22.368  2330  2780 I Icing   : Indexing B391C207C1072B0F0BA5537C1C72BCF8E7691EC1 from com.google.android.gms
03-11 23:46:22.375  2330  2780 I Icing   : Indexing done B391C207C1072B0F0BA5537C1C72BCF8E7691EC1
03-11 23:46:22.380  2330  2780 I Icing   : Indexing 16F60506DDE783E1073AD3F0A71CFECA641409EA from com.google.android.gms
03-11 23:46:22.387  2330  2780 I Icing   : Indexing done 16F60506DDE783E1073AD3F0A71CFECA641409EA
03-11 23:46:22.389  2330  2780 I Icing   : Indexing F618F53B9B9CBAE046D4F2E143F43D7096DE263F from com.google.android.gms
03-11 23:46:22.396  2330  2780 I Icing   : Indexing done F618F53B9B9CBAE046D4F2E143F43D7096DE263F
03-11 23:46:22.398  2330  2780 I Icing   : Removing corpus key 03EDB384A4F5DE25B3DF8DC950D19AF9F8C46907 for package com.google.android.gms
03-11 23:46:22.563  2330  2780 I Icing   : Indexing 03EDB384A4F5DE25B3DF8DC950D19AF9F8C46907 from com.google.android.gms
03-11 23:46:22.632  2330  2332 D dalvikvm: GC_CONCURRENT freed 1006K, 19% free 5116K/6240K, paused 2ms+4ms, total 30ms
03-11 23:46:22.632  2330  2780 D dalvikvm: WAIT_FOR_CONCURRENT_GC blocked 4ms
03-11 23:46:22.684  1962  1966 D dalvikvm: GC_CONCURRENT freed 884K, 13% free 7000K/7964K, paused 2ms+5ms, total 47ms
03-11 23:46:22.806  2330  2332 D dalvikvm: GC_CONCURRENT freed 1058K, 19% free 5081K/6240K, paused 3ms+3ms, total 33ms
03-11 23:46:22.806  2330  2780 D dalvikvm: WAIT_FOR_CONCURRENT_GC blocked 10ms
03-11 23:46:22.919  2330  2780 D Icing   : Loaded CLD2 Version V2.0 - 20141016
03-11 23:46:22.978  2330  2780 I Icing   : Indexing done 03EDB384A4F5DE25B3DF8DC950D19AF9F8C46907
03-11 23:46:23.389  2330  2780 I Icing   : Indexing 03EDB384A4F5DE25B3DF8DC950D19AF9F8C46907 from com.google.android.gms
03-11 23:46:23.394  2330  2780 I Icing   : Indexing done 03EDB384A4F5DE25B3DF8DC950D19AF9F8C46907
03-11 23:46:23.409  1962  1973 I ActivityManager: Resuming delayed broadcast
03-11 23:46:23.423  1962  1973 I ActivityManager: Start proc com.android.gallery3d for broadcast com.android.gallery3d/.app.PackagesMonitor: pid=3371 uid=10021 gids={50021, 3003, 1028, 1015}
03-11 23:46:23.432  3371  3371 E Environment: canonicalPath = /mnt/sdcard
03-11 23:46:23.513  1962  2234 I ActivityManager: Delay finish: com.android.gallery3d/.app.PackagesMonitor
03-11 23:46:23.528  1962  1972 I ActivityManager: Resuming delayed broadcast
03-11 23:46:23.663  2283  2287 D dalvikvm: GC_CONCURRENT freed 1166K, 27% free 4043K/5472K, paused 1ms+2ms, total 23ms
03-11 23:46:23.746  1962  2194 I ActivityManager: Delay finish: com.google.android.gms/.init.InitializeGmsReceiver
03-11 23:46:23.751  2330  3402 D LocationInitializer: Restart initialization of location
03-11 23:46:23.754  2396  2396 D WearableService: callingUid 10006, callindPid: 2396
03-11 23:46:23.759  2396  3401 E MDM     : [126] b.run: Couldn't connect to Google API client: ConnectionResult{statusCode=API_UNAVAILABLE, resolution=null, message=null}
03-11 23:46:23.776  1962  2221 I ActivityManager: Resuming delayed broadcast
03-11 23:46:23.785  2283  2283 D AuthorizationBluetoothService: Received GmsCore event: Intent { act=com.google.android.gms.INITIALIZE flg=0x10 pkg=com.google.android.gms cmp=com.google.android.gms/.auth.be.proximity.authorization.bt.AuthorizationBluetoothService$AutoStarter }.
03-11 23:46:23.786  2283  2283 E AuthorizationBluetoothService: Proximity feature is not enabled.
03-11 23:46:23.789  1962  2195 I ActivityManager: Delay finish: com.google.android.gms/.auth.be.account.AccountStatusChecker$InitializeReceiver
03-11 23:46:23.791  2283  2283 V GLSActivity: AuthDelegateWrapperCreated with selected intent: Intent { cmp=com.google.android.gms/.auth.DefaultAuthDelegateService }
03-11 23:46:23.792  2283  2283 V GLSActivity: AuthDelegateWrapperCreated with selected intent: Intent { cmp=com.google.android.gms/.auth.DefaultAuthDelegateService }
03-11 23:46:23.794  1962  2195 I ActivityManager: Resuming delayed broadcast
03-11 23:46:23.799  1962  2075 I ActivityManager: Delay finish: com.google.android.gms/.auth.crypto.ChannelBindingBroadcastReceiver
03-11 23:46:23.803  1962  1973 I ActivityManager: Resuming delayed broadcast
03-11 23:46:23.813  1962  2075 I ActivityManager: Delay finish: com.google.android.partnersetup/.GservicesChangedReceiver
03-11 23:46:23.889  1962  1973 I ActivityManager: Resuming delayed broadcast
03-11 23:46:23.926  1962  2074 I ActivityManager: Delay finish: com.google.android.gms/.chimera.container.GmsModuleFinder$Receiver
03-11 23:46:23.928  2330  3413 D GmsModuleFndr: Beginning GMS chimera module scan
03-11 23:46:23.928  2330  3413 D GmsModuleFndr: Module pkg com.google.android.apps.kids.familylinkmanager not installed, skipping
03-11 23:46:23.929  2330  3413 D GmsModuleFndr: Module pkg com.google.android.gms.policy_test_support not installed, skipping
03-11 23:46:23.929  2330  3413 D GmsModuleFndr: Module pkg com.google.android.apps.kids.familylink not installed, skipping
03-11 23:46:23.929  2330  3413 D GmsModuleFndr: Module pkg com.google.android.projection.gearhead not installed, skipping
03-11 23:46:23.929  2330  3413 D GmsModuleFndr: Module pkg com.google.android.play.games not installed, skipping
03-11 23:46:23.935  2330  3413 D ChimeraCfgMgr: Beginning module configuration check
03-11 23:46:23.975  2330  2332 D dalvikvm: GC_CONCURRENT freed 1056K, 21% free 4941K/6240K, paused 2ms+19ms, total 44ms
03-11 23:46:23.995  2330  3413 D ChimeraCfgMgr: Module APKs unchanged, check complete
03-11 23:46:23.995  1962  2220 I ActivityManager: Resuming delayed broadcast
03-11 23:46:24.002  1962  1972 I ActivityManager: Delay finish: com.google.android.gms/.checkin.CheckinService$Receiver
03-11 23:46:24.018  2330  3414 E TelephonyManager: cts.appProcess.processName:com.google.android.gms
03-11 23:46:24.020  2330  3414 I CheckinService: Checking schedule, now: 1552347984021 next: 1552931142256
03-11 23:46:24.020  2330  3414 I CheckinService: active receiver: disabled
03-11 23:46:24.026  1962  2234 I ActivityManager: Resuming delayed broadcast
03-11 23:46:24.033  2330  2330 I SystemUpdateService: receiver: Intent { act=com.google.gservices.intent.action.GSERVICES_CHANGED flg=0x10 cmp=com.google.android.gms/.update.SystemUpdateService$Receiver }
03-11 23:46:24.036  2330  2330 D SystemUpdateService: onCreate
03-11 23:46:24.037  1962  2075 I ActivityManager: Delay finish: com.google.android.gms/.update.SystemUpdateService$Receiver
03-11 23:46:24.040  2330  2330 D SystemUpdateService: onStartCommand: intent: Intent { cmp=com.google.android.gms/.update.SystemUpdateService (has extras) }
03-11 23:46:24.048  2330  3415 I SystemUpdateService: cancelUpdate (empty URL)
03-11 23:46:24.048  2330  3415 I SystemUpdateService: active receiver: disabled
03-11 23:46:24.054  1962  1972 I ActivityManager: Resuming delayed broadcast
03-11 23:46:24.057  2330  2330 D SystemUpdateService: onDestroy
03-11 23:46:24.069  2330  2330 I dalvikvm: Could not find method android.security.NetworkSecurityPolicy.getInstance, referenced from method com.google.android.gms.ads.internal.t.e.a
03-11 23:46:24.069  2330  2330 W dalvikvm: VFY: unable to resolve static method 1065: Landroid/security/NetworkSecurityPolicy;.getInstance ()Landroid/security/NetworkSecurityPolicy;
03-11 23:46:24.069  2330  2330 D dalvikvm: VFY: replacing opcode 0x71 at 0x004e
03-11 23:46:24.245  2283  2413 D dalvikvm: GC_EXPLICIT freed 294K, 26% free 4070K/5472K, paused 2ms+4ms, total 32ms
03-11 23:46:24.424  2330  2330 W DynamiteLoaderImpl: Failed to load module version: module com.google.android.gms.flags not found
03-11 23:46:24.424  2330  2330 I DynamiteModule: Considering local module com.google.android.gms.flags:1 and remote module com.google.android.gms.flags:0
03-11 23:46:24.424  2330  2330 I DynamiteModule: Selected local version of com.google.android.gms.flags
03-11 23:46:24.477  2330  2330 D dalvikvm: GC_EXPLICIT freed 663K, 21% free 4973K/6240K, paused 3ms+5ms, total 38ms
03-11 23:46:24.496  1962  2220 I ActivityManager: Delay finish: com.google.android.gms/.icing.service.SystemEventReceiver
03-11 23:46:24.615  1962  1972 I ActivityManager: Resuming delayed broadcast
03-11 23:46:24.624  1962  2075 I ActivityManager: Delay finish: com.google.android.gms/.security.snet.SnetReceiver
03-11 23:46:24.639  1962  2074 I ActivityManager: Resuming delayed broadcast
03-11 23:46:24.642  2330  2330 D SystemEventReceiver: Received GSERVICES_CHANGED broadcast
03-11 23:46:24.651  2330  2330 V FeaturePrerequisiteCheckerUtil: Build version: 19
03-11 23:46:24.651  2330  2330 V FeaturePrerequisiteCheckerUtil: Model: unknown
03-11 23:46:24.651  2330  2330 V FeaturePrerequisiteCheckerUtil: CPU_ABI: armeabi-v7a
03-11 23:46:24.651  2330  2330 V FeaturePrerequisiteCheckerUtil: CPU_ABI2: armeabi
03-11 23:46:24.652  1465  1465 I CameraModule: [CAMERA_HAL] camera_get_number_of_cameras = 0
03-11 23:46:24.652  2330  2330 W FeaturePrerequisiteCheckerUtil: No rear-facing camera detected.
03-11 23:46:24.652  2330  2330 I OcrUtils: Updating ocr activity enabled=false
03-11 23:46:24.682  1962  2074 I ActivityManager: Delay finish: com.google.android.gms/.auth.api.credentials.sync.CredentialSyncReceiverService$Receiver
03-11 23:46:24.686  1962  2075 I ActivityManager: Resuming delayed broadcast
03-11 23:46:24.706  1962  1973 I ActivityManager: Delay finish: com.google.android.gms/.analytics.internal.GServicesChangedReceiver
03-11 23:46:24.719  1962  2075 I ActivityManager: Resuming delayed broadcast
03-11 23:46:24.726  1962  1973 W ActivityManager: Unable to start service Intent { cmp=com.google.android.gms/.measurement.service.b } U=0: not found
03-11 23:46:24.733  2330  2330 D OcrModelManager: Updating downloaded model state (gservices changed)
03-11 23:46:24.742  2283  3441 D GCM     : GcmService start Intent { act=com.google.gservices.intent.action.GSERVICES_CHANGED flg=0x10 cmp=com.google.android.gms/.gcm.GcmService } com.google.gservices.intent.action.GSERVICES_CHANGED
03-11 23:46:24.782  1962  2221 I ActivityManager: Delay finish: com.google.android.gms/.auth.crypto.ChannelBindingBroadcastReceiver
03-11 23:46:24.785  1962  2074 I ActivityManager: Resuming delayed broadcast
03-11 23:46:24.924  2396  2399 D dalvikvm: GC_CONCURRENT freed 751K, 15% free 4873K/5696K, paused 3ms+4ms, total 31ms
03-11 23:46:24.995  2396  2396 E dalvikvm: Could not find class 'android.app.usage.UsageStatsManager', referenced from method com.google.android.contextmanager.m.a.az.i
03-11 23:46:24.995  2396  2396 W dalvikvm: VFY: unable to resolve check-cast 76 (Landroid/app/usage/UsageStatsManager;) in Lcom/google/android/contextmanager/m/a/az;
03-11 23:46:24.995  2396  2396 D dalvikvm: VFY: replacing opcode 0x1f at 0x001a
03-11 23:46:24.996  2396  2396 D dalvikvm: DexOpt: unable to opt direct call 0x013e at 0x2b in Lcom/google/android/contextmanager/m/a/az;.i
03-11 23:46:25.006  2396  2396 I dalvikvm: Could not find method android.os.PowerManager.isInteractive, referenced from method com.google.android.contextmanager.m.a.bc.b
03-11 23:46:25.006  2396  2396 W dalvikvm: VFY: unable to resolve virtual method 1533: Landroid/os/PowerManager;.isInteractive ()Z
03-11 23:46:25.006  2396  2396 D dalvikvm: VFY: replacing opcode 0x6e at 0x0012
03-11 23:46:25.055  2283  2471 D dalvikvm: GC_EXPLICIT freed 155K, 26% free 4092K/5472K, paused 2ms+5ms, total 29ms
03-11 23:46:25.166  2396  2396 I GCoreUlr: Starting service, intent=Intent { act=com.google.android.location.reporting.ACTION_UPDATE_WORLD cmp=com.google.android.gms/com.google.android.location.reporting.service.DispatchingService (has extras) }, extras=Bundle[{receiverAction=com.google.gservices.intent.action.GSERVICES_CHANGED}]
03-11 23:46:25.168  1962  2221 I ActivityManager: Delay finish: com.google.android.gms/com.google.android.location.reporting.service.ExternalChangeReceiver
03-11 23:46:25.178  2396  2396 I GCoreUlr: DispatchingService.onCreate()
03-11 23:46:25.210  2283  2289 D dalvikvm: null clazz in OP_INSTANCE_OF, single-stepping
03-11 23:46:25.229  2396  2458 W GeofencerStateMachine: Ignoring removeGeofence because network location is disabled.
03-11 23:46:25.232  2396  3447 I GCoreUlr: WorldUpdater received intent Intent { act=com.google.android.location.reporting.ACTION_UPDATE_WORLD cmp=com.google.android.gms/com.google.android.location.reporting.service.DispatchingService (has extras) } with receiverAction com.google.gservices.intent.action.GSERVICES_CHANGED
03-11 23:46:25.235  2396  3444 E ctxmgr  : [FenceManager]Could not remove all geofences. status=Status{statusCode=unknown status code: 1000, resolution=null}
03-11 23:46:25.293  2396  3447 I GCoreUlr: WorldUpdater:com.google.gservices.intent.action.GSERVICES_CHANGED: Ensuring that reporting is stopped because of reasons: (no Google accounts)
03-11 23:46:25.298  2396  3447 I GCoreUlr: Unbound from all location providers
03-11 23:46:25.298  2396  3447 I GCoreUlr: Place inference reporting - stopped
03-11 23:46:25.304  2396  3444 W ctxmgr  : [AclManager]checkPermissionTypeStatus: no inject permission for { uid=10006, packageName=com.google.android.gms }. Returned permission was: PACKAGE_NOT_WHITELISTED for context name=POWER_CONNECTION, account=account#-517948760#
03-11 23:46:25.305  2396  2396 E ctxmgr  : [PowerConnectionProducer]Could not write powerInfo=Plug state: 1 BatteryLevel: 0.0, status=Status{statusCode=unknown status code: 7503, resolution=null}
03-11 23:46:25.315  1962  2221 I ActivityManager: Resuming delayed broadcast
03-11 23:46:25.316  2396  2396 I GCoreUlr: DispatchingService.onDestroy()
03-11 23:46:25.316  2396  2396 I GCoreUlr: Stopping handler for UlrDispSvcFast
03-11 23:46:25.321  2396  2396 I GCoreUlr: Unbound from all location providers
03-11 23:46:25.321  2396  2396 I GCoreUlr: Place inference reporting - stopped
03-11 23:46:25.347  2283  3448 D GCM     : GcmService start Intent { act=com.google.android.checkin.CHECKIN_COMPLETE flg=0x10 cmp=com.google.android.gms/.gcm.GcmService (has extras) } com.google.android.checkin.CHECKIN_COMPLETE
03-11 23:46:25.359  2283  3449 D GCM     : GcmService start Intent { act=com.google.android.checkin.CHECKIN_COMPLETE flg=0x10 cmp=com.google.android.gms/.gcm.GcmService (has extras) } com.google.android.checkin.CHECKIN_COMPLETE
03-11 23:46:28.212  1962  2016 I InputReader: Reconfiguring input devices.  changes=0x00000010
03-11 23:46:28.234  1962  2195 I ActivityManager: Delay finish: com.android.gallery3d/.app.PackagesMonitor
03-11 23:46:28.237  2330  3500 D PkgBroadcastIntentOp: Received broadcast action=android.intent.action.PACKAGE_CHANGED and uri=com.google.android.gms
03-11 23:46:28.237  2330  3500 I PkgBroadcastIntentOp: Null package name or gms related package.  Ignoreing.
03-11 23:46:28.247  2330  3500 D WearableController: Received broadcast action=android.intent.action.PACKAGE_CHANGED and uri=com.google.android.gms
03-11 23:46:28.253  2330  2780 I Icing   : updateResources: need to parse f{com.google.android.gms}
03-11 23:46:28.271  1962  1979 W LocationProviderProxy-fused: com.google.android.gms resolves service com.android.location.service.FusedLocationProvider, but has wrong signature, ignoring
03-11 23:46:28.409  2330  2332 D dalvikvm: GC_CONCURRENT freed 917K, 21% free 4966K/6240K, paused 2ms+4ms, total 31ms
03-11 23:46:29.411  2330  2780 I Icing   : Indexing 03EDB384A4F5DE25B3DF8DC950D19AF9F8C46907 from com.google.android.gms
03-11 23:46:29.449  2330  2780 D Icing   : Loaded CLD2 Version V2.0 - 20141016
03-11 23:46:29.465  2330  2780 I Icing   : Indexing done 03EDB384A4F5DE25B3DF8DC950D19AF9F8C46907
03-11 23:46:29.481  1962  1966 D dalvikvm: GC_CONCURRENT freed 836K, 12% free 7070K/7984K, paused 4ms+6ms, total 64ms
03-11 23:46:29.488  1962  2220 I ActivityManager: Resuming delayed broadcast
03-11 23:46:29.917  1962  1977 I ActivityManager: Waited long enough for: ServiceRecord{2d026300 u0 com.hisilicon.android.music/.MediaPlaybackService}
03-11 23:46:32.316  2805  2823 D InitAlarmsService: Clearing and rescheduling alarms.
03-11 23:46:35.784  1480  2860 I DVBSTACK: [Reply] DVB_DB_CONFIG_Get(33), size:8 (DvbService.cpp, 203)
03-11 23:46:46.819  2170  3174 E DMS-C   : In HI_DmsInit OK
03-11 23:46:46.821  2170  3174 I CommonDef: [getCurrentAdapterName] ethernet is open
03-11 23:46:46.821  2170  3174 E CommonDef: getDatabaseInterfaceName []
03-11 23:46:46.823  2170  3174 D CommonDef: getCurrentAdapterName start strAdapterName=eth0
03-11 23:46:46.824  2170  3174 E VPP_DLNA_LOG: [VPPDLNA][UpnpInit3][:510] === the name is adapter_name: eth0
03-11 23:46:46.824  2170  3174 E VPP_DLNA_LOG: [VPPDLNA]:[getlocalhostname]:the param adapterName is eth0!
03-11 23:46:46.824  2170  3174 E VPP_DLNA_LOG: [VPPDLNA]:[getlocalhostname] find the adapter :eth0,MAC is 001EB8A16CC0
03-11 23:46:46.824  2170  3174 E VPP_DLNA_LOG: [VPPDLNA]:Inside getlocalhostname: after strncpy 192.168.1.30
03-11 23:46:47.374  2170  3174 E DMS-C   : HI_DLNA_AddDmsSharedDir Failed
03-11 23:46:47.377  2170  3174 E DMS-C   : HI_DLNA_AddDmsSharedDir Failed
03-11 23:46:47.377  2170  3174 I System.out: UpnpSettingActivitycall addSharDir by jni......
03-11 23:46:47.377  2170  3174 D MediaService: dms addShareDir+HiMediaServer+ fail
03-11 23:46:47.377  2170  3174 D UPNP    : com.hisilicon.dlna.dms.MediaService.addDMSSharedDirByStack()  Line:1052  (MediaService.java)
03-11 23:46:47.377  2170  3174 E MediaService: dmsBinder2.create success in BroadCast
03-11 23:46:47.378  2170  3174 D UPNP    : com.hisilicon.dlna.dms.MediaService.addDMSSharedDirByStack()  Line:1056  (MediaService.java)
03-11 23:46:49.251  1480  1480 I DVBSTACK: [Reply] DVB_DB_CONFIG_Get(33), size:8 (DvbService.cpp, 203)
03-11 23:46:49.816  1480  2006 I DVBSTACK: [Reply] DVB_DB_CONFIG_Get(33), size:8 (DvbService.cpp, 203)
03-11 23:46:54.377  1480  2860 I DVBSTACK: [Reply] DVB_DB_CONFIG_Get(33), size:8 (DvbService.cpp, 203)
03-11 23:46:58.721  1962  2034 D ConnectivityService: Sampling interval elapsed, updating statistics ..
03-11 23:46:58.724  1962  2034 D ConnectivityService: Done.
03-11 23:46:58.724  1962  2034 D ConnectivityService: Setting timer for 720seconds
03-11 23:47:15.446  3055  3055 W ContextImpl: Calling a method in the system process without a qualified user: android.app.ContextImpl.sendBroadcast:1200 android.content.ContextWrapper.sendBroadcast:365 com.hisilicon.android.music.MediaPlaybackService.onDestroy:428 android.app.ActivityThread.handleStopService:2732 android.app.ActivityThread.access$2200:135 
03-11 23:47:15.447  3055  3055 V MediaPlayer: setListener
03-11 23:47:15.447  3055  3055 V MediaPlayer: disconnect
03-11 23:47:15.447  3055  3055 V MediaPlayer: destructor
03-11 23:47:15.448  3055  3055 V MediaPlayer: disconnect
03-11 23:47:15.449  1962  1972 I MediaFocusControl:  AudioFocus  abandonAudioFocus() from android.media.AudioManager@2cbb7998com.hisilicon.android.music.MediaPlaybackService$4@2cbb5fd8
03-11 23:47:15.463  1962  1977 I ActivityManager: Start proc com.android.musicfx for broadcast com.android.musicfx/.ControlPanelReceiver: pid=4354 uid=10010 gids={50010, 3003, 3002}
03-11 23:47:15.475  4354  4354 E Environment: canonicalPath = /mnt/sdcard
03-11 23:47:15.507  4354  4354 V MusicFXControlPanelReceiver: onReceive
03-11 23:47:15.507  4354  4354 V MusicFXControlPanelReceiver: Action: android.media.action.CLOSE_AUDIO_EFFECT_CONTROL_SESSION
03-11 23:47:15.507  4354  4354 V MusicFXControlPanelReceiver: Package name: com.hisilicon.android.music
03-11 23:47:15.508  4354  4354 V MusicFXControlPanelReceiver: Audio session: 0
03-11 23:47:15.509  4354  4354 V MusicFXControlPanelEffect: closeSession(android.app.ReceiverRestrictedContext@2cbb1fb0, com.hisilicon.android.music, 0)
03-11 23:47:18.423  2396  4420 I VacuumService: Vacuum at: now=1552348038423 tag=VacuumService
03-11 23:47:18.462  2396  2399 D dalvikvm: GC_CONCURRENT freed 746K, 14% free 5038K/5856K, paused 2ms+5ms, total 38ms
03-11 23:48:18.306  2283  2287 D dalvikvm: GC_CONCURRENT freed 899K, 24% free 4163K/5472K, paused 2ms+4ms, total 28ms
03-11 23:48:18.319  2330  5488 D UdcContextInitService: registered all accounts: true
03-11 23:48:18.341  2330  5488 I GAv4-SVC: Google Analytics 8.7.03 is starting up.
03-11 23:50:56.641  2156  2366 W PlayEventLogger: No account for auth token provided
03-11 23:50:56.728  2156  2158 D dalvikvm: GC_CONCURRENT freed 741K, 19% free 3500K/4312K, paused 3ms+2ms, total 25ms
03-11 23:55:43.259  2196  2200 D dalvikvm: GC_CONCURRENT freed 547K, 16% free 3298K/3916K, paused 2ms+4ms, total 32ms
03-11 23:56:26.339  2236  2239 D dalvikvm: GC_CONCURRENT freed 2915K, 14% free 18675K/21668K, paused 3ms+8ms, total 62ms
03-11 23:59:48.705  1962  2034 D ConnectivityService: handleInetConditionChange: net=1 != default=9 - ignore
03-11 23:59:48.715  1962  2034 D ConnectivityService: Sampling interval elapsed, updating statistics ..
03-11 23:59:48.719  1962  2034 D ConnectivityService: Done.
03-11 23:59:48.719  1962  2034 D ConnectivityService: Setting timer for 720seconds
03-12 00:00:05.024  1962  1968 I dalvikvm: Jit: resizing JitTable from 4096 to 8192
03-12 00:07:20.164  2236  2239 D dalvikvm: GC_CONCURRENT freed 2945K, 14% free 18680K/21704K, paused 3ms+6ms, total 50ms
03-12 00:14:48.648  1962  2034 D ConnectivityService: Sampling interval elapsed, updating statistics ..
03-12 00:14:48.654  1962  2034 D ConnectivityService: Done.
03-12 00:14:48.654  1962  2034 D ConnectivityService: Setting timer for 720seconds
03-12 00:14:48.691  1962  2034 D ConnectivityService: handleInetConditionChange: net=1 != default=9 - ignore
03-12 00:15:38.225  1962  1992 W BatteryStatsImpl: Couldn't get kernel wake lock stats
03-12 00:15:38.316  1962  1966 D dalvikvm: GC_CONCURRENT freed 923K, 13% free 7087K/8144K, paused 7ms+5ms, total 64ms
03-12 00:15:59.998  1962  1962 I ActivityManager: Killing 2120:com.android.externalstorage/u0a5 (adj 15): empty for 1805s
03-12 00:16:00.020  1962  1977 I ProcessStatsService: Prepared write state in 16ms
03-12 00:16:00.034  1962  1977 I ProcessStatsService: Prepared write state in 11ms
03-12 00:16:00.065  1962  1979 I ProcessStatsService: Pruning old procstats: /data/system/procstats/state-2019-03-10-20-34-00.bin
03-12 00:16:18.169  1962  2029 I ActivityManager: Killing 3055:com.hisilicon.android.music/1000 (adj 15): empty for 1802s
03-12 00:16:18.169  1962  2029 I ActivityManager: Killing 2423:com.android.settings/1000 (adj 15): empty for 1815s
03-12 00:16:18.169  1962  2029 I ActivityManager: Killing 2732:com.android.onetimeinitializer/u0a11 (adj 15): empty for 1817s
03-12 00:16:18.170  1962  2029 I ActivityManager: Killing 2684:com.google.android.onetimeinitializer/u0a7 (adj 15): empty for 1817s
03-12 00:16:18.170  1962  2029 I ActivityManager: Killing 2250:com.android.printspooler/u0a31 (adj 15): empty for 1817s
03-12 00:16:18.213  2330  3728 I EventLogService: Aggregate from 1552347978149 (log), 1552347978040 (data)
03-12 00:16:18.252  2330  2332 D dalvikvm: GC_CONCURRENT freed 917K, 20% free 4999K/6236K, paused 4ms+4ms, total 48ms
03-12 00:16:18.287  1962  2235 I ActivityManager: Killing 2061:android.process.media/u0a4 (adj 15): empty for 1803s
03-12 00:16:18.353  2396  3729 I Scheduler: Use legacy PeriodicScheduler
03-12 00:16:18.373  2396  3729 W InstanceID/Rpc: Found 10006
03-12 00:18:14.333  2236  2239 D dalvikvm: GC_CONCURRENT freed 2948K, 14% free 18680K/21708K, paused 2ms+7ms, total 52ms
03-12 00:29:09.340  2236  2239 D dalvikvm: GC_CONCURRENT freed 2949K, 14% free 18680K/21708K, paused 3ms+6ms, total 52ms
03-12 00:29:48.778  1962  2034 D ConnectivityService: Sampling interval elapsed, updating statistics ..
03-12 00:29:48.786  1962  2034 D ConnectivityService: Done.
03-12 00:29:48.787  1962  2034 D ConnectivityService: Setting timer for 720seconds
03-12 00:29:48.830  1962  2034 D ConnectivityService: handleInetConditionChange: net=1 != default=9 - ignore
03-12 00:29:49.115  2396 18280 I PhenotypeConfigurator: Scheduling Phenotype for one-off execution 8477 seconds from now (1552350589116)
03-12 00:29:49.317  2396 18278 I PhenotypeFlagCommitter: Experiment Configs successfully retrieved for com.google.android.gms.playlog.uploader
03-12 00:29:49.333  2396 18278 W dalvikvm: VFY: unable to find class referenced in signature (Landroid/net/Network;)
03-12 00:29:49.335  2396 18278 W dalvikvm: VFY: unable to find class referenced in signature (Landroid/net/Network;)
03-12 00:29:49.339  2396 18278 W dalvikvm: VFY: unable to find class referenced in signature (Landroid/net/Network;)
03-12 00:29:49.341  2396 18278 I dalvikvm: Could not find method android.net.Network.openConnection, referenced from method com.google.android.gms.http.g.a
03-12 00:29:49.341  2396 18278 W dalvikvm: VFY: unable to resolve virtual method 1029: Landroid/net/Network;.openConnection (Ljava/net/URL;)Ljava/net/URLConnection;
03-12 00:29:49.341  2396 18278 D dalvikvm: VFY: replacing opcode 0x6e at 0x00bb
03-12 00:29:49.343  2396 18278 I GoogleURLConnFactory: Using platform SSLCertificateSocketFactory
03-12 00:29:49.401  2396  2399 D dalvikvm: GC_CONCURRENT freed 814K, 15% free 5144K/6032K, paused 4ms+4ms, total 37ms
03-12 00:29:49.421  2396 18278 I dalvikvm: Could not find method android.os.PowerManager.isInteractive, referenced from method com.google.android.gms.common.util.aa.a
03-12 00:29:49.421  2396 18278 W dalvikvm: VFY: unable to resolve virtual method 1255: Landroid/os/PowerManager;.isInteractive ()Z
03-12 00:29:49.421  2396 18278 D dalvikvm: VFY: replacing opcode 0x6e at 0x003d
03-12 00:36:00.048  2046  2049 D dalvikvm: GC_CONCURRENT freed 10167K, 26% free 29939K/40176K, paused 3ms+5ms, total 40ms
03-12 00:40:04.355  2236  2239 D dalvikvm: GC_CONCURRENT freed 2949K, 14% free 18680K/21708K, paused 2ms+9ms, total 68ms
03-12 00:44:48.848  1962  2034 D ConnectivityService: Sampling interval elapsed, updating statistics ..
03-12 00:44:48.853  1962  2034 D ConnectivityService: Done.
03-12 00:44:48.853  1962  2034 D ConnectivityService: Setting timer for 720seconds
03-12 00:44:48.887  1962  2034 D ConnectivityService: handleInetConditionChange: net=1 != default=9 - ignore
03-12 00:45:38.319  1962  1992 W BatteryStatsImpl: Couldn't get kernel wake lock stats
03-12 00:45:38.382  1962  1966 D dalvikvm: GC_CONCURRENT freed 1024K, 15% free 7036K/8192K, paused 4ms+5ms, total 68ms
03-12 00:46:25.617  1962  1977 I ProcessStatsService: Prepared write state in 6ms
03-12 00:46:25.628  1962  1977 I ProcessStatsService: Prepared write state in 11ms
03-12 00:46:25.652  2330  4300 I EventLogService: Aggregate from 1552349778233 (log), 1552349778233 (data)
03-12 00:50:59.189  2236  2239 D dalvikvm: GC_CONCURRENT freed 2949K, 14% free 18680K/21708K, paused 2ms+8ms, total 58ms
03-12 00:59:48.842  1962  2034 D ConnectivityService: Sampling interval elapsed, updating statistics ..
03-12 00:59:48.845  1962  2034 D ConnectivityService: Done.
03-12 00:59:48.845  1962  2034 D ConnectivityService: Setting timer for 720seconds
03-12 00:59:48.887  1962  2034 D ConnectivityService: handleInetConditionChange: net=1 != default=9 - ignore
03-12 01:01:53.303  2236  2239 D dalvikvm: GC_CONCURRENT freed 2947K, 14% free 18680K/21708K, paused 2ms+7ms, total 57ms
03-12 01:12:45.318  2236  2239 D dalvikvm: GC_CONCURRENT freed 2947K, 14% free 18680K/21708K, paused 3ms+7ms, total 64ms
03-12 01:14:48.948  1962  2034 D ConnectivityService: handleInetConditionChange: net=1 != default=9 - ignore
03-12 01:14:48.957  1962  2034 D ConnectivityService: Sampling interval elapsed, updating statistics ..
03-12 01:14:48.961  1962  2034 D ConnectivityService: Done.
03-12 01:14:48.961  1962  2034 D ConnectivityService: Setting timer for 720seconds
03-12 01:15:38.311  1962  1992 W BatteryStatsImpl: Couldn't get kernel wake lock stats
03-12 01:17:00.059  1962  1977 I ProcessStatsService: Prepared write state in 9ms
03-12 01:23:40.307  2236  2239 D dalvikvm: GC_CONCURRENT freed 2949K, 14% free 18680K/21708K, paused 2ms+9ms, total 53ms
03-12 01:29:48.983  1962  1966 D dalvikvm: GC_CONCURRENT freed 969K, 14% free 7045K/8184K, paused 6ms+4ms, total 62ms
03-12 01:29:48.983  1962  2029 D dalvikvm: WAIT_FOR_CONCURRENT_GC blocked 35ms
03-12 01:29:49.019  1962  2034 D ConnectivityService: Sampling interval elapsed, updating statistics ..
03-12 01:29:49.022  1962  2034 D ConnectivityService: Done.
03-12 01:29:49.022  1962  2034 D ConnectivityService: Setting timer for 720seconds
03-12 01:29:49.047  2330 19011 I EventLogService: Aggregate from 1552351585652 (log), 1552351585652 (data)
03-12 01:29:49.056  1962  2034 D ConnectivityService: handleInetConditionChange: net=1 != default=9 - ignore
03-12 01:29:49.178  2396  2399 D dalvikvm: GC_CONCURRENT freed 858K, 16% free 5224K/6156K, paused 2ms+7ms, total 42ms
03-12 01:29:49.258  2396 19012 I PhenotypeFlagCommitter: Experiment Configs successfully retrieved for com.google.android.gms.playlog.uploader
03-12 01:29:49.259  2396 19012 I GoogleURLConnFactory: Using platform SSLCertificateSocketFactory
03-12 01:34:35.318  2236  2239 D dalvikvm: GC_CONCURRENT freed 2949K, 14% free 18680K/21708K, paused 3ms+8ms, total 62ms
03-12 01:40:40.094  1962  1962 W ContextImpl: Calling a method in the system process without a qualified user: android.app.ContextImpl.sendBroadcast:1200 com.android.server.power.Notifier.sendSuspendStart:485 com.android.server.power.Notifier.access$800:64 com.android.server.power.Notifier$NotifierHandler.handleMessage:601 android.os.Handler.dispatchMessage:102 
03-12 01:40:40.095  2236  2236 I PowerStatusReceiver: POWER MSG Recevied Intent Action smart_suspend_broadcast_enter
03-12 01:40:40.095  2236  2236 I PowerStatusReceiver: SMART_SUSPEND_ENTER
03-12 01:40:40.097  2204  2204 D [Hisilicon]com.hisilicon.multiscreen.server.MultiScreenService$6: onReceive L1380 ---- receive action smart_suspend_broadcast_enter ---- 
03-12 01:40:40.097  2204  2204 D VPP_DLNA_LOG: [native_MultiScreenDeviceSuspend][:94] native_MultiScreenDeviceSuspend
03-12 01:40:40.097  2204  2204 E         : Remote_control_PROC_DeleteMode
03-12 01:40:40.097  2204  2204 E         : delete remote control proc fail
03-12 01:40:40.097  2204  2204 I MultiScreenUpnpDevice: [VPPMULTISCREEN][StopAllServices][1098]HI_RemoteCtrl_StopServer finish
03-12 01:40:40.097  2204  2204 I MultiScreenUpnpDevice: [VPPMULTISCREEN][StopAllServices][1103]MultiScreenClearMirrorParameter finish
03-12 01:40:40.097  2204  2204 I MultiScreenUpnpDevice: [VPPMULTISCREEN][StopAllServices][1105]Hi_MirrorStop finish
03-12 01:40:40.098  2204  2204 D VPP_DLNA_LOG: native_invoke [Native_invoke][:179] 
03-12 01:40:40.100  2204  2204 I [Hisilicon]com.hisilicon.multiscreen.server.MultiScreenService: stopRemoteApp L1614 ---- RemoteApp server has stopped ---- 
03-12 01:40:40.102  1962  2235 W ActivityManager: Invalid packageName: com.google.process.gapps
03-12 01:40:40.103  2204  2204 I [Hisilicon]com.hisilicon.multiscreen.server.MultiScreenService$1: nativeInvoke L381 ---- call command result 0 ---- 
03-12 01:40:40.103  2204  2204 I MultiScreenUpnpDevice: [VPPMULTISCREEN][StopAllServices][1107]StopRemoteAPP finish
03-12 01:40:40.103  2204  2204 D VPP_DLNA_LOG: native_invoke [Native_invoke][:179] 
03-12 01:40:40.103  1962  2234 W ActivityManager: Invalid packageName: com.google.android.gms.persistent
03-12 01:40:40.103  1962  1973 I ActivityManager: Force stopping com.google.android.gms appid=10006 user=0: from pid 2236
03-12 01:40:40.103  1962  1973 I ActivityManager: Killing 2396:com.google.android.gms.persistent/u0a6 (adj 9): stop com.google.android.gms
03-12 01:40:40.105  2204  2204 I [Hisilicon]com.hisilicon.multiscreen.server.MultiScreenService: stopVIMEControl L1554 ---- VIME Control server has stopped ---- 
03-12 01:40:40.106  1962  1973 I ActivityManager: Killing 3239:com.google.android.gms.unstable/u0a6 (adj 15): stop com.google.android.gms
03-12 01:40:40.107  2204  2204 I [Hisilicon]com.hisilicon.multiscreen.server.MultiScreenService$1: nativeInvoke L381 ---- call command result 0 ---- 
03-12 01:40:40.107  2204  2204 I MultiScreenUpnpDevice: [VPPMULTISCREEN][StopAllServices][1109]StopVIMEControlrServer finish
03-12 01:40:40.107  1962  1973 I ActivityManager: Killing 2330:com.google.android.gms/u0a6 (adj 11): stop com.google.android.gms
03-12 01:40:40.110  1962  1973 I ActivityManager: Killing 2283:com.google.process.gapps/u0a6 (adj 9): stop com.google.android.gms
03-12 01:40:40.113  1962  1973 I ActivityManager:   Force stopping service ServiceRecord{2cfd0ea8 u0 com.google.android.gms/.gcm.GcmService}
03-12 01:40:40.113  1962  1973 I ActivityManager:   Force stopping service ServiceRecord{2cf430f8 u0 com.google.android.gms/com.google.android.location.internal.server.GoogleLocationService}
03-12 01:40:40.113  1962  1973 I ActivityManager:   Force stopping service ServiceRecord{2cfe86b8 u0 com.google.android.gms/com.google.android.contextmanager.service.ContextManagerService}
03-12 01:40:40.114  1962  1973 I ActivityManager:   Force stopping service ServiceRecord{2cfcf790 u0 com.google.android.gms/com.google.android.location.internal.GoogleLocationManagerService}
03-12 01:40:40.114  1962  1973 I ActivityManager:   Force stopping service ServiceRecord{2cee6cf0 u0 com.google.android.gms/.deviceconnection.service.DeviceConnectionServiceBroker}
03-12 01:40:40.114  1962  1973 I ActivityManager:   Force stopping service ServiceRecord{2d00a8c8 u0 com.google.android.gms/.common.stats.GmsCoreStatsService}
03-12 01:40:40.130  1962  2075 I ActivityManager: Force stopping com.android.bluetooth appid=1002 user=0: from pid 2236
03-12 01:40:40.130  1962  2075 I ActivityManager: Killing 2633:com.android.bluetooth/1002 (adj 1): stop com.android.bluetooth
03-12 01:40:40.132  1962  2075 I ActivityManager:   Force stopping service ServiceRecord{2cf91e00 u0 com.android.bluetooth/.hid.HidService}
03-12 01:40:40.133  1962  2075 I ActivityManager:   Force stopping service ServiceRecord{2cfc3380 u0 com.android.bluetooth/.gatt.GattService}
03-12 01:40:40.133  1962  2075 I ActivityManager:   Force stopping service ServiceRecord{2cfafd80 u0 com.android.bluetooth/.hdp.HealthService}
03-12 01:40:40.133  1962  2075 I ActivityManager:   Force stopping service ServiceRecord{2cea8dc8 u0 com.android.bluetooth/.pbap.BluetoothPbapService}
03-12 01:40:40.133  1962  2075 I ActivityManager:   Force stopping service ServiceRecord{2ce4a4b8 u0 com.android.bluetooth/.a2dp.A2dpService}
03-12 01:40:40.133  1962  2075 I ActivityManager:   Force stopping service ServiceRecord{2cf2eae0 u0 com.android.bluetooth/.hfp.HeadsetService}
03-12 01:40:40.133  1962  2075 I ActivityManager:   Force stopping service ServiceRecord{2cf72078 u0 com.android.bluetooth/.map.BluetoothMapService}
03-12 01:40:40.133  1962  2075 I ActivityManager:   Force stopping service ServiceRecord{2ced4ec0 u0 com.android.bluetooth/.pan.PanService}
03-12 01:40:40.134  1962  1962 D BluetoothA2dp: Proxy object disconnected
03-12 01:40:40.134  2196  2196 D BluetoothHeadset: Proxy object disconnected
03-12 01:40:40.135  2196  2196 D BluetoothHeadset: Proxy object disconnected
03-12 01:40:40.135  2196  2196 D BluetoothHeadset: Proxy object disconnected
03-12 01:40:40.135  1962  1962 D BluetoothHeadset: Proxy object disconnected
03-12 01:40:40.138  1962  2074 W MediaFocusControl: RemoteControl: display android.media.IRemoteControlDisplay$Stub$Proxy@2cf629b0 died
03-12 01:40:40.140  1962  2234 I ActivityManager: Force stopping com.android.calendar appid=10018 user=0: from pid 2236
03-12 01:40:40.140  1962  2234 I ActivityManager: Killing 2805:com.android.calendar/u0a18 (adj 9): stop com.android.calendar
03-12 01:40:40.145  1962  1972 I ActivityManager: Force stopping com.android.providers.calendar appid=10001 user=0: from pid 2236
03-12 01:40:40.145  1962  1972 I ActivityManager: Killing 2652:com.android.providers.calendar/u0a1 (adj 9): stop com.android.providers.calendar
03-12 01:40:40.151  1962  2234 I ActivityManager: Force stopping com.android.musicfx appid=10010 user=0: from pid 2236
03-12 01:40:40.152  1962  2234 I ActivityManager: Killing 4354:com.android.musicfx/u0a10 (adj 9): stop com.android.musicfx
03-12 01:40:40.156  1962  2221 I ActivityManager: Force stopping com.android.gallery3d appid=10021 user=0: from pid 2236
03-12 01:40:40.156  1962  2221 I ActivityManager: Killing 3371:com.android.gallery3d/u0a21 (adj 9): stop com.android.gallery3d
03-12 01:40:40.164  1962  2234 I ActivityManager: Force stopping com.android.vending appid=10012 user=0: from pid 2236
03-12 01:40:40.165  1962  2234 I ActivityManager: Killing 2156:com.android.vending/u0a12 (adj 9): stop com.android.vending
03-12 01:40:40.172  1962  2195 W ActivityManager: Invalid packageName: android.process.acore
03-12 01:40:40.173  1962  1972 W ActivityManager: Invalid packageName: com.google.android.gms.unstable
03-12 01:40:40.174  1962  2221 I ActivityManager: Force stopping com.google.android.partnersetup appid=10008 user=0: from pid 2236
03-12 01:40:40.174  1962  2221 I ActivityManager: Killing 2527:com.google.android.partnersetup/u0a8 (adj 11): stop com.google.android.partnersetup
03-12 01:40:40.179  1962  2194 W ActivityManager: Invalid packageName: com.google.process.location
03-12 01:40:40.180  1962  2075 I ActivityManager: Force stopping com.android.smspush appid=10034 user=0: from pid 2236
03-12 01:40:40.180  1962  2075 I ActivityManager: Killing 2306:com.android.smspush/u0a34 (adj 1): stop com.android.smspush
03-12 01:40:40.181  1962  2075 I ActivityManager:   Force stopping service ServiceRecord{2cf70440 u0 com.android.smspush/.WapPushManager}
03-12 01:40:41.526  1480  1480 I DVBSTACK: [Reply] DVB_SYS_Power(5), size:4 (DvbService.cpp, 203)
03-12 01:40:41.526  2236  2247 I PowerStatusReceiver: NOTIFYMSG_SYSTEM_Power recieved 1
03-12 01:40:42.043  1480  1480 I DVBSTACK: [Reply] DVB_SYS_ChangeContext(1), size:12 (DvbService.cpp, 203)
03-12 01:40:42.043  2236  2247 I PowerStatusReceiver: getState() 1
03-12 01:41:49.104  1962  2034 D ConnectivityService: Sampling interval elapsed, updating statistics ..
03-12 01:41:49.107  1962  2034 D ConnectivityService: Done.
03-12 01:41:49.107  1962  2034 D ConnectivityService: Setting timer for 720seconds
03-12 01:45:32.301  2236  2239 D dalvikvm: GC_CONCURRENT freed 2965K, 15% free 18663K/21708K, paused 3ms+5ms, total 44ms
03-12 01:45:38.331  1962  1992 W BatteryStatsImpl: Couldn't get kernel wake lock stats
03-12 01:47:00.069  1962  1977 I ProcessStatsService: Prepared write state in 4ms
03-12 01:47:00.074  1962  1977 I ProcessStatsService: Prepared write state in 4ms
03-12 01:49:00.087  1962  1966 D dalvikvm: GC_CONCURRENT freed 1006K, 15% free 6938K/8120K, paused 4ms+5ms, total 56ms
03-12 01:50:12.670  2196  2200 D dalvikvm: GC_CONCURRENT freed 727K, 19% free 3469K/4268K, paused 2ms+7ms, total 31ms
03-12 01:53:49.108  1962  2034 D ConnectivityService: Sampling interval elapsed, updating statistics ..
03-12 01:53:49.111  1962  2034 D ConnectivityService: Done.
03-12 01:53:49.111  1962  2034 D ConnectivityService: Setting timer for 720seconds
03-12 01:56:37.302  2236  2239 D dalvikvm: GC_CONCURRENT freed 2975K, 15% free 18638K/21708K, paused 2ms+5ms, total 46ms
03-12 02:05:49.112  1962  2034 D ConnectivityService: Sampling interval elapsed, updating statistics ..
03-12 02:05:49.115  1962  2034 D ConnectivityService: Done.
03-12 02:05:49.115  1962  2034 D ConnectivityService: Setting timer for 720seconds
03-12 02:07:39.329  2236  2239 D dalvikvm: GC_CONCURRENT freed 2947K, 15% free 18638K/21680K, paused 2ms+4ms, total 47ms
03-12 02:15:38.345  1962  1992 W BatteryStatsImpl: Couldn't get kernel wake lock stats
03-12 02:17:49.212  1962  2034 D ConnectivityService: Sampling interval elapsed, updating statistics ..
03-12 02:17:49.216  1962  2034 D ConnectivityService: Done.
03-12 02:17:49.216  1962  2034 D ConnectivityService: Setting timer for 720seconds
03-12 02:17:49.222  1962  1977 I ProcessStatsService: Prepared write state in 8ms
03-12 02:17:49.230  1962  1977 I ProcessStatsService: Prepared write state in 8ms
03-12 02:17:49.286  1962  1979 D dalvikvm: GC_FOR_ALLOC freed 716K, 17% free 6779K/8108K, paused 56ms, total 56ms
03-12 02:18:43.306  2236  2239 D dalvikvm: GC_CONCURRENT freed 2948K, 14% free 18638K/21664K, paused 2ms+5ms, total 49ms
03-12 02:29:48.307  2236  2239 D dalvikvm: GC_CONCURRENT freed 2949K, 14% free 18638K/21664K, paused 4ms+5ms, total 50ms
03-12 02:29:49.217  1962  2034 D ConnectivityService: Sampling interval elapsed, updating statistics ..
03-12 02:29:49.219  1962  2034 D ConnectivityService: Done.
03-12 02:29:49.219  1962  2034 D ConnectivityService: Setting timer for 720seconds
03-12 02:32:25.502  1460  1929 D MDnsDS  : MDnsSdListener::Monitor poll timed out
03-12 02:32:25.502  1460  1929 D MDnsDS  : Going to poll with pollCount 1
03-12 02:40:53.302  2236  2239 D dalvikvm: GC_CONCURRENT freed 2948K, 14% free 18638K/21664K, paused 3ms+4ms, total 44ms
03-12 02:45:38.359  1962  1992 W BatteryStatsImpl: Couldn't get kernel wake lock stats
03-12 02:45:53.342  1962  1962 I EntropyMixer: Writing entropy...
03-12 02:45:54.575  1962  2034 D ConnectivityService: Sampling interval elapsed, updating statistics ..
03-12 02:45:54.578  1962  2034 D ConnectivityService: Done.
03-12 02:45:54.578  1962  2034 D ConnectivityService: Setting timer for 720seconds
03-12 02:48:00.058  1962  1977 D dalvikvm: GC_FOR_ALLOC freed 600K, 17% free 6752K/8108K, paused 48ms, total 48ms
03-12 02:48:00.059  1962  1977 I ProcessStatsService: Prepared write state in 57ms
03-12 02:48:00.069  1962  1979 I ProcessStatsService: Pruning old procstats: /data/system/procstats/state-2014-01-01-00-00-08.bin
03-12 02:51:58.304  2236  2239 D dalvikvm: GC_CONCURRENT freed 2949K, 14% free 18638K/21664K, paused 3ms+4ms, total 48ms
03-12 02:57:54.579  1962  2034 D ConnectivityService: Sampling interval elapsed, updating statistics ..
03-12 02:57:54.582  1962  2034 D ConnectivityService: Done.
03-12 02:57:54.582  1962  2034 D ConnectivityService: Setting timer for 720seconds
03-12 03:03:02.304  2236  2239 D dalvikvm: GC_CONCURRENT freed 2949K, 14% free 18638K/21664K, paused 2ms+4ms, total 47ms
03-12 03:14:05.303  2236  2239 D dalvikvm: GC_CONCURRENT freed 2950K, 14% free 18638K/21668K, paused 2ms+4ms, total 47ms
03-12 03:15:38.372  1962  1992 W BatteryStatsImpl: Couldn't get kernel wake lock stats
03-12 03:15:54.575  1962  2034 D ConnectivityService: Sampling interval elapsed, updating statistics ..
03-12 03:15:54.578  1962  2034 D ConnectivityService: Done.
03-12 03:15:54.579  1962  2034 D ConnectivityService: Setting timer for 720seconds
03-12 03:18:00.077  1962  1977 I ProcessStatsService: Prepared write state in 2ms
03-12 03:18:00.079  1962  1977 I ProcessStatsService: Prepared write state in 2ms
03-12 03:25:10.298  2236  2239 D dalvikvm: GC_CONCURRENT freed 2949K, 14% free 18639K/21668K, paused 2ms+4ms, total 42ms
03-12 03:27:54.580  1962  2034 D ConnectivityService: Sampling interval elapsed, updating statistics ..
03-12 03:27:54.582  1962  2034 D ConnectivityService: Done.
03-12 03:27:54.582  1962  2034 D ConnectivityService: Setting timer for 720seconds
03-12 03:36:15.299  2236  2239 D dalvikvm: GC_CONCURRENT freed 2949K, 14% free 18639K/21664K, paused 2ms+6ms, total 43ms
03-12 03:45:29.579  2196  2200 D dalvikvm: GC_CONCURRENT freed 897K, 22% free 3472K/4440K, paused 2ms+7ms, total 33ms
03-12 03:45:38.373  1962  1992 W BatteryStatsImpl: Couldn't get kernel wake lock stats
03-12 03:45:38.427  1962  4722 D dalvikvm: GC_FOR_ALLOC freed 719K, 17% free 6788K/8108K, paused 41ms, total 41ms
03-12 03:46:00.266  1962  2034 D ConnectivityService: Sampling interval elapsed, updating statistics ..
03-12 03:46:00.268  1962  2034 D ConnectivityService: Done.
03-12 03:46:00.269  1962  2034 D ConnectivityService: Setting timer for 720seconds
03-12 03:47:20.303  2236  2239 D dalvikvm: GC_CONCURRENT freed 2949K, 14% free 18639K/21664K, paused 2ms+4ms, total 46ms
03-12 03:49:00.004  1962  1977 I ProcessStatsService: Prepared write state in 2ms
03-12 03:58:00.270  1962  2034 D ConnectivityService: Sampling interval elapsed, updating statistics ..
03-12 03:58:00.273  1962  2034 D ConnectivityService: Done.
03-12 03:58:00.273  1962  2034 D ConnectivityService: Setting timer for 720seconds
03-12 03:58:25.303  2236  2239 D dalvikvm: GC_CONCURRENT freed 2949K, 14% free 18638K/21664K, paused 3ms+5ms, total 46ms
03-12 04:09:27.303  2236  2239 D dalvikvm: GC_CONCURRENT freed 2948K, 14% free 18638K/21664K, paused 2ms+4ms, total 46ms
03-12 04:15:38.387  1962  1992 W BatteryStatsImpl: Couldn't get kernel wake lock stats
03-12 04:15:38.440  1962  4931 D dalvikvm: GC_FOR_ALLOC freed 568K, 17% free 6770K/8108K, paused 38ms, total 38ms
03-12 04:15:54.575  1962  2034 D ConnectivityService: Sampling interval elapsed, updating statistics ..
03-12 04:15:54.580  1962  2034 D ConnectivityService: Done.
03-12 04:15:54.580  1962  2034 D ConnectivityService: Setting timer for 720seconds
03-12 04:19:00.010  1962  1977 I ProcessStatsService: Prepared write state in 3ms
03-12 04:20:32.299  2236  2239 D dalvikvm: GC_CONCURRENT freed 2949K, 14% free 18639K/21668K, paused 2ms+6ms, total 42ms
03-12 04:27:54.582  1962  2034 D ConnectivityService: Sampling interval elapsed, updating statistics ..
03-12 04:27:54.584  1962  2034 D ConnectivityService: Done.
03-12 04:27:54.585  1962  2034 D ConnectivityService: Setting timer for 720seconds
03-12 04:31:37.300  2236  2239 D dalvikvm: GC_CONCURRENT freed 2949K, 14% free 18639K/21668K, paused 3ms+4ms, total 43ms
03-12 04:42:42.302  2236  2239 D dalvikvm: GC_CONCURRENT freed 2949K, 14% free 18639K/21664K, paused 3ms+5ms, total 45ms
03-12 04:45:38.400  1962  1992 W BatteryStatsImpl: Couldn't get kernel wake lock stats
03-12 04:45:38.454  1962  5063 D dalvikvm: GC_FOR_ALLOC freed 543K, 17% free 6769K/8108K, paused 41ms, total 41ms
03-12 04:45:54.575  1962  2034 D ConnectivityService: Sampling interval elapsed, updating statistics ..
03-12 04:45:54.578  1962  2034 D ConnectivityService: Done.
03-12 04:45:54.578  1962  2034 D ConnectivityService: Setting timer for 720seconds
03-12 04:49:00.038  1962  1977 I ProcessStatsService: Prepared write state in 3ms
03-12 04:53:47.305  2236  2239 D dalvikvm: GC_CONCURRENT freed 2949K, 14% free 18639K/21668K, paused 2ms+5ms, total 49ms
03-12 04:57:54.579  1962  2034 D ConnectivityService: Sampling interval elapsed, updating statistics ..
03-12 04:57:54.582  1962  2034 D ConnectivityService: Done.
03-12 04:57:54.582  1962  2034 D ConnectivityService: Setting timer for 720seconds
03-12 05:04:50.300  2236  2239 D dalvikvm: GC_CONCURRENT freed 2947K, 14% free 18639K/21668K, paused 3ms+5ms, total 42ms
03-12 05:07:05.018  1962  1977 W ProcessCpuTracker: Skipping unknown process pid 28152
03-12 05:07:05.019  1962  1977 W ProcessCpuTracker: Skipping unknown process pid 28153
03-12 05:15:38.414  1962  1992 W BatteryStatsImpl: Couldn't get kernel wake lock stats
03-12 05:15:38.464  1962  5285 D dalvikvm: GC_FOR_ALLOC freed 511K, 17% free 6771K/8108K, paused 38ms, total 38ms
03-12 05:15:53.305  2236  2239 D dalvikvm: GC_CONCURRENT freed 2949K, 14% free 18638K/21664K, paused 2ms+5ms, total 48ms
03-12 05:15:54.575  1962  2034 D ConnectivityService: Sampling interval elapsed, updating statistics ..
03-12 05:15:54.578  1962  2034 D ConnectivityService: Done.
03-12 05:15:54.578  1962  2034 D ConnectivityService: Setting timer for 720seconds
03-12 05:19:00.055  1962  1977 I ProcessStatsService: Prepared write state in 2ms
03-12 05:19:05.602  1460  1929 D MDnsDS  : MDnsSdListener::Monitor poll timed out
03-12 05:19:05.602  1460  1929 D MDnsDS  : Going to poll with pollCount 1
03-12 05:26:58.300  2236  2239 D dalvikvm: GC_CONCURRENT freed 2950K, 14% free 18638K/21668K, paused 3ms+5ms, total 42ms
03-12 05:27:54.579  1962  2034 D ConnectivityService: Sampling interval elapsed, updating statistics ..
03-12 05:27:54.581  1962  2034 D ConnectivityService: Done.
03-12 05:27:54.581  1962  2034 D ConnectivityService: Setting timer for 720seconds
03-12 05:38:03.300  2236  2239 D dalvikvm: GC_CONCURRENT freed 2949K, 14% free 18638K/21668K, paused 3ms+4ms, total 42ms
03-12 05:40:14.481  2196  2200 D dalvikvm: GC_CONCURRENT freed 895K, 22% free 3474K/4440K, paused 2ms+7ms, total 33ms
03-12 05:45:38.428  1962  1992 W BatteryStatsImpl: Couldn't get kernel wake lock stats
03-12 05:45:38.491  1962  5510 D dalvikvm: GC_FOR_ALLOC freed 544K, 17% free 6771K/8108K, paused 51ms, total 51ms
03-12 05:45:53.411  1962  1962 I EntropyMixer: Writing entropy...
03-12 05:46:00.365  1962  2034 D ConnectivityService: Sampling interval elapsed, updating statistics ..
03-12 05:46:00.368  1962  2034 D ConnectivityService: Done.
03-12 05:46:00.368  1962  2034 D ConnectivityService: Setting timer for 720seconds
03-12 05:49:00.070  1962  1977 I ProcessStatsService: Prepared write state in 2ms
03-12 05:49:00.070  1962  1977 I ProcessStatsService: Prepared write state in 0ms
03-12 05:49:00.077  1962  1979 I ProcessStatsService: Pruning old procstats: /data/system/procstats/state-2019-03-10-23-35-00.bin
03-12 05:49:08.306  2236  2239 D dalvikvm: GC_CONCURRENT freed 2950K, 14% free 18638K/21664K, paused 3ms+5ms, total 49ms
03-12 05:58:00.369  1962  2034 D ConnectivityService: Sampling interval elapsed, updating statistics ..
03-12 05:58:00.372  1962  2034 D ConnectivityService: Done.
03-12 05:58:00.372  1962  2034 D ConnectivityService: Setting timer for 720seconds
03-12 06:00:13.299  2236  2239 D dalvikvm: GC_CONCURRENT freed 2949K, 14% free 18638K/21664K, paused 2ms+5ms, total 42ms
03-12 06:11:15.299  2236  2239 D dalvikvm: GC_CONCURRENT freed 2949K, 14% free 18638K/21668K, paused 3ms+4ms, total 43ms
03-12 06:15:38.441  1962  1992 W BatteryStatsImpl: Couldn't get kernel wake lock stats
03-12 06:15:38.492  1962  5704 D dalvikvm: GC_FOR_ALLOC freed 589K, 17% free 6773K/8108K, paused 38ms, total 38ms
03-12 06:15:54.575  1962  2034 D ConnectivityService: Sampling interval elapsed, updating statistics ..
03-12 06:15:54.578  1962  2034 D ConnectivityService: Done.
