01-01 00:00:17.547  2283  2283 I dalvikvm: Could not find method android.os.PowerManager.isDeviceIdleMode, referenced from method com.google.android.gms.gcm.cd.onReceive
01-01 00:00:17.547  2283  2283 W dalvikvm: VFY: unable to resolve virtual method 1006: Landroid/os/PowerManager;.isDeviceIdleMode ()Z
01-01 00:00:17.547  2283  2283 D dalvikvm: VFY: replacing opcode 0x6e at 0x0059
01-01 00:00:17.549  2423  2423 D BluetoothPan: BluetoothPAN Proxy object connected
01-01 00:00:17.549  2633  2633 D PanService: Received start request. Starting profile...
01-01 00:00:17.549  2423  2423 D PanProfile: Bluetooth service connected
01-01 00:00:17.549  2633  2633 D BluetoothPanServiceJni: initializeNative(L110): pan
01-01 00:00:17.549  2633  2633 I bluedroid: get_profile_interface pan
01-01 00:00:17.551  2633  2633 I BtGatt.JNI: classInitNative(L685): classInitNative: Success!
01-01 00:00:17.554  2633  2633 D BtGatt.DebugUtils: handleDebugAction() action=null
01-01 00:00:17.554  2633  2633 D BtGatt.GattService: Received start request. Starting profile...
01-01 00:00:17.554  2633  2633 D BtGatt.GattService: start()
01-01 00:00:17.554  2633  2633 I bluedroid: get_profile_interface gatt
01-01 00:00:17.561  2652  2652 I CalendarProvider2: Created com.android.providers.calendar.CalendarAlarmManager@2cbbfda0(com.android.providers.calendar.CalendarProvider2@2cbb7968)
01-01 00:00:17.565  2423  2423 D BluetoothMap: Proxy object connected
01-01 00:00:17.565  2633  2633 D BluetoothMapService: Received start request. Starting profile...
01-01 00:00:17.565  2633  2633 D BluetoothMapService: start()
01-01 00:00:17.565  2423  2423 D MapProfile: Bluetooth service connected
01-01 00:00:17.565  2423  2423 D BluetoothMap: getConnectedDevices()
01-01 00:00:17.565  2423  2423 D BluetoothAdapter: 750512592: getState() :  mService = null. Returning STATE_OFF
01-01 00:00:17.565  2423  2423 D BluetoothMap: Bluetooth is Not enabled
01-01 00:00:17.568  2633  2633 D BluetoothAdapterService: Profile still not running:com.android.bluetooth.hdp.HealthService
01-01 00:00:17.568  2633  2633 D BluetoothAdapterService: Profile still not running:com.android.bluetooth.hdp.HealthService
01-01 00:00:17.568  2633  2633 D BluetoothAdapterService: Profile still not running:com.android.bluetooth.hdp.HealthService
01-01 00:00:17.568  2633  2633 D BluetoothAdapterService: Profile still not running:com.android.bluetooth.map.BluetoothMapService
01-01 00:00:17.568  2633  2633 D BluetoothAdapterService: Profile still not running:com.android.bluetooth.map.BluetoothMapService
01-01 00:00:17.568  2633  2633 D BluetoothAdapterService: Profile still not running:com.android.bluetooth.map.BluetoothMapService
01-01 00:00:17.569  2633  2665 D BluetoothAdapterState: CURRENT_STATE=PENDING, MESSAGE = STARTED, isTurningOn=true, isTurningOff=false
01-01 00:00:17.569  2633  2665 I bluedroid: enable
01-01 00:00:17.572  2633  2665 I bt_hci_bdroid: init
01-01 00:00:17.572  2633  2665 E bt_vendor: init
01-01 00:00:17.572  2633  2665 E bt_vendor: libbt_vendor.so int
01-01 00:00:17.572  2633  2665 E bt_vendor: op for 5
01-01 00:00:17.572  2633  2665 E bt_vendor: op for 0
01-01 00:00:17.572  2633  2665 E bt_vendor: op for 0
01-01 00:00:17.572  2633  2679 I bt_hci_bdroid: bt_hc_worker_thread started
01-01 00:00:17.572  2633  2679 E bt_vendor: op for 3
01-01 00:00:17.572  2633  2679 E bt_vendor: usb_vendor_open
01-01 00:00:17.573  2633  2680 I GKI_LINUX: gki_task_entry: gki_task_entry task_id=0 [BTU] starting
01-01 00:00:17.573  2633  2680 I bt-btu  : btu_task pending for preload complete event
01-01 00:00:17.574  2283  2283 I dalvikvm: Could not find method android.os.PowerManager.isDeviceIdleMode, referenced from method com.google.android.gms.gcm.e.c
01-01 00:00:17.574  2283  2283 W dalvikvm: VFY: unable to resolve virtual method 1006: Landroid/os/PowerManager;.isDeviceIdleMode ()Z
01-01 00:00:17.574  2283  2283 D dalvikvm: VFY: replacing opcode 0x6e at 0x0022
01-01 00:00:17.575  2633  2679 E bt_vendor:  usb device opened -1
01-01 00:00:17.575  2633  2679 E bt_vendor: op for 4
01-01 00:00:17.575  2633  2679 E bt_vendor: usb_vendor_close -1
01-01 00:00:17.575  2633  2679 E bt_vendor: op for 1
01-01 00:00:17.575  2633  2679 E bt_vendor: BT_VND_OP_FW_CFG: Bluetooth Firmware and smd is initialized
01-01 00:00:17.576  2633  2680 I bt-btu  : btu_task received preload complete event
01-01 00:00:17.582  1962  2220 I ActivityManager: Delay finish: com.android.providers.downloads/.DownloadReceiver
01-01 00:00:17.583  2633  2680 I         : BTE_InitTraceLevels -- TRC_HCI
01-01 00:00:17.583  2633  2680 I         : BTE_InitTraceLevels -- TRC_L2CAP
01-01 00:00:17.583  2633  2680 I         : BTE_InitTraceLevels -- TRC_RFCOMM
01-01 00:00:17.583  2633  2680 I         : BTE_InitTraceLevels -- TRC_AVDT
01-01 00:00:17.583  2633  2680 I         : BTE_InitTraceLevels -- TRC_AVRC
01-01 00:00:17.583  2633  2680 I         : BTE_InitTraceLevels -- TRC_A2D
01-01 00:00:17.583  2633  2680 I         : BTE_InitTraceLevels -- TRC_BNEP
01-01 00:00:17.583  2633  2680 I         : BTE_InitTraceLevels -- TRC_BTM
01-01 00:00:17.583  2633  2680 I         : BTE_InitTraceLevels -- TRC_GAP
01-01 00:00:17.583  2633  2680 I         : BTE_InitTraceLevels -- TRC_PAN
01-01 00:00:17.583  2633  2680 I         : BTE_InitTraceLevels -- TRC_SDP
01-01 00:00:17.583  2633  2680 I         : BTE_InitTraceLevels -- TRC_GATT
01-01 00:00:17.583  2633  2680 I         : BTE_InitTraceLevels -- TRC_SMP
01-01 00:00:17.583  2633  2680 I         : BTE_InitTraceLevels -- TRC_BTAPP
01-01 00:00:17.583  2633  2680 I         : BTE_InitTraceLevels -- TRC_BTIF
01-01 00:00:17.595  1962  2194 I ActivityManager: Resuming delayed broadcast
01-01 00:00:17.606  1962  2194 I ActivityManager: Start proc com.google.android.onetimeinitializer for broadcast com.google.android.onetimeinitializer/.OneTimeInitializerReceiver: pid=2684 uid=10007 gids={50007}
01-01 00:00:17.610  2684  2684 E Environment: canonicalPath = /mnt/sdcard
01-01 00:00:17.634  2684  2684 V OneTimeInitializerReceiver: OneTimeInitializerReceiver.onReceive
01-01 00:00:17.638  1962  2220 I ActivityManager: Delay finish: com.google.android.onetimeinitializer/.OneTimeInitializerReceiver
01-01 00:00:17.641  2684  2698 V OneTimeService: OneTimeService.onHandleIntent
01-01 00:00:17.650  1962  2194 I ActivityManager: Resuming delayed broadcast
01-01 00:00:17.663  1962  2075 I ActivityManager: Delay finish: com.google.android.partnersetup/.GooglePartnerSetup
01-01 00:00:17.720  2236  2236 V PvrManager: getModePlayback : 0
01-01 00:00:17.720  2236  2236 I HomeInfobar: ---> recieved HANDLER_MSG_UPDATE
01-01 00:00:17.720  2236  2236 V SvcInfo : getSvcIdx curSvcIdx : 213
01-01 00:00:17.720  1480  1480 I DVBSTACK: [Reply] DVB_DB_EPG_GetSvc(61), size:4 (DvbService.cpp, 203)
01-01 00:00:17.721  2236  2236 V HomeInfobar: setInfoBar : 213 -2
01-01 00:00:17.721  2236  2236 V PvrManager: getModePlayback : 0
01-01 00:00:17.721  2236  2236 V HomeInfobar: setInfoBar Live
01-01 00:00:17.722  1480  2006 I DVBSTACK: [Reply] DVB_SVC_CH_GetInfo(105), size:288 (DvbService.cpp, 203)
01-01 00:00:17.722  2236  2236 V SvcInfo : getSvcIdx curSvcIdx : 213
01-01 00:00:17.723  1480  1480 I DVBSTACK: [Reply] DVB_SVC_GetSatType(124), size:4 (DvbService.cpp, 203)
01-01 00:00:17.725  1480  2006 I DVBSTACK: [Reply] DVB_DEMOD_TUNER_GetLevel(304), size:12 (DvbService.cpp, 203)
01-01 00:00:17.730  2236  2247 I EPGManager: --------getEpgInfo : 213, idx : 113, count : 40
01-01 00:00:17.743  2236  2249 I EPGManager: --------getEpgInfo : 213, idx : 113, count : 40
01-01 00:00:17.761  2236  2248 I EPGManager: --------getEpgInfo : 213, idx : 113, count : 40
01-01 00:00:17.773  2236  2247 I EPGManager: --------getEpgInfo : 213, idx : 113, count : 40
01-01 00:00:17.782  1962  2235 I ActivityManager: Resuming delayed broadcast
01-01 00:00:17.790  1962  2235 I ActivityManager: Delay finish: com.google.android.partnersetup/.RlzPingBroadcastReceiver
01-01 00:00:17.793  2236  2249 I EPGManager: --------getEpgInfo : 213, idx : 113, count : 16
01-01 00:00:17.800  2236  2236 V PvrManager: getModePlayback : 0
01-01 00:00:17.800  2236  2236 I HomeInfobar: ---> recieved HANDLER_MSG_EPG
01-01 00:00:17.800  2236  2236 V HomeInfobar: setInfoBar : 213 -2
01-01 00:00:17.801  2236  2236 V PvrManager: getModePlayback : 0
01-01 00:00:17.801  2236  2236 V HomeInfobar: setInfoBar Live
01-01 00:00:17.804  1480  1480 I DVBSTACK: [Reply] DVB_SVC_CH_GetInfo(105), size:288 (DvbService.cpp, 203)
01-01 00:00:17.805  2236  2236 V SvcInfo : getSvcIdx curSvcIdx : 213
01-01 00:00:17.805  1480  2006 I DVBSTACK: [Reply] DVB_SVC_GetSatType(124), size:4 (DvbService.cpp, 203)
01-01 00:00:17.807  1480  1480 I DVBSTACK: [Reply] DVB_DEMOD_TUNER_GetLevel(304), size:12 (DvbService.cpp, 203)
01-01 00:00:17.808  2236  2236 V PvrManager: getModePlayback : 0
01-01 00:00:17.808  2236  2236 I HomeInfobar: ---> recieved HANDLER_MSG_EPG
01-01 00:00:17.812  2283  2287 D dalvikvm: GC_CONCURRENT freed 1368K, 28% free 3966K/5472K, paused 2ms+3ms, total 37ms
01-01 00:00:17.814  2236  2236 V HomeInfobar: setInfoBar : 213 -2
01-01 00:00:17.815  2236  2236 V PvrManager: getModePlayback : 0
01-01 00:00:17.815  2236  2236 V HomeInfobar: setInfoBar Live
01-01 00:00:17.816  1480  2006 I DVBSTACK: [Reply] DVB_SVC_CH_GetInfo(105), size:288 (DvbService.cpp, 203)
01-01 00:00:17.818  2236  2236 V SvcInfo : getSvcIdx curSvcIdx : 213
01-01 00:00:17.818  1480  1480 I DVBSTACK: [Reply] DVB_SVC_GetSatType(124), size:4 (DvbService.cpp, 203)
01-01 00:00:17.819  1480  2006 I DVBSTACK: [Reply] DVB_DEMOD_TUNER_GetLevel(304), size:12 (DvbService.cpp, 203)
01-01 00:00:17.820  2236  2236 V PvrManager: getModePlayback : 0
01-01 00:00:17.820  2236  2236 I HomeInfobar: ---> recieved HANDLER_MSG_EPG
01-01 00:00:17.820  2236  2236 V HomeInfobar: setInfoBar : 213 -2
01-01 00:00:17.820  2236  2236 V PvrManager: getModePlayback : 0
01-01 00:00:17.820  2236  2236 V HomeInfobar: setInfoBar Live
01-01 00:00:17.821  1480  1480 I DVBSTACK: [Reply] DVB_SVC_CH_GetInfo(105), size:288 (DvbService.cpp, 203)
01-01 00:00:17.821  2236  2236 V SvcInfo : getSvcIdx curSvcIdx : 213
01-01 00:00:17.821  1480  2006 I DVBSTACK: [Reply] DVB_SVC_GetSatType(124), size:4 (DvbService.cpp, 203)
01-01 00:00:17.822  1480  1480 I DVBSTACK: [Reply] DVB_DEMOD_TUNER_GetLevel(304), size:12 (DvbService.cpp, 203)
01-01 00:00:17.822  2236  2236 V PvrManager: getModePlayback : 0
01-01 00:00:17.822  2236  2236 I HomeInfobar: ---> recieved HANDLER_MSG_EPG
01-01 00:00:17.822  2236  2236 V HomeInfobar: setInfoBar : 213 -2
01-01 00:00:17.823  2236  2236 V PvrManager: getModePlayback : 0
01-01 00:00:17.823  2236  2236 V HomeInfobar: setInfoBar Live
01-01 00:00:17.823  1480  2006 I DVBSTACK: [Reply] DVB_SVC_CH_GetInfo(105), size:288 (DvbService.cpp, 203)
01-01 00:00:17.824  2236  2236 V SvcInfo : getSvcIdx curSvcIdx : 213
01-01 00:00:17.824  1480  1480 I DVBSTACK: [Reply] DVB_SVC_GetSatType(124), size:4 (DvbService.cpp, 203)
01-01 00:00:17.826  1480  2006 I DVBSTACK: [Reply] DVB_DEMOD_TUNER_GetLevel(304), size:12 (DvbService.cpp, 203)
01-01 00:00:17.826  2236  2236 V PvrManager: getModePlayback : 0
01-01 00:00:17.827  2236  2236 I HomeInfobar: ---> recieved HANDLER_MSG_EPG
01-01 00:00:17.827  2236  2236 V HomeInfobar: setInfoBar : 213 -2
01-01 00:00:17.828  2236  2236 V PvrManager: getModePlayback : 0
01-01 00:00:17.828  2236  2236 V HomeInfobar: setInfoBar Live
01-01 00:00:17.830  1480  1480 I DVBSTACK: [Reply] DVB_SVC_CH_GetInfo(105), size:288 (DvbService.cpp, 203)
01-01 00:00:17.831  2236  2236 V SvcInfo : getSvcIdx curSvcIdx : 213
01-01 00:00:17.831  1480  2006 I DVBSTACK: [Reply] DVB_SVC_GetSatType(124), size:4 (DvbService.cpp, 203)
01-01 00:00:17.832  1480  1480 I DVBSTACK: [Reply] DVB_DEMOD_TUNER_GetLevel(304), size:12 (DvbService.cpp, 203)
01-01 00:00:17.835  2527  2707 I RlzPingService: Setting next ping for 1552913799421
01-01 00:00:17.836  1962  2195 I ActivityManager: Resuming delayed broadcast
01-01 00:00:17.845  1962  1973 I ActivityManager: Delay finish: com.android.providers.media/.MediaScannerReceiver
01-01 00:00:18.013  2061  2711 V MediaScanner: doScanFile: /system/media/bootanimation.zip
01-01 00:00:18.021  2061  2711 D MediaScanner:  prescan time: 59ms
01-01 00:00:18.021  2061  2711 D MediaScanner:  phasescan time: -1388534418014ms
01-01 00:00:18.021  2061  2711 D MediaScanner:     scan time: 1388534418022ms
01-01 00:00:18.021  2061  2711 D MediaScanner: postscan time: 0ms
01-01 00:00:18.021  2061  2711 D MediaScanner:    total time: 67ms
01-01 00:00:18.125  2330  2332 D dalvikvm: GC_CONCURRENT freed 752K, 25% free 4111K/5456K, paused 2ms+2ms, total 25ms
01-01 00:00:18.126  2330  2338 W SQLiteConnectionPool: A SQLiteConnection object for database '/data/data/com.google.android.gms/databases/networkstatistics.sqlite' was leaked!  Please fix your application to end transactions in progress properly and to close the database when it is no longer needed.
01-01 00:00:18.137  2061  2711 V MediaScanner: doScanFile: /mnt/sdcard/Music
01-01 00:00:18.138  2061  2711 V MediaScanner: doScanFile: /mnt/sdcard/Podcasts
01-01 00:00:18.139  2061  2711 V MediaScanner: doScanFile: /mnt/sdcard/Ringtones
01-01 00:00:18.140  2061  2711 V MediaScanner: doScanFile: /mnt/sdcard/Alarms
01-01 00:00:18.140  2061  2711 V MediaScanner: doScanFile: /mnt/sdcard/Notifications
01-01 00:00:18.141  2061  2711 V MediaScanner: doScanFile: /mnt/sdcard/Pictures
01-01 00:00:18.141  2330  2728 I iu.UploadsManager: #reloadSettings(); account: -1; IU: disabled; IS: disabled; IS account: -1; photoWiFi: true; videoWiFi: true; roam: false; battery: true; size: STANDARD; maxMobile: 157286400
01-01 00:00:18.141  2061  2711 V MediaScanner: doScanFile: /mnt/sdcard/Movies
01-01 00:00:18.141  2061  2711 V MediaScanner: doScanFile: /mnt/sdcard/Download
01-01 00:00:18.142  2061  2711 V MediaScanner: doScanFile: /mnt/sdcard/DCIM
01-01 00:00:18.142  2061  2711 V MediaScanner: doScanFile: /mnt/sdcard/dlna
01-01 00:00:18.143  2061  2711 V MediaScanner: doScanFile: /mnt/sdcard/dlna/dlna.ini
01-01 00:00:18.143  2061  2711 V MediaScanner: doScanFile: /mnt/sdcard/Android
01-01 00:00:18.143  2061  2711 V MediaScanner: doScanFile: /mnt/sdcard/Android/data
01-01 00:00:18.144  2061  2711 V MediaScanner: doScanFile: /mnt/sdcard/Android/data/com.theolivetree.ftpserverpro
01-01 00:00:18.144  2061  2711 V MediaScanner: doScanFile: /mnt/sdcard/Android/data/com.theolivetree.ftpserverpro/files
01-01 00:00:18.145  2061  2711 V MediaScanner: doScanFile: /mnt/sdcard/Android/data/com.ghisler.android.TotalCommander
01-01 00:00:18.145  2061  2711 V MediaScanner: doScanFile: /mnt/sdcard/Android/data/com.ghisler.android.TotalCommander/files
01-01 00:00:18.145  2061  2711 V MediaScanner: doScanFile: /mnt/sdcard/Android/data/com.android.gallery3d
01-01 00:00:18.146  2061  2711 V MediaScanner: doScanFile: /mnt/sdcard/Android/data/com.android.gallery3d/cache
01-01 00:00:18.146  2061  2711 V MediaScanner: doScanFile: /mnt/sdcard/Android/data/com.google.android.gms
01-01 00:00:18.147  2061  2711 V MediaScanner: doScanFile: /mnt/sdcard/Android/data/com.google.android.gms/files
01-01 00:00:18.148  2061  2711 V MediaScanner: doScanFile: /mnt/sdcard/Android/data/com.google.android.gms/files/drive_content_do_not_modify
01-01 00:00:18.149  2061  2711 V MediaScanner: doScanFile: /mnt/sdcard/cooltool_presets
01-01 00:00:18.150  2061  2711 V MediaScanner: doScanFile: /mnt/sdcard/cooltool_presets/cpuoverlay0.xml
01-01 00:00:18.173  2061  2711 V MediaScanner: pruneDeadThumbnailFiles... android.database.sqlite.SQLiteCursor@2cc3b568
01-01 00:00:18.176  2061  2711 V MediaScanner: /pruneDeadThumbnailFiles... android.database.sqlite.SQLiteCursor@2cc3b568
01-01 00:00:18.177  2061  2711 D MediaScanner:  prescan time: 66ms
01-01 00:00:18.177  2061  2711 D MediaScanner:  phasescan time: -1388534418137ms
01-01 00:00:18.177  2061  2711 D MediaScanner:     scan time: 1388534418151ms
01-01 00:00:18.177  2061  2711 D MediaScanner: postscan time: 27ms
01-01 00:00:18.177  2061  2711 D MediaScanner:    total time: 107ms
01-01 00:00:18.204  2330  2728 I iu.UploadsManager: End new media; added: 0, uploading: 0, time: 63 ms
01-01 00:00:18.206  1962  2075 I ActivityManager: Resuming delayed broadcast
01-01 00:00:18.220  1962  1972 I ActivityManager: Start proc com.android.onetimeinitializer for broadcast com.android.onetimeinitializer/.OneTimeInitializerReceiver: pid=2732 uid=10011 gids={50011}
01-01 00:00:18.222  2732  2732 E Environment: canonicalPath = /mnt/sdcard
01-01 00:00:18.238  2732  2732 V OneTimeInitializerRece: OneTimeInitializerReceiver.onReceive
01-01 00:00:18.241  1962  2235 I ActivityManager: Delay finish: com.android.onetimeinitializer/.OneTimeInitializerReceiver
01-01 00:00:18.247  1962  2220 I ActivityManager: Resuming delayed broadcast
01-01 00:00:18.255  1962  1972 I ActivityManager: Delay finish: com.google.android.gms/.chimera.container.GmsModuleFinder$Receiver
01-01 00:00:18.262  2330  2746 D dalvikvm: DexOpt: couldn't find static field Landroid/os/Build;.SUPPORTED_64_BIT_ABIS
01-01 00:00:18.262  2330  2746 W dalvikvm: VFY: unable to resolve static field 119 (SUPPORTED_64_BIT_ABIS) in Landroid/os/Build;
01-01 00:00:18.262  2330  2746 D dalvikvm: VFY: replacing opcode 0x62 at 0x0012
01-01 00:00:18.262  2330  2746 D dalvikvm: DexOpt: couldn't find static field Landroid/os/Build;.SUPPORTED_32_BIT_ABIS
01-01 00:00:18.262  2330  2746 W dalvikvm: VFY: unable to resolve static field 118 (SUPPORTED_32_BIT_ABIS) in Landroid/os/Build;
01-01 00:00:18.262  2330  2746 D dalvikvm: VFY: replacing opcode 0x62 at 0x0021
01-01 00:00:18.262  2330  2746 D dalvikvm: DexOpt: couldn't find static field Landroid/os/Build;.SUPPORTED_64_BIT_ABIS
01-01 00:00:18.262  2330  2746 W dalvikvm: VFY: unable to resolve static field 119 (SUPPORTED_64_BIT_ABIS) in Landroid/os/Build;
01-01 00:00:18.262  2330  2746 D dalvikvm: VFY: replacing opcode 0x62 at 0x0008
01-01 00:00:18.267  2330  2746 D dalvikvm: DexOpt: couldn't find static field Landroid/os/Build;.SUPPORTED_ABIS
01-01 00:00:18.267  2330  2746 W dalvikvm: VFY: unable to resolve static field 120 (SUPPORTED_ABIS) in Landroid/os/Build;
01-01 00:00:18.267  2330  2746 D dalvikvm: VFY: replacing opcode 0x62 at 0x0008
01-01 00:00:18.270  2330  2746 D dalvikvm: DexOpt: couldn't find static field Landroid/os/Build;.SUPPORTED_64_BIT_ABIS
01-01 00:00:18.270  2330  2746 I dalvikvm: DexOpt: unable to optimize static field ref 0x0077 at 0x17 in Lcom/google/android/chimera/container/FileApkUtils;.getSupportedAbisForCurrentRuntime
01-01 00:00:18.270  2330  2746 D dalvikvm: DexOpt: couldn't find static field Landroid/os/Build;.SUPPORTED_32_BIT_ABIS
01-01 00:00:18.270  2330  2746 I dalvikvm: DexOpt: unable to optimize static field ref 0x0076 at 0x26 in Lcom/google/android/chimera/container/FileApkUtils;.getSupportedAbisForCurrentRuntime
01-01 00:00:18.270  2330  2746 D dalvikvm: DexOpt: couldn't find static field Landroid/os/Build;.SUPPORTED_64_BIT_ABIS
01-01 00:00:18.270  2330  2746 I dalvikvm: DexOpt: unable to optimize static field ref 0x0077 at 0x0d in Lcom/google/android/chimera/container/FileApkUtils;.is64BitRuntime
01-01 00:00:18.275  2330  2746 D FileApkUtils: Optimizing (staging complete)
01-01 00:00:18.275  2330  2746 D FileApkUtils: Optimizing: DynamiteModules-prod.apk [1dad65bca29c108ad7dad5d3707435ff0555d8adf974340225c102890df71a23]
01-01 00:00:18.278  2330  2746 D DexOptUtils: Module /data/data/com.google.android.gms/app_chimera/m/00000000/DynamiteModules-prod.apk appears to be unoptimized.
01-01 00:00:18.278  2330  2746 D DexOptUtils: Pre-lollipop platform, odex will live alongside the dex.
01-01 00:00:18.278  2330  2746 D DexOptUtils: Instantiating DexClassLoader to force creation of odex.
01-01 00:00:18.278  2330  2746 D DexOptUtils: Primary ABI of odexing process is armeabi-v7a
01-01 00:00:18.284  2330  2746 D DexOptUtils: Odex not created. It may have already been created and renamed.
01-01 00:00:18.285  1962  2221 I ActivityManager: Resuming delayed broadcast
01-01 00:00:18.318  1962  2235 I ActivityManager: Delay finish: com.google.android.gms/.reminders.notification.NotificationReceiver
01-01 00:00:18.333  1480  2006 I DVBSTACK: [Reply] DVB_DEMOD_TUNER_GetLevel(304), size:12 (DvbService.cpp, 203)
01-01 00:00:18.338  1962  1972 I ActivityManager: Resuming delayed broadcast
01-01 00:00:18.369  2330  2330 W InstanceID/Rpc: Found 10006
01-01 00:00:18.395  1962  2034 D ConnectivityService: handleInetConditionChange: net=1 != default=9 - ignore
01-01 00:00:18.432  1962  2235 I ActivityManager: Delay finish: com.google.android.gms/.app.receiver.SystemBroadcastReceiver
01-01 00:00:18.459  2330  2751 E dalvikvm: Could not find class 'android.net.NetworkRequest$Builder', referenced from method com.google.android.gms.common.stats.GmsCoreStatsService.onCreate
01-01 00:00:18.459  2330  2751 W dalvikvm: VFY: unable to resolve new-instance 266 (Landroid/net/NetworkRequest$Builder;) in Lcom/google/android/gms/common/stats/GmsCoreStatsService;
01-01 00:00:18.459  2330  2751 D dalvikvm: VFY: replacing opcode 0x22 at 0x00af
01-01 00:00:18.460  2330  2751 W dalvikvm: Unable to resolve superclass of Lcom/google/android/gms/common/stats/h; (259)
01-01 00:00:18.460  2330  2751 W dalvikvm: Link of class 'Lcom/google/android/gms/common/stats/h;' failed
01-01 00:00:18.461  2330  2751 W dalvikvm: Unable to resolve superclass of Lcom/google/android/gms/common/stats/h; (259)
01-01 00:00:18.461  2330  2751 W dalvikvm: Link of class 'Lcom/google/android/gms/common/stats/h;' failed
01-01 00:00:18.463  2330  2751 I dalvikvm: Could not find method android.net.ConnectivityManager.unregisterNetworkCallback, referenced from method com.google.android.gms.common.stats.GmsCoreStatsService.onDestroy
01-01 00:00:18.463  2330  2751 W dalvikvm: VFY: unable to resolve virtual method 1241: Landroid/net/ConnectivityManager;.unregisterNetworkCallback (Landroid/net/ConnectivityManager$NetworkCallback;)V
01-01 00:00:18.463  2330  2751 D dalvikvm: VFY: replacing opcode 0x6e at 0x0021
01-01 00:00:18.464  2330  2751 D dalvikvm: DexOpt: unable to opt direct call 0x04e0 at 0xb1 in Lcom/google/android/gms/common/stats/GmsCoreStatsService;.onCreate
01-01 00:00:18.465  2330  2751 W dalvikvm: Unable to resolve superclass of Lcom/google/android/gms/common/stats/h; (259)
01-01 00:00:18.466  2330  2751 W dalvikvm: Link of class 'Lcom/google/android/gms/common/stats/h;' failed
01-01 00:00:18.467  2330  2751 D dalvikvm: DexOpt: unable to opt direct call 0x55d8 at 0xd3 in Lcom/google/android/gms/common/stats/GmsCoreStatsService;.onCreate
01-01 00:00:18.484  2396  2396 E dalvikvm: Could not find class 'android.net.NetworkRequest$Builder', referenced from method com.google.android.gms.common.stats.GmsCoreStatsService.onCreate
01-01 00:00:18.484  2396  2396 W dalvikvm: VFY: unable to resolve new-instance 266 (Landroid/net/NetworkRequest$Builder;) in Lcom/google/android/gms/common/stats/GmsCoreStatsService;
01-01 00:00:18.484  2396  2396 D dalvikvm: VFY: replacing opcode 0x22 at 0x00af
01-01 00:00:18.487  2396  2396 W dalvikvm: Unable to resolve superclass of Lcom/google/android/gms/common/stats/h; (259)
01-01 00:00:18.487  2330  2751 E dalvikvm: Could not find class 'android.telephony.SubscriptionManager', referenced from method com.google.android.gms.checkin.CheckinService.d
01-01 00:00:18.487  2330  2751 W dalvikvm: VFY: unable to resolve check-cast 536 (Landroid/telephony/SubscriptionManager;) in Lcom/google/android/gms/checkin/CheckinService;
01-01 00:00:18.487  2330  2751 D dalvikvm: VFY: replacing opcode 0x1f at 0x000e
01-01 00:00:18.487  2396  2396 W dalvikvm: Link of class 'Lcom/google/android/gms/common/stats/h;' failed
01-01 00:00:18.489  2396  2396 W dalvikvm: Unable to resolve superclass of Lcom/google/android/gms/common/stats/h; (259)
01-01 00:00:18.490  2396  2396 W dalvikvm: Link of class 'Lcom/google/android/gms/common/stats/h;' failed
01-01 00:00:18.490  2396  2396 I dalvikvm: Could not find method android.net.ConnectivityManager.unregisterNetworkCallback, referenced from method com.google.android.gms.common.stats.GmsCoreStatsService.onDestroy
01-01 00:00:18.490  2396  2396 W dalvikvm: VFY: unable to resolve virtual method 1241: Landroid/net/ConnectivityManager;.unregisterNetworkCallback (Landroid/net/ConnectivityManager$NetworkCallback;)V
01-01 00:00:18.490  2396  2396 D dalvikvm: VFY: replacing opcode 0x6e at 0x0021
01-01 00:00:18.491  2396  2396 D dalvikvm: DexOpt: unable to opt direct call 0x04e0 at 0xb1 in Lcom/google/android/gms/common/stats/GmsCoreStatsService;.onCreate
01-01 00:00:18.492  2396  2396 W dalvikvm: Unable to resolve superclass of Lcom/google/android/gms/common/stats/h; (259)
01-01 00:00:18.492  2396  2396 W dalvikvm: Link of class 'Lcom/google/android/gms/common/stats/h;' failed
01-01 00:00:18.493  2396  2396 D dalvikvm: DexOpt: unable to opt direct call 0x55d8 at 0xd3 in Lcom/google/android/gms/common/stats/GmsCoreStatsService;.onCreate
01-01 00:00:18.529  2330  2330 E dalvikvm: Could not find class 'android.telephony.SubscriptionManager', referenced from method com.google.android.gms.checkin.d.a
01-01 00:00:18.529  2330  2330 W dalvikvm: VFY: unable to resolve check-cast 536 (Landroid/telephony/SubscriptionManager;) in Lcom/google/android/gms/checkin/d;
01-01 00:00:18.529  2330  2330 D dalvikvm: VFY: replacing opcode 0x1f at 0x00f6
01-01 00:00:18.533  2330  2330 W dalvikvm: VFY: unable to find class referenced in signature (Landroid/telephony/SubscriptionManager;)
01-01 00:00:18.533  2330  2330 I dalvikvm: Could not find method android.telephony.SubscriptionManager.getActiveSubscriptionInfoList, referenced from method com.google.android.gms.checkin.d.a
01-01 00:00:18.534  2330  2330 W dalvikvm: VFY: unable to resolve virtual method 2716: Landroid/telephony/SubscriptionManager;.getActiveSubscriptionInfoList ()Ljava/util/List;
01-01 00:00:18.534  2330  2330 D dalvikvm: VFY: replacing opcode 0x6e at 0x0004
01-01 00:00:18.537  2330  2330 D dalvikvm: DexOpt: couldn't find static field Landroid/os/Build;.SUPPORTED_ABIS
01-01 00:00:18.537  2330  2330 W dalvikvm: VFY: unable to resolve static field 182 (SUPPORTED_ABIS) in Landroid/os/Build;
01-01 00:00:18.537  2330  2330 D dalvikvm: VFY: replacing opcode 0x62 at 0x0008
01-01 00:00:18.549  2330  2330 D dalvikvm: DexOpt: couldn't find static field Landroid/os/Build;.SUPPORTED_ABIS
01-01 00:00:18.549  2330  2330 I dalvikvm: DexOpt: unable to optimize static field ref 0x00b6 at 0x0c in Lcom/google/android/gms/checkin/d;.a
01-01 00:00:18.578  2652  2652 I CalendarProvider2: Sending notification intent: Intent { act=android.intent.action.PROVIDER_CHANGED dat=content://com.android.calendar }
01-01 00:00:18.579  2652  2652 W ContentResolver: Failed to get type for: content://com.android.calendar (Unknown URL content://com.android.calendar)
01-01 00:00:18.579  2330  2751 D GCM     : COMPAT: Multi user not supported
01-01 00:00:18.598  2283  2754 D GCM     : GcmService start Intent { act=android.intent.action.BOOT_COMPLETED flg=0x8000010 cmp=com.google.android.gms/.gcm.GcmService (has extras) } android.intent.action.BOOT_COMPLETED
01-01 00:00:18.650  2330  2757 I CheckinService: Disabling old GoogleServicesFramework version
01-01 00:00:18.672  2330  2332 D dalvikvm: GC_CONCURRENT freed 834K, 23% free 4240K/5456K, paused 4ms+9ms, total 61ms
01-01 00:00:18.679  2330  2330 W dalvikvm: VFY: unable to find class referenced in signature (Landroid/net/Network;)
01-01 00:00:18.682  2330  2751 I GCoreUlr: Starting service, intent=Intent { act=com.google.android.location.reporting.ACTION_UPDATE_WORLD cmp=com.google.android.gms/com.google.android.location.reporting.service.DispatchingService (has extras) }, extras=Bundle[{receiverAction=android.intent.action.BOOT_COMPLETED}]
01-01 00:00:18.689  2330  2330 W dalvikvm: VFY: unable to find class referenced in signature (Landroid/net/Network;)
01-01 00:00:18.697  2330  2330 D SystemUpdateService: onCreate
01-01 00:00:18.788  1962  2221 D dalvikvm: GC_EXPLICIT freed 669K, 10% free 6835K/7584K, paused 9ms+10ms, total 102ms
01-01 00:00:18.793  2396  2396 I GCoreUlr: DispatchingService.onCreate()
01-01 00:00:18.798  2330  2758 E TelephonyManager: cts.appProcess.processName:com.google.android.gms
01-01 00:00:18.807  2330  2330 D SystemUpdateService: onStartCommand: intent: Intent { cmp=com.google.android.gms/.update.SystemUpdateService (has extras) }
01-01 00:00:18.825  2330  2330 I dalvikvm: Could not find method android.app.Notification$Builder.setCategory, referenced from method com.google.android.gms.update.t.a
01-01 00:00:18.825  2330  2330 W dalvikvm: VFY: unable to resolve virtual method 133: Landroid/app/Notification$Builder;.setCategory (Ljava/lang/String;)Landroid/app/Notification$Builder;
01-01 00:00:18.825  2330  2330 D dalvikvm: VFY: replacing opcode 0x6e at 0x0419
01-01 00:00:18.852  2330  2762 V AuthZen : Handling intent: android.intent.action.BOOT_COMPLETED
01-01 00:00:18.862  2330  2330 I dalvikvm: Could not find method android.os.UserHandle.isOwner, referenced from method com.google.android.gms.icing.service.w.a
01-01 00:00:18.864  2330  2330 W dalvikvm: VFY: unable to resolve virtual method 1295: Landroid/os/UserHandle;.isOwner ()Z
01-01 00:00:18.864  2330  2330 D dalvikvm: VFY: replacing opcode 0x6e at 0x002b
01-01 00:00:18.871  2330  2758 I CheckinService: Checking schedule, now: 1388534418871 next: 1389117579871
01-01 00:00:18.871  2330  2758 I CheckinService: active receiver: disabled
01-01 00:00:18.902  2396  2399 D dalvikvm: GC_CONCURRENT freed 828K, 17% free 4702K/5612K, paused 5ms+5ms, total 83ms
01-01 00:00:18.903  2330  2761 I SystemUpdateService: cancelUpdate (empty URL)
01-01 00:00:18.904  2330  2761 I SystemUpdateService: active receiver: disabled
01-01 00:00:18.927  2330  2761 W dalvikvm: VFY: unable to find class referenced in signature (Landroid/net/Network;)
01-01 00:00:19.004  2396  2779 I GCoreUlr: WorldUpdater received intent Intent { act=com.google.android.location.reporting.ACTION_UPDATE_WORLD cmp=com.google.android.gms/com.google.android.location.reporting.service.DispatchingService (has extras) } with receiverAction android.intent.action.BOOT_COMPLETED
01-01 00:00:19.043  2330  2330 D SystemUpdateService: onDestroy
01-01 00:00:19.067  2330  2762 D AuthZenEventHandler: Handling event: android.intent.action.BOOT_COMPLETED
01-01 00:00:19.126  2396  2779 I GCoreUlr: WorldUpdater:android.intent.action.BOOT_COMPLETED: Ensuring that reporting is stopped because of reasons: (no Google accounts)
01-01 00:00:19.136  2396  2779 I GCoreUlr: Unbound from all location providers
01-01 00:00:19.136  2396  2779 I GCoreUlr: Place inference reporting - stopped
01-01 00:00:19.137  2330  2780 D dalvikvm: No JNI_OnLoad found in /system/lib/libAppDataSearch.so 0x2cbbba38, skipping init
01-01 00:00:19.176  2396  2396 I GCoreUlr: DispatchingService.onDestroy()
01-01 00:00:19.176  2396  2396 I GCoreUlr: Stopping handler for UlrDispSvcFast
01-01 00:00:19.188  2330  2762 W BaseAppContext: Using Auth Proxy for data requests.
01-01 00:00:19.188  2396  2396 I GCoreUlr: Unbound from all location providers
01-01 00:00:19.188  2396  2396 I GCoreUlr: Place inference reporting - stopped
01-01 00:00:19.221  2330  2762 W dalvikvm: VFY: unable to find class referenced in signature (Landroid/net/Network;)
01-01 00:00:19.224  2330  2762 W dalvikvm: VFY: unable to find class referenced in signature (Landroid/net/Network;)
01-01 00:00:19.232  2330  2762 W dalvikvm: VFY: unable to find class referenced in signature (Landroid/net/Network;)
01-01 00:00:19.233  2330  2762 I dalvikvm: Could not find method android.net.Network.openConnection, referenced from method com.google.android.gms.http.g.a
01-01 00:00:19.233  2330  2762 W dalvikvm: VFY: unable to resolve virtual method 1029: Landroid/net/Network;.openConnection (Ljava/net/URL;)Ljava/net/URLConnection;
01-01 00:00:19.233  2330  2762 D dalvikvm: VFY: replacing opcode 0x6e at 0x00bb
03-11 23:46:02.014  2330  2762 E BaseAppContext: Tried to stop global GMSCore RequestQueue. This is likely unintended, so ignoring.
03-11 23:46:02.032  2330  2762 I dalvikvm: Could not find method android.os.UserManager.isManagedProfile, referenced from method com.google.android.gms.auth.be.proximity.authorization.bt.b.a
03-11 23:46:02.032  2330  2762 W dalvikvm: VFY: unable to resolve virtual method 1036: Landroid/os/UserManager;.isManagedProfile ()Z
03-11 23:46:02.032  2330  2762 D dalvikvm: VFY: replacing opcode 0x6e at 0x002f
03-11 23:46:02.048  2330  2762 D AuthZenTransactionCache: Initialized cache in: /data/data/com.google.android.gms/files
03-11 23:46:02.050  2330  2762 D AuthZenTransactionCache: Clearing transaction cache
03-11 23:46:02.089  2236  2236 V NetworkReceiver: HANDLER_MESSAGE_NET_MOUNT
03-11 23:46:02.089  2236  2236 D StorageStatusReceiver: /proc/mount
03-11 23:46:02.095  2236  2236 D StorageStatusReceiver: rootfs / rootfs ro,relatime 0 0
03-11 23:46:02.095  2236  2236 V StorageStatusReceiver: getDevType : rootfs / rootfs ro,relatime 0 0
03-11 23:46:02.098  2236  2236 D StorageStatusReceiver: tmpfs /dev tmpfs rw,nosuid,relatime,mode=755 0 0
03-11 23:46:02.098  2236  2236 V StorageStatusReceiver: getDevType : tmpfs /dev tmpfs rw,nosuid,relatime,mode=755 0 0
03-11 23:46:02.100  2330  2332 D dalvikvm: GC_CONCURRENT freed 862K, 20% free 4401K/5456K, paused 8ms+8ms, total 64ms
03-11 23:46:02.100  2330  2751 D dalvikvm: WAIT_FOR_CONCURRENT_GC blocked 14ms
03-11 23:46:02.101  2236  2236 D StorageStatusReceiver: devpts /dev/pts devpts rw,relatime,mode=600 0 0
03-11 23:46:02.101  2236  2236 V StorageStatusReceiver: getDevType : devpts /dev/pts devpts rw,relatime,mode=600 0 0
03-11 23:46:02.102  2236  2236 D StorageStatusReceiver: adb /dev/usb-ffs/adb functionfs rw,relatime 0 0
03-11 23:46:02.102  2236  2236 V StorageStatusReceiver: getDevType : adb /dev/usb-ffs/adb functionfs rw,relatime 0 0
03-11 23:46:02.103  2236  2236 D StorageStatusReceiver: proc /proc proc rw,relatime 0 0
03-11 23:46:02.103  2236  2236 V StorageStatusReceiver: getDevType : proc /proc proc rw,relatime 0 0
03-11 23:46:02.105  2236  2236 D StorageStatusReceiver: sysfs /sys sysfs rw,relatime 0 0
03-11 23:46:02.105  2236  2236 V StorageStatusReceiver: getDevType : sysfs /sys sysfs rw,relatime 0 0
03-11 23:46:02.106  2236  2236 D StorageStatusReceiver: tmpfs /mnt tmpfs rw,relatime,mode=775,gid=1000 0 0
03-11 23:46:02.106  2236  2236 V StorageStatusReceiver: getDevType : tmpfs /mnt tmpfs rw,relatime,mode=775,gid=1000 0 0
03-11 23:46:02.107  2236  2236 D StorageStatusReceiver: tmpfs /mnt/secure tmpfs rw,relatime,mode=700 0 0
03-11 23:46:02.107  2236  2236 V StorageStatusReceiver: getDevType : tmpfs /mnt/secure tmpfs rw,relatime,mode=700 0 0
03-11 23:46:02.109  2236  2236 D StorageStatusReceiver: tmpfs /mnt/asec tmpfs rw,relatime,mode=755,gid=1000 0 0
03-11 23:46:02.109  2236  2236 V StorageStatusReceiver: getDevType : tmpfs /mnt/asec tmpfs rw,relatime,mode=755,gid=1000 0 0
03-11 23:46:02.110  2236  2236 D StorageStatusReceiver: tmpfs /mnt/obb tmpfs rw,relatime,mode=755,gid=1000 0 0
03-11 23:46:02.110  2236  2236 V StorageStatusReceiver: getDevType : tmpfs /mnt/obb tmpfs rw,relatime,mode=755,gid=1000 0 0
03-11 23:46:02.111  2236  2236 D StorageStatusReceiver: /data/media /mnt/sdcard sdcardfs rw,nosuid,nodev,relatime,uid=1023,gid=1028,derive=legacy,reserved=100MB 0 0
03-11 23:46:02.111  2236  2236 V StorageStatusReceiver: getDevType : /data/media /mnt/sdcard sdcardfs rw,nosuid,nodev,relatime,uid=1023,gid=1028,derive=legacy,reserved=100MB 0 0
03-11 23:46:02.111  2236  2236 D StorageStatusReceiver: tmpfs /tmp tmpfs rw,relatime,mode=775 0 0
03-11 23:46:02.111  2236  2236 V StorageStatusReceiver: getDevType : tmpfs /tmp tmpfs rw,relatime,mode=775 0 0
03-11 23:46:02.112  2236  2236 D StorageStatusReceiver: /dev/block/platform/hi_mci.1/by-name/system /system ext4 ro,nosuid,nodev,relatime,data=ordered 0 0
03-11 23:46:02.112  2236  2236 V StorageStatusReceiver: getDevType : /dev/block/platform/hi_mci.1/by-name/system /system ext4 ro,nosuid,nodev,relatime,data=ordered 0 0
03-11 23:46:02.113  2236  2236 D StorageStatusReceiver: /dev/block/platform/hi_mci.1/by-name/reserved /system/reserved ext4 rw,nosuid,nodev,relatime,data=ordered 0 0
03-11 23:46:02.113  2236  2236 V StorageStatusReceiver: getDevType : /dev/block/platform/hi_mci.1/by-name/reserved /system/reserved ext4 rw,nosuid,nodev,relatime,data=ordered 0 0
03-11 23:46:02.114  2236  2236 D StorageStatusReceiver: /dev/block/platform/hi_mci.1/by-name/userdata /data ext4 rw,nosuid,nodev,relatime,data=ordered 0 0
03-11 23:46:02.114  2236  2236 V StorageStatusReceiver: getDevType : /dev/block/platform/hi_mci.1/by-name/userdata /data ext4 rw,nosuid,nodev,relatime,data=ordered 0 0
03-11 23:46:02.115  2236  2236 D StorageStatusReceiver: /dev/block/platform/hi_mci.1/by-name/cache /cache ext4 rw,nosuid,nodev,relatime,data=ordered 0 0
03-11 23:46:02.115  2236  2236 V StorageStatusReceiver: getDevType : /dev/block/platform/hi_mci.1/by-name/cache /cache ext4 rw,nosuid,nodev,relatime,data=ordered 0 0
03-11 23:46:02.116  2236  2236 D StorageStatusReceiver: /data/media /storage/emulated sdcardfs rw,nosuid,nodev,relatime,uid=1023,gid=1028,derive=legacy,reserved=100MB 0 0
03-11 23:46:02.116  2236  2236 V StorageStatusReceiver: getDevType : /data/media /storage/emulated sdcardfs rw,nosuid,nodev,relatime,uid=1023,gid=1028,derive=legacy,reserved=100MB 0 0
03-11 23:46:02.116  2236  2236 D StorageStatusReceiver: /dev/block/vold/179:25 /mnt/sdcard_external vfat rw,dirsync,nosuid,nodev,relatime,uid=1000,gid=1015,fmask=0000,dmask=0000,allow_utime=0022,codepage=437,iocharset=iso8859-1,shortname=mixed,utf8,errors=remount-ro 0 0
03-11 23:46:02.116  2236  2236 V StorageStatusReceiver: getDevType : /dev/block/vold/179:25 /mnt/sdcard_external vfat rw,dirsync,nosuid,nodev,relatime,uid=1000,gid=1015,fmask=0000,dmask=0000,allow_utime=0022,codepage=437,iocharset=iso8859-1,shortname=mixed,utf8,errors=remount-ro 0 0
03-11 23:46:02.118  2236  2236 D StorageStatusReceiver: -----------dev_type= SDCARD
03-11 23:46:02.118  2236  2236 D StorageStatusReceiver: -----------mount_path= /mnt/sdcard_external
03-11 23:46:02.118  2236  2236 D StorageStatusReceiver: -----------fs_type= VFAT
03-11 23:46:02.118  2236  2236 D StorageStatusReceiver: -----------io_mode= RW
03-11 23:46:02.118  2236  2236 D StorageStatusReceiver: -----------usbPort= UNKNOWN
03-11 23:46:02.118  2236  2236 V StorageStatusReceiver: checkNetMount 0 
03-11 23:46:02.119  2236  2236 V StorageStatusReceiver: checkNetMount 1 false 
03-11 23:46:02.119  2236  2236 V Home    : recordingDialogSetVisible 4
03-11 23:46:02.222  1962  2221 I ActivityManager: Resuming delayed broadcast
03-11 23:46:02.232  1962  2194 I ActivityManager: Delay finish: com.google.android.gms/.security.verifier.BootCompleteReceiver
03-11 23:46:02.257  1962  1972 I ActivityManager: Resuming delayed broadcast
03-11 23:46:02.265  1962  2075 I ActivityManager: Delay finish: com.google.android.gms/.auth.api.credentials.sync.CredentialSyncReceiverService$Receiver
03-11 23:46:02.269  1962  2235 I ActivityManager: Resuming delayed broadcast
03-11 23:46:02.273  2330  2330 D BootCompletedReceiver: Will schedule periodic tasks:android.intent.action.BOOT_COMPLETED.
03-11 23:46:02.273  2330  2330 D BootCompletedReceiver: Got an BootCompleted event.
03-11 23:46:02.277  2330  2330 D BootCompletedReceiver: Will NOT schedule AdAttestation signal task because it's disabled.
03-11 23:46:02.283  1962  2074 I ActivityManager: Delay finish: com.google.android.gms/.playlog.service.MonitorAlarmReceiver
03-11 23:46:02.292  1962  1972 I ActivityManager: Resuming delayed broadcast
03-11 23:46:02.312  2283  2283 I dalvikvm: Could not find method android.app.admin.DevicePolicyManager.getProfileOwner, referenced from method com.google.android.gms.auth.WorkAccountAuthenticatorInitializer.a
03-11 23:46:02.312  2283  2283 W dalvikvm: VFY: unable to resolve virtual method 175: Landroid/app/admin/DevicePolicyManager;.getProfileOwner ()Landroid/content/ComponentName;
03-11 23:46:02.312  2283  2283 D dalvikvm: VFY: replacing opcode 0x6e at 0x0053
03-11 23:46:02.321  2283  2283 W Auth    : [FRP,FrpUpdateIntentService] Received invalid intent action: com.google.android.gms.auth.ACTION_INVALID
03-11 23:46:02.327  1962  2195 I ActivityManager: Delay finish: com.google.android.gms/.auth.be.change.LoginAccountsChangedWakefulBroadcastReceiver
03-11 23:46:02.330  2283  2283 V GLSActivity: AuthDelegateWrapperCreated with selected intent: Intent { cmp=com.google.android.gms/.auth.DefaultAuthDelegateService }
03-11 23:46:02.340  1962  2194 I ActivityManager: Resuming delayed broadcast
03-11 23:46:02.366  2396  2396 D PersistentNotificationBroadcastReceiver: Received intent: Intent { act=android.intent.action.BOOT_COMPLETED flg=0x8000010 cmp=com.google.android.gms/.common.notification.PersistentNotificationBroadcastReceiver (has extras) }
03-11 23:46:02.373  1962  1973 I ActivityManager: Delay finish: com.google.android.gms/.people.sync.focus.ContactsSyncBroadcastReceiver
03-11 23:46:02.386  1962  2220 I ActivityManager: Resuming delayed broadcast
03-11 23:46:02.393  1962  1973 I ActivityManager: Delay finish: com.google.android.gms/.chromesync.sync.SyncReceiverService$Receiver
03-11 23:46:02.415  1962  2220 I ActivityManager: Resuming delayed broadcast
03-11 23:46:02.421  2423  2423 E Settings: MyBroadCastReceiver - onReceive Intent.ACTION_BOOT_COMPLETED!
03-11 23:46:02.429  2423  2423 E Settings: MyBroadCastReceiver - MEDIA_HIPLAYER_ENABLE - 1
03-11 23:46:02.433  2423  2423 I ------Samba_Interface--------: Create smb.conf
03-11 23:46:02.433  2423  2423 I ------Samba_Interface--------: SMB Directory has Existed!
03-11 23:46:02.433  2423  2423 I ------Samba_Interface--------: No need to create smb.conf,it has existed!
03-11 23:46:02.433  2423  2423 E ------Samba_Interface--------: Create SAMBA 4
03-11 23:46:02.433  2423  2423 I ------SambaServer--------: SambaServer constructor
03-11 23:46:02.433  2423  2423 I ------Samba_Interface--------: Create smb.conf
03-11 23:46:02.433  2423  2423 I ------Samba_Interface--------: SMB Directory has Existed!
03-11 23:46:02.433  2423  2423 I ------Samba_Interface--------: No need to create smb.conf,it has existed!
03-11 23:46:02.433  2423  2423 I ------SambaServer--------: info buf:	
03-11 23:46:02.433  2423  2423 I ------SambaServer--------: info user:	administrator
03-11 23:46:02.433  2423  2423 I ------SambaServer--------: info:	radio = administrator
03-11 23:46:02.433  2423  2423 I ------SambaServer--------: Write smbusers success!
03-11 23:46:02.433  2423  2423 I ------Samba_Interface--------: Create smb.conf
03-11 23:46:02.433  2423  2423 I ------Samba_Interface--------: SMB Directory has Existed!
03-11 23:46:02.433  2423  2423 I ------Samba_Interface--------: No need to create smb.conf,it has existed!
03-11 23:46:02.433  2423  2423 E ------Samba_Interface--------: Create SAMBA 4
03-11 23:46:02.433  2423  2423 I ------SambaServer--------: SambaServer constructor
03-11 23:46:02.433  2423  2423 I ------Samba_Interface--------: Create smb.conf
03-11 23:46:02.433  2423  2423 I ------Samba_Interface--------: SMB Directory has Existed!
03-11 23:46:02.433  2423  2423 I ------Samba_Interface--------: No need to create smb.conf,it has existed!
03-11 23:46:02.434  2423  2423 I ------SambaServer--------: Set global parameter!
03-11 23:46:02.434  2423  2423 I ------SambaServer--------: WORKGROUP = WORKGROUP
03-11 23:46:02.437  2423  2423 I ------SambaServer--------: security = share
03-11 23:46:02.438  2423  2423 I ------SambaServer--------: maxLogSize = 225
03-11 23:46:02.441  2423  2423 I ------Samba_Interface--------: Create smb.conf
03-11 23:46:02.441  2423  2423 I ------Samba_Interface--------: SMB Directory has Existed!
03-11 23:46:02.441  2423  2423 I ------Samba_Interface--------: No need to create smb.conf,it has existed!
03-11 23:46:02.441  2423  2423 E ------Samba_Interface--------: Create SAMBA 4
03-11 23:46:02.441  2423  2423 I ------SambaServer--------: SambaServer constructor
03-11 23:46:02.441  2423  2423 I ------Samba_Interface--------: Create smb.conf
03-11 23:46:02.441  2423  2423 I ------Samba_Interface--------: SMB Directory has Existed!
03-11 23:46:02.441  2423  2423 I ------Samba_Interface--------: No need to create smb.conf,it has existed!
03-11 23:46:02.442  2423  2423 I ------Samba_Interface--------: Create smb.conf
03-11 23:46:02.442  2423  2423 I ------Samba_Interface--------: SMB Directory has Existed!
03-11 23:46:02.442  2423  2423 I ------Samba_Interface--------: No need to create smb.conf,it has existed!
03-11 23:46:02.442  2423  2423 E ------Samba_Interface--------: Create SAMBA 4
03-11 23:46:02.442  2423  2423 I ------SambaServer--------: SambaServer constructor
03-11 23:46:02.442  2423  2423 I ------Samba_Interface--------: Create smb.conf
03-11 23:46:02.442  2423  2423 I ------Samba_Interface--------: SMB Directory has Existed!
03-11 23:46:02.442  2423  2423 I ------Samba_Interface--------: No need to create smb.conf,it has existed!
03-11 23:46:02.442  2423  2423 I ------SambaServer--------: Set global parameter!
03-11 23:46:02.444  2423  2423 I ------SambaServer--------: path = /mnt
03-11 23:46:02.444  2423  2423 I ------SambaServer--------: Start
03-11 23:46:02.444  2423  2423 I ------Samba_Interface--------: Create smb.conf
03-11 23:46:02.444  2423  2423 I ------Samba_Interface--------: SMB Directory has Existed!
03-11 23:46:02.445  2423  2423 I ------Samba_Interface--------: No need to create smb.conf,it has existed!
03-11 23:46:02.445  2423  2423 E ------Samba_Interface--------: Create SAMBA 4
03-11 23:46:02.445  2423  2423 I ------SambaServer--------: SambaServer constructor
03-11 23:46:02.445  2423  2423 I ------Samba_Interface--------: Create smb.conf
03-11 23:46:02.445  2423  2423 I ------Samba_Interface--------: SMB Directory has Existed!
03-11 23:46:02.445  2423  2423 I ------Samba_Interface--------: No need to create smb.conf,it has existed!
03-11 23:46:02.445  2423  2423 I         : nssh(IClient)cmd=1011,buf=(/mnt/ps)
03-11 23:46:02.445  1470  2421 I         : nssh(server) cmd=1011, buf=/mnt/ps
03-11 23:46:02.445  1470  2421 E         : nssh(1011,/mnt/ps) run !
03-11 23:46:02.467  1470  2421 I         : nssh(server) ret=0
03-11 23:46:02.467  2423  2423 I         : nssh(IClient)cmd=1011,buf=(/mnt/ps)
03-11 23:46:02.468  1470  1470 I         : nssh(server) cmd=1011, buf=/mnt/ps
03-11 23:46:02.468  1470  1470 E         : nssh(1011,/mnt/ps) run !
03-11 23:46:02.491  1470  1470 I         : nssh(server) ret=0
03-11 23:46:02.492  2423  2423 W ------SambaServer--------: Samba have started! No need to restart samba!
03-11 23:46:02.506  1962  1973 I ActivityManager: Start proc com.android.calendar for broadcast com.android.calendar/.alerts.AlertReceiver: pid=2805 uid=10018 gids={50018, 3003}
03-11 23:46:02.508  2805  2805 E Environment: canonicalPath = /mnt/sdcard
03-11 23:46:02.556  2805  2805 D ExtensionsFactory: No custom extensions.
03-11 23:46:02.558  2805  2805 D AlertReceiver: onReceive: a=android.intent.action.BOOT_COMPLETED Intent { act=android.intent.action.BOOT_COMPLETED flg=0x8000010 cmp=com.android.calendar/.alerts.AlertReceiver (has extras) }
03-11 23:46:02.561  1962  2235 I ActivityManager: Delay finish: com.android.calendar/.alerts.AlertReceiver
03-11 23:46:02.566  2805  2821 D AlertService: 0 Action = android.intent.action.BOOT_COMPLETED
03-11 23:46:02.569  2805  2821 D AlertService: Scheduling next alarm with AlarmScheduler. sEventReminderReceived: null
03-11 23:46:02.584  2805  2821 D AlarmScheduler: No events found starting within 1 week.
03-11 23:46:03.263  1962  1991 E BluetoothManagerService: waitForOnOff time out
03-11 23:46:03.266  1962  1991 D BluetoothManagerService: Stored Bluetooth name: 
03-11 23:46:03.266  1962  1991 D BluetoothManagerService: Stored Bluetoothaddress: 22:22:28:44:15:F7
03-11 23:46:03.268  2633  2665 D BluetoothAdapterState: CURRENT_STATE=PENDING, MESSAGE = USER_TURN_ON, isTurningOn=true, isTurningOff=false
03-11 23:46:03.268  2633  2665 I BluetoothAdapterState: CURRENT_STATE=PENDING: Deferring request USER_TURN_OFF
03-11 23:46:04.053  2236  2236 D ProcessFirmwareDownload: mContext : com.android.dvb.livescreen.Home@2cbcbdd8
03-11 23:46:04.063  2236  2856 D ProcessFirmwareDownload: check success
03-11 23:46:04.066  2236  2856 D HttpDownloader: in getInputStream
03-11 23:46:04.071  2236  2236 V NetworkReceiver: HANDLER_MESSAGE_NTP_UPDATE
03-11 23:46:04.072  2236  2856 W ActivityThread: ClassLoader.loadClass: The class loader returned by Thread.getContextClassLoader() may fail for processes that host multiple applications. You should explicitly specify a context class loader. For example: Thread.setContextClassLoader(getClass().getClassLoader());
03-11 23:46:04.081  2236  2236 V NetworkReceiver: checkNtpTime : eth(connected)wifi(disconnected)
03-11 23:46:05.002  2236  2249 I EPGManager: --------getEpgInfo : 523, idx : 82, count : 40
03-11 23:46:05.017  2236  2248 I EPGManager: --------getEpgInfo : 523, idx : 82, count : 36
03-11 23:46:05.034  2236  2247 I EPGManager: --------getEpgInfo : 532, idx : 83, count : 40
03-11 23:46:05.049  2236  2249 I EPGManager: --------getEpgInfo : 532, idx : 83, count : 40
03-11 23:46:05.063  2236  2248 I EPGManager: --------getEpgInfo : 532, idx : 83, count : 30
03-11 23:46:05.068  2236  2856 V ProcessFirmwareDownload: url:/?systemid=41020000&swver=20219 mIs : com.android.okhttp.internal.http.HttpTransport$FixedLengthInputStream@2db389e8
03-11 23:46:05.072  2236  2856 W System.err: org.json.JSONException: Value {"msg":"Not Found Firmware Infomation.."} of type org.json.JSONObject cannot be converted to JSONArray
03-11 23:46:05.073  2236  2856 W System.err: 	at org.json.JSON.typeMismatch(JSON.java:111)
03-11 23:46:05.073  2236  2856 W System.err: 	at org.json.JSONArray.<init>(JSONArray.java:96)
03-11 23:46:05.073  2236  2856 W System.err: 	at org.json.JSONArray.<init>(JSONArray.java:108)
