01-01 00:00:11.188  1962  1962 I BackupManagerService: Binding to transport host ComponentInfo{com.google.android.backuptransport/com.google.android.backup.BackupTransportService}
01-01 00:00:11.189  1962  1962 I BackupManagerService: Found stale backup journal, scheduling
01-01 00:00:11.191  1962  1962 I BackupManagerService:   com.android.calendar
01-01 00:00:11.191  1962  1962 I BackupManagerService:   com.android.browser
01-01 00:00:11.191  1962  1962 I BackupManagerService:   com.android.providers.userdictionary
01-01 00:00:11.192  1962  1962 I BackupManagerService:   com.android.sharedstoragebackup
01-01 00:00:11.192  1962  1962 I BackupManagerService:   android
01-01 00:00:11.192  1962  1962 I BackupManagerService:   com.android.vending
01-01 00:00:11.192  1962  1962 I BackupManagerService:   com.android.providers.settings
01-01 00:00:11.192  1962  1962 I BackupManagerService:   com.hisilicon.android.inputmethod.latin
01-01 00:00:11.194  1962  1962 I BackupManagerService: Backup enabled => false
01-01 00:00:11.194  1962  1962 I BackupManagerService: Opting out of backup
01-01 00:00:11.194  1962  1962 I SystemServer: AppWidget Service
01-01 00:00:11.195  1962  1962 I SystemServer: Recognition Service
01-01 00:00:11.196  1962  1962 I SystemServer: DiskStats Service
01-01 00:00:11.196  1962  1962 I SystemServer: SamplingProfiler Service
01-01 00:00:11.198  1962  1962 I SystemServer: NetworkTimeUpdateService
01-01 00:00:11.198  1962  1962 I SystemServer: CommonTimeManagementService
01-01 00:00:11.200  1962  1962 I SystemServer: CertBlacklister
01-01 00:00:11.200  1962  1962 I SystemServer: Dreams Service
01-01 00:00:11.201  1962  1962 I SystemServer: Assets Atlas Service
01-01 00:00:11.202  1962  1962 I SystemServer: IdleMaintenanceService
01-01 00:00:11.203  1962  1962 I SystemServer: Print Service
01-01 00:00:11.204  1962  2043 D Atlas   : Loaded configuration: SliceMinArea (768x768) flags=0x2 count=34
01-01 00:00:11.206  1962  1962 I SystemServer: Media Router Service
01-01 00:00:11.208  1962  1962 I WindowManager: SAFE MODE not enabled
01-01 00:00:11.208  1962  1968 D dalvikvm: JIT started for system_server
01-01 00:00:11.232  1962  2043 D Atlas   : Rendered atlas in 17,11ms (4,77+12,34ms)
01-01 00:00:11.267  1962  1962 E ViewRootImpl: 201409092 enable acc for view=KeyguardScrim
01-01 00:00:11.270  1962  1962 I Zygote  : Process: zygote socket opened
01-01 00:00:11.281  1962  1962 V KeyguardServiceDelegate: *** Keyguard started
01-01 00:00:11.281  1962  1962 V KeyguardServiceDelegate: onSystemReady() called before keyguard service was ready
01-01 00:00:11.281  1962  1962 I ActivityManager: Start proc com.android.systemui for service com.android.keyguard/.KeyguardService: pid=2046 uid=10009 gids={50009, 1028, 1015, 1035, 3002, 3001}
01-01 00:00:11.285  2046  2046 E Environment: canonicalPath = /mnt/sdcard
01-01 00:00:11.312  1962  1962 I AppOps  : Pruning old package media/1013: new uid=-1
01-01 00:00:11.313  1962  1962 I ActivityManager: System now ready
01-01 00:00:11.315  1962  1962 I SystemServer: Making services ready
01-01 00:00:11.318  1962  1962 D NetworkManagementService: enabling bandwidth control
01-01 00:00:11.320  1962  2017 E MountService: getDefaultPathFromXml  = null
01-01 00:00:11.320  1962  2017 E MountService: -->Enter isDefaultVolume , output = null
01-01 00:00:11.320  1962  2017 D MountService: --> [ sct ] /storage/emulated/0 is default volume
01-01 00:00:11.320  1962  2017 I MountService: doMountVolume: Mouting /storage/emulated/0
01-01 00:00:11.320  1962  2017 D MountService: volume state changed for /storage/emulated/0 (unmounted -> mounted)
01-01 00:00:11.321  1962  2017 D MountService: sendStorageIntent Intent { act=android.intent.action.MEDIA_MOUNTED dat=file:///storage/emulated/0 (has extras) } to UserHandle{-1}
01-01 00:00:11.323  1962  2017 E MountService: getDefaultPathFromXml  = null
01-01 00:00:11.328  1962  2017 E MountService: getDefaultPathFromXml  = null
01-01 00:00:11.328  1962  2017 E MountService: -->Enter isDefaultVolume , output = null
01-01 00:00:11.329  1962  2017 E MountService: getDefaultPathFromXml  = null
01-01 00:00:11.329  1962  2017 E MountService: -->Enter isDefaultVolume , output = null
01-01 00:00:11.330  1962  2017 E MountService: getDefaultPathFromXml  = null
01-01 00:00:11.330  1962  2017 E MountService: -->Enter isDefaultVolume , output = null
01-01 00:00:11.330  1962  2017 D MountService: --> [ sct ] /storage/emulated/0 is default volume
01-01 00:00:11.331  1962  2017 I PackageManager: Updating external media status from unmounted to mounted
01-01 00:00:11.331  1962  2017 E MountService: getDefaultPathFromXml  = null
01-01 00:00:11.331  1962  2017 E MountService: -->Enter isDefaultVolume , output = null
01-01 00:00:11.331  1962  2017 I MountService: doMountVolume: Mouting /mnt/sdcard
01-01 00:00:11.331  1962  2017 D MountService: volume state changed for /mnt/sdcard (unmounted -> mounted)
01-01 00:00:11.332  1962  2017 D MountService: sendStorageIntent Intent { act=android.intent.action.MEDIA_MOUNTED dat=file:///mnt/sdcard (has extras) } to UserHandle{-1}
01-01 00:00:11.336  1962  1977 I ActivityManager: Start proc android.process.media for broadcast com.android.providers.downloads/.DownloadReceiver: pid=2061 uid=10004 gids={50004, 1028, 1015, 1023, 1024, 2001, 3003, 3007}
01-01 00:00:11.337  1962  2017 E MountService: getDefaultPathFromXml  = null
01-01 00:00:11.337  1962  2017 E MountService: -->Enter isDefaultVolume , output = null
01-01 00:00:11.337  1962  2017 I MountService: doMountVolume: Mouting /mnt/sdcard_external
01-01 00:00:11.337  1962  2017 D MountService: use the mConnectorSpec[1]
01-01 00:00:11.342  1459  1518 D Vold    : vold : mountVolume v->getMountpoint() = /mnt/sdcard_external
01-01 00:00:11.343  1459  1518 D Vold    : [-vold_debug-350] :Volume block state changing 1 (Idle-Unmounted) -> 3 (Checking)
01-01 00:00:11.343  1459  1518 E Vold    : this type=0
01-01 00:00:11.343  1459  1518 D Vold    : [-vold_debug-689] :getMountpoint=(/mnt/sdcard_external),ubiName=((null))
01-01 00:00:11.347  1962  1994 I PackageManager: No secure containers on sdcard
01-01 00:00:11.348  2061  2061 E Environment: canonicalPath = /mnt/sdcard
01-01 00:00:11.348  1962  1989 I MountService: onEvent:: raw= 605 Volume block /mnt/sdcard_external state changed from 1 (Idle-Unmounted) to 3 (Checking) cooked =  605 Volume block /mnt/sdcard_external state changed from 1 (Idle-Unmounted) to 3 (Checking)
01-01 00:00:11.348  1962  1989 I MountService: notifyVolumeStateChange::unmounted
01-01 00:00:11.348  1962  1989 I MountService: updating volume state checking
01-01 00:00:11.348  1962  1989 D MountService: volume state changed for /mnt/sdcard_external (unmounted -> checking)
01-01 00:00:11.348  1962  1989 E VoldConnector: Error handling '605 Volume block /mnt/sdcard_external state changed from 1 (Idle-Unmounted) to 3 (Checking)': java.lang.NullPointerException
01-01 00:00:11.358  1459  1518 D Vold    : [-vold_debug-345] :msg=Volume block /mnt/sdcard_external state changed from 3 (Checking) to 4 (Mounted) UUID=EAA3-C432 DevType=SDCARD 45848 D
01-01 00:00:11.359  1962  1994 W PackageManager: Not granting permission android.permission.GLOBAL_SEARCH to package com.android.quicksearchbox (protectionLevel=18 flags=0x88be45)
01-01 00:00:11.360  1962  1994 W PackageManager: Unknown permission com.android.launcher.permission.READ_SETTINGS in package com.hisilicon.dlna.dms
01-01 00:00:11.360  1962  1994 W PackageManager: Unknown permission com.android.launcher.permission.WRITE_SETTINGS in package com.hisilicon.dlna.dms
01-01 00:00:11.365  1962  1989 I MountService: onEvent:: raw= 605 Volume block /mnt/sdcard_external state changed from 3 (Checking) to 4 (Mounted) UUID=EAA3-C432 DevType=SDCARD 45848 D cooked =  605 Volume block /mnt/sdcard_external state changed from 3 (Checking) to 4 (Mounted) UUID=EAA3-C432 DevType=SDCARD 45848 D
01-01 00:00:11.366  1962  1989 D MountService: onEvent : exInfo.mUUID=[EAA3-C432] exInfo.mDevType=[SDCARD] exInfo.mDevNode=[45848]exInfo.mDiskLabel = [D]
01-01 00:00:11.369  1962  1989 E MountService: getDefaultPathFromXml  = null
01-01 00:00:11.369  1962  1989 E MountService: -->Enter isDefaultVolume , output = null
01-01 00:00:11.370  1962  1989 I MountService: notifyVolumeStateChange::checking
01-01 00:00:11.370  1962  1989 I MountService: updating volume state mounted
01-01 00:00:11.370  1962  1989 D MountService: volume state changed for /mnt/sdcard_external (checking -> mounted)
01-01 00:00:11.370  1962  1989 D MountService: sendStorageIntent Intent { act=android.intent.action.MEDIA_MOUNTED dat=file:///mnt/sdcard_external (has extras) } to UserHandle{-1}
01-01 00:00:11.374  1962  1994 W PackageManager: Unknown permission com.android.launcher.permission.READ_SETTINGS in package com.google.android.onetimeinitializer
01-01 00:00:11.374  1962  1994 W PackageManager: Unknown permission com.android.launcher.permission.WRITE_SETTINGS in package com.google.android.onetimeinitializer
01-01 00:00:11.375  1962  1994 W PackageManager: Unknown permission com.android.launcher.permission.PRELOAD_WORKSPACE in package com.google.android.partnersetup
01-01 00:00:11.379  1962  1994 W PackageManager: Unknown permission com.android.vending.billing.IBillingAccountService.BIND2 in package com.google.android.gsf.login
01-01 00:00:11.379  1962  1994 W PackageManager: Unknown permission com.android.chrome.TOS_ACKED in package com.google.android.gsf.login
01-01 00:00:11.379  1962  1994 W PackageManager: Unknown permission android.permission.SYSTEM_OVERLAY_WINDOW in package com.hisilicon.android.pqsetting
01-01 00:00:11.382  1962  1994 W PackageManager: Unknown permission com.google.android.gallery3d.permission.GALLERY_PROVIDER in package com.android.bluetooth
01-01 00:00:11.382  1962  1994 W PackageManager: Unknown permission android.permission.MMS_SEND_OUTBOX_MSG in package com.android.bluetooth
01-01 00:00:11.387  1962  1994 W PackageManager: Unknown permission com.google.android.finsky.permission.BIND_GET_INSTALL_REFERRER_SERVICE in package com.andevapps.tvhd
01-01 00:00:11.387  1962  1994 W PackageManager: Unknown permission com.android.launcher.permission.READ_SETTINGS in package com.android.onetimeinitializer
01-01 00:00:11.387  1962  1994 W PackageManager: Unknown permission com.android.launcher.permission.WRITE_SETTINGS in package com.android.onetimeinitializer
01-01 00:00:11.392  1962  1994 W PackageManager: Unknown permission android.permission.OBSERVE_GRANT_REVOKE_PERMISSIONS in package com.google.android.gms
01-01 00:00:11.393  1962  1994 W PackageManager: Unknown permission android.permission.RECOVERY in package com.google.android.gms
01-01 00:00:11.394  1962  1994 W PackageManager: Not granting permission android.permission.READ_DREAM_STATE to package com.google.android.gms (protectionLevel=2 flags=0x40483e45)
01-01 00:00:11.395  1962  1994 W PackageManager: Unknown permission android.permission.PROVIDE_TRUST_AGENT in package com.google.android.gms
01-01 00:00:11.396  1962  1994 W PackageManager: Unknown permission com.google.android.apps.enterprise.dmagent.permission.AutoSyncPermission in package com.google.android.gms
01-01 00:00:11.399  1962  1994 W PackageManager: Unknown permission com.google.android.googlequicksearchbox.permission.PAUSE_HOTWORD in package com.google.android.gms
01-01 00:00:11.399  1962  1994 W PackageManager: Unknown permission android.permission.MANAGE_VOICE_KEYPHRASES in package com.google.android.gms
01-01 00:00:11.399  1962  1994 W PackageManager: Unknown permission android.permission.REAL_GET_TASKS in package com.google.android.gms
01-01 00:00:11.399  1962  1994 W PackageManager: Unknown permission com.google.android.hangouts.START_HANGOUT in package com.google.android.gms
01-01 00:00:11.400  1962  1994 W PackageManager: Unknown permission android.permission.READ_WIFI_CREDENTIAL in package com.google.android.gms
01-01 00:00:11.400  1962  1994 W PackageManager: Unknown permission android.permission.SCORE_NETWORKS in package com.google.android.gms
01-01 00:00:11.401  1962  1994 W PackageManager: Unknown permission android.permission.CONTROL_INCALL_EXPERIENCE in package com.google.android.gms
01-01 00:00:11.401  1962  1994 W PackageManager: Unknown permission android.permission.USER_ACTIVITY in package com.google.android.gms
01-01 00:00:11.401  1962  1994 W PackageManager: Unknown permission android.permission.MODIFY_AUDIO_ROUTING in package com.google.android.gms
01-01 00:00:11.401  1962  1994 W PackageManager: Unknown permission com.google.android.wearable.READ_SETTINGS in package com.google.android.gms
01-01 00:00:11.402  1962  1994 W PackageManager: Unknown permission android.permission.INTENT_FILTER_VERIFICATION_AGENT in package com.google.android.gms
01-01 00:00:11.402  1962  1994 W PackageManager: Unknown permission android.permission.LOCAL_MAC_ADDRESS in package com.google.android.gms
01-01 00:00:11.402  1962  1994 W PackageManager: Unknown permission android.permission.CHANGE_DEVICE_IDLE_TEMP_WHITELIST in package com.google.android.gms
01-01 00:00:11.402  1962  1994 W PackageManager: Unknown permission android.permission.BODY_SENSORS in package com.google.android.gms
01-01 00:00:11.402  1962  1994 W PackageManager: Unknown permission android.permission.NOTIFY_PENDING_SYSTEM_UPDATE in package com.google.android.gms
01-01 00:00:11.403  1962  1994 W PackageManager: Unknown permission com.google.android.launcher.permission.RECEIVE_LAUNCH_BROADCASTS in package com.google.android.gms
01-01 00:00:11.403  1962  1994 W PackageManager: Unknown permission com.google.android.gm.permission.READ_GMAIL in package com.google.android.gms
01-01 00:00:11.403  1962  1994 W PackageManager: Unknown permission com.android.voicemail.permission.READ_VOICEMAIL in package com.google.android.gms
01-01 00:00:11.404  1962  1994 W PackageManager: Unknown permission com.google.android.gallery3d.permission.PICASA_STORE in package com.android.dreams.phototable
01-01 00:00:11.408  1962  1994 W PackageManager: Unknown permission com.android.launcher.permission.READ_SETTINGS in package com.android.settings
01-01 00:00:11.408  1962  1994 W PackageManager: Unknown permission com.android.launcher.permission.WRITE_SETTINGS in package com.android.settings
01-01 00:00:11.411  1962  1994 W PackageManager: Unknown permission android.permission.QUICKBOOT_POWERON in package ds.cpuoverlay
01-01 00:00:11.412  1962  1994 W PackageManager: Unknown permission android.permission.ACCESS_SUPERUSER in package com.ghisler.android.TotalCommander
01-01 00:00:11.413  1962  1994 W PackageManager: Unknown permission android.permission.REAL_GET_TASKS in package com.android.vending
01-01 00:00:11.415  1962  1994 W PackageManager: Not granting permission android.permission.SEND_DOWNLOAD_COMPLETED_INTENTS to package com.android.vending (protectionLevel=2 flags=0x404abe45)
01-01 00:00:11.415  1962  1994 W PackageManager: Unknown permission android.permission.SEND_SMS_NO_CONFIRMATION in package com.android.vending
01-01 00:00:11.415  1962  1994 W PackageManager: Unknown permission android.permission.USE_FINGERPRINT in package com.android.vending
01-01 00:00:11.415  1962  1994 W PackageManager: Unknown permission android.permission.GET_PACKAGE_IMPORTANCE in package com.android.vending
01-01 00:00:11.416  1962  1994 W PackageManager: Unknown permission android.permission.GET_ACCOUNTS_PRIVILEGED in package com.android.vending
01-01 00:00:11.416  1962  1994 W PackageManager: Unknown permission android.permission.INSTALL_GRANT_RUNTIME_PERMISSIONS in package com.android.vending
01-01 00:00:11.416  1962  1994 W PackageManager: Unknown permission android.permission.GRANT_RUNTIME_PERMISSIONS in package com.android.vending
01-01 00:00:11.416  1962  1994 W PackageManager: Unknown permission android.permission.REVOKE_RUNTIME_PERMISSIONS in package com.android.vending
01-01 00:00:11.416  1962  1994 W PackageManager: Unknown permission android.permission.CHANGE_DEVICE_IDLE_TEMP_WHITELIST in package com.android.vending
01-01 00:00:11.417  1962  1994 W PackageManager: Not granting permission android.permission.FORCE_STOP_PACKAGES to package com.android.vending (protectionLevel=2 flags=0x404abe45)
01-01 00:00:11.418  1962  1994 W PackageManager: Unknown permission com.google.android.partnersetup.permission.WRITE_APP_PROVIDER in package com.android.vending
01-01 00:00:11.419  1962  1994 W PackageManager: Unknown permission com.android.launcher.permission.READ_SETTINGS in package com.hisilicon.dlna.player
01-01 00:00:11.419  1962  1994 W PackageManager: Unknown permission com.android.launcher.permission.WRITE_SETTINGS in package com.hisilicon.dlna.player
01-01 00:00:11.424  1962  1994 W PackageManager: Unknown permission android.permission.ACCESS_SUPERUSER in package berserker.android.apps.ftpdroid
01-01 00:00:11.426  1962  1994 W PackageManager: Not granting permission android.permission.DELETE_PACKAGES to package com.svox.pico (protectionLevel=18 flags=0x8be45)
01-01 00:00:11.430  1962  1994 W PackageManager: Not granting permission android.permission.READ_DREAM_STATE to package com.google.android.gsf (protectionLevel=2 flags=0x40883e45)
01-01 00:00:11.537  1962  1966 D dalvikvm: GC_CONCURRENT freed 753K, 12% free 6094K/6924K, paused 4ms+3ms, total 48ms
01-01 00:00:11.607  2046  2046 E SoundPool: error loading /system/media/audio/ui/Lock.ogg
01-01 00:00:11.607  2046  2046 W KeyguardViewMediator: failed to load lock sound from /system/media/audio/ui/Lock.ogg
01-01 00:00:11.608  2046  2046 E SoundPool: error loading /system/media/audio/ui/Unlock.ogg
01-01 00:00:11.608  2046  2046 W KeyguardViewMediator: failed to load unlock sound from /system/media/audio/ui/Unlock.ogg
01-01 00:00:11.608  2046  2046 V KeyguardService: onCreate()
01-01 00:00:11.632  2046  2046 D SystemUIService: loading: class com.android.systemui.recent.Recents
01-01 00:00:11.632  2046  2046 D SystemUIService: running: com.android.systemui.recent.Recents@2cbbdd60
01-01 00:00:11.632  2046  2046 D SystemUIService: loading: class com.android.systemui.statusbar.SystemBars
01-01 00:00:11.632  2046  2046 D SystemUIService: running: com.android.systemui.statusbar.SystemBars@2cbbe348
01-01 00:00:11.635  2046  2046 D SystemUIService: loading: class com.android.systemui.usb.StorageNotification
01-01 00:00:11.635  2046  2046 D SystemUIService: running: com.android.systemui.usb.StorageNotification@2cbc0108
01-01 00:00:11.640  2046  2046 D SystemUIService: loading: class com.android.systemui.power.PowerUI
01-01 00:00:11.640  2046  2046 D SystemUIService: running: com.android.systemui.power.PowerUI@2cbc1970
01-01 00:00:11.643  2046  2046 D SystemUIService: loading: class com.android.systemui.media.RingtonePlayer
01-01 00:00:11.644  2046  2046 D SystemUIService: running: com.android.systemui.media.RingtonePlayer@2cbc2a30
01-01 00:00:11.645  2046  2046 D SystemUIService: loading: class com.android.systemui.settings.SettingsUI
01-01 00:00:11.646  2046  2046 D SystemUIService: running: com.android.systemui.settings.SettingsUI@2cbc3d18
01-01 00:00:11.664  1962  2074 I StatusBarManagerService: registerStatusBar bar=com.android.internal.statusbar.IStatusBar$Stub$Proxy@2cc7a4d8
01-01 00:00:11.666  2046  2046 D PhoneStatusBar: mSettingsPanelGravity = 8388661
01-01 00:00:11.746  1962  2074 I ActivityManager: Start proc com.android.externalstorage for broadcast com.android.externalstorage/.MountReceiver: pid=2120 uid=10005 gids={50005, 1028, 1015, 1023}
01-01 00:00:11.764  2120  2120 E Environment: canonicalPath = /mnt/sdcard
01-01 00:00:11.808  2120  2120 D ExternalStorage: After updating volumes, found 0 active roots
01-01 00:00:11.811  2120  2120 D ExternalStorage: After updating volumes, found 0 active roots
01-01 00:00:11.828  2120  2120 D ExternalStorage: After updating volumes, found 0 active roots
01-01 00:00:11.837  2120  2120 D ExternalStorage: After updating volumes, found 0 active roots
01-01 00:00:11.845  1962  1962 I ActivityManager: Config changes=200 {1.0 ?mcc?mnc ru_RU ldltr sw720dp w1280dp h720dp 240dpi xlrg long land finger -keyb/v/h dpad/v s.4}
01-01 00:00:11.850  1962  1962 W RecognitionManagerService: no available voice recognition services found for user 0
01-01 00:00:11.899  1962  1962 W InputMethodManagerService: Ignoring setImeWindowStatus of uid 1000 token: null
01-01 00:00:11.923  2046  2046 D dalvikvm: GC_FOR_ALLOC freed 148K, 7% free 3313K/3532K, paused 18ms, total 19ms
01-01 00:00:11.929  1962  1962 I ActivityManager: Start proc com.hisilicon.android.inputmethod.latin for service com.hisilicon.android.inputmethod.latin/.LatinIME: pid=2143 uid=10024 gids={50024}
01-01 00:00:11.930  1962  1962 V InputMethodManagerService: Adding window token: android.os.Binder@2cf34e58
01-01 00:00:11.932  1962  1962 D LocationManagerService: addProviderLocked - passiveProvider...
01-01 00:00:11.936  2143  2143 E Environment: canonicalPath = /mnt/sdcard
01-01 00:00:11.938  1962  1962 W GpsLocationProvider: Could not open GPS configuration file /etc/gps.conf
01-01 00:00:11.939  1962  1962 D LocationManagerService: addProviderLocked - NO gpsProvider...
01-01 00:00:11.939  1962  1962 W ServiceWatcher: com.google.android.location not found
01-01 00:00:11.941  1962  1962 W ServiceWatcher: com.google.android.location not found
01-01 00:00:11.941  1962  1962 W LocationProviderProxy-network: com.google.android.gms resolves service com.android.location.service.v3.NetworkLocationProvider, but has wrong signature, ignoring
01-01 00:00:11.941  1962  1962 D LocationManagerService: no network location provider found
01-01 00:00:11.941  1962  1962 W ServiceWatcher: com.google.android.location not found
01-01 00:00:11.942  1962  1962 W LocationProviderProxy-fused: com.google.android.gms resolves service com.android.location.service.FusedLocationProvider, but has wrong signature, ignoring
01-01 00:00:11.947  1962  1962 D LocationManagerService: addProviderLocked - fusedLocationProvider...
01-01 00:00:11.948  1962  1962 W ServiceWatcher: com.google.android.location not found
01-01 00:00:11.948  1962  1962 W GeocoderProxy: com.google.android.gms resolves service com.android.location.service.GeocodeProvider, but has wrong signature, ignoring
01-01 00:00:11.948  1962  1962 E LocationManagerService: no geocoder provider found
01-01 00:00:11.951  1962  1962 E FlpHardwareProvider: Error hw_get_module 'flp': -2
01-01 00:00:11.952  1962  1962 W ServiceWatcher: com.google.android.location not found
01-01 00:00:11.952  1962  1962 W FusedProxy: com.google.android.gms resolves service com.android.location.service.FusedProvider, but has wrong signature, ignoring
01-01 00:00:11.952  1962  1962 E LocationManagerService: No FusedProvider found.
01-01 00:00:11.952  1962  1962 E FlpHardwareProvider: Error hw_get_module 'flp': -2
01-01 00:00:11.953  1962  1962 W ServiceWatcher: com.google.android.location not found
01-01 00:00:11.955  1962  1962 W GeofenceProxy: com.google.android.gms resolves service com.android.location.service.GeofenceProvider, but has wrong signature, ignoring
01-01 00:00:11.955  1962  1962 E LocationManagerService: no geofence provider found
01-01 00:00:11.970  1962  1977 I ActivityManager: Start proc com.android.vending for broadcast com.android.vending/com.google.android.finsky.receivers.LocationProviderChangedReceiver: pid=2156 uid=10012 gids={50012, 3003, 1028, 1015}
01-01 00:00:11.975  1962  1962 W Settings: Setting ntp_server has moved from android.provider.Settings.Secure to android.provider.Settings.Global, returning global URI.
01-01 00:00:11.976  1962  1962 I CommonTimeManagementService: No common time service detected on this platform.  Common time services will be unavailable.
01-01 00:00:11.979  1962  2016 I InputReader: Reconfiguring input devices.  changes=0x00000020
01-01 00:00:11.982  2156  2156 E Environment: canonicalPath = /mnt/sdcard
01-01 00:00:11.998  1962  1962 I ActivityManager: Start proc com.hisilicon.dlna.dms for added application com.hisilicon.dlna.dms: pid=2170 uid=1000 gids={41000, 1028, 1015, 3003, 3002, 3001}
01-01 00:00:11.999  1962  2016 I InputReader: Reconfiguring input devices.  changes=0x00000010
01-01 00:00:12.005  2170  2170 E Environment: canonicalPath = /mnt/sdcard
01-01 00:00:12.026  1962  1962 I ActivityManager: Start proc com.hisilicon.dlna.dmr for added application com.hisilicon.dlna.dmr: pid=2182 uid=1000 gids={41000, 1028, 1015, 3003, 3002, 3001}
01-01 00:00:12.033  2182  2182 E Environment: canonicalPath = /mnt/sdcard
01-01 00:00:12.048  1962  1962 I ActivityManager: Start proc com.android.phone for added application com.android.phone: pid=2196 uid=1001 gids={41001, 3002, 3001, 3003, 1028, 1015}
01-01 00:00:12.051  2046  2046 D dalvikvm: GC_FOR_ALLOC freed 20K, 5% free 4154K/4352K, paused 13ms, total 13ms
01-01 00:00:12.061  1962  1962 I ActivityManager: Start proc com.hisilicon.multiscreen.server for added application com.hisilicon.multiscreen.server: pid=2204 uid=1000 gids={41000, 1028, 1015, 3003, 3002, 3001}
01-01 00:00:12.069  2196  2196 E Environment: canonicalPath = /mnt/sdcard
01-01 00:00:12.070  2204  2204 E Environment: canonicalPath = /mnt/sdcard
01-01 00:00:12.089  1463  1463 D dalvikvm: GC_EXPLICIT freed 39K, 4% free 2955K/3064K, paused 2ms+3ms, total 28ms
01-01 00:00:12.113  1463  1463 D dalvikvm: GC_EXPLICIT freed <1K, 4% free 2955K/3064K, paused 3ms+2ms, total 24ms
01-01 00:00:12.140  1463  1463 D dalvikvm: GC_EXPLICIT freed <1K, 4% free 2955K/3064K, paused 2ms+2ms, total 26ms
01-01 00:00:12.149  1962  1962 I ActivityManager: Start proc com.android.hisilicon.powercontrol for added application com.android.hisilicon.powercontrol: pid=2222 uid=10030 gids={50030, 3003}
01-01 00:00:12.156  1962  1962 I ActivityManager: START u0 {act=android.intent.action.MAIN cat=[android.intent.category.HOME] flg=0x10000000 cmp=com.android.dvb.launcher/com.android.dvb.livescreen.Home} from pid 0
01-01 00:00:12.157  2222  2222 E Environment: canonicalPath = /mnt/sdcard
01-01 00:00:12.171  2236  2236 D dalvikvm: Late-enabling CheckJNI
01-01 00:00:12.175  1962  1962 I ActivityManager: Start proc com.android.dvb.launcher for activity com.android.dvb.launcher/com.android.dvb.livescreen.Home: pid=2236 uid=1000 gids={41000, 1028, 1015, 3003, 3002, 3001}
01-01 00:00:12.188  2236  2236 E Environment: canonicalPath = /mnt/sdcard
01-01 00:00:12.205  1962  1979 I ActivityManager: Start proc com.android.printspooler for service com.android.printspooler/.PrintSpoolerService: pid=2250 uid=10031 gids={50031}
01-01 00:00:12.222  2250  2250 E Environment: canonicalPath = /mnt/sdcard
01-01 00:00:12.239  1962  1962 I Choreographer: Skipped 57 frames!  The application may be doing too much work on its main thread.
01-01 00:00:12.247  1962  1962 V KeyguardServiceDelegate: *** Keyguard connected (yay!)
01-01 00:00:12.247  1962  1962 W InputMethodManagerService: Focus gain on non-focused client android.view.inputmethod.InputMethodManager$1@2cedb370 (uid=1000 pid=1962)
01-01 00:00:12.284  2143  2262 E ActivityThread: Failed to find provider info for com.hisilicon.android.inputmethod.latin.dictionarypack
01-01 00:00:12.301  2143  2262 E BinaryDictionaryGetter: Could not find a dictionary pack
01-01 00:00:12.320  2222  2222 I System.out: arm
01-01 00:00:12.324  2250  2250 I PrintSpoolerService: No existing print spooler state.
01-01 00:00:12.333  1962  2221 I ActivityManager: Start proc android.process.acore for content provider com.android.providers.userdictionary/.UserDictionaryProvider: pid=2266 uid=10002 gids={50002, 3003, 1028, 1015}
01-01 00:00:12.338  2266  2266 E Environment: canonicalPath = /mnt/sdcard
01-01 00:00:12.352  1962  1966 D dalvikvm: GC_CONCURRENT freed 715K, 12% free 6345K/7132K, paused 4ms+6ms, total 122ms
01-01 00:00:12.355  2222  2222 D dalvikvm: Trying to load lib /data/data/com.android.hisilicon.powercontrol/.lib/libexec.so 0x2cba8d30
01-01 00:00:12.402  2046  2046 V PhoneStatusBar/NavigationBarView: touchEnabled:false
01-01 00:00:12.403  2222  2222 D dalvikvm: Added shared lib /data/data/com.android.hisilicon.powercontrol/.lib/libexec.so 0x2cba8d30
01-01 00:00:12.403  2222  2222 D dalvikvm: Trying to load lib /data/data/com.android.hisilicon.powercontrol/.lib/libexecmain.so 0x2cba8d30
01-01 00:00:12.403  2222  2222 D dalvikvm: Added shared lib /data/data/com.android.hisilicon.powercontrol/.lib/libexecmain.so 0x2cba8d30
01-01 00:00:12.405  1962  1991 D BluetoothManagerService: Message: 300
01-01 00:00:12.405  1962  1991 D BluetoothManagerService: MESSAGE_USER_SWITCHED
01-01 00:00:12.406  1962  1962 D AudioService: Intent.ACTION_USER_SWITCHED  discard 
01-01 00:00:12.407  1962  1962 V BackupManagerService: Connected to transport ComponentInfo{android/com.android.internal.backup.LocalTransportService}
01-01 00:00:12.408  1962  1962 V BackupManagerService: Registering transport android/com.android.internal.backup.LocalTransportService::android/com.android.internal.backup.LocalTransport = com.android.internal.backup.LocalTransport@2cf93108
01-01 00:00:12.423  1962  1962 I FusedLocation: engine stopped (com.android.location.fused)
01-01 00:00:12.423  1962  1962 I FusedLocation: engine started (com.android.location.fused)
01-01 00:00:12.423  1962  1962 I FusedLocation: engine started (com.android.location.fused)
01-01 00:00:12.440  1962  2220 I ActivityManager: Start proc com.google.process.gapps for content provider com.google.android.gsf/.gservices.GservicesProvider: pid=2283 uid=10006 gids={50006, 3003, 1007, 1028, 1015, 3002, 3001, 3007, 2001, 3006}
01-01 00:00:12.481  2283  2283 E Environment: canonicalPath = /mnt/sdcard
01-01 00:00:12.487  2046  2046 D BluetoothAdapter: 752127432: getState() :  mService = null. Returning STATE_OFF
01-01 00:00:12.487  2046  2046 D BluetoothAdapter: 752127432: getState() :  mService = null. Returning STATE_OFF
01-01 00:00:12.488  1962  1991 D BluetoothManagerService: Message: 20
01-01 00:00:12.488  1962  1991 D BluetoothManagerService: Added callback: android.bluetooth.IBluetoothManagerCallback$Stub$Proxy@2cea58e0:true
01-01 00:00:12.589  1962  2195 I ActivityManager: Start proc com.android.smspush for service com.android.smspush/.WapPushManager: pid=2306 uid=10034 gids={50034}
01-01 00:00:12.592  2236  2236 V Home    : onCreate
01-01 00:00:12.622  2306  2306 E Environment: canonicalPath = /mnt/sdcard
01-01 00:00:12.637  2236  2236 I SurfaceView: surface type is: 3
01-01 00:00:12.637  2236  2236 I SurfaceView: surface type is: 3
01-01 00:00:12.643  1962  1991 D BluetoothManagerService: Message: 20
01-01 00:00:12.643  1962  1991 D BluetoothManagerService: Added callback: android.bluetooth.IBluetoothManagerCallback$Stub$Proxy@2ceabef0:true
01-01 00:00:12.670  2236  2236 D skia    : ---- fAsset->read(1024) returned 0
01-01 00:00:12.670  2236  2236 D skia    : ---- fAsset->read(1024) returned 0
01-01 00:00:12.681  1962  1991 D BluetoothManagerService: Message: 30
01-01 00:00:12.684  2046  2046 D BluetoothAdapter: 752127432: getState() :  mService = null. Returning STATE_OFF
01-01 00:00:12.712  2196  2196 D CallNotifier: CallNotifier: mSignalInfoToneGenerator created when toneplay
01-01 00:00:12.712  1962  1991 D BluetoothManagerService: Message: 30
01-01 00:00:12.712  2283  2283 I GservicesProvider: Gservices pushing to system: true; secure/global: true
01-01 00:00:12.750  2236  2236 D dalvikvm: GC_FOR_ALLOC freed 118K, 6% free 3047K/3240K, paused 16ms, total 17ms
01-01 00:00:12.771  2236  2236 I dalvikvm-heap: Grow heap (frag case) to 10.955MB for 8294416-byte allocation
01-01 00:00:12.776  2046  2049 D dalvikvm: GC_CONCURRENT freed 211K, 6% free 4881K/5164K, paused 3ms+2ms, total 27ms
01-01 00:00:12.780  1962  1962 D MobileDataStateTracker: fota: Broadcast received: android.intent.action.ANY_DATA_STATE apnType=fota
01-01 00:00:12.783  1962  1962 D MobileDataStateTracker: fota: Received state=DISCONNECTED, old=DISCONNECTED, reason=radioTurnedOff
01-01 00:00:12.784  1962  1962 D MobileDataStateTracker: ia: Broadcast received: android.intent.action.ANY_DATA_STATE apnType=ia
01-01 00:00:12.786  1962  1962 D MobileDataStateTracker: ia: Received state=DISCONNECTED, old=DISCONNECTED, reason=radioTurnedOff
01-01 00:00:12.787  1962  1962 D MobileDataStateTracker: supl: Broadcast received: android.intent.action.ANY_DATA_STATE apnType=supl
01-01 00:00:12.790  1962  1962 D MobileDataStateTracker: supl: Received state=DISCONNECTED, old=DISCONNECTED, reason=radioTurnedOff
01-01 00:00:12.791  1962  1962 D MobileDataStateTracker: hipri: Broadcast received: android.intent.action.ANY_DATA_STATE apnType=hipri
01-01 00:00:12.792  2236  2245 D dalvikvm: GC_FOR_ALLOC freed <1K, 2% free 11147K/11344K, paused 21ms, total 21ms
01-01 00:00:12.793  1962  1962 D MobileDataStateTracker: hipri: Received state=DISCONNECTED, old=DISCONNECTED, reason=radioTurnedOff
01-01 00:00:12.794  1962  1962 D MobileDataStateTracker: ims: Broadcast received: android.intent.action.ANY_DATA_STATE apnType=ims
01-01 00:00:12.799  1962  1962 D MobileDataStateTracker: ims: Received state=DISCONNECTED, old=DISCONNECTED, reason=radioTurnedOff
01-01 00:00:12.800  1962  1962 D MobileDataStateTracker: default: Broadcast received: android.intent.action.ANY_DATA_STATE apnType=default
01-01 00:00:12.802  1962  1962 D MobileDataStateTracker: default: Received state=DISCONNECTED, old=DISCONNECTED, reason=radioTurnedOff
01-01 00:00:12.805  1962  1962 D MobileDataStateTracker: mms: Broadcast received: android.intent.action.ANY_DATA_STATE apnType=mms
01-01 00:00:12.806  1962  1962 D MobileDataStateTracker: mms: Received state=DISCONNECTED, old=DISCONNECTED, reason=radioTurnedOff
01-01 00:00:12.808  2236  2239 D dalvikvm: GC_CONCURRENT freed <1K, 2% free 11147K/11344K, paused 2ms+2ms, total 16ms
01-01 00:00:12.811  1962  1962 D MobileDataStateTracker: cbs: Broadcast received: android.intent.action.ANY_DATA_STATE apnType=cbs
01-01 00:00:12.813  1962  1962 D MobileDataStateTracker: cbs: Received state=DISCONNECTED, old=DISCONNECTED, reason=radioTurnedOff
01-01 00:00:12.819  1962  1962 D MobileDataStateTracker: fota: Broadcast received: android.intent.action.ANY_DATA_STATE apnType=fota
01-01 00:00:12.820  1962  1962 D MobileDataStateTracker: fota: Received state=DISCONNECTED, old=DISCONNECTED, reason=radioTurnedOff
01-01 00:00:12.822  1962  1962 D MobileDataStateTracker: ia: Broadcast received: android.intent.action.ANY_DATA_STATE apnType=ia
01-01 00:00:12.823  1962  1962 D MobileDataStateTracker: ia: Received state=DISCONNECTED, old=DISCONNECTED, reason=radioTurnedOff
01-01 00:00:12.824  1962  1962 D MobileDataStateTracker: supl: Broadcast received: android.intent.action.ANY_DATA_STATE apnType=supl
01-01 00:00:12.826  1962  1962 D MobileDataStateTracker: supl: Received state=DISCONNECTED, old=DISCONNECTED, reason=radioTurnedOff
01-01 00:00:12.831  1962  1962 D MobileDataStateTracker: hipri: Broadcast received: android.intent.action.ANY_DATA_STATE apnType=hipri
01-01 00:00:12.832  1962  1962 D MobileDataStateTracker: hipri: Received state=DISCONNECTED, old=DISCONNECTED, reason=radioTurnedOff
01-01 00:00:12.834  1962  1962 D MobileDataStateTracker: ims: Broadcast received: android.intent.action.ANY_DATA_STATE apnType=ims
01-01 00:00:12.835  1962  1962 D MobileDataStateTracker: ims: Received state=DISCONNECTED, old=DISCONNECTED, reason=radioTurnedOff
01-01 00:00:12.838  1962  1962 D MobileDataStateTracker: default: Broadcast received: android.intent.action.ANY_DATA_STATE apnType=default
01-01 00:00:12.839  1962  1962 D MobileDataStateTracker: default: Received state=DISCONNECTED, old=DISCONNECTED, reason=radioTurnedOff
01-01 00:00:12.840  1962  1962 D MobileDataStateTracker: mms: Broadcast received: android.intent.action.ANY_DATA_STATE apnType=mms
01-01 00:00:12.841  1962  1962 D MobileDataStateTracker: mms: Received state=DISCONNECTED, old=DISCONNECTED, reason=radioTurnedOff
01-01 00:00:12.843  1962  1962 D MobileDataStateTracker: cbs: Broadcast received: android.intent.action.ANY_DATA_STATE apnType=cbs
01-01 00:00:12.844  1962  1962 D MobileDataStateTracker: cbs: Received state=DISCONNECTED, old=DISCONNECTED, reason=radioTurnedOff
01-01 00:00:12.847  1962  1962 D MobileDataStateTracker: fota: Broadcast received: android.intent.action.ANY_DATA_STATE apnType=fota
01-01 00:00:12.851  1962  1962 D MobileDataStateTracker: fota: Received state=DISCONNECTED, old=DISCONNECTED, reason=dataDetached
01-01 00:00:12.851  1962  1962 D MobileDataStateTracker: ia: Broadcast received: android.intent.action.ANY_DATA_STATE apnType=ia
01-01 00:00:12.854  1962  1962 D MobileDataStateTracker: ia: Received state=DISCONNECTED, old=DISCONNECTED, reason=dataDetached
01-01 00:00:12.855  1962  1962 D MobileDataStateTracker: supl: Broadcast received: android.intent.action.ANY_DATA_STATE apnType=supl
01-01 00:00:12.864  1962  1962 D MobileDataStateTracker: supl: Received state=DISCONNECTED, old=DISCONNECTED, reason=dataDetached
01-01 00:00:12.866  1962  1962 D MobileDataStateTracker: hipri: Broadcast received: android.intent.action.ANY_DATA_STATE apnType=hipri
01-01 00:00:12.868  1962  1962 D MobileDataStateTracker: hipri: Received state=DISCONNECTED, old=DISCONNECTED, reason=dataDetached
01-01 00:00:12.868  1962  1962 D MobileDataStateTracker: ims: Broadcast received: android.intent.action.ANY_DATA_STATE apnType=ims
01-01 00:00:12.871  1962  1962 D MobileDataStateTracker: ims: Received state=DISCONNECTED, old=DISCONNECTED, reason=dataDetached
01-01 00:00:12.871  1962  1962 D MobileDataStateTracker: default: Broadcast received: android.intent.action.ANY_DATA_STATE apnType=default
01-01 00:00:12.873  1962  1962 D MobileDataStateTracker: default: Received state=DISCONNECTED, old=DISCONNECTED, reason=dataDetached
01-01 00:00:12.874  1962  1962 D MobileDataStateTracker: mms: Broadcast received: android.intent.action.ANY_DATA_STATE apnType=mms
01-01 00:00:12.875  1962  1962 D MobileDataStateTracker: mms: Received state=DISCONNECTED, old=DISCONNECTED, reason=dataDetached
01-01 00:00:12.875  1962  1962 D MobileDataStateTracker: cbs: Broadcast received: android.intent.action.ANY_DATA_STATE apnType=cbs
01-01 00:00:12.878  1962  1962 D MobileDataStateTracker: cbs: Received state=DISCONNECTED, old=DISCONNECTED, reason=dataDetached
01-01 00:00:12.879  1962  1962 D MobileDataStateTracker: fota: Broadcast received: android.intent.action.ANY_DATA_STATE apnType=fota
01-01 00:00:12.882  1962  1962 D MobileDataStateTracker: fota: Received state=DISCONNECTED, old=DISCONNECTED, reason=roamingOff
01-01 00:00:12.883  1962  1962 D MobileDataStateTracker: ia: Broadcast received: android.intent.action.ANY_DATA_STATE apnType=ia
01-01 00:00:12.884  1962  1962 D MobileDataStateTracker: ia: Received state=DISCONNECTED, old=DISCONNECTED, reason=roamingOff
01-01 00:00:12.885  1962  1962 D MobileDataStateTracker: supl: Broadcast received: android.intent.action.ANY_DATA_STATE apnType=supl
01-01 00:00:12.887  1962  1962 D MobileDataStateTracker: supl: Received state=DISCONNECTED, old=DISCONNECTED, reason=roamingOff
01-01 00:00:12.887  1962  1962 D MobileDataStateTracker: hipri: Broadcast received: android.intent.action.ANY_DATA_STATE apnType=hipri
01-01 00:00:12.889  1962  1962 D MobileDataStateTracker: hipri: Received state=DISCONNECTED, old=DISCONNECTED, reason=roamingOff
01-01 00:00:12.889  1962  1962 D MobileDataStateTracker: ims: Broadcast received: android.intent.action.ANY_DATA_STATE apnType=ims
01-01 00:00:12.892  1962  1962 D MobileDataStateTracker: ims: Received state=DISCONNECTED, old=DISCONNECTED, reason=roamingOff
01-01 00:00:12.893  1962  1962 D MobileDataStateTracker: default: Broadcast received: android.intent.action.ANY_DATA_STATE apnType=default
01-01 00:00:12.894  1962  1962 D MobileDataStateTracker: default: Received state=DISCONNECTED, old=DISCONNECTED, reason=roamingOff
01-01 00:00:12.898  1962  1962 D MobileDataStateTracker: mms: Broadcast received: android.intent.action.ANY_DATA_STATE apnType=mms
01-01 00:00:12.900  2046  2046 E ViewRootImpl: 201409092 enable acc for view=StatusBar
01-01 00:00:12.901  1962  1962 D MobileDataStateTracker: mms: Received state=DISCONNECTED, old=DISCONNECTED, reason=roamingOff
01-01 00:00:12.901  1962  1962 D MobileDataStateTracker: cbs: Broadcast received: android.intent.action.ANY_DATA_STATE apnType=cbs
01-01 00:00:12.902  1962  1962 D MobileDataStateTracker: cbs: Received state=DISCONNECTED, old=DISCONNECTED, reason=roamingOff
01-01 00:00:12.902  1962  1962 D MobileDataStateTracker: fota: Broadcast received: android.intent.action.ANY_DATA_STATE apnType=fota
01-01 00:00:12.904  1962  1962 D MobileDataStateTracker: fota: Received state=DISCONNECTED, old=DISCONNECTED, reason=roamingOff
01-01 00:00:12.904  1962  1962 D MobileDataStateTracker: ia: Broadcast received: android.intent.action.ANY_DATA_STATE apnType=ia
01-01 00:00:12.905  1962  1962 D MobileDataStateTracker: ia: Received state=DISCONNECTED, old=DISCONNECTED, reason=roamingOff
01-01 00:00:12.906  1962  1962 D MobileDataStateTracker: supl: Broadcast received: android.intent.action.ANY_DATA_STATE apnType=supl
01-01 00:00:12.908  1962  1962 D MobileDataStateTracker: supl: Received state=DISCONNECTED, old=DISCONNECTED, reason=roamingOff
01-01 00:00:12.908  1962  1962 D MobileDataStateTracker: hipri: Broadcast received: android.intent.action.ANY_DATA_STATE apnType=hipri
01-01 00:00:12.910  1962  1962 D MobileDataStateTracker: hipri: Received state=DISCONNECTED, old=DISCONNECTED, reason=roamingOff
01-01 00:00:12.911  1962  1962 D MobileDataStateTracker: ims: Broadcast received: android.intent.action.ANY_DATA_STATE apnType=ims
01-01 00:00:12.911  1962  1962 D MobileDataStateTracker: ims: Received state=DISCONNECTED, old=DISCONNECTED, reason=roamingOff
01-01 00:00:12.912  2046  2046 D PhoneStatusBar: disable: < expand icons alerts ticker system_info back home recent clock search >
01-01 00:00:12.912  2196  2196 D TelephonyDebugService: TelephonyDebugService()
01-01 00:00:12.912  1962  1962 D MobileDataStateTracker: default: Broadcast received: android.intent.action.ANY_DATA_STATE apnType=default
01-01 00:00:12.916  1962  1962 D MobileDataStateTracker: default: Received state=DISCONNECTED, old=DISCONNECTED, reason=roamingOff
01-01 00:00:12.917  1962  1962 D MobileDataStateTracker: mms: Broadcast received: android.intent.action.ANY_DATA_STATE apnType=mms
01-01 00:00:12.918  1962  1962 D MobileDataStateTracker: mms: Received state=DISCONNECTED, old=DISCONNECTED, reason=roamingOff
01-01 00:00:12.918  1962  1962 D MobileDataStateTracker: cbs: Broadcast received: android.intent.action.ANY_DATA_STATE apnType=cbs
01-01 00:00:12.919  1962  1991 D BluetoothManagerService: Message: 30
01-01 00:00:12.920  1962  1962 D MobileDataStateTracker: cbs: Received state=DISCONNECTED, old=DISCONNECTED, reason=roamingOff
01-01 00:00:12.922  2196  2196 E BluetoothPhoneService: Could not get a handle on Connection object for the call
01-01 00:00:12.924  2196  2196 W CallNotifier: Got onMwiChanged() on non-voice-capable device! Ignoring...
01-01 00:00:12.941  2196  2196 I PhoneApp: Headset phone created, binding local service.
01-01 00:00:12.978  2046  2046 E ViewRootImpl: 201409092 enable acc for view=SearchPanel
01-01 00:00:12.982  2046  2046 E ViewRootImpl: 201409092 enable acc for view=NavigationBar
01-01 00:00:12.990  2046  2046 D BluetoothAdapter: 752127432: getState() :  mService = null. Returning STATE_OFF
01-01 00:00:12.990  2046  2046 D BluetoothAdapter: 752127432: getState() :  mService = null. Returning STATE_OFF
01-01 00:00:12.999  2046  2046 D PhoneStatusBar: heads up is disabled
01-01 00:00:13.011  2046  2046 D PhoneStatusBar: mSettingsPanelGravity = 8388661
01-01 00:00:13.022  1962  1973 V KeyguardServiceDelegate: **** SHOWN CALLED ****
01-01 00:00:13.023  2046  2046 I Choreographer: Skipped 35 frames!  The application may be doing too much work on its main thread.
01-01 00:00:13.039  2266  2299 I ContactLocale: AddressBook Labels [ru_RU]: [, А, Б, В, Г, Д, Е, Є, Ж, З, И, І, Й, К, Л, М, Н, О, П, Р, С, Т, У, Ф, Х, Ц, Ч, Ш, Щ, Ы, Э, Ю, Я, , A, B, C, D, E, F, G, H, I, J, K, L, M, N, O, P, Q, R, S, T, U, V, W, X, Y, Z, Α, Β, Γ, Δ, Ε, Ζ, Η, Θ, Ι, Κ, Λ, Μ, Ν, Ξ, Ο, Π, Ρ, Σ, Τ, Υ, Φ, Χ, Ψ, Ω, , א, ב, ג, ד, ה, ו, ז, ח, ט, י, כ, ל, מ, נ, ס, ע, פ, צ, ק, ר, ש, ת, , ا, ب, ت, ث, ج, ح, خ, د, ذ, ر, ز, س, ش, ص, ض, ط, ظ, ع, غ, ف, ق, ك, ل, م, ن, ه, و, ي, , ก, ข, ฃ, ค, ฅ, ฆ, ง, จ, ฉ, ช, ซ, ฌ, ญ, ฎ, ฏ, ฐ, ฑ, ฒ, ณ, ด, ต, ถ, ท, ธ, น, บ, ป, ผ, ฝ, พ, ฟ, ภ, ม, ย, ร, ฤ, ล, ฦ, ว, ศ, ษ, ส, ห, ฬ, อ, ฮ, , ㄱ, ㄴ, ㄷ, ㄹ, ㅁ, ㅂ, ㅅ, ㅇ, ㅈ, ㅊ, ㅋ, ㅌ, ㅍ, ㅎ, , あ, か, さ, た, な, は, ま, や, ら, わ, #, ]
01-01 00:00:13.047  1962  1989 D G3StateTracker: 3g interfaceLinkStateChanged eth0 link up
01-01 00:00:13.047  1962  1989 D EthernetDataTracker: Interface eth0 link up
01-01 00:00:13.047  1962  1989 I EthernetDataTracker: PHY Link Up, send EthernetManager.EVENT_PHY_LINK_UP
01-01 00:00:13.048  1962  1989 W ContextImpl: Calling a method in the system process without a qualified user: android.app.ContextImpl.sendStickyBroadcast:1358 android.net.EthernetDataTracker.postNotification:695 android.net.EthernetDataTracker.access$800:60 android.net.EthernetDataTracker$InterfaceObserver.interfaceLinkStateChanged:145 com.android.server.NetworkManagementService.notifyInterfaceLinkStateChanged:283 
01-01 00:00:13.049  1962  1989 W ContextImpl: Calling a method in the system process without a qualified user: android.app.ContextImpl.sendStickyBroadcast:1358 android.net.EthernetDataTracker.postNotification:695 android.net.EthernetDataTracker.access$800:60 android.net.EthernetDataTracker$InterfaceObserver.interfaceLinkStateChanged:149 com.android.server.NetworkManagementService.notifyInterfaceLinkStateChanged:283 
01-01 00:00:13.053  1962  1989 E NetUtils: Interface eth0 LinkUp!
01-01 00:00:13.054  1962  1989 I EthernetDataTracker: configure ethernet manually, run ConfigureInterface()
01-01 00:00:13.055  1962  1989 I EthernetDataTracker: Set IP manually ipaddr 192.168.1.30 gateway 192.168.1.1 netmask 255.255.255.0 dns1 172.22.0.1 dns2 8.8.8.8 DHCP server 0.0.0.0 lease 0 seconds
01-01 00:00:13.060  1460  1931 D CommandListener: Setting iface cfg
01-01 00:00:13.061  1460  1931 D CommandListener: Trying to bring up eth0
01-01 00:00:13.079  1962  1989 W System.err: Proxy Parse Error!
01-01 00:00:13.079  1962  1989 D EthernetDataTracker: Latest proxy_host -- host:null; port:0; exclude_list:null
01-01 00:00:13.079  1962  1989 I EthernetDataTracker: configureInterface, mIpv4LinkProperties:{InterfaceName: eth0 LinkAddresses: [192.168.1.30/24,]  Routes: [192.168.1.0/24 -> 0.0.0.0,0.0.0.0/0 -> 192.168.1.1,] DnsAddresses: [172.22.0.1,8.8.8.8,] Domains: nullMTU: 0}
01-01 00:00:13.080  1962  1989 I EthernetDataTracker: runDhcp compAddres:removed=[] added=[192.168.1.30/24,]
01-01 00:00:13.080  1962  1989 I EthernetDataTracker: runDhcp compRoutes:removed=[] added=[192.168.1.0/24 -> 0.0.0.0,0.0.0.0/0 -> 192.168.1.1,]
01-01 00:00:13.080  1962  1989 I EthernetDataTracker: runDhcp compDnses:removed=[] added=[/172.22.0.1,/8.8.8.8,]
01-01 00:00:13.083  1962  1989 I EthernetDataTracker: route interface:eth0
01-01 00:00:13.083  1962  1989 I EthernetDataTracker: route interface:eth0
01-01 00:00:13.085  1962  1989 I EthernetDataTracker: runDhcp mIpv4LinkProperties:{InterfaceName: eth0 LinkAddresses: [192.168.1.30/24,]  Routes: [192.168.1.0/24 -> 0.0.0.0,0.0.0.0/0 -> 192.168.1.1,] DnsAddresses: [172.22.0.1,8.8.8.8,] Domains: nullMTU: 0}
01-01 00:00:13.085  1962  1989 I EthernetDataTracker: runDhcp mLinkProperties:{InterfaceName: eth0 LinkAddresses: [192.168.1.30/24,]  Routes: [192.168.1.0/24 -> 0.0.0.0,0.0.0.0/0 -> 192.168.1.1,] DnsAddresses: [172.22.0.1,8.8.8.8,] Domains: nullMTU: 0}
01-01 00:00:13.087  1962  1989 W ContextImpl: Calling a method in the system process without a qualified user: android.app.ContextImpl.sendStickyBroadcast:1358 android.net.EthernetDataTracker.postNotification:695 android.net.EthernetDataTracker.configureInterface:352 android.net.EthernetDataTracker.reconnect:992 android.net.EthernetDataTracker.interfaceAdded:202 
01-01 00:00:13.088  1962  1989 I EthernetDataTracker: IPV6 not enabled!
01-01 00:00:13.088  2283  2287 D dalvikvm: GC_CONCURRENT freed 348K, 11% free 3514K/3936K, paused 6ms+6ms, total 42ms
01-01 00:00:13.088  1962  2034 D ConnectivityService: ConnectivityChange for ETHERNET: CONNECTED/CONNECTED
01-01 00:00:13.090  1962  2034 D ConnectivityService: Coexist!! Do not teardown: ETHERNET
01-01 00:00:13.094  1962  2034 E ConnectivityService: Unexpected mtu value: android.net.EthernetDataTracker@2cd6da08
01-01 00:00:13.118  1962  2034 E ConnectivityService: updatedns, getDnsRemain: mNumDnsEntries = 0
01-01 00:00:13.123  1962  2034 E ConnectivityService: updateDnsLocked, dnses:[/172.22.0.1, /8.8.8.8]
01-01 00:00:13.123  1962  2034 E ConnectivityService: wifidns:null g3dns:null ethdns:[/172.22.0.1, /8.8.8.8]
01-01 00:00:13.123  1962  2034 E ConnectivityService: updateDns, adding net.dns1 172.22.0.1
01-01 00:00:13.124  1962  2034 E ConnectivityService: updateDns, adding net.dns2 8.8.8.8
01-01 00:00:13.146  1962  1962 I ActivityManager: Start proc com.google.android.gms for service com.google.android.gms/.cast.media.CastRemoteDisplayProviderService: pid=2330 uid=10006 gids={50006, 3003, 1007, 1028, 1015, 3002, 3001, 3007, 2001, 3006}
01-01 00:00:13.148  1962  2034 D ConnectivityService: curLp before coexist handle: null
01-01 00:00:13.149  1962  2034 D ConnectivityService: newLp before coexist handle: {InterfaceName: eth0 LinkAddresses: [192.168.1.30/24,]  Routes: [192.168.1.0/24 -> 0.0.0.0,0.0.0.0/0 -> 192.168.1.1,] DnsAddresses: [172.22.0.1,8.8.8.8,] Domains: nullMTU: 0}
01-01 00:00:13.149  1962  2034 D ConnectivityService: newLpPrefered before coexist handle: false
01-01 00:00:13.149  1962  2034 D ConnectivityService: Coexist!! No Previous Available Network!! New newType(9) Connected!!
01-01 00:00:13.149  1962  2034 D ConnectivityService: curLp before updateRoutes: null
