03-12 06:15:54.578  1962  2034 D ConnectivityService: Setting timer for 720seconds
03-12 06:19:00.083  1962  1977 I ProcessStatsService: Prepared write state in 1ms
03-12 06:19:00.084  1962  1977 I ProcessStatsService: Prepared write state in 1ms
03-12 06:21:44.830  2170  3852 E VPP_DLNA_LOG: [VPPDLNA][GetSubscriptionSID][150]:Free SubScription SID : uuid:b6800926-1dd1-11b2-aacf-9b22abd6c1dd,expireTime : 1888510969
03-12 06:21:44.846  2170  3852 E VPP_DLNA_LOG: [VPPDLNA][GetSubscriptionSID][150]:Free SubScription SID : uuid:b680fd86-1dd1-11b2-aacf-9b22abd6c1dd,expireTime : 1888510961
03-12 06:22:20.304  2236  2239 D dalvikvm: GC_CONCURRENT freed 2948K, 14% free 18639K/21664K, paused 2ms+5ms, total 47ms
03-12 06:27:54.579  1962  2034 D ConnectivityService: Sampling interval elapsed, updating statistics ..
03-12 06:27:54.581  1962  2034 D ConnectivityService: Done.
03-12 06:27:54.581  1962  2034 D ConnectivityService: Setting timer for 720seconds
03-12 06:31:43.869  2170  3852 E VPP_DLNA_LOG: [VPPDLNA][GetSubscriptionSID][150]:Free SubScription SID : uuid:1bc6d5d4-1dd2-11b2-aacf-9b22abd6c1dd,expireTime : 1889110009
03-12 06:31:43.886  2170  3852 E VPP_DLNA_LOG: [VPPDLNA][GetSubscriptionSID][150]:Free SubScription SID : uuid:1bc41e84-1dd2-11b2-aacf-9b22abd6c1dd,expireTime : 1889109998
03-12 06:33:25.301  2236  2239 D dalvikvm: GC_CONCURRENT freed 2949K, 14% free 18638K/21664K, paused 2ms+5ms, total 44ms
03-12 06:41:00.057  2046  2049 D dalvikvm: GC_CONCURRENT freed 2734K, 25% free 30153K/40176K, paused 2ms+12ms, total 55ms
03-12 06:41:42.904  2170  3852 E VPP_DLNA_LOG: [VPPDLNA][GetSubscriptionSID][150]:Free SubScription SID : uuid:80d2944e-1dd2-11b2-aacf-9b22abd6c1dd,expireTime : 1889709046
03-12 06:41:42.916  2170  3852 E VPP_DLNA_LOG: [VPPDLNA][GetSubscriptionSID][150]:Free SubScription SID : uuid:80d504c2-1dd2-11b2-aacf-9b22abd6c1dd,expireTime : 1889709038
03-12 06:44:30.300  2236  2239 D dalvikvm: GC_CONCURRENT freed 2949K, 14% free 18638K/21664K, paused 3ms+4ms, total 43ms
03-12 06:45:38.455  1962  1992 W BatteryStatsImpl: Couldn't get kernel wake lock stats
03-12 06:45:38.523  1962  5931 D dalvikvm: GC_FOR_ALLOC freed 549K, 17% free 6771K/8108K, paused 54ms, total 54ms
03-12 06:45:54.575  1962  2034 D ConnectivityService: Sampling interval elapsed, updating statistics ..
03-12 06:45:54.578  1962  2034 D ConnectivityService: Done.
03-12 06:45:54.578  1962  2034 D ConnectivityService: Setting timer for 720seconds
03-12 06:50:00.004  1962  1977 I ProcessStatsService: Prepared write state in 2ms
03-12 06:51:41.935  2170  3852 E VPP_DLNA_LOG: [VPPDLNA][GetSubscriptionSID][150]:Free SubScription SID : uuid:e5dfa5ce-1dd1-11b2-aad0-9b22abd6c1dd,expireTime : 1890308077
03-12 06:51:41.949  2170  3852 E VPP_DLNA_LOG: [VPPDLNA][GetSubscriptionSID][150]:Free SubScription SID : uuid:e5e186b4-1dd1-11b2-aad0-9b22abd6c1dd,expireTime : 1890308069
03-12 06:55:35.306  2236  2239 D dalvikvm: GC_CONCURRENT freed 2949K, 14% free 18638K/21664K, paused 2ms+6ms, total 48ms
03-12 06:57:54.579  1962  2034 D ConnectivityService: Sampling interval elapsed, updating statistics ..
03-12 06:57:54.582  1962  2034 D ConnectivityService: Done.
03-12 06:57:54.582  1962  2034 D ConnectivityService: Setting timer for 720seconds
03-12 07:01:40.970  2170  3852 E VPP_DLNA_LOG: [VPPDLNA][GetSubscriptionSID][150]:Free SubScription SID : uuid:4aec8968-1dd2-11b2-aad0-9b22abd6c1dd,expireTime : 1890907112
03-12 07:01:40.985  2170  3852 E VPP_DLNA_LOG: [VPPDLNA][GetSubscriptionSID][150]:Free SubScription SID : uuid:4aef3b5e-1dd2-11b2-aad0-9b22abd6c1dd,expireTime : 1890907104
03-12 07:06:38.307  2236  2239 D dalvikvm: GC_CONCURRENT freed 2949K, 14% free 18639K/21664K, paused 2ms+7ms, total 50ms
03-12 07:15:38.469  1962  1992 W BatteryStatsImpl: Couldn't get kernel wake lock stats
03-12 07:15:38.529  1962  6185 D dalvikvm: GC_FOR_ALLOC freed 503K, 17% free 6773K/8108K, paused 47ms, total 47ms
03-12 07:15:54.575  1962  2034 D ConnectivityService: Sampling interval elapsed, updating statistics ..
03-12 07:15:54.578  1962  2034 D ConnectivityService: Done.
03-12 07:15:54.579  1962  2034 D ConnectivityService: Setting timer for 720seconds
03-12 07:17:42.305  2236  2239 D dalvikvm: GC_CONCURRENT freed 2949K, 14% free 18638K/21668K, paused 2ms+6ms, total 49ms
03-12 07:20:00.026  1962  1977 I ProcessStatsService: Prepared write state in 2ms
03-12 07:27:54.580  1962  2034 D ConnectivityService: Sampling interval elapsed, updating statistics ..
03-12 07:27:54.582  1962  2034 D ConnectivityService: Done.
03-12 07:27:54.582  1962  2034 D ConnectivityService: Setting timer for 720seconds
03-12 07:28:47.299  2236  2239 D dalvikvm: GC_CONCURRENT freed 2949K, 14% free 18638K/21668K, paused 4ms+6ms, total 43ms
03-12 07:35:07.369  2196  2200 D dalvikvm: GC_CONCURRENT freed 901K, 22% free 3472K/4444K, paused 2ms+7ms, total 33ms
03-12 07:39:52.304  2236  2239 D dalvikvm: GC_CONCURRENT freed 2949K, 14% free 18639K/21664K, paused 2ms+6ms, total 48ms
03-12 07:45:38.483  1962  1992 W BatteryStatsImpl: Couldn't get kernel wake lock stats
03-12 07:45:38.535  1962  6373 D dalvikvm: GC_FOR_ALLOC freed 540K, 17% free 6775K/8108K, paused 37ms, total 37ms
03-12 07:46:00.455  1962  2034 D ConnectivityService: Sampling interval elapsed, updating statistics ..
03-12 07:46:00.458  1962  2034 D ConnectivityService: Done.
03-12 07:46:00.458  1962  2034 D ConnectivityService: Setting timer for 720seconds
03-12 07:46:00.538  2196  2196 W CallerInfoCache: Previous cache task is remaining.
03-12 07:50:00.052  1962  1977 I ProcessStatsService: Prepared write state in 1ms
03-12 07:50:57.300  2236  2239 D dalvikvm: GC_CONCURRENT freed 2949K, 14% free 18638K/21664K, paused 2ms+4ms, total 43ms
03-12 07:58:00.459  1962  2034 D ConnectivityService: Sampling interval elapsed, updating statistics ..
03-12 07:58:00.462  1962  2034 D ConnectivityService: Done.
03-12 07:58:00.462  1962  2034 D ConnectivityService: Setting timer for 720seconds
03-12 08:02:01.315  2236  2239 D dalvikvm: GC_CONCURRENT freed 2947K, 14% free 18638K/21664K, paused 3ms+5ms, total 43ms
03-12 08:05:45.702  1460  1929 D MDnsDS  : MDnsSdListener::Monitor poll timed out
03-12 08:05:45.702  1460  1929 D MDnsDS  : Going to poll with pollCount 1
03-12 08:13:03.318  2236  2239 D dalvikvm: GC_CONCURRENT freed 2947K, 14% free 18638K/21664K, paused 3ms+4ms, total 46ms
03-12 08:15:38.496  1962  1992 W BatteryStatsImpl: Couldn't get kernel wake lock stats
03-12 08:15:38.560  1962  6598 D dalvikvm: GC_FOR_ALLOC freed 553K, 17% free 6774K/8108K, paused 51ms, total 51ms
03-12 08:15:54.575  1962  2034 D ConnectivityService: Sampling interval elapsed, updating statistics ..
03-12 08:15:54.578  1962  2034 D ConnectivityService: Done.
03-12 08:15:54.578  1962  2034 D ConnectivityService: Setting timer for 720seconds
03-12 08:20:00.072  1962  1977 I ProcessStatsService: Prepared write state in 1ms
03-12 08:24:08.303  2236  2239 D dalvikvm: GC_CONCURRENT freed 2949K, 14% free 18638K/21668K, paused 2ms+5ms, total 46ms
03-12 08:27:54.579  1962  2034 D ConnectivityService: Sampling interval elapsed, updating statistics ..
03-12 08:27:54.581  1962  2034 D ConnectivityService: Done.
03-12 08:27:54.582  1962  2034 D ConnectivityService: Setting timer for 720seconds
03-12 08:35:13.300  2236  2239 D dalvikvm: GC_CONCURRENT freed 2949K, 14% free 18638K/21668K, paused 2ms+5ms, total 43ms
03-12 08:45:38.510  1962  1992 W BatteryStatsImpl: Couldn't get kernel wake lock stats
03-12 08:45:38.571  1962  6807 D dalvikvm: GC_FOR_ALLOC freed 542K, 17% free 6775K/8108K, paused 49ms, total 49ms
03-12 08:45:53.477  1962  1962 I EntropyMixer: Writing entropy...
03-12 08:45:54.575  1962  2034 D ConnectivityService: Sampling interval elapsed, updating statistics ..
03-12 08:45:54.578  1962  2034 D ConnectivityService: Done.
03-12 08:45:54.578  1962  2034 D ConnectivityService: Setting timer for 720seconds
03-12 08:46:18.300  2236  2239 D dalvikvm: GC_CONCURRENT freed 2949K, 14% free 18638K/21668K, paused 2ms+5ms, total 43ms
03-12 08:50:00.087  1962  1977 I ProcessStatsService: Prepared write state in 2ms
03-12 08:50:00.087  1962  1977 I ProcessStatsService: Prepared write state in 0ms
03-12 08:50:00.116  1962  1979 I ProcessStatsService: Pruning old procstats: /data/system/procstats/state-2019-03-11-02-36-00.bin
03-12 08:57:23.297  2236  2239 D dalvikvm: GC_CONCURRENT freed 2949K, 14% free 18638K/21664K, paused 2ms+5ms, total 41ms
03-12 08:57:54.579  1962  2034 D ConnectivityService: Sampling interval elapsed, updating statistics ..
03-12 08:57:54.582  1962  2034 D ConnectivityService: Done.
03-12 08:57:54.582  1962  2034 D ConnectivityService: Setting timer for 720seconds
03-12 09:08:25.303  2236  2239 D dalvikvm: GC_CONCURRENT freed 2949K, 14% free 18638K/21664K, paused 2ms+5ms, total 46ms
03-12 09:15:38.524  1962  1992 W BatteryStatsImpl: Couldn't get kernel wake lock stats
03-12 09:15:38.581  1962  6960 D dalvikvm: GC_FOR_ALLOC freed 549K, 17% free 6776K/8108K, paused 44ms, total 45ms
03-12 09:15:54.575  1962  2034 D ConnectivityService: Sampling interval elapsed, updating statistics ..
03-12 09:15:54.579  1962  2034 D ConnectivityService: Done.
03-12 09:15:54.579  1962  2034 D ConnectivityService: Setting timer for 720seconds
03-12 09:19:29.299  2236  2239 D dalvikvm: GC_CONCURRENT freed 2948K, 14% free 18638K/21664K, paused 3ms+4ms, total 42ms
03-12 09:20:00.092  1962  1977 I ProcessStatsService: Prepared write state in 1ms
03-12 09:20:00.093  1962  1977 I ProcessStatsService: Prepared write state in 1ms
03-12 09:25:08.914  2170  6623 E VPP_DLNA_LOG: [VPPDLNA][GetSubscriptionSID][150]:Free SubScription SID : uuid:55d3f5d2-1dd2-11b2-aad1-9b22abd6c1dd,expireTime : 1899515034
03-12 09:25:08.927  2170  6623 E VPP_DLNA_LOG: [VPPDLNA][GetSubscriptionSID][150]:Free SubScription SID : uuid:55d2f696-1dd2-11b2-aad1-9b22abd6c1dd,expireTime : 1899515043
03-12 09:27:54.580  1962  2034 D ConnectivityService: Sampling interval elapsed, updating statistics ..
03-12 09:27:54.582  1962  2034 D ConnectivityService: Done.
03-12 09:27:54.583  1962  2034 D ConnectivityService: Setting timer for 720seconds
03-12 09:28:56.254  2196  2200 D dalvikvm: GC_CONCURRENT freed 897K, 22% free 3471K/4444K, paused 2ms+7ms, total 33ms
03-12 09:30:34.301  2236  2239 D dalvikvm: GC_CONCURRENT freed 2949K, 14% free 18638K/21664K, paused 3ms+5ms, total 45ms
03-12 09:41:39.304  2236  2239 D dalvikvm: GC_CONCURRENT freed 2949K, 14% free 18638K/21664K, paused 3ms+6ms, total 47ms
03-12 09:45:38.538  1962  1992 W BatteryStatsImpl: Couldn't get kernel wake lock stats
03-12 09:45:38.588  1962  7145 D dalvikvm: GC_FOR_ALLOC freed 546K, 17% free 6778K/8108K, paused 37ms, total 37ms
03-12 09:46:00.544  1962  2034 D ConnectivityService: Sampling interval elapsed, updating statistics ..
03-12 09:46:00.546  1962  2034 D ConnectivityService: Done.
03-12 09:46:00.547  1962  2034 D ConnectivityService: Setting timer for 720seconds
03-12 09:51:00.004  1962  1977 I ProcessStatsService: Prepared write state in 2ms
03-12 09:52:44.305  2236  2239 D dalvikvm: GC_CONCURRENT freed 2949K, 14% free 18638K/21664K, paused 2ms+6ms, total 48ms
03-12 09:58:00.548  1962  2034 D ConnectivityService: Sampling interval elapsed, updating statistics ..
03-12 09:58:00.551  1962  2034 D ConnectivityService: Done.
03-12 09:58:00.551  1962  2034 D ConnectivityService: Setting timer for 720seconds
03-12 10:03:49.302  2236  2239 D dalvikvm: GC_CONCURRENT freed 2949K, 14% free 18638K/21664K, paused 2ms+4ms, total 46ms
03-12 10:14:55.315  2236  2239 D dalvikvm: GC_CONCURRENT freed 2947K, 14% free 18638K/21664K, paused 3ms+5ms, total 43ms
03-12 10:15:38.552  1962  1992 W BatteryStatsImpl: Couldn't get kernel wake lock stats
03-12 10:15:38.613  1962  7354 D dalvikvm: GC_FOR_ALLOC freed 547K, 17% free 6780K/8108K, paused 50ms, total 50ms
03-12 10:15:54.575  1962  2034 D ConnectivityService: Sampling interval elapsed, updating statistics ..
03-12 10:15:54.578  1962  2034 D ConnectivityService: Done.
03-12 10:15:54.578  1962  2034 D ConnectivityService: Setting timer for 720seconds
03-12 10:21:00.026  1962  1977 I ProcessStatsService: Prepared write state in 2ms
03-12 10:26:03.325  2236  2239 D dalvikvm: GC_CONCURRENT freed 2947K, 14% free 18638K/21664K, paused 3ms+4ms, total 46ms
03-12 10:27:54.579  1962  2034 D ConnectivityService: Sampling interval elapsed, updating statistics ..
03-12 10:27:54.581  1962  2034 D ConnectivityService: Done.
03-12 10:27:54.582  1962  2034 D ConnectivityService: Setting timer for 720seconds
03-12 10:32:27.750  2170  6623 E VPP_DLNA_LOG: [VPPDLNA][GetSubscriptionSID][150]:Free SubScription SID : uuid:b477617e-1dd1-11b2-aad3-9b22abd6c1dd,expireTime : 1903553870
03-12 10:32:27.765  2170  6623 E VPP_DLNA_LOG: [VPPDLNA][GetSubscriptionSID][150]:Free SubScription SID : uuid:b4764280-1dd1-11b2-aad3-9b22abd6c1dd,expireTime : 1903553863
03-12 10:37:12.305  2236  2239 D dalvikvm: GC_CONCURRENT freed 2950K, 14% free 18639K/21668K, paused 1ms+6ms, total 48ms
03-12 10:42:26.781  2170  6623 E VPP_DLNA_LOG: [VPPDLNA][GetSubscriptionSID][150]:Free SubScription SID : uuid:220be1d2-1dd2-11b2-aad3-9b22abd6c1dd,expireTime : 1904152924
03-12 10:42:26.796  2170  6623 E VPP_DLNA_LOG: [VPPDLNA][GetSubscriptionSID][150]:Free SubScription SID : uuid:220e192a-1dd2-11b2-aad3-9b22abd6c1dd,expireTime : 1904152918
03-12 10:45:38.567  1962  1992 W BatteryStatsImpl: Couldn't get kernel wake lock stats
03-12 10:45:38.618  1962  7545 D dalvikvm: GC_FOR_ALLOC freed 541K, 17% free 6780K/8108K, paused 40ms, total 40ms
03-12 10:45:54.575  1962  2034 D ConnectivityService: Sampling interval elapsed, updating statistics ..
03-12 10:45:54.578  1962  2034 D ConnectivityService: Done.
03-12 10:45:54.578  1962  2034 D ConnectivityService: Setting timer for 720seconds
03-12 10:48:20.314  2236  2239 D dalvikvm: GC_CONCURRENT freed 2947K, 14% free 18638K/21668K, paused 3ms+4ms, total 43ms
03-12 10:51:00.052  1962  1977 I ProcessStatsService: Prepared write state in 1ms
03-12 10:52:25.802  1460  1929 D MDnsDS  : MDnsSdListener::Monitor poll timed out
03-12 10:52:25.802  1460  1929 D MDnsDS  : Going to poll with pollCount 1
03-12 10:52:25.817  2170  6623 E VPP_DLNA_LOG: [VPPDLNA][GetSubscriptionSID][150]:Free SubScription SID : uuid:87186662-1dd2-11b2-aad3-9b22abd6c1dd,expireTime : 1904751957
03-12 10:52:25.838  2170  6623 E VPP_DLNA_LOG: [VPPDLNA][GetSubscriptionSID][150]:Free SubScription SID : uuid:871adf00-1dd2-11b2-aad3-9b22abd6c1dd,expireTime : 1904751949
03-12 10:57:54.579  1962  2034 D ConnectivityService: Sampling interval elapsed, updating statistics ..
03-12 10:57:54.581  1962  2034 D ConnectivityService: Done.
03-12 10:57:54.581  1962  2034 D ConnectivityService: Setting timer for 720seconds
03-12 10:59:28.318  2236  2239 D dalvikvm: GC_CONCURRENT freed 2947K, 14% free 18638K/21664K, paused 3ms+4ms, total 46ms
03-12 11:02:24.865  2170  6623 E VPP_DLNA_LOG: [VPPDLNA][GetSubscriptionSID][150]:Free SubScription SID : uuid:ec26ef78-1dd1-11b2-aad4-9b22abd6c1dd,expireTime : 1905351005
03-12 11:02:24.883  2170  6623 E VPP_DLNA_LOG: [VPPDLNA][GetSubscriptionSID][150]:Free SubScription SID : uuid:ec29fdda-1dd1-11b2-aad4-9b22abd6c1dd,expireTime : 1905350996
03-12 11:04:08.156  1962  1962 W ContextImpl: Calling a method in the system process without a qualified user: android.app.ContextImpl.sendBroadcast:1200 com.android.server.power.Notifier.sendSuspendStart:485 com.android.server.power.Notifier.access$800:64 com.android.server.power.Notifier$NotifierHandler.handleMessage:601 android.os.Handler.dispatchMessage:102 
03-12 11:04:08.157  2236  2236 I PowerStatusReceiver: POWER MSG Recevied Intent Action smart_suspend_broadcast_enter
03-12 11:04:08.157  2236  2236 I PowerStatusReceiver: SMART_SUSPEND_QUIT
03-12 11:04:08.158  1480  2860 I DVBSTACK: [Reply] DVB_DB_CONFIG_Get(33), size:8 (DvbService.cpp, 203)
03-12 11:04:08.159  2204  2204 D [Hisilicon]com.hisilicon.multiscreen.server.MultiScreenService$6: onReceive L1380 ---- receive action smart_suspend_broadcast_enter ---- 
03-12 11:04:08.159  2204  2204 D VPP_DLNA_LOG: [native_MultiScreenDeviceSuspend][:94] native_MultiScreenDeviceSuspend
03-12 11:04:08.159  2204  2204 E         : Remote_control_PROC_DeleteMode
03-12 11:04:08.159  2204  2204 E         : delete remote control proc fail
03-12 11:04:08.159  2204  2204 I MultiScreenUpnpDevice: [VPPMULTISCREEN][StopAllServices][1098]HI_RemoteCtrl_StopServer finish
03-12 11:04:08.159  2204  2204 I MultiScreenUpnpDevice: [VPPMULTISCREEN][StopAllServices][1103]MultiScreenClearMirrorParameter finish
03-12 11:04:08.159  2204  2204 I MultiScreenUpnpDevice: [VPPMULTISCREEN][StopAllServices][1105]Hi_MirrorStop finish
03-12 11:04:08.159  2204  2204 D VPP_DLNA_LOG: native_invoke [Native_invoke][:179] 
03-12 11:04:08.161  2204  2204 I [Hisilicon]com.hisilicon.multiscreen.server.MultiScreenService: stopRemoteApp L1614 ---- RemoteApp server has stopped ---- 
03-12 11:04:08.163  2204  2204 I [Hisilicon]com.hisilicon.multiscreen.server.MultiScreenService$1: nativeInvoke L381 ---- call command result 0 ---- 
03-12 11:04:08.163  2204  2204 I MultiScreenUpnpDevice: [VPPMULTISCREEN][StopAllServices][1107]StopRemoteAPP finish
03-12 11:04:08.163  2204  2204 D VPP_DLNA_LOG: native_invoke [Native_invoke][:179] 
03-12 11:04:08.165  2204  2204 I [Hisilicon]com.hisilicon.multiscreen.server.MultiScreenService: stopVIMEControl L1554 ---- VIME Control server has stopped ---- 
03-12 11:04:08.166  2204  2204 I [Hisilicon]com.hisilicon.multiscreen.server.MultiScreenService$1: nativeInvoke L381 ---- call command result 0 ---- 
03-12 11:04:08.166  2204  2204 I MultiScreenUpnpDevice: [VPPMULTISCREEN][StopAllServices][1109]StopVIMEControlrServer finish
03-12 11:04:08.345  1469  1598 I AOService: hdmi_observer  change@/devices/virtual/switch/hdmi
03-12 11:04:08.345  1469  1598 I AOService: strncmp(hdmi,0)
03-12 11:04:08.345  1469  1598 E AOService: EDID CAP 0
03-12 11:04:08.345  1469  1598 I AOService: get port sthdmi setting 2
03-12 11:04:08.352  1962  2014 V WiredAccessoryManager: Headset UEVENT: {SUBSYSTEM=switch, SWITCH_STATE=0, DEVPATH=/devices/virtual/switch/hdmi, SEQNUM=1444, ACTION=change, SWITCH_NAME=hdmi}
03-12 11:04:08.352  1962  2014 V WiredAccessoryManager: newName=hdmi newState=0 headsetState=0 prev headsetState=16
03-12 11:04:08.353  1962  1962 V WiredAccessoryManager: device hdmi disconnected
03-12 11:04:08.355  1480  2006 I DVBSTACK: [Reply] DVB_SYS_Power(5), size:4 (DvbService.cpp, 203)
03-12 11:04:08.357  2236  2236 V Home    : ACTION_AUDIO_BECOMING_NOISY
03-12 11:04:08.376  1962  1977 I ActivityManager: Start proc com.hisilicon.android.music for broadcast com.hisilicon.android.music/.MediaButtonIntentReceiver: pid=27434 uid=1000 gids={41000, 1028, 1015, 3003, 3002, 3001}
03-12 11:04:08.382  2236  2249 I PowerStatusReceiver: NOTIFYMSG_SYSTEM_Power recieved 3
03-12 11:04:08.383  1480  2860 I DVBSTACK: [Reply] DVB_SYS_GetKeyInputHistory(10), size:8 (DvbService.cpp, 203)
03-12 11:04:08.386 27434 27434 I dalvikvm: Enabling JNI app bug workarounds for target SDK version 9...
03-12 11:04:08.390 27434 27434 E Environment: canonicalPath = /mnt/sdcard
03-12 11:04:08.396  1962  2015 I ActivityManager: START u0 {act=android.intent.action.MAIN cat=[android.intent.category.HOME] flg=0x10200000 cmp=com.android.dvb.launcher/com.android.dvb.livescreen.Home} from pid 1962
03-12 11:04:08.423  1473  1514 E HI_ADP_HDMI: 
03-12 11:04:08.423  1473  1514 E HI_ADP_HDMI:  ----------HDMI UnPlug-----------
03-12 11:04:08.423  1473  1514 E HI_ADP_HDMI: get_hdmi_suspend_enable: value is :0
03-12 11:04:08.423  1473  1514 E HI_ADP_HDMI: hdmi cec suspend disable
03-12 11:04:08.423 27434 27434 W ContextImpl: Calling a method in the system process without a qualified user: android.app.ContextImpl.startService:1556 android.content.ContextWrapper.startService:494 android.content.ContextWrapper.startService:494 com.hisilicon.android.music.MediaButtonIntentReceiver.onReceive:64 android.app.ActivityThread.handleReceiver:2419 
03-12 11:04:08.430  1962  2220 I MediaFocusControl:   Remote Control   registerMediaButtonIntent() for PendingIntent{2cff0cc0: PendingIntentRecord{2d026bf0 com.hisilicon.android.music broadcastIntent}}
03-12 11:04:08.445  1962  2235 I ActivityManager: Start proc android.process.media for content provider com.android.providers.media/.MediaProvider: pid=27448 uid=10004 gids={50004, 1028, 1015, 1023, 1024, 2001, 3003, 3007}
03-12 11:04:08.449 27448 27448 E Environment: canonicalPath = /mnt/sdcard
03-12 11:04:08.467  1463  1463 D dalvikvm: GC_EXPLICIT freed 42K, 4% free 2955K/3072K, paused 2ms+2ms, total 25ms
03-12 11:04:08.487  1463  1463 D dalvikvm: GC_EXPLICIT freed <1K, 4% free 2955K/3072K, paused 1ms+2ms, total 19ms
03-12 11:04:08.505  1463  1463 D dalvikvm: GC_EXPLICIT freed <1K, 4% free 2955K/3072K, paused 1ms+1ms, total 18ms
03-12 11:04:08.542 27434 27434 V MediaPlayer: constructor
03-12 11:04:08.542 27434 27434 V MediaPlayer: setListener
03-12 11:04:08.544 27434 27434 W ContextImpl: Calling a method in the system process without a qualified user: android.app.ContextImpl.sendStickyBroadcast:1358 android.content.ContextWrapper.sendStickyBroadcast:427 com.hisilicon.android.music.MediaPlaybackService.notifyChange:878 com.hisilicon.android.music.MediaPlaybackService.onCreate:388 android.app.ActivityThread.handleCreateService:2572 
03-12 11:04:08.545  1480  1480 E HI_AO   : [1905454689 ERROR-HI_AO]:HI_MPI_AO_Track_SetChannelMode[983]:track(0x0) is not ao handle!
03-12 11:04:08.545  1480  1480 E HI_AO   : [1905454689 ERROR-HI_AO]:HI_UNF_SND_SetTrackChannelMode[689]:Set Track(0) SoftTrackMode failed.
03-12 11:04:08.548 27434 27434 W ContextImpl: Calling a method in the system process without a qualified user: android.app.ContextImpl.sendStickyBroadcast:1358 android.content.ContextWrapper.sendStickyBroadcast:427 com.hisilicon.android.music.MediaPlaybackService.notifyChange:878 com.hisilicon.android.music.MediaPlaybackService.onCreate:389 android.app.ActivityThread.handleCreateService:2572 
03-12 11:04:08.594  1480  1480 I DVBSTACK: [Reply] DVB_SYS_ChangeContext(1), size:12 (DvbService.cpp, 203)
03-12 11:04:08.623  1480 27433 I DVBSTACK: [Reply] DVB_DEMOD_TUNER_GetLevel(304), size:12 (DvbService.cpp, 203)
03-12 11:04:08.624  2236  2236 V Home    : recordingDialogSetVisible 4
03-12 11:04:08.624  2236  2236 V PvrPlayer: setVisibility : 4
03-12 11:04:08.624  2236  2236 V Home    : onResume E
03-12 11:04:08.624  2236  2236 V Home    : Sys Boot Check onResume : true
03-12 11:04:08.683  1480  2006 I DVBSTACK: [Reply] DVB_SYS_ChangeContext(1), size:12 (DvbService.cpp, 203)
03-12 11:04:08.692  1480  2860 I DVBSTACK: [Reply] DVB_DB_CONFIG_Get(33), size:8 (DvbService.cpp, 203)
03-12 11:04:08.693  1480  1480 I DVBSTACK: [Reply] DVB_DB_CONFIG_Get(33), size:8 (DvbService.cpp, 203)
03-12 11:04:08.693  1480 27433 I DVBSTACK: [Reply] DVB_DB_CONFIG_Get(33), size:8 (DvbService.cpp, 203)
03-12 11:04:08.693  2236  2236 V PvrManager: getModePlayback : 0
03-12 11:04:08.693  1480  2006 I DVBSTACK: [Reply] DVB_DB_CONFIG_Get(33), size:8 (DvbService.cpp, 203)
03-12 11:04:08.693  1480  2860 I DVBSTACK: [Reply] DVB_DB_CONFIG_Get(33), size:8 (DvbService.cpp, 203)
03-12 11:04:08.694  1480  1480 I DVBSTACK: [Reply] DVB_PVR_REC_GetInfo(147), size:4 (DvbService.cpp, 203)
03-12 11:04:08.694  1480 27433 I DVBSTACK: [Reply] DVB_PVR_REC_GetInfo(147), size:4 (DvbService.cpp, 203)
03-12 11:04:08.694  1480  2006 I DVBSTACK: [Reply] DVB_PVR_REC_GetInfo(147), size:4 (DvbService.cpp, 203)
03-12 11:04:08.694  1480  2860 I DVBSTACK: [Reply] DVB_PVR_PB_GetInfo(167), size:4 (DvbService.cpp, 203)
03-12 11:04:08.694  2236  2236 V PvrManager: updatePvrPlayBackInfo Fail 
03-12 11:04:08.695  2236  2236 V SvcInfo : getSvcIdx curSvcIdx : 213
03-12 11:04:08.695  2236  2236 V Home    : recordingDialogSetVisible 0
03-12 11:04:08.695  2236  2236 V PvrManager: getModePlayback : 0
03-12 11:04:08.695  2236  2236 V HomeInfobar: setInfoBar : 213 -2
03-12 11:04:08.695  2236  2236 V PvrManager: getModePlayback : 0
03-12 11:04:08.695  2236  2236 V HomeInfobar: setInfoBar Live
03-12 11:04:08.704  2236  2236 V PvrManager: getModePlayback : 0
03-12 11:04:08.705  2236  2236 D Supremo : [HomeInfobar] setFocusing tempValue : 0.2759067708333333 / progress : 27
03-12 11:04:08.705  1480  1480 I DVBSTACK: [Reply] DVB_DB_ALRAM_GetEventItem(53), size:4 (DvbService.cpp, 203)
03-12 11:04:08.707  1480 27433 I DVBSTACK: [Reply] DVB_DB_ALRAM_GetEventItem(53), size:4 (DvbService.cpp, 203)
03-12 11:04:08.708  1480  2006 I DVBSTACK: [Reply] DVB_SVC_CH_GetInfo(105), size:288 (DvbService.cpp, 203)
03-12 11:04:08.708  2236  2236 V SvcInfo : getSvcIdx curSvcIdx : 213
03-12 11:04:08.708  1480  2860 I DVBSTACK: [Reply] DVB_SVC_GetSatType(124), size:4 (DvbService.cpp, 203)
03-12 11:04:08.708  1480  1480 I DVBSTACK: [Reply] DVB_DEMOD_TUNER_GetLevel(304), size:12 (DvbService.cpp, 203)
03-12 11:04:08.709  2236  2236 I HomeInfobar: ---> send HANDLER_MSG_UPDATE : 213
03-12 11:04:08.755  1480 27433 I DVBSTACK: [Reply] DVB_SYS_ChangeContext(1), size:12 (DvbService.cpp, 203)
03-12 11:04:08.755  2236  2236 V Home    : onResume X
03-12 11:04:08.801  2236  2236 D Home    : NOTIFYMSG_SVC_Start ==> svcHandle : 0 , svcType : 0 , svcIdx : 213
03-12 11:04:08.801  2236  2236 V SvcInfo : getSvcIdx curSvcIdx : 213
03-12 11:04:08.801  2236  2236 V SvcInfo : moveIndexService curSvcIdx  : 213
03-12 11:04:08.801  2236  2236 V SvcInfo : getSvcIdx curSvcIdx : 213
03-12 11:04:08.801  2236  2236 V Home    : recordingDialogSetVisible 0
03-12 11:04:08.801  2236  2236 V PvrManager: getModePlayback : 0
03-12 11:04:08.801  2236  2236 V HomeInfobar: setInfoBar : 213 -2
03-12 11:04:08.802  2236  2236 V PvrManager: getModePlayback : 0
03-12 11:04:08.802  2236  2236 V HomeInfobar: setInfoBar Live
03-12 11:04:08.804  2236  2236 V PvrManager: getModePlayback : 0
03-12 11:04:08.804  2236  2236 D Supremo : [HomeInfobar] setFocusing tempValue : 0.2759170833333333 / progress : 27
03-12 11:04:08.804  1480  2006 I DVBSTACK: [Reply] DVB_DB_ALRAM_GetEventItem(53), size:4 (DvbService.cpp, 203)
03-12 11:04:08.807  1480  2860 I DVBSTACK: [Reply] DVB_DB_ALRAM_GetEventItem(53), size:4 (DvbService.cpp, 203)
03-12 11:04:08.807  1480  1480 I DVBSTACK: [Reply] DVB_SVC_CH_GetInfo(105), size:288 (DvbService.cpp, 203)
03-12 11:04:08.807  2236  2236 V SvcInfo : getSvcIdx curSvcIdx : 213
03-12 11:04:08.807  1480 27433 I DVBSTACK: [Reply] DVB_SVC_GetSatType(124), size:4 (DvbService.cpp, 203)
03-12 11:04:08.808  1480  2006 I DVBSTACK: [Reply] DVB_DEMOD_TUNER_GetLevel(304), size:12 (DvbService.cpp, 203)
03-12 11:04:09.355  1465  1859 E AudioPolicyManagerBase: setDeviceConnectionState() device: 400, state 0, address 
03-12 11:04:09.355  1465  1859 W AudioPolicyManagerBase: setDeviceConnectionState() device not connected: 400
03-12 11:04:09.356  1962  2039 W ContextImpl: Calling a method in the system process without a qualified user: android.app.ContextImpl.sendBroadcast:1200 android.media.AudioService.onSetWiredDeviceConnectionState:4008 android.media.AudioService.access$6600:115 android.media.AudioService$AudioHandler.handleMessage:3653 android.os.Handler.dispatchMessage:102 
03-12 11:04:10.144  2236  2236 V PvrManager: getModePlayback : 0
03-12 11:04:10.144  2236  2236 I HomeInfobar: ---> recieved HANDLER_MSG_UPDATE
03-12 11:04:10.144  2236  2236 V SvcInfo : getSvcIdx curSvcIdx : 213
03-12 11:04:10.156  1480  2860 I DVBSTACK: [Reply] DVB_DB_EPG_GetSvc(61), size:4 (DvbService.cpp, 203)
03-12 11:04:10.156  2236  2236 V HomeInfobar: setInfoBar : 213 -2
03-12 11:04:10.158  2236  2236 V PvrManager: getModePlayback : 0
03-12 11:04:10.158  2236  2236 V HomeInfobar: setInfoBar Live
03-12 11:04:10.161  2236  2236 V PvrManager: getModePlayback : 0
03-12 11:04:10.161  2236  2236 D Supremo : [HomeInfobar] setFocusing tempValue : 0.2760584375 / progress : 27
03-12 11:04:10.162  1480  1480 I DVBSTACK: [Reply] DVB_DB_ALRAM_GetEventItem(53), size:4 (DvbService.cpp, 203)
03-12 11:04:10.165  1480 27433 I DVBSTACK: [Reply] DVB_DB_ALRAM_GetEventItem(53), size:4 (DvbService.cpp, 203)
03-12 11:04:10.165  1480  2006 I DVBSTACK: [Reply] DVB_SVC_CH_GetInfo(105), size:288 (DvbService.cpp, 203)
03-12 11:04:10.165  2236  2236 V SvcInfo : getSvcIdx curSvcIdx : 213
03-12 11:04:10.166  1480  2860 I DVBSTACK: [Reply] DVB_SVC_GetSatType(124), size:4 (DvbService.cpp, 203)
03-12 11:04:10.167  1480  1480 I DVBSTACK: [Reply] DVB_DEMOD_TUNER_GetLevel(304), size:12 (DvbService.cpp, 203)
03-12 11:04:10.588  1473  1514 E HI_ADP_HDMI: get_hdmi_suspend_enable: value is :0
03-12 11:04:10.588  1473  1514 E HI_ADP_HDMI: hdmi cec suspend disable
03-12 11:04:10.744  1480 27433 I DVBSTACK: [Reply] DVB_DEMOD_TUNER_GetLevel(304), size:12 (DvbService.cpp, 203)
03-12 11:04:11.198  1473  1514 E HI_ADP_HDMI: get_hdmi_suspend_enable: value is :0
03-12 11:04:11.198  1473  1514 E HI_ADP_HDMI: hdmi cec suspend disable
03-12 11:04:11.459  1469  1598 I AOService: hdmi_observer  change@/devices/virtual/switch/hdmi
03-12 11:04:11.459  1469  1598 I AOService: strncmp(hdmi,1)
03-12 11:04:11.459  1469  1598 E AOService: EDID CAP 2
03-12 11:04:11.459  1469  1598 I AOService: get port sthdmi setting 2
03-12 11:04:11.469  1962  2014 V WiredAccessoryManager: Headset UEVENT: {SUBSYSTEM=switch, SWITCH_STATE=1, DEVPATH=/devices/virtual/switch/hdmi, SEQNUM=1445, ACTION=change, SWITCH_NAME=hdmi}
03-12 11:04:11.470  1962  2014 V WiredAccessoryManager: newName=hdmi newState=16 headsetState=16 prev headsetState=0
03-12 11:04:11.472  1962  1962 V WiredAccessoryManager: device hdmi connected
03-12 11:04:11.473  1465  1465 E AudioPolicyManagerBase: setDeviceConnectionState() device: 400, state 1, address 
03-12 11:04:11.473  1465  1465 W AudioPolicyManagerBase: checkOutputsForDevice(): No output available for device 0400
03-12 11:04:11.474  1962  2039 W ContextImpl: Calling a method in the system process without a qualified user: android.app.ContextImpl.sendBroadcast:1200 android.media.AudioService.onSetWiredDeviceConnectionState:4008 android.media.AudioService.access$6600:115 android.media.AudioService$AudioHandler.handleMessage:3653 android.os.Handler.dispatchMessage:102 
03-12 11:04:11.538  1473  1514 I HI_ADP_HDMI: HDMI Hotplug event enter HDMI_HotPlug_Proc(243)
03-12 11:04:11.538  1473  1514 E HI_ADP_HDMI: 
03-12 11:04:11.538  1473  1514 E HI_ADP_HDMI:  --- Get HDMI event: HOTPLUG. --- 
03-12 11:04:11.538  1473  1514 E HI_ADP_HDMI: 
03-12 11:04:11.538  1473  1514 E HI_ADP_HDMI:  getCapRet = 0 
03-12 11:04:11.538  1473  1514 E HI_ADP_HDMI: 4k[0] = 0 
03-12 11:04:11.538  1473  1514 E HI_ADP_HDMI: 4k[1] = 0 
03-12 11:04:11.538  1473  1514 E HI_ADP_HDMI: 4k[2] = 0 
03-12 11:04:11.538  1473  1514 E HI_ADP_HDMI: 4k[3] = 0 
03-12 11:04:11.538  1473  1514 E HI_ADP_HDMI: 4k[4] = 0 
03-12 11:04:11.538  1473  1514 E HI_ADP_HDMI: 4k[5] = 0 
03-12 11:04:11.538  1473  1514 E HI_ADP_HDMI: 4k[6] = 0 
03-12 11:04:11.538  1473  1514 E HI_ADP_HDMI: 4k[7] = 0 
03-12 11:04:11.538  1473  1514 E HI_ADP_HDMI: 4k[8] = 0 
03-12 11:04:11.538  1473  1514 E HI_ADP_HDMI: 4k[9] = 0 
03-12 11:04:11.538  1473  1514 E HI_ADP_HDMI: 
03-12 11:04:11.538  1473  1514 E HI_ADP_HDMI:  optimum format is 1 
03-12 11:04:11.538  1473  1514 E HI_ADP_HDMI: displayType = 1
03-12 11:04:11.538  1473  1514 E HI_ADP_HDMI: 
03-12 11:04:11.538  1473  1514 E HI_ADP_HDMI:  get current format is 1 
03-12 11:04:11.538  1473  1514 D HI_ADP_HDMI: persist.sys.optimalfmt.perfer=native
03-12 11:04:11.538  1473  1514 E HI_ADP_HDMI: 
03-12 11:04:11.538  1473  1514 E HI_ADP_HDMI:  final optimum format = 1 
03-12 11:04:11.538  1473  1514 E HI_ADP_HDMI: 
03-12 11:04:11.538  1473  1514 E HI_ADP_HDMI:  capability is not changed 
03-12 11:04:11.538  1473  1514 E HI_ADP_HDMI: getOptimalFormat, enable = 0
03-12 11:04:11.538  1473  1514 E HI_ADP_HDMI: 
03-12 11:04:11.538  1473  1514 E HI_ADP_HDMI:  optimum format enable is disabled 
03-12 11:04:11.538  1473  1514 E HI_ADP_HDMI: current format ok
03-12 11:04:11.538  1473  1514 E DisplaySetting: Display:set_format format is 1
03-12 11:04:11.538  1473  1514 E DisplaySetting: Display:store_format format is 1, format_sd is 11
03-12 11:04:11.612  1473  1514 I HI_ADP_HDMI: HDMI Hotplug event done HDMI_HotPlug_Proc(655)
03-12 11:04:11.613  1473  1514 E HI_ADP_HDMI: get_hdmi_suspend_enable: value is :0
03-12 11:04:11.613  1473  1514 E HI_ADP_HDMI: hdmi cec suspend disable
03-12 11:04:11.743  2236  2236 V Home    : recordingDialogSetVisible 4
03-12 11:04:14.544  2236  2249 I EPGManager: --------getEpgInfo : 523, idx : 82, count : 40
03-12 11:04:14.559  2236  2248 I EPGManager: --------getEpgInfo : 523, idx : 82, count : 34
03-12 11:04:14.575  2236  2247 I EPGManager: --------getEpgInfo : 532, idx : 83, count : 40
03-12 11:04:14.591  2236  2249 I EPGManager: --------getEpgInfo : 532, idx : 83, count : 40
03-12 11:04:14.602  2236  2248 I EPGManager: --------getEpgInfo : 532, idx : 83, count : 27
03-12 11:04:14.619  2236  2247 I EPGManager: --------getEpgInfo : 533, idx : 84, count : 40
03-12 11:04:14.634  2236  2249 I EPGManager: --------getEpgInfo : 533, idx : 84, count : 40
03-12 11:04:14.646  2236  2248 I EPGManager: --------getEpgInfo : 533, idx : 84, count : 24
03-12 11:04:14.662  2236  2247 I EPGManager: --------getEpgInfo : 534, idx : 85, count : 40
03-12 11:04:14.679  2236  2249 I EPGManager: --------getEpgInfo : 534, idx : 85, count : 40
03-12 11:04:14.694  2236  2248 I EPGManager: --------getEpgInfo : 534, idx : 85, count : 35
03-12 11:04:14.709  2236  2247 I EPGManager: --------getEpgInfo : 524, idx : 86, count : 40
03-12 11:04:14.724  2236  2249 I EPGManager: --------getEpgInfo : 524, idx : 86, count : 40
03-12 11:04:14.732  2236  2248 I EPGManager: --------getEpgInfo : 524, idx : 86, count : 11
03-12 11:04:14.747  2236  2247 I EPGManager: --------getEpgInfo : 525, idx : 87, count : 40
03-12 11:04:14.764  2236  2249 I EPGManager: --------getEpgInfo : 525, idx : 87, count : 40
03-12 11:04:14.769  2236  2248 I EPGManager: --------getEpgInfo : 525, idx : 87, count : 4
03-12 11:04:14.785  2236  2247 I EPGManager: --------getEpgInfo : 526, idx : 88, count : 40
03-12 11:04:14.801  2236  2249 I EPGManager: --------getEpgInfo : 526, idx : 88, count : 40
03-12 11:04:14.806  2236  2248 I EPGManager: --------getEpgInfo : 526, idx : 88, count : 5
03-12 11:04:14.822  2236  2247 I EPGManager: --------getEpgInfo : 527, idx : 89, count : 40
03-12 11:04:14.838  2236  2249 I EPGManager: --------getEpgInfo : 527, idx : 89, count : 40
03-12 11:04:14.844  2236  2248 I EPGManager: --------getEpgInfo : 527, idx : 89, count : 7
03-12 11:04:14.860  2236  2247 I EPGManager: --------getEpgInfo : 528, idx : 90, count : 40
03-12 11:04:14.875  2236  2249 I EPGManager: --------getEpgInfo : 528, idx : 90, count : 40
03-12 11:04:14.882  2236  2248 I EPGManager: --------getEpgInfo : 528, idx : 90, count : 9
03-12 11:04:14.898  2236  2247 I EPGManager: --------getEpgInfo : 529, idx : 91, count : 40
03-12 11:04:14.909  2236  2249 I EPGManager: --------getEpgInfo : 529, idx : 91, count : 27
03-12 11:04:14.925  2236  2248 I EPGManager: --------getEpgInfo : 530, idx : 92, count : 40
03-12 11:04:14.940  2236  2247 I EPGManager: --------getEpgInfo : 530, idx : 92, count : 40
03-12 11:04:14.948  2236  2249 I EPGManager: --------getEpgInfo : 530, idx : 92, count : 12
03-12 11:04:14.963  2236  2248 I EPGManager: --------getEpgInfo : 531, idx : 93, count : 40
03-12 11:04:14.978  2236  2247 I EPGManager: --------getEpgInfo : 531, idx : 93, count : 34
03-12 11:04:14.994  2236  2249 I EPGManager: --------getEpgInfo : 213, idx : 113, count : 40
03-12 11:04:14.996  2236  2236 V PvrManager: getModePlayback : 0
03-12 11:04:15.011  2236  2248 I EPGManager: --------getEpgInfo : 213, idx : 113, count : 40
03-12 11:04:15.013  2236  2236 V PvrManager: getModePlayback : 0
03-12 11:04:15.028  2236  2247 I EPGManager: --------getEpgInfo : 213, idx : 113, count : 40
03-12 11:04:15.030  2236  2236 V PvrManager: getModePlayback : 0
03-12 11:04:15.042  2236  2249 I EPGManager: --------getEpgInfo : 213, idx : 113, count : 32
03-12 11:04:15.043  2236  2236 V PvrManager: getModePlayback : 0
03-12 11:04:15.061  2236  2248 I EPGManager: --------getEpgInfo : 214, idx : 139, count : 40
03-12 11:04:15.078  2236  2247 I EPGManager: --------getEpgInfo : 214, idx : 139, count : 40
03-12 11:04:15.095  2236  2249 I EPGManager: --------getEpgInfo : 214, idx : 139, count : 40
03-12 11:04:15.112  2236  2248 I EPGManager: --------getEpgInfo : 214, idx : 139, count : 40
03-12 11:04:15.129  2236  2247 I EPGManager: --------getEpgInfo : 214, idx : 139, count : 40
03-12 11:04:15.139  2236  2249 I EPGManager: --------getEpgInfo : 214, idx : 139, count : 40
03-12 11:04:15.148  2236  2248 I EPGManager: --------getEpgInfo : 214, idx : 139, count : 33
03-12 11:04:15.772  2236  2236 V PowerAlarmManager: setAutoPowerSleepAlarm : 0
03-12 11:04:15.775  1480  2006 I DVBSTACK: [Reply] DVB_SYS_SetKeyInputHistory(11), size:0 (DvbService.cpp, 203)
03-12 11:04:15.776  2236  2236 V Home    : keyFlag : 8
03-12 11:04:15.776  2236  2236 V Home    :  dispatchKeyEvent : 250
03-12 11:04:15.776  2236  2236 V PvrManager: getModePlayback : 0
03-12 11:04:15.776  1480  2860 I DVBSTACK: [Reply] DVB_SVC_CH_RecallList(118), size:8 (DvbService.cpp, 203)
03-12 11:04:16.090  2236  2236 V PowerAlarmManager: setAutoPowerSleepAlarm : 0
03-12 11:04:16.091  2236  2236 V Home    : keyFlag : 8
03-12 11:04:16.091  2236  2236 V Home    :  KEYCODE_= 250
03-12 11:04:17.169  2236  2236 V PowerAlarmManager: setAutoPowerSleepAlarm : 0
03-12 11:04:17.170  2236  2236 V Home    : keyFlag : 8
03-12 11:04:17.170  2236  2236 V Home    :  dispatchKeyEvent : 250
03-12 11:04:17.170  2236  2236 V PvrManager: getModePlayback : 0
03-12 11:04:17.171  1480  1480 I DVBSTACK: [Reply] DVB_SVC_CH_RecallList(118), size:8 (DvbService.cpp, 203)
03-12 11:04:17.487  2236  2236 V PowerAlarmManager: setAutoPowerSleepAlarm : 0
03-12 11:04:17.489  2236  2236 V Home    : keyFlag : 8
03-12 11:04:17.489  2236  2236 V Home    :  KEYCODE_= 250
03-12 11:04:17.987  2236  2236 V PowerAlarmManager: setAutoPowerSleepAlarm : 0
03-12 11:04:17.989  2236  2236 V Home    : keyFlag : 8
03-12 11:04:17.989  2236  2236 V Home    :  dispatchKeyEvent : 250
03-12 11:04:17.989  2236  2236 V PvrManager: getModePlayback : 0
03-12 11:04:17.989  1480 27433 I DVBSTACK: [Reply] DVB_SVC_CH_RecallList(118), size:8 (DvbService.cpp, 203)
03-12 11:04:18.308  2236  2236 V PowerAlarmManager: setAutoPowerSleepAlarm : 0
03-12 11:04:18.309  2236  2236 V Home    : keyFlag : 8
03-12 11:04:18.309  2236  2236 V Home    :  KEYCODE_= 250
03-12 11:04:18.601  2236  2236 V PowerAlarmManager: setAutoPowerSleepAlarm : 0
03-12 11:04:18.603  2236  2236 V Home    : keyFlag : 8
03-12 11:04:18.603  2236  2236 V Home    :  dispatchKeyEvent : 250
03-12 11:04:18.603  2236  2236 V PvrManager: getModePlayback : 0
03-12 11:04:18.603  1480  2006 I DVBSTACK: [Reply] DVB_SVC_CH_RecallList(118), size:8 (DvbService.cpp, 203)
03-12 11:04:18.920  2236  2236 V PowerAlarmManager: setAutoPowerSleepAlarm : 0
03-12 11:04:18.922  2236  2236 V Home    : keyFlag : 8
03-12 11:04:18.923  2236  2236 V Home    :  KEYCODE_= 250
03-12 11:04:19.038  2236  2236 V PowerAlarmManager: setAutoPowerSleepAlarm : 0
03-12 11:04:19.040  2236  2236 V Home    : keyFlag : 8
03-12 11:04:19.040  2236  2236 V Home    :  dispatchKeyEvent : 250
03-12 11:04:19.040  2236  2236 V PvrManager: getModePlayback : 0
03-12 11:04:19.040  1480  2860 I DVBSTACK: [Reply] DVB_SVC_CH_RecallList(118), size:8 (DvbService.cpp, 203)
03-12 11:04:19.249  2236  2236 V PowerAlarmManager: setAutoPowerSleepAlarm : 0
03-12 11:04:19.252  2236  2236 V Home    : keyFlag : 8
03-12 11:04:19.252  2236  2236 V Home    :  KEYCODE_= 250
03-12 11:04:19.469  2236  2236 V PowerAlarmManager: setAutoPowerSleepAlarm : 0
03-12 11:04:19.471  2236  2236 V Home    : keyFlag : 8
03-12 11:04:19.471  2236  2236 V Home    :  dispatchKeyEvent : 250
03-12 11:04:19.471  2236  2236 V PvrManager: getModePlayback : 0
03-12 11:04:19.471  1480  1480 I DVBSTACK: [Reply] DVB_SVC_CH_RecallList(118), size:8 (DvbService.cpp, 203)
03-12 11:04:19.683  2236  2236 V PowerAlarmManager: setAutoPowerSleepAlarm : 0
03-12 11:04:19.684  2236  2236 V Home    : keyFlag : 8
03-12 11:04:19.684  2236  2236 V Home    :  KEYCODE_= 250
03-12 11:04:19.810  2236  2236 V PowerAlarmManager: setAutoPowerSleepAlarm : 0
03-12 11:04:19.811  2236  2236 V Home    : keyFlag : 8
03-12 11:04:19.811  2236  2236 V Home    :  dispatchKeyEvent : 250
03-12 11:04:19.811  2236  2236 V PvrManager: getModePlayback : 0
03-12 11:04:19.812  1480 27433 I DVBSTACK: [Reply] DVB_SVC_CH_RecallList(118), size:8 (DvbService.cpp, 203)
03-12 11:04:20.022  2236  2236 V PowerAlarmManager: setAutoPowerSleepAlarm : 0
03-12 11:04:20.024  2236  2236 V Home    : keyFlag : 8
03-12 11:04:20.024  2236  2236 V Home    :  KEYCODE_= 250
03-12 11:04:22.011  2236  2236 V PowerAlarmManager: setAutoPowerSleepAlarm : 0
03-12 11:04:22.012  2236  2236 V Home    : keyFlag : 8
03-12 11:04:22.013  2236  2236 V Home    :  dispatchKeyEvent : 250
03-12 11:04:22.013  2236  2236 V PvrManager: getModePlayback : 0
03-12 11:04:22.013  1480  2006 I DVBSTACK: [Reply] DVB_SVC_CH_RecallList(118), size:8 (DvbService.cpp, 203)
03-12 11:04:22.330  2236  2236 V PowerAlarmManager: setAutoPowerSleepAlarm : 0
03-12 11:04:22.331  2236  2236 V Home    : keyFlag : 8
03-12 11:04:22.331  2236  2236 V Home    :  KEYCODE_= 250
03-12 11:04:22.703  2236  2236 V PowerAlarmManager: setAutoPowerSleepAlarm : 0
03-12 11:04:22.704  2236  2236 V Home    : keyFlag : 8
03-12 11:04:22.704  2236  2236 V Home    :  dispatchKeyEvent : 250
03-12 11:04:22.704  2236  2236 V PvrManager: getModePlayback : 0
03-12 11:04:22.705  1480  2860 I DVBSTACK: [Reply] DVB_SVC_CH_RecallList(118), size:8 (DvbService.cpp, 203)
03-12 11:04:23.019  2236  2236 V PowerAlarmManager: setAutoPowerSleepAlarm : 0
03-12 11:04:23.020  2236  2236 V Home    : keyFlag : 8
03-12 11:04:23.020  2236  2236 V Home    :  KEYCODE_= 250
03-12 11:04:23.423  1962  1977 I ActivityManager: Waited long enough for: ServiceRecord{2ce14108 u0 com.hisilicon.android.music/.MediaPlaybackService}
03-12 11:04:24.826  2236  2236 V PowerAlarmManager: setAutoPowerSleepAlarm : 0
03-12 11:04:24.827  2236  2236 V Home    : keyFlag : 8
03-12 11:04:24.827  2236  2236 V Home    :  dispatchKeyEvent : 250
03-12 11:04:24.827  2236  2236 V PvrManager: getModePlayback : 0
03-12 11:04:24.828  1480  1480 I DVBSTACK: [Reply] DVB_SVC_CH_RecallList(118), size:8 (DvbService.cpp, 203)
03-12 11:04:25.145  2236  2236 V PowerAlarmManager: setAutoPowerSleepAlarm : 0
03-12 11:04:25.147  2236  2236 V Home    : keyFlag : 8
03-12 11:04:25.147  2236  2236 V Home    :  KEYCODE_= 250
03-12 11:04:37.904  2236  2236 V PowerAlarmManager: setAutoPowerSleepAlarm : 0
03-12 11:04:37.905  2236  2236 V Home    : keyFlag : 8
03-12 11:04:37.905  2236  2236 V Home    :  dispatchKeyEvent : 82
03-12 11:04:37.907  2236  2236 V PowerAlarmManager: setAutoPowerSleepAlarm : 0
03-12 11:04:37.908  2236  2236 V Home    : keyFlag : 8
03-12 11:04:37.908  2236  2236 V Home    : menu start
03-12 11:04:37.908  2236  2236 V PvrManager: getModePlayback : 0
03-12 11:04:37.909  1962  1972 I ActivityManager: START u0 {flg=0x10000000 cmp=com.android.dvb.launcher/com.android.dvb.menu.DvbMenu} from pid 2236
03-12 11:04:37.916  1462  1692 D PermissionCache: checking android.permission.READ_FRAME_BUFFER for uid=1000 => granted (213 us)
03-12 11:04:37.980  1962  1972 D dalvikvm: GC_FOR_ALLOC freed 541K, 17% free 6800K/8108K, paused 49ms, total 49ms
03-12 11:04:37.981  1962  1972 I dalvikvm-heap: Grow heap (frag case) to 6.982MB for 280156-byte allocation
03-12 11:04:38.027  1962  1970 D dalvikvm: GC_FOR_ALLOC freed 8K, 16% free 7066K/8384K, paused 46ms, total 46ms
03-12 11:04:38.086  1962  1972 D dalvikvm: GC_FOR_ALLOC freed 14K, 16% free 7052K/8384K, paused 42ms, total 42ms
03-12 11:04:38.087  1962  1972 I dalvikvm-heap: Grow heap (frag case) to 7.227MB for 280156-byte allocation
03-12 11:04:38.138  1962  1970 D dalvikvm: GC_FOR_ALLOC freed <1K, 16% free 7325K/8660K, paused 51ms, total 51ms
03-12 11:04:38.144  1480 27433 I DVBSTACK: [Reply] DVB_DEMOD_TUNER_GetLevel(304), size:12 (DvbService.cpp, 203)
03-12 11:04:38.146  2236  2236 V Home    : recordingDialogSetVisible 4
03-12 11:04:38.146  2236  2236 V PvrPlayer: setVisibility : 4
03-12 11:04:38.147  1962 28017 I UsageStats: Deleting usage file : usage-20140101
03-12 11:04:38.147  2236  2236 W ContextImpl: Calling a method in the system process without a qualified user: android.app.ContextImpl.sendBroadcast:1200 android.content.ContextWrapper.sendBroadcast:365 android.app.ActivityThread.performPauseActivity:3061 android.app.ActivityThread.performPauseActivity:3023 android.app.ActivityThread.handlePauseActivity:3001 
03-12 11:04:38.280  1480  2006 I DVBSTACK: [Reply] DVB_SYS_ChangeContext(1), size:12 (DvbService.cpp, 203)
03-12 11:04:38.352  2236  2236 W ContextImpl: Calling a method in the system process without a qualified user: android.app.ContextImpl.sendBroadcast:1200 android.content.ContextWrapper.sendBroadcast:365 android.app.ActivityThread.performResumeActivity:2785 android.app.ActivityThread.handleResumeActivity:2823 android.app.ActivityThread.handleLaunchActivity:2250 
03-12 11:04:38.357  2236  2236 E ViewRootImpl: 201409092 enable acc for view=com.android.dvb.launcher/com.android.dvb.menu.DvbMenu
03-12 11:04:38.525  2236  2236 D dalvikvm: GC_FOR_ALLOC freed 1880K, 10% free 19581K/21664K, paused 36ms, total 36ms
03-12 11:04:38.691  2143  2143 D LatinIME: [onKeyDown]::dpad_center========23
03-12 11:04:38.703  2236  2236 V PowerAlarmManager: setAutoPowerSleepAlarm : 0
03-12 11:04:38.704  1962  1976 I ActivityManager: Displayed com.android.dvb.launcher/com.android.dvb.menu.DvbMenu: +554ms
03-12 11:04:38.738  2236  2236 V Home    : onSaveInstanceState
03-12 11:04:42.358  2143  2143 D LatinIME: [onKeyDown]::dpad_center========23
03-12 11:04:42.358  2236  2236 V PowerAlarmManager: setAutoPowerSleepAlarm : 0
03-12 11:04:42.569  2236  2236 V PowerAlarmManager: setAutoPowerSleepAlarm : 0
03-12 11:04:42.626  1480  2860 I DVBSTACK: [Reply] DVB_SYS_ChangeContext(1), size:12 (DvbService.cpp, 203)
03-12 11:04:42.685  1480  1480 I DVBSTACK: [Reply] DVB_SYS_ChangeContext(1), size:12 (DvbService.cpp, 203)
03-12 11:04:42.851  2236  2236 D dalvikvm: GC_FOR_ALLOC freed 122K, 9% free 20714K/22688K, paused 23ms, total 23ms
03-12 11:04:42.868  2236  2236 V AppGridFragment: onCreateView
03-12 11:04:42.871  2236  2236 V AppGridFragment: onViewCreated
03-12 11:04:42.873  2236  2236 V AppGridFragment: onActivityCreated
03-12 11:04:42.873  2236  2236 V AppGridFragment: onResume
03-12 11:04:44.382  2236  2236 V PowerAlarmManager: setAutoPowerSleepAlarm : 0
03-12 11:04:44.594  2236  2236 V PowerAlarmManager: setAutoPowerSleepAlarm : 0
03-12 11:04:46.522  2236  2236 V PowerAlarmManager: setAutoPowerSleepAlarm : 0
03-12 11:04:46.726  2236  2236 V PowerAlarmManager: setAutoPowerSleepAlarm : 0
03-12 11:04:47.176  2143  2143 D LatinIME: [onKeyDown]::dpad_center========23
03-12 11:04:47.177  2236  2236 V PowerAlarmManager: setAutoPowerSleepAlarm : 0
03-12 11:04:47.254  2236  2236 V PowerAlarmManager: setAutoPowerSleepAlarm : 0
03-12 11:04:47.256  1962  2074 I ActivityManager: START u0 {} from pid 2236
03-12 11:04:47.351  2236  2236 D dalvikvm: GC_FOR_ALLOC freed 70K, 8% free 21908K/23760K, paused 23ms, total 23ms
03-12 11:04:47.481  1480 27433 I DVBSTACK: [Reply] DVB_SYS_ChangeContext(1), size:12 (DvbService.cpp, 203)
03-12 11:04:47.484  2236  2236 E ViewRootImpl: 201409092 enable acc for view=com.android.dvb.launcher/com.android.dvb.menu.DvbMenu
03-12 11:04:47.488  2236  2236 W ViewRootImpl: Dropping event due to no window focus: KeyEvent { action=ACTION_DOWN, keyCode=KEYCODE_DPAD_CENTER, scanCode=28, metaState=0, flags=0x8, repeatCount=0, eventTime=40749061, downTime=40749061, deviceId=3, source=0x701 }
03-12 11:04:47.577  2236  2236 V PowerAlarmManager: setAutoPowerSleepAlarm : 0
03-12 11:04:52.790  2143  2143 D LatinIME: [onKeyDown]::dpad_center========23
03-12 11:04:52.973  2236  2236 V WDialog : setHelpItemCount : -1
03-12 11:04:52.986  2236  2236 V WDialog : onShowLayout 0,000000 0,000000 0,000000 0,000000
03-12 11:04:52.988  2236  2236 E ViewRootImpl: 201409092 enable acc for view=com.android.dvb.launcher/com.android.dvb.menu.DvbMenu
03-12 11:04:56.404  2236  2236 V PowerAlarmManager: setAutoPowerSleepAlarm : 0
03-12 11:04:56.428  1480  2006 I DVBSTACK: [Reply] DVB_SYS_SystemFunc(16), size:4 (DvbService.cpp, 203)
03-12 11:04:56.437  1480  2860 I DVBSTACK: [Reply] DVB_SYS_SystemFunc(16), size:4 (DvbService.cpp, 203)
03-12 11:04:56.459  1480  1480 I DVBSTACK: [Reply] DVB_SYS_SystemFunc(16), size:4 (DvbService.cpp, 203)
03-12 11:04:56.507  1480 27433 I DVBSTACK: [Reply] DVB_SYS_SystemFunc(16), size:4 (DvbService.cpp, 203)
03-12 11:04:56.522  1480  2006 I DVBSTACK: [Reply] DVB_SYS_SystemFunc(16), size:4 (DvbService.cpp, 203)
