03-11 23:46:05.073  2236  2856 W System.err: 	at com.android.dvb.common.util.ProcessFirmwareDownload.checkFirmWareDownload(ProcessFirmwareDownload.java:96)
03-11 23:46:05.073  2236  2856 W System.err: 	at com.android.dvb.common.util.ProcessFirmwareDownload$ProcessFirmwareDownloadAsyncTask.doInBackground(ProcessFirmwareDownload.java:157)
03-11 23:46:05.074  2236  2856 W System.err: 	at com.android.dvb.common.util.ProcessFirmwareDownload$ProcessFirmwareDownloadAsyncTask.doInBackground(ProcessFirmwareDownload.java:152)
03-11 23:46:05.074  2236  2856 W System.err: 	at android.os.AsyncTask$2.call(AsyncTask.java:288)
03-11 23:46:05.074  2236  2856 W System.err: 	at java.util.concurrent.FutureTask.run(FutureTask.java:237)
03-11 23:46:05.074  2236  2856 W System.err: 	at android.os.AsyncTask$SerialExecutor$1.run(AsyncTask.java:231)
03-11 23:46:05.074  2236  2856 W System.err: 	at java.util.concurrent.ThreadPoolExecutor.runWorker(ThreadPoolExecutor.java:1112)
03-11 23:46:05.074  2236  2856 W System.err: 	at java.util.concurrent.ThreadPoolExecutor$Worker.run(ThreadPoolExecutor.java:587)
03-11 23:46:05.074  2236  2856 W System.err: 	at java.lang.Thread.run(Thread.java:841)
03-11 23:46:05.082  2236  2247 I EPGManager: --------getEpgInfo : 533, idx : 84, count : 40
03-11 23:46:05.097  2236  2249 I EPGManager: --------getEpgInfo : 533, idx : 84, count : 40
03-11 23:46:05.108  2236  2248 I EPGManager: --------getEpgInfo : 533, idx : 84, count : 27
03-11 23:46:05.124  2236  2247 I EPGManager: --------getEpgInfo : 534, idx : 85, count : 40
03-11 23:46:05.130  1480  1480 I DVBSTACK: [Reply] DVB_DB_CONFIG_Get(33), size:8 (DvbService.cpp, 203)
03-11 23:46:05.131  2236  2882 V NTPUtil : isFactoryFirst : false
03-11 23:46:05.131  2236  2882 V NTPUtil : getUTCTime() server : pool.ntp.org
03-11 23:46:05.140  2236  2249 I EPGManager: --------getEpgInfo : 534, idx : 85, count : 40
03-11 23:46:05.156  2236  2248 I EPGManager: --------getEpgInfo : 534, idx : 85, count : 39
03-11 23:46:05.169  2236  2882 V NTPUtil : getUTCTime utc ok : марта 19 20:46:05
03-11 20:46:05.747  1962  2194 D AlarmManagerService: Kernel timezone updated to 0 minutes west of GMT
03-11 20:46:05.748  1962  2195 D         : Setting time of day to sec=1552337165
03-11 20:46:05.747  1480  2006 I DVBSTACK: [Reply] DVB_SYS_TIME_SetUtcTime(14), size:4 (DvbService.cpp, 203)
03-11 20:46:05.747  1480  2860 I DVBSTACK: [Reply] DVB_DB_CONFIG_Get(33), size:8 (DvbService.cpp, 203)
03-11 20:46:05.747  1480  1480 I DVBSTACK: [Reply] DVB_DB_CONFIG_Get(33), size:8 (DvbService.cpp, 203)
03-11 20:46:05.749  2236  2247 I EPGManager: --------getEpgInfo : 524, idx : 86, count : 40
03-11 20:46:05.768  2236  2249 I EPGManager: --------getEpgInfo : 524, idx : 86, count : 40
03-11 20:46:05.781  2236  2248 I EPGManager: --------getEpgInfo : 524, idx : 86, count : 25
03-11 23:46:05.011  2236  2247 I EPGManager: --------getEpgInfo : 525, idx : 87, count : 40
03-11 23:46:05.023  2236  2249 I EPGManager: --------getEpgInfo : 525, idx : 87, count : 40
03-11 23:46:05.027  2330  2885 I iu.UploadsManager: End new media; added: 0, uploading: 0, time: 10799261 ms
03-11 23:46:05.032  2236  2248 I EPGManager: --------getEpgInfo : 525, idx : 87, count : 20
03-11 23:46:05.002  2236  2247 I EPGManager: --------getEpgInfo : 526, idx : 88, count : 40
03-11 23:46:05.012  2236  2249 I EPGManager: --------getEpgInfo : 526, idx : 88, count : 40
03-11 23:46:05.019  2236  2248 I EPGManager: --------getEpgInfo : 526, idx : 88, count : 18
03-11 23:46:05.020  1480  2006 I DVBSTACK: [Reply] DVB_SYS_TIME_Configure(2), size:4 (DvbService.cpp, 203)
03-11 23:46:05.029  2236  2247 I EPGManager: --------getEpgInfo : 527, idx : 89, count : 40
03-11 23:46:05.038  2236  2249 I EPGManager: --------getEpgInfo : 527, idx : 89, count : 40
03-11 23:46:05.045  2236  2248 I EPGManager: --------getEpgInfo : 527, idx : 89, count : 20
03-11 23:46:05.055  2236  2247 I EPGManager: --------getEpgInfo : 528, idx : 90, count : 40
03-11 23:46:05.066  2236  2249 I EPGManager: --------getEpgInfo : 528, idx : 90, count : 40
03-11 23:46:05.075  2236  2248 I EPGManager: --------getEpgInfo : 528, idx : 90, count : 27
03-11 23:46:05.084  2236  2247 I EPGManager: --------getEpgInfo : 529, idx : 91, count : 40
03-11 23:46:05.095  2236  2249 I EPGManager: --------getEpgInfo : 529, idx : 91, count : 37
03-11 23:46:05.105  2236  2248 I EPGManager: --------getEpgInfo : 530, idx : 92, count : 40
03-11 23:46:05.116  2236  2247 I EPGManager: --------getEpgInfo : 530, idx : 92, count : 40
03-11 23:46:05.124  2236  2249 I EPGManager: --------getEpgInfo : 530, idx : 92, count : 28
03-11 23:46:05.134  2236  2248 I EPGManager: --------getEpgInfo : 531, idx : 93, count : 40
03-11 23:46:05.144  2236  2247 I EPGManager: --------getEpgInfo : 531, idx : 93, count : 39
03-11 23:46:05.154  2236  2249 I EPGManager: --------getEpgInfo : 213, idx : 113, count : 40
03-11 23:46:05.155  2236  2236 V PvrManager: getModePlayback : 0
03-11 23:46:05.164  2236  2248 I EPGManager: --------getEpgInfo : 213, idx : 113, count : 40
03-11 23:46:05.164  2236  2236 V PvrManager: getModePlayback : 0
03-11 23:46:05.169  2236  2882 D         : Setting time of day to sec=1552337165
03-11 23:46:05.173  2236  2247 I EPGManager: --------getEpgInfo : 213, idx : 113, count : 40
03-11 23:46:05.176  2236  2236 V PvrManager: getModePlayback : 0
03-11 23:46:05.183  2236  2249 I EPGManager: --------getEpgInfo : 213, idx : 113, count : 34
03-11 23:46:05.184  2236  2236 V PvrManager: getModePlayback : 0
03-11 23:46:05.195  2236  2239 D dalvikvm: GC_CONCURRENT freed 668K, 4% free 18642K/19384K, paused 1ms+3ms, total 21ms
03-11 23:46:05.195  2236  2248 I EPGManager: --------getEpgInfo : 214, idx : 139, count : 40
03-11 23:46:05.205  2236  2247 I EPGManager: --------getEpgInfo : 214, idx : 139, count : 40
03-11 23:46:05.216  2236  2249 I EPGManager: --------getEpgInfo : 214, idx : 139, count : 40
03-11 23:46:05.226  2236  2248 I EPGManager: --------getEpgInfo : 214, idx : 139, count : 40
03-11 23:46:05.237  2236  2247 I EPGManager: --------getEpgInfo : 214, idx : 139, count : 40
03-11 23:46:05.247  2236  2249 I EPGManager: --------getEpgInfo : 214, idx : 139, count : 40
03-11 23:46:05.257  2236  2248 I EPGManager: --------getEpgInfo : 214, idx : 139, count : 40
03-11 23:46:05.265  2236  2247 I EPGManager: --------getEpgInfo : 214, idx : 139, count : 26
03-11 23:46:06.024  1962  1991 E BluetoothManagerService: waitForOnOff time out
03-11 23:46:06.024  1962  1991 D BluetoothManagerService: unbindAndFinish(): android.bluetooth.IBluetooth$Stub$Proxy@2cfb4e38 mBinding = false
03-11 23:46:06.024  1962  1991 D BluetoothManagerService: Sending unbind request.
03-11 23:46:06.027  2633  2633 D BluetoothAdapterService: Cleaning up adapter native....
03-11 23:46:06.027  2633  2679 E bt_vendor: op for 8
03-11 23:46:06.280  2236  2236 V StorageStatusReceiver: checkNetMount 0 
03-11 23:46:06.280  2236  2236 V StorageStatusReceiver: checkNetMount 1 false 
03-11 23:46:09.027  2633  2903 I bt_hci_bdroid: ...epilog_wait_timeout...
03-11 23:46:09.027  2633  2679 I bt_hci_bdroid: bt_hc_worker_thread exiting
03-11 23:46:09.027  2633  2633 E bt_vendor: op for 4
03-11 23:46:09.027  2633  2633 E bt_vendor: usb_vendor_close -1
03-11 23:46:09.027  2633  2633 D BTSNOOP-DISP: btsnoop_close
03-11 23:46:09.027  2633  2633 E bt_vendor: cleanup
03-11 23:46:09.027  2633  2633 E bt_vendor: op for 0
03-11 23:46:09.027  2633  2680 I GKI_LINUX: gki_task_entry: gki_task task_id=0 [BTU] terminating
03-11 23:46:09.027  2633  2633 I GKI_LINUX: GKI_exit_task: GKI_exit_task 0 done
03-11 23:46:09.027  2633  2633 I GKI_LINUX: GKI_destroy_task: GKI_shutdown(): task [BTU] terminated
03-11 23:46:09.033  2633  2633 E BluetoothServiceJni: Callback env check fail: env: 0x2c7f6098, callback: 0x49937cf8
03-11 23:46:09.033  2633  2633 E BluetoothServiceJni: Callback: 'adapter_state_change_callback' is not called on the correct thread
03-11 23:46:09.033  2633  2667 I GKI_LINUX: gki_task_entry: gki_task task_id=1 [BTIF] terminating
03-11 23:46:09.034  2633  2633 I GKI_LINUX: GKI_exit_task: GKI_exit_task 1 done
03-11 23:46:09.034  2633  2633 I GKI_LINUX: GKI_destroy_task: GKI_shutdown(): task [BTIF] terminated
03-11 23:46:09.034  2633  2671 I GKI_LINUX: gki_task_entry: gki_task task_id=2 [A2DP-MEDIA] terminating
03-11 23:46:09.034  2633  2633 I GKI_LINUX: GKI_exit_task: GKI_exit_task 2 done
03-11 23:46:09.034  2633  2633 I BluetoothServiceJni: cleanupNative: return from cleanup
03-11 23:46:09.034  2633  2633 D BluetoothAdapterService: Done cleaning up adapter native....
03-11 23:46:09.034  2633  2633 D BluetoothAdapterService(750472872): ****onDestroy()********
03-11 23:46:09.757  1962  2016 I InputReader: Reconfiguring input devices.  changes=0x00000010
03-11 23:46:09.785  1962  1979 W LocationProviderProxy-fused: com.google.android.gms resolves service com.android.location.service.FusedLocationProvider, but has wrong signature, ignoring
03-11 23:46:13.595  1480  2541 E HI_AVPLAY: [1864779739 ERROR-HI_AVPLAY]:AVPLAY_ProcCheckBuf[2292]:Vid Dmx Buf overflow, reset.
03-11 23:46:14.745  1962  1977 I ActivityManager: Waited long enough for: ServiceRecord{2cfd0ea8 u0 com.google.android.gms/.gcm.GcmService}
03-11 23:46:14.745  1962  1977 I ActivityManager: Resuming delayed broadcast
03-11 23:46:14.753  1962  1973 I ActivityManager: Delay finish: com.google.android.syncadapters.contacts/.ContactsSyncAdapterBroadcastReceiver
03-11 23:46:14.778  1962  1972 I ActivityManager: Resuming delayed broadcast
03-11 23:46:14.810  2204  2204 D [Hisilicon]com.hisilicon.multiscreen.server.BootReceiver: onReceive L20 ---- boot complete ---- 
03-11 23:46:14.812  2204  2204 W ContextImpl: Calling a method in the system process without a qualified user: android.app.ContextImpl.startService:1556 android.content.ContextWrapper.startService:494 android.content.ContextWrapper.startService:494 com.hisilicon.multiscreen.server.BootReceiver.onReceive:21 android.app.ActivityThread.handleReceiver:2419 
03-11 23:46:14.820  2182  2182 D DMRNative: getInstance
03-11 23:46:14.821  2182  2182 D DMRNative: getInstance
03-11 23:46:14.822  2204  2204 D [Hisilicon]com.hisilicon.multiscreen.server.MultiScreenService: onCreate L423 ---- onCreate. ---- 
03-11 23:46:14.834  1962  1973 I ActivityManager: Start proc com.hisilicon.android.music for broadcast com.hisilicon.android.music/.MediaButtonIntentReceiver: pid=3055 uid=1000 gids={41000, 1028, 1015, 3003, 3002, 3001}
03-11 23:46:14.836  2170  2170 E MediaService: Save description
03-11 23:46:14.836  2182  2182 E UpnpBootBroadcastServiceDMR: Save description
03-11 23:46:14.847  2182  2182 D UpnpBootBroadcastServiceDMR: UpnpBootBroadcastService onStartCommand : null
03-11 23:46:14.847  2170  2170 D MediaService: UpnpBootBroadcastServiceDMS onStartCommand : null
03-11 23:46:14.857  3055  3055 I dalvikvm: Enabling JNI app bug workarounds for target SDK version 9...
03-11 23:46:14.859  3055  3055 E Environment: canonicalPath = /mnt/sdcard
03-11 23:46:14.860  2204  2204 D skia    : ---- fAsset->read(1024) returned 0
03-11 23:46:14.860  2204  2204 D skia    : ---- fAsset->read(1024) returned 0
03-11 23:46:14.876  2182  2182 D UpnpBootBroadcastServiceDMR: readConfig
03-11 23:46:14.877  2182  2182 D UPNP    : com.hisilicon.dlna.dmr.UpnpBootBroadcastServiceDMR.readConfig()  Line:426  (UpnpBootBroadcastServiceDMR.java)
03-11 23:46:14.882  2182  2182 D UPNP    : com.hisilicon.dlna.dmr.UpnpBootBroadcastServiceDMR.pirntConfig()  Line:481  (UpnpBootBroadcastServiceDMR.java)
03-11 23:46:14.883  2182  2182 D UpnpBootBroadcastServiceDMR: hostNameValue=Living Room 1_3618
03-11 23:46:14.883  2182  2182 D UpnpBootBroadcastServiceDMR: dmrStartFlag=1
03-11 23:46:14.883  2182  2182 D UpnpBootBroadcastServiceDMR: dmsStartFlag=1
03-11 23:46:14.883  2182  2182 D UpnpBootBroadcastServiceDMR: shareDirecoryValue=null
03-11 23:46:14.883  2182  2182 D UpnpBootBroadcastServiceDMR: dmsNameValue=HisiMediaServer
03-11 23:46:14.883  2182  2182 D UpnpBootBroadcastServiceDMR: dmrNameValue=HiMediaRender
03-11 23:46:14.883  2182  2182 D UPNP    : com.hisilicon.dlna.dmr.UpnpBootBroadcastServiceDMR.onStartCommand()  Line:216  (UpnpBootBroadcastServiceDMR.java)
03-11 23:46:14.885  2170  2170 D MediaService: readConfig
03-11 23:46:14.886  2182  2182 D UPNP    : com.hisilicon.dlna.dmr.UpnpBootBroadcastServiceDMR$NetStateChangeReceiver.onReceive()  Line:321  (CONNECTIVITY_CHANGE,IFI_AP_STATE_CHANGED:android.net.conn.CONNECTIVITY_CHANGE)
03-11 23:46:14.892  2170  2170 D UPNP    : com.hisilicon.dlna.dms.MediaService$NetStateChangeReceiver.onReceive()  Line:368  (CONNECTIVITY_CHANGE,IFI_AP_STATE_CHANGED:android.net.conn.CONNECTIVITY_CHANGE)
03-11 23:46:14.895  2182  2182 D UPNP    : com.hisilicon.dlna.dmr.UpnpBootBroadcastServiceDMR$NetStateChangeReceiver.onReceive()  Line:326  (newIPValue 192.168.1.30)
03-11 23:46:14.895  2182  2182 D UPNP    : com.hisilicon.dlna.dmr.UpnpBootBroadcastServiceDMR$NetStateChangeReceiver.onReceive()  Line:327  (oldIPValue 192.168.1.30)
03-11 23:46:14.896  2182  2182 D UPNP    : com.hisilicon.dlna.dmr.UpnpBootBroadcastServiceDMR$NetStateChangeReceiver.onReceive()  Line:340  (IP Change,restartDLNATimer)
03-11 23:46:14.897  2182  3070 E UpnpBootBroadcastServiceDMR: will start dmr
03-11 23:46:14.899  2182  3070 D DMRBinder: create()
03-11 23:46:14.899  2182  3070 D DMRManager: create
03-11 23:46:14.905  2170  2170 D UPNP    : com.hisilicon.dlna.dms.MediaService$NetStateChangeReceiver.onReceive()  Line:373  (newIPValue 192.168.1.30)
03-11 23:46:14.906  2170  2170 D UPNP    : com.hisilicon.dlna.dms.MediaService$NetStateChangeReceiver.onReceive()  Line:374  (oldIPValue 192.168.1.30)
03-11 23:46:14.907  2170  2170 D UPNP    : com.hisilicon.dlna.dms.MediaService$NetStateChangeReceiver.onReceive()  Line:388  (IP Change,restartDLNATimer)
03-11 23:46:14.907  2182  3070 I CommonDef: [getCurrentAdapterName] ethernet is open
03-11 23:46:14.908  2182  3070 E CommonDef: getDatabaseInterfaceName []
03-11 23:46:14.908  2182  3070 D CommonDef: getCurrentAdapterName start strAdapterName=eth0
03-11 23:46:14.912  2170  2170 E MediaService: will start dms
03-11 23:46:14.913  2170  2170 D UPNP    : com.hisilicon.dlna.dms.MediaService$1.run()  Line:246  (MediaService.java)
03-11 23:46:14.913  2170  2170 D MediaService: will run startDmsafterBroadCast
03-11 23:46:14.913  2170  2170 D UPNP    : com.hisilicon.dlna.dms.MediaService$1.run()  Line:248  (MediaService.java)
03-11 23:46:14.914  3055  3055 W ContextImpl: Calling a method in the system process without a qualified user: android.app.ContextImpl.startService:1556 android.content.ContextWrapper.startService:494 android.content.ContextWrapper.startService:494 com.hisilicon.android.music.MediaButtonIntentReceiver.onReceive:64 android.app.ActivityThread.handleReceiver:2419 
03-11 23:46:14.915  2170  3076 D MediaService: The Thread Name = startServerInActivityInBC_ThreadThe Thread ID = 35
03-11 23:46:14.916  2170  3076 D UPNP    : com.hisilicon.dlna.dms.MediaService$2.run()  Line:265  (MediaService.java)
03-11 23:46:14.916  2182  3070 E VPP_DLNA_LOG: [VPPDLNA][UpnpInit3][:510] === the name is adapter_name: eth0
03-11 23:46:14.916  2182  3070 E VPP_DLNA_LOG: [VPPDLNA]:[getlocalhostname]:the param adapterName is eth0!
03-11 23:46:14.916  2182  3070 E VPP_DLNA_LOG: [VPPDLNA]:[getlocalhostname] find the adapter :eth0,MAC is 001EB8A16CC0
03-11 23:46:14.916  2182  3070 E VPP_DLNA_LOG: [VPPDLNA]:Inside getlocalhostname: after strncpy 192.168.1.30
03-11 23:46:14.922  1962  2075 I MediaFocusControl:   Remote Control   registerMediaButtonIntent() for PendingIntent{2d027998: PendingIntentRecord{2d026bf0 com.hisilicon.android.music broadcastIntent}}
03-11 23:46:14.923  2633  2673 V Avrcp   : New genId = 1, clearing = 1
03-11 23:46:14.924  2170  3076 E DMS-C   : In HI_DmsInit OK
03-11 23:46:14.926  2204  2204 D dalvikvm: GC_FOR_ALLOC freed 116K, 6% free 2991K/3176K, paused 16ms, total 16ms
03-11 23:46:14.927  1962  2234 I ActivityManager: Delay finish: com.google.android.gms/.gcm.nts.SchedulerReceiver
03-11 23:46:14.932  2170  3076 I CommonDef: [getCurrentAdapterName] ethernet is open
03-11 23:46:14.932  2170  3076 E CommonDef: getDatabaseInterfaceName []
03-11 23:46:14.937  2170  3076 D CommonDef: getCurrentAdapterName start strAdapterName=eth0
03-11 23:46:14.940  2170  3076 E VPP_DLNA_LOG: [VPPDLNA][UpnpInit3][:510] === the name is adapter_name: eth0
03-11 23:46:14.940  2170  3076 E VPP_DLNA_LOG: [VPPDLNA]:[getlocalhostname]:the param adapterName is eth0!
03-11 23:46:14.940  2170  3076 E VPP_DLNA_LOG: [VPPDLNA]:[getlocalhostname] find the adapter :eth0,MAC is 001EB8A16CC0
03-11 23:46:14.940  2170  3076 E VPP_DLNA_LOG: [VPPDLNA]:Inside getlocalhostname: after strncpy 192.168.1.30
03-11 23:46:14.945  2204  2204 I dalvikvm-heap: Grow heap (frag case) to 10.896MB for 8294416-byte allocation
03-11 23:46:14.958  2204  2207 D dalvikvm: GC_CONCURRENT freed <1K, 2% free 11091K/11280K, paused 2ms+1ms, total 13ms
03-11 23:46:14.961  3055  3055 V MediaPlayer: constructor
03-11 23:46:14.963  3055  3055 V MediaPlayer: setListener
03-11 23:46:14.965  3055  3055 W ContextImpl: Calling a method in the system process without a qualified user: android.app.ContextImpl.sendStickyBroadcast:1358 android.content.ContextWrapper.sendStickyBroadcast:427 com.hisilicon.android.music.MediaPlaybackService.notifyChange:878 com.hisilicon.android.music.MediaPlaybackService.onCreate:388 android.app.ActivityThread.handleCreateService:2572 
03-11 23:46:14.968  3055  3055 W ContextImpl: Calling a method in the system process without a qualified user: android.app.ContextImpl.sendStickyBroadcast:1358 android.content.ContextWrapper.sendStickyBroadcast:427 com.hisilicon.android.music.MediaPlaybackService.notifyChange:878 com.hisilicon.android.music.MediaPlaybackService.onCreate:389 android.app.ActivityThread.handleCreateService:2572 
03-11 23:46:15.416  2204  2204 I [Hisilicon]com.hisilicon.multiscreen.server.MultiScreenService: initMirrorCompatListFile L947 ---- file is already exist not override files ---- 
03-11 23:46:15.418  2204  2204 I [Hisilicon]com.hisilicon.multiscreen.server.MultiScreenNative: <clinit> L25 ---- load multiscreendevice ---- 
03-11 23:46:15.434  2204  2204 W linker  : libHME-Video.so has text relocations. This is wasting memory and is a security risk. Please fix.
03-11 23:46:15.459  2204  2204 D VPP_DLNA_LOG: begin load
03-11 23:46:15.459  2204  2204 D VPP_DLNA_LOG: Registering com/hisilicon/multiscreen/server/MultiScreenNative natives
03-11 23:46:15.459  2204  2204 D VPP_DLNA_LOG: [native_init][:31] native_init
03-11 23:46:15.469  2204  2204 D [Hisilicon]com.hisilicon.multiscreen.server.MultiScreenService$5: onReceive L1332 ---- Receive broadcast: android.net.conn.CONNECTIVITY_CHANGE ---- 
03-11 23:46:15.482  2204  2204 I [Hisilicon]com.hisilicon.multiscreen.server.MultiScreenService: isNetworkEnable L1679 ---- ethernet is open ---- 
03-11 23:46:15.483  2170  3076 E DMS-C   : HI_DLNA_AddDmsSharedDir Failed
03-11 23:46:15.483  2204  2204 E [Hisilicon]com.hisilicon.multiscreen.server.MultiScreenService: getActiveNetType L1717 ---- getDatabaseInterfaceName [] ---- 
03-11 23:46:15.487  2204  2204 I [Hisilicon]com.hisilicon.multiscreen.server.MultiScreenService: isNetworkEnable L1684 ---- mActiveNetType eth0 ---- 
03-11 23:46:15.488  2204  2204 D [Hisilicon]com.hisilicon.multiscreen.server.MultiScreenService$5: onReceive L1338 ---- network status on. ---- 
03-11 23:46:15.489  2170  3076 E DMS-C   : HI_DLNA_AddDmsSharedDir Failed
03-11 23:46:15.489  2170  3076 I System.out: UpnpSettingActivitycall addSharDir by jni......
03-11 23:46:15.489  2170  3076 D MediaService: dms addShareDir+HiMediaServer+ fail
03-11 23:46:15.489  2170  3076 D UPNP    : com.hisilicon.dlna.dms.MediaService.addDMSSharedDirByStack()  Line:1052  (MediaService.java)
03-11 23:46:15.490  2170  3076 E MediaService: dmsBinder2.create success in BroadCast
03-11 23:46:15.490  2170  3076 D UPNP    : com.hisilicon.dlna.dms.MediaService.addDMSSharedDirByStack()  Line:1056  (MediaService.java)
03-11 23:46:15.790  2204  3116 D [Hisilicon]com.hisilicon.multiscreen.server.MultiScreenService: stopUpnpStack L1492 ---- stopUpnpStack. ---- 
03-11 23:46:15.790  2204  3116 D MultiScreenUpnpDevice: [VPPMULTISCREEN][MultiScreenDeviceStop][:1041]!
03-11 23:46:15.790  2204  3116 E         : Remote_control_PROC_DeleteMode
03-11 23:46:15.790  2204  3116 E         : delete remote control proc fail
03-11 23:46:15.790  2204  3116 I MultiScreenUpnpDevice: [VPPMULTISCREEN][StopAllServices][1098]HI_RemoteCtrl_StopServer finish
03-11 23:46:15.790  2204  3116 I MultiScreenUpnpDevice: [VPPMULTISCREEN][StopAllServices][1105]Hi_MirrorStop finish
03-11 23:46:15.790  2204  3116 D VPP_DLNA_LOG: native_invoke [Native_invoke][:179] 
03-11 23:46:15.793  2204  3116 I [Hisilicon]com.hisilicon.multiscreen.server.MultiScreenService: stopRemoteApp L1614 ---- RemoteApp server has stopped ---- 
03-11 23:46:15.794  2204  3116 I [Hisilicon]com.hisilicon.multiscreen.server.MultiScreenService$1: nativeInvoke L381 ---- call command result 0 ---- 
03-11 23:46:15.794  2204  3116 I MultiScreenUpnpDevice: [VPPMULTISCREEN][StopAllServices][1107]StopRemoteAPP finish
03-11 23:46:15.794  2204  3116 D VPP_DLNA_LOG: native_invoke [Native_invoke][:179] 
03-11 23:46:15.796  2204  3116 I [Hisilicon]com.hisilicon.multiscreen.server.MultiScreenService: stopVIMEControl L1554 ---- VIME Control server has stopped ---- 
03-11 23:46:15.797  2204  3116 I [Hisilicon]com.hisilicon.multiscreen.server.MultiScreenService$1: nativeInvoke L381 ---- call command result 0 ---- 
03-11 23:46:15.797  2204  3116 I MultiScreenUpnpDevice: [VPPMULTISCREEN][StopAllServices][1109]StopVIMEControlrServer finish
03-11 23:46:15.797  2204  3116 D MultiScreenUpnpDevice: MULTISCREEN_UPNP_DEV_PROC_DeleteMode
03-11 23:46:15.797  2204  3116 E MultiScreenUpnpDevice: delete dev proc fail
03-11 23:46:15.816  2204  3116 D [Hisilicon]com.hisilicon.multiscreen.server.MultiScreenService: startUpnpStack L1462 ---- startUpnpStack. ---- 
03-11 23:46:15.818  2204  3116 I [Hisilicon]com.hisilicon.multiscreen.server.MultiScreenService: startUpnpStack L1464 ---- start with net type eth0 ---- 
03-11 23:46:15.820  2204  3116 I MultiScreenUpnpDevice: [VPPMULTISCREEN][MultiScreenDeviceStart][:865] UpnpInit bind net eth0
03-11 23:46:15.822  2204  3116 E VPP_DLNA_LOG: [VPPDLNA][UpnpInit3][:510] === the name is adapter_name: eth0
03-11 23:46:15.822  2204  3116 E VPP_DLNA_LOG: [VPPDLNA]:[getlocalhostname]:the param adapterName is eth0!
03-11 23:46:15.822  2204  3116 E VPP_DLNA_LOG: [VPPDLNA]:[getlocalhostname] find the adapter :eth0,MAC is 001EB8A16CC0
03-11 23:46:15.822  2204  3116 E VPP_DLNA_LOG: [VPPDLNA]:Inside getlocalhostname: after strncpy 192.168.1.30
03-11 23:46:15.873  2204  3116 E MultiScreenUpnpDevice: [VPPMULTISCREEN][MultiScreenDeviceStart][:893] can not load description file from /data/data/com.hisilicon.multiscreen.server/shared_prefs/multiscreendesc.xml, use default description
03-11 23:46:15.882  2204  3116 I MultiScreenUpnpDevice: [VPPMULTISCREEN][MultiScreenDeviceStart][:931] UPnP Initialized tipaddress = 192.168.1.30 port = 49152
03-11 23:46:15.882  2204  3116 I MultiScreenUpnpDevice: [VPPMULTISCREEN][MultiScreenDeviceStart][:941] Initializing State Table
03-11 23:46:15.886  2204  3116 I MultiScreenUpnpDevice: [VPPMULTISCREEN][MultiScreenStateTableInit][:407]:finish MultiScreenStateTableInit
03-11 23:46:15.887  2204  3116 I MultiScreenUpnpDevice: [VPPMULTISCREEN][MultiScreenDeviceStart][:945] Advertisements Sent
03-11 23:46:15.967  1962  1977 I ActivityManager: Waited long enough for: ServiceRecord{2d00a8c8 u0 com.google.android.gms/.common.stats.GmsCoreStatsService}
03-11 23:46:15.967  1962  1977 I ActivityManager: Resuming delayed broadcast
03-11 23:46:15.976  2805  2805 D AlertReceiver: onReceive: a=android.intent.action.PROVIDER_CHANGED Intent { act=android.intent.action.PROVIDER_CHANGED dat=content://com.android.calendar flg=0x10 cmp=com.android.calendar/.alerts.AlertReceiver }
03-11 23:46:15.981  1962  1972 I ActivityManager: Delay finish: com.android.calendar/.alerts.AlertReceiver
03-11 23:46:15.983  2805  3145 D AlertService: 0 Action = android.intent.action.PROVIDER_CHANGED
03-11 23:46:16.745  2204  3116 D MultiScreenUpnpDevice: load compatlist <?xml version="1.0"?>
03-11 23:46:16.745  2204  3116 D MultiScreenUpnpDevice: <deviceList>
03-11 23:46:16.745  2204  3116 D MultiScreenUpnpDevice: <device>
03-11 23:46:16.745  2204  3116 D MultiScreenUpnpDevice: <buildModel>HUAWEI MT1-U06</buildModel>
03-11 23:46:16.745  2204  3116 D MultiScreenUpnpDevice: <sdkVersion>4.1.2</sdkVersion>
03-11 23:46:16.745  2204  3116 D MultiScreenUpnpDevice: </device>
03-11 23:46:16.745  2204  3116 D MultiScreenUpnpDevice: <device>
03-11 23:46:16.745  2204  3116 D MultiScreenUpnpDevice: <buildModel>GT-I9500</buildModel>
03-11 23:46:16.745  2204  3116 D MultiScreenUpnpDevice: <sdkVersion>4.2.2</sdkVersion>
03-11 23:46:16.745  2204  3116 D MultiScreenUpnpDevice: </device>
03-11 23:46:16.745  2204  3116 D MultiScreenUpnpDevice: <device>
03-11 23:46:16.745  2204  3116 D MultiScreenUpnpDevice: <buildModel>H60-L01</buildModel>
03-11 23:46:16.745  2204  3116 D MultiScreenUpnpDevice: <sdkVersion>4.4.2</sdkVersion>
03-11 23:46:16.745  2204  3116 D MultiScreenUpnpDevice: </device>
03-11 23:46:16.745  2204  3116 D MultiScreenUpnpDevice: <device>
03-11 23:46:16.745  2204  3116 D MultiScreenUpnpDevice: <buildModel>H60-L11</buildModel>
03-11 23:46:16.745  2204  3116 D MultiScreenUpnpDevice: <sdkVersion>4.4.2</sdkVersion>
03-11 23:46:16.745  2204  3116 D MultiScreenUpnpDevice: </device>
03-11 23:46:16.745  2204  3116 D MultiScreenUpnpDevice: <device>
03-11 23:46:16.745  2204  3116 D MultiScreenUpnpDevice: <buildModel>H60-L02</buildModel>
03-11 23:46:16.745  2204  3116 D MultiScreenUpnpDevice: <sdkVersion>4.4.2</sdkVersion>
03-11 23:46:16.745  2204  3116 D MultiScreenUpnpDevice: </device>
03-11 23:46:16.745  2204  3116 D MultiScreenUpnpDevice: <device>
03-11 23:46:16.745  2204  3116 D MultiScreenUpnpDevice: <buildModel>H60-L12</buildModel>
03-11 23:46:16.745  2204  3116 D MultiScreenUpnpDevice: <sdkVersion>4.4.2</sdkVersion>
03-11 23:46:16.745  2204  3116 D MultiScreenUpnpDevice: </device>
03-11 23:46:16.745  2204  3116 D MultiScreenUpnpDevice: <device>
03-11 23:46:16.745  2204  3116 D MultiScreenUpnpDevice: <buildModel>SM-G9006V</buildModel>
03-11 23:46:16.745  2204  3116 D MultiScreenUpnpDevice: <sdkVersion>4.4.2</sdkVersion>
03-11 23:46:16.745  2204  3116 D MultiScreenUpnpDevice: </device>
03-11 23:46:16.745  2204  3116 D MultiScreenUpnpDevice: <device>
03-11 23:46:16.745  2204  3116 D MultiScreenUpnpDevice: <buildModel>SM-G9008V</buildModel>
03-11 23:46:16.745  2204  3116 D MultiScreenUpnpDevice: <sdkVersion>4.4.2</sdkVersion>
03-11 23:46:16.745  2204  3116 D MultiScreenUpnpDevice: </device>
03-11 23:46:16.745  2204  3116 D MultiScreenUpnpDevice: </deviceList>
03-11 23:46:16.745  2204  3116 D MultiScreenUpnpDevice:  [MultiScreenDeviceStart][:957]
03-11 23:46:16.745  2204  3116 D MultiScreenUpnpDevice:  
03-11 23:46:16.745  2204  3116 D MultiScreenUpnpDevice: MultiScreen_UPNP_DEV_PROC_CreateMode
03-11 23:46:16.902  2182  3072 D UPNP    : com.hisilicon.dlna.dmr.UpnpBootBroadcastServiceDMR.restartDLNAServer()  Line:264  (restartDLNAServer)
03-11 23:46:16.905  2182  3072 D UpnpBootBroadcastServiceDMR: readConfig
03-11 23:46:16.906  2182  3072 D UPNP    : com.hisilicon.dlna.dmr.UpnpBootBroadcastServiceDMR.readConfig()  Line:426  (UpnpBootBroadcastServiceDMR.java)
03-11 23:46:16.908  2182  3072 D UPNP    : com.hisilicon.dlna.dmr.UpnpBootBroadcastServiceDMR.restartDMR()  Line:257  (restart dmr)
03-11 23:46:16.909  2182  3172 D DMRBinder: destroy()
03-11 23:46:16.909  2182  3172 D DMRManager: destroy
03-11 23:46:16.909  2170  3073 D UPNP    : com.hisilicon.dlna.dms.MediaService.restartDLNAServer()  Line:312  (restartDLNAServer)
03-11 23:46:16.914  2170  3073 D MediaService: readConfig
03-11 23:46:16.915  2182  3072 E UpnpBootBroadcastServiceDMR: getLocalIpAddress:fe80::21e:b8ff:fea1:6cc0%eth0
03-11 23:46:16.917  2170  3073 D UPNP    : com.hisilicon.dlna.dms.MediaService.restartDMS()  Line:305  (restart dms)
03-11 23:46:16.924  2170  3073 E MediaService: getLocalIpAddress:fe80::21e:b8ff:fea1:6cc0%eth0
03-11 23:46:16.954  2182  3172 D DMRBinder: create()
03-11 23:46:16.954  2182  3172 D DMRManager: create
03-11 23:46:16.956  2182  3172 I CommonDef: [getCurrentAdapterName] ethernet is open
03-11 23:46:16.956  2182  3172 E CommonDef: getDatabaseInterfaceName []
03-11 23:46:16.957  2182  3172 D CommonDef: getCurrentAdapterName start strAdapterName=eth0
03-11 23:46:16.958  2182  3172 E VPP_DLNA_LOG: [VPPDLNA][UpnpInit3][:510] === the name is adapter_name: eth0
03-11 23:46:16.958  2182  3172 E VPP_DLNA_LOG: [VPPDLNA]:[getlocalhostname]:the param adapterName is eth0!
03-11 23:46:16.958  2182  3172 E VPP_DLNA_LOG: [VPPDLNA]:[getlocalhostname] find the adapter :eth0,MAC is 001EB8A16CC0
03-11 23:46:16.958  2182  3172 E VPP_DLNA_LOG: [VPPDLNA]:Inside getlocalhostname: after strncpy 192.168.1.30
03-11 23:46:17.317  1962  1977 I ActivityManager: Waited long enough for: ServiceRecord{2cfb8e88 u0 com.android.calendar/.alerts.InitAlarmsService}
03-11 23:46:17.317  1962  1977 I ActivityManager: Resuming delayed broadcast
03-11 23:46:17.332  1962  1972 I ActivityManager: Delay finish: com.google.android.gms/.lockbox.LockboxAlarmReceiver
03-11 23:46:17.366  1962  2221 I ActivityManager: Resuming delayed broadcast
03-11 23:46:17.371  1962  1972 I ActivityManager: Delay finish: com.google.android.gms/.common.download.DownloadAlarmReceiver
03-11 23:46:17.581  1962  2220 I ActivityManager: Resuming delayed broadcast
03-11 23:46:17.589  1458  1458 E ServiceManager: add_service('dmr',0x5b) uid=1000 - ALREADY REGISTERED, OVERRIDE
03-11 23:46:17.589  1458  1458 I ServiceManager: service 'dmr' died
03-11 23:46:17.608  1962  2220 I ActivityManager: Delay finish: com.google.android.gms/.security.snet.SnetReceiver
03-11 23:46:17.654  2283  2471 D dalvikvm: GC_EXPLICIT freed 496K, 27% free 4005K/5472K, paused 3ms+4ms, total 36ms
03-11 23:46:17.701  1962  1966 D dalvikvm: GC_CONCURRENT freed 800K, 12% free 6968K/7848K, paused 3ms+6ms, total 64ms
03-11 23:46:17.702  1962  2221 I ActivityManager: Resuming delayed broadcast
03-11 23:46:17.704  2330  2332 D dalvikvm: GC_CONCURRENT freed 811K, 17% free 4607K/5492K, paused 3ms+3ms, total 30ms
03-11 23:46:17.722  2283  3217 D GCM     : GcmService start Intent { act=com.google.android.checkin.CHECKIN_COMPLETE flg=0x10 cmp=com.google.android.gms/.gcm.GcmService (has extras) } com.google.android.checkin.CHECKIN_COMPLETE
03-11 23:46:17.959  2330  3221 I EventLogService: Aggregate from 1552319809749 (log), 1552319809603 (data)
03-11 23:46:17.994  2283  3219 I GCM     : GCM config loaded
03-11 23:46:18.035  1962  2195 I ActivityManager: Delay finish: com.google.android.gms/.checkin.EventLogService$Receiver
03-11 23:46:18.082  1962  2234 I ActivityManager: Resuming delayed broadcast
03-11 23:46:18.086  1962  2221 I ActivityManager: Delay finish: com.google.android.gms/.auth.be.recovery.AccountRecoveryBackgroundService$Receiver
03-11 23:46:18.095  1962  2074 I ActivityManager: Resuming delayed broadcast
03-11 23:46:18.100  1962  2221 I ActivityManager: Delay finish: com.google.android.gms/.reminders.notification.NotificationReceiver
03-11 23:46:18.110  1962  2075 I ActivityManager: Resuming delayed broadcast
03-11 23:46:18.111  1962  1962 D AlarmManagerService: Kernel timezone updated to 0 minutes west of GMT
03-11 23:46:18.121  1962  2074 I ActivityManager: Delay finish: com.google.android.gms/.checkin.CheckinService$Receiver
03-11 23:46:18.128  2330  3236 E TelephonyManager: cts.appProcess.processName:com.google.android.gms
03-11 23:46:18.130  2330  3236 I CheckinService: Checking schedule, now: 1552347978131 next: 1389117579871
03-11 23:46:18.130  2330  3236 I CheckinService: active receiver: enabled
03-11 23:46:18.144  2330  3236 I CheckinService: Preparing to send checkin request
03-11 23:46:18.144  2330  3236 I EventLogService: Accumulating logs since 1552347978040
03-11 23:46:18.166  2330  3236 I CheckinRequestBuilder: Checkin reason type: 1 attempt count: 1
03-11 23:46:18.169  2330  3236 E ActivityThread: Failed to find provider info for com.google.android.wearable.settings
03-11 23:46:18.214  1962  2034 D ConnectivityService: handleInetConditionChange: net=1 != default=9 - ignore
03-11 23:46:18.226  1962  2034 D ConnectivityService: handleInetConditionChange: net=1 != default=9 - ignore
03-11 23:46:18.230  1962  2034 D ConnectivityService: handleInetConditionChange: net=1 != default=9 - ignore
03-11 23:46:18.236  2330  3236 E TelephonyManager: cts.appProcess.processName:com.google.android.gms
03-11 23:46:18.237  2330  3236 E CheckinRequestBuilder: TelephonyManager.getDeviceId() must return a 15-decimal-digit IMEI, a 14-hex-digit MEID or an 8-hex-digit ESN 
03-11 23:46:18.295  1962  2221 I ActivityManager: Start proc com.google.android.gms.unstable for service com.google.android.gms/.droidguard.DroidGuardService: pid=3239 uid=10006 gids={50006, 3003, 1007, 1028, 1015, 3002, 3001, 3007, 2001, 3006}
03-11 23:46:18.297  3239  3239 E Environment: canonicalPath = /mnt/sdcard
03-11 23:46:18.320  3239  3239 W dalvikvm: VFY: unable to resolve static field 560 (PR_SET_DUMPABLE) in Landroid/system/OsConstants;
03-11 23:46:18.320  3239  3239 D dalvikvm: VFY: replacing opcode 0x60 at 0x000b
03-11 23:46:18.324  3239  3239 I dalvikvm: Could not find method com.google.android.gms.common.app.GmsApplication.getSystemService, referenced from method com.google.android.gms.common.app.GmsApplication.onCreate
03-11 23:46:18.324  3239  3239 W dalvikvm: VFY: unable to resolve virtual method 12441: Lcom/google/android/gms/common/app/GmsApplication;.getSystemService (Ljava/lang/Class;)Ljava/lang/Object;
03-11 23:46:18.324  3239  3239 D dalvikvm: VFY: replacing opcode 0x6e at 0x00cd
03-11 23:46:18.327  3239  3239 I MultiDex: VM with version 1.6.0 does not have multidex support
03-11 23:46:18.327  3239  3239 I MultiDex: install
03-11 23:46:18.328  3239  3239 I MultiDex: MultiDexExtractor.load(/system/priv-app/PrebuiltGmsCore.apk, false)
03-11 23:46:18.334  3239  3239 I MultiDex: loading existing secondary dex files
03-11 23:46:18.335  3239  3239 I MultiDex: load found 3 secondary dex files
03-11 23:46:18.340  3239  3239 I MultiDex: install done
03-11 23:46:18.362  3239  3239 D dalvikvm: DexOpt: couldn't find static field Landroid/os/Build;.SUPPORTED_ABIS
03-11 23:46:18.362  3239  3239 W dalvikvm: VFY: unable to resolve static field 120 (SUPPORTED_ABIS) in Landroid/os/Build;
03-11 23:46:18.362  3239  3239 D dalvikvm: VFY: replacing opcode 0x62 at 0x000a
03-11 23:46:18.362  3239  3239 D dalvikvm: DexOpt: couldn't find field Landroid/content/pm/ApplicationInfo;.splitSourceDirs
03-11 23:46:18.362  3239  3239 W dalvikvm: VFY: unable to resolve instance field 36
03-11 23:46:18.363  3239  3239 D dalvikvm: VFY: replacing opcode 0x54 at 0x005f
03-11 23:46:18.364  3239  3239 D dalvikvm: DexOpt: couldn't find static field Landroid/os/Build;.SUPPORTED_ABIS
03-11 23:46:18.364  3239  3239 W dalvikvm: VFY: unable to resolve static field 120 (SUPPORTED_ABIS) in Landroid/os/Build;
03-11 23:46:18.364  3239  3239 D dalvikvm: VFY: replacing opcode 0x62 at 0x0047
03-11 23:46:18.365  3239  3239 D dalvikvm: DexOpt: couldn't find field Landroid/content/pm/ApplicationInfo;.splitSourceDirs
03-11 23:46:18.365  3239  3239 I dalvikvm: DexOpt: unable to optimize instance field ref 0x0024 at 0x63 in Lcom/google/android/gms/common/util/ba;.b
03-11 23:46:18.368  3239  3239 D dalvikvm: No JNI_OnLoad found in /system/lib/libgmscore.so 0x2cbaf9b8, skipping init
03-11 23:46:18.369  3239  3239 V JNIHelp : Registering com/google/android/gms/org/conscrypt/NativeCrypto's 254 native methods...
03-11 23:46:18.436  3239  3239 I ProviderInstaller: Installed default security provider GmsCore_OpenSSL
03-11 23:46:18.474  3239  3242 D dalvikvm: GC_CONCURRENT freed 611K, 17% free 3369K/4052K, paused 2ms+1ms, total 17ms
03-11 23:46:18.474  3239  3239 D dalvikvm: WAIT_FOR_CONCURRENT_GC blocked 7ms
03-11 23:46:18.474  3239  3254 D dalvikvm: WAIT_FOR_CONCURRENT_GC blocked 7ms
03-11 23:46:18.475  3239  3239 I dalvikvm: Could not find method android.app.Notification$Builder.setLocalOnly, referenced from method com.google.android.gms.common.os.b
03-11 23:46:18.475  3239  3239 W dalvikvm: VFY: unable to resolve virtual method 142: Landroid/app/Notification$Builder;.setLocalOnly (Z)Landroid/app/Notification$Builder;
03-11 23:46:18.475  3239  3239 D dalvikvm: VFY: replacing opcode 0x6e at 0x00ce
03-11 23:46:18.476  3239  3239 I dalvikvm: Could not find method android.content.pm.PackageManager.getPackageInstaller, referenced from method com.google.android.gms.common.ou.a
03-11 23:46:18.476  3239  3239 W dalvikvm: VFY: unable to resolve virtual method 430: Landroid/content/pm/PackageManager;.getPackageInstaller ()Landroid/content/pm/PackageInstaller;
03-11 23:46:18.476  3239  3239 D dalvikvm: VFY: replacing opcode 0x6e at 0x000d
03-11 23:46:18.491  3239  3239 I dalvikvm: Failed resolving Lcom/google/android/gms/common/j/c; interface 119 'Landroid/content/pm/PackageManager$OnPermissionsChangedListener;'
03-11 23:46:18.491  3239  3239 W dalvikvm: Link of class 'Lcom/google/android/gms/common/j/c;' failed
03-11 23:46:18.491  3239  3239 E dalvikvm: Could not find class 'com.google.android.gms.common.j.c', referenced from method com.google.android.gms.common.j.b.a
03-11 23:46:18.491  3239  3239 W dalvikvm: VFY: unable to resolve new-instance 2862 (Lcom/google/android/gms/common/j/c;) in Lcom/google/android/gms/common/j/b;
03-11 23:46:18.491  3239  3239 D dalvikvm: VFY: replacing opcode 0x22 at 0x0000
03-11 23:46:18.491  3239  3239 I dalvikvm: Could not find method android.content.Context.checkSelfPermission, referenced from method com.google.android.gms.common.j.b.b
03-11 23:46:18.491  3239  3239 W dalvikvm: VFY: unable to resolve virtual method 276: Landroid/content/Context;.checkSelfPermission (Ljava/lang/String;)I
03-11 23:46:18.491  3239  3239 D dalvikvm: VFY: replacing opcode 0x6e at 0x0036
03-11 23:46:18.492  3239  3239 I dalvikvm: Failed resolving Lcom/google/android/gms/common/j/c; interface 119 'Landroid/content/pm/PackageManager$OnPermissionsChangedListener;'
03-11 23:46:18.492  3239  3239 W dalvikvm: Link of class 'Lcom/google/android/gms/common/j/c;' failed
03-11 23:46:18.493  3239  3239 D dalvikvm: DexOpt: unable to opt direct call 0x363b at 0x02 in Lcom/google/android/gms/common/j/b;.a
03-11 23:46:18.563  1465  2040 E Drm     : Failed to open plugin directory /vendor/lib/mediadrm
03-11 23:46:18.564  3239  3255 W DG.WV   : Widevine DRM not supported on this device
03-11 23:46:18.564  3239  3255 W DG.WV   : android.media.UnsupportedSchemeException: Failed to instantiate drm object.
03-11 23:46:18.564  3239  3255 W DG.WV   : 	at android.media.MediaDrm.native_setup(Native Method)
03-11 23:46:18.564  3239  3255 W DG.WV   : 	at android.media.MediaDrm.<init>(MediaDrm.java:163)
03-11 23:46:18.564  3239  3255 W DG.WV   : 	at com.google.android.gms.droidguard.q.run(:com.google.android.gms:99)
03-11 23:46:18.564  3239  3255 W DG.WV   : 	at java.util.concurrent.ThreadPoolExecutor.runWorker(ThreadPoolExecutor.java:1112)
03-11 23:46:18.564  3239  3255 W DG.WV   : 	at java.util.concurrent.ThreadPoolExecutor$Worker.run(ThreadPoolExecutor.java:587)
03-11 23:46:18.564  3239  3255 W DG.WV   : 	at java.lang.Thread.run(Thread.java:841)
03-11 23:46:18.576  3239  3242 D dalvikvm: GC_CONCURRENT freed 472K, 13% free 3894K/4444K, paused 1ms+3ms, total 21ms
03-11 23:46:18.610  3239  3254 D NativeLibraryUtils: Install completed successfully. count=0 extracted=0
03-11 23:46:18.629  3239  3250 I dalvikvm: Could not find method android.os.PowerManager.isInteractive, referenced from method com.google.android.gms.common.util.aa.a
03-11 23:46:18.629  3239  3250 W dalvikvm: VFY: unable to resolve virtual method 1255: Landroid/os/PowerManager;.isInteractive ()Z
03-11 23:46:18.629  3239  3250 D dalvikvm: VFY: replacing opcode 0x6e at 0x003d
03-11 23:46:18.634  3239  3250 W dalvikvm: VFY: unable to find class referenced in signature (Landroid/net/Network;)
03-11 23:46:18.635  3239  3250 W dalvikvm: VFY: unable to find class referenced in signature (Landroid/net/Network;)
03-11 23:46:18.638  3239  3250 W dalvikvm: VFY: unable to find class referenced in signature (Landroid/net/Network;)
03-11 23:46:18.639  3239  3250 I dalvikvm: Could not find method android.net.Network.openConnection, referenced from method com.google.android.gms.http.g.a
03-11 23:46:18.639  3239  3250 W dalvikvm: VFY: unable to resolve virtual method 1029: Landroid/net/Network;.openConnection (Ljava/net/URL;)Ljava/net/URLConnection;
03-11 23:46:18.639  3239  3250 D dalvikvm: VFY: replacing opcode 0x6e at 0x00bb
03-11 23:46:18.646  3239  3250 I GoogleURLConnFactory: Using platform SSLCertificateSocketFactory
03-11 23:46:18.990  3239  3242 D dalvikvm: GC_CONCURRENT freed 714K, 16% free 4196K/4984K, paused 1ms+5ms, total 22ms
03-11 23:46:19.042  3239  3250 D dalvikvm: GC_FOR_ALLOC freed 795K, 30% free 3649K/5168K, paused 15ms, total 15ms
03-11 23:46:19.043  3239  3250 I dalvikvm-heap: Grow heap (frag case) to 3.990MB for 375042-byte allocation
03-11 23:46:19.057  3239  3247 D dalvikvm: GC_FOR_ALLOC freed <1K, 28% free 4015K/5536K, paused 14ms, total 14ms
03-11 23:46:19.073  3239  3250 D dalvikvm: GC_FOR_ALLOC freed 562K, 35% free 3652K/5536K, paused 12ms, total 12ms
03-11 23:46:19.096  3239  3250 D dalvikvm: GC_FOR_ALLOC freed 580K, 34% free 3690K/5536K, paused 12ms, total 12ms
03-11 23:46:19.204  3239  3250 D dalvikvm: DexOpt: --- BEGIN 'the.apk' (bootstrap=0) ---
03-11 23:46:19.261  3276  3276 D dalvikvm: DexOpt: load 4ms, verify+opt 11ms, 170884 bytes
03-11 23:46:19.277  3239  3250 D dalvikvm: DexOpt: --- END 'the.apk' (success) ---
03-11 23:46:19.277  3239  3250 D dalvikvm: DEX prep '/data/data/com.google.android.gms/app_dg_cache/0A08C3924C2F125ECDE814ABCD25AE4902633390/the.apk': unzip in 0ms, rewrite 72ms
03-11 23:46:19.324  3239  3242 D dalvikvm: GC_CONCURRENT freed 850K, 31% free 3860K/5536K, paused 2ms+2ms, total 18ms
03-11 23:46:19.388  3239  3250 D dalvikvm: Trying to load lib /data/data/com.google.android.gms/app_dg_cache/0A08C3924C2F125ECDE814ABCD25AE4902633390/libd2C22E41CF0AC.so 0x2cc33b80
03-11 23:46:19.389  3239  3250 D dalvikvm: Added shared lib /data/data/com.google.android.gms/app_dg_cache/0A08C3924C2F125ECDE814ABCD25AE4902633390/libd2C22E41CF0AC.so 0x2cc33b80
03-11 23:46:19.389  3239  3250 D dalvikvm: No JNI_OnLoad found in /data/data/com.google.android.gms/app_dg_cache/0A08C3924C2F125ECDE814ABCD25AE4902633390/libd2C22E41CF0AC.so 0x2cc33b80, skipping init
03-11 23:46:19.792  3239  3242 D dalvikvm: GC_CONCURRENT freed 671K, 24% free 4213K/5536K, paused 1ms+2ms, total 20ms
03-11 23:46:19.792  3239  3250 D dalvikvm: WAIT_FOR_CONCURRENT_GC blocked 4ms
03-11 23:46:20.192  2330  3236 I CheckinRequestBuilder: Classify the device as Tablet.
03-11 23:46:20.333  2330  2332 D dalvikvm: GC_CONCURRENT freed 776K, 16% free 4790K/5640K, paused 3ms+7ms, total 40ms
03-11 23:46:20.438  2330  3236 I CheckinTask: Sending checkin request (10079 bytes)
03-11 23:46:20.660  2330  2332 D dalvikvm: GC_CONCURRENT freed 661K, 13% free 5145K/5880K, paused 3ms+4ms, total 29ms
03-11 23:46:20.661  2330  3236 D dalvikvm: WAIT_FOR_CONCURRENT_GC blocked 19ms
03-11 23:46:20.676  2330  3236 I CheckinResponseProcessor: From server: 1323 gservices [full]
03-11 23:46:20.719  2283  2287 D dalvikvm: GC_CONCURRENT freed 731K, 22% free 4296K/5472K, paused 2ms+3ms, total 23ms
03-11 23:46:20.719  2283  2471 D dalvikvm: WAIT_FOR_CONCURRENT_GC blocked 17ms
03-11 23:46:20.983  2805  3145 I GlobalDismissManager: no sender configured
03-11 23:46:20.984  2805  3145 D AlertService: Beginning updateAlertNotification
03-11 23:46:20.992  2805  3145 D AlertService: No fired or scheduled alerts
03-11 23:46:20.999  2805  3145 D AlertService: Scheduling next alarm with AlarmScheduler. sEventReminderReceived: null
03-11 23:46:21.005  1480  2984 V WI_BEAN : ## BeanSuccess[1], resp[0], emsg[0], token[1] ##
03-11 23:46:21.010  2805  3145 D AlarmScheduler: No events found starting within 1 week.
03-11 23:46:21.012  1962  1972 I ActivityManager: Resuming delayed broadcast
03-11 23:46:21.049  1962  2235 I ActivityManager: Delay finish: com.android.providers.calendar/.CalendarProviderBroadcastReceiver
03-11 23:46:21.072  1962  1972 I ActivityManager: Resuming delayed broadcast
03-11 23:46:21.087  2156  2156 I dalvikvm: Could not find method android.content.pm.PackageManager.getLeanbackLaunchIntentForPackage, referenced from method com.google.android.finsky.utils.cq.a
03-11 23:46:21.087  2156  2156 W dalvikvm: VFY: unable to resolve virtual method 911: Landroid/content/pm/PackageManager;.getLeanbackLaunchIntentForPackage (Ljava/lang/String;)Landroid/content/Intent;
03-11 23:46:21.087  2156  2156 D dalvikvm: VFY: replacing opcode 0x6e at 0x0017
03-11 23:46:21.087  1962  3324 I CertBlacklister: Certificate blacklist changed, updating...
03-11 23:46:21.095  1962  3324 I CertBlacklister: Certificate blacklist updated
03-11 23:46:21.097  1962  2221 I ActivityManager: Delay finish: com.google.android.gms/.chimera.GmsIntentOperationService$PersistentExternalReceiver
03-11 23:46:21.106  2283  2471 I GservicesProvider: main update completed
03-11 23:46:21.110  2330  3236 I CheckinRequestBuilder: Checkin reason type: 1 attempt count: 1
03-11 23:46:21.111  2330  3236 E ActivityThread: Failed to find provider info for com.google.android.wearable.settings
03-11 23:46:21.128  2330  3326 D PkgBroadcastIntentOp: Received broadcast action=android.intent.action.PACKAGE_CHANGED and uri=com.google.android.gms
03-11 23:46:21.128  2330  3326 I PkgBroadcastIntentOp: Null package name or gms related package.  Ignoreing.
03-11 23:46:21.146  2330  3326 D WearableController: Received broadcast action=android.intent.action.PACKAGE_CHANGED and uri=com.google.android.gms
03-11 23:46:21.173  2330  2757 I CheckinService: Done disabling old GoogleServicesFramework version
03-11 23:46:21.199  2330  3236 E TelephonyManager: cts.appProcess.processName:com.google.android.gms
03-11 23:46:21.200  2330  3236 E CheckinRequestBuilder: TelephonyManager.getDeviceId() must return a 15-decimal-digit IMEI, a 14-hex-digit MEID or an 8-hex-digit ESN 
03-11 23:46:21.201  2330  2780 I Icing   : Storage manager: low false usage 1,65MB avail 5,88GB capacity 6,12GB
03-11 23:46:21.230  2330  3236 I CheckinRequestBuilder: Classify the device as Tablet.
03-11 23:46:21.230  2330  2780 I dalvikvm: Could not find method android.os.UserHandle.isOwner, referenced from method com.google.android.gms.icing.b.g.a
03-11 23:46:21.230  2330  2780 W dalvikvm: VFY: unable to resolve virtual method 1295: Landroid/os/UserHandle;.isOwner ()Z
03-11 23:46:21.230  2330  2780 D dalvikvm: VFY: replacing opcode 0x6e at 0x0029
03-11 23:46:21.255  2330  3236 I CheckinTask: Checkin success: https://android.clients.google.com/checkin (1 requests sent)
03-11 23:46:21.255  2330  3236 I CheckinService: From server: Intent { act=com.google.android.gms.checkin.NOOP }
03-11 23:46:21.259  2330  3236 E TelephonyManager: cts.appProcess.processName:com.google.android.gms
03-11 23:46:21.272  2330  3236 I CheckinService: Checking schedule, now: 1552347981273 next: 1552931142256
03-11 23:46:21.272  2330  3236 I CheckinService: active receiver: disabled
03-11 23:46:21.293  2330  2330 D CheckinService: Recording last checkin time for package unspecified as 1552347981293
03-11 23:46:21.304  2330  2332 D dalvikvm: GC_CONCURRENT freed 1018K, 18% free 5145K/6240K, paused 4ms+4ms, total 38ms
03-11 23:46:21.304  2330  2564 D dalvikvm: WAIT_FOR_CONCURRENT_GC blocked 10ms
03-11 23:46:21.330  2330  2780 E Icing   : Array storage bad crc 3199768013 vs 1246740510
03-11 23:46:21.331  2330  2780 E Icing   : Array storage bad crc 589919822 vs 3996480321
03-11 23:46:21.335  2330  2780 E Icing   : Array storage bad crc 3838467221 vs 1370146115
03-11 23:46:21.335  2330  2780 E Icing   : Trie mmap suffix failed
03-11 23:46:21.345  2330  2780 W Icing   : Docstore bad crc 0x4c22251d vs 0x5a5c646d
03-11 23:46:21.388  2330  2780 E Icing   : Lite index crc check failed: 855421024 vs 939149458
03-11 23:46:21.553  2330  2780 I Icing   : updateResources: need to parse f{com.google.android.gms}
03-11 23:46:21.759  2330  2780 I Icing   : Internal init done: storage state 0
03-11 23:46:21.766  2330  2780 I Icing   : 6 corpora need re-polling
03-11 23:46:21.805  2330  2332 D dalvikvm: GC_CONCURRENT freed 1227K, 22% free 4869K/6240K, paused 4ms+5ms, total 36ms
03-11 23:46:21.814  2330  2780 I Icing   : Post-init done
03-11 23:46:21.816  2330  2780 I Icing   : updateResources: need to parse f{com.google.android.gms}
03-11 23:46:21.972  2330  2780 I Icing   : Indexing 35C6B2551596051EC2B7A8BFD548D2F4676A57B1 from com.google.android.gms
03-11 23:46:21.984  2330  2780 I Icing   : Indexing done 35C6B2551596051EC2B7A8BFD548D2F4676A57B1
03-11 23:46:21.993  2330  2780 I Icing   : Indexing 03EDB384A4F5DE25B3DF8DC950D19AF9F8C46907 from com.google.android.gms
03-11 23:46:22.117  2330  2332 D dalvikvm: GC_CONCURRENT freed 781K, 19% free 5097K/6240K, paused 3ms+4ms, total 29ms
03-11 23:46:22.275  2330  2332 D dalvikvm: GC_CONCURRENT freed 1022K, 19% free 5099K/6240K, paused 3ms+3ms, total 31ms
03-11 23:46:22.275  2330  2780 D dalvikvm: WAIT_FOR_CONCURRENT_GC blocked 11ms
03-11 23:46:22.349  2330  2780 W Icing   : Content incarnation mismatch: Expected [2b216e72cad40762] found [43c6be7bd712a797]
03-11 23:46:22.349  2330  2780 I Icing   : Indexing done 03EDB384A4F5DE25B3DF8DC950D19AF9F8C46907
03-11 23:46:22.350  2330  2780 E Icing   : Aborting indexing of corpus apps
03-11 23:46:22.353  2330  2780 I Icing   : Indexing A652BB0F1CCCAF287989406DFC2CDC4B7C781426 from com.google.android.gms
