01-01 00:00:15.505  1962  2032 D WifiStateMachine: processMsg: DefaultState
01-01 00:00:15.508  1962  2032 E WifiStateMachine: Error! unhandled message{ when=0 what=131157 target=com.android.internal.util.StateMachine$SmHandler }
01-01 00:00:15.508  1962  2032 D WifiStateMachine: handleMessage: X
01-01 00:00:15.519  2236  2236 I         : sambaStart(IClient)
01-01 00:00:15.519  1470  1470 I         : sambaStart(server)
01-01 00:00:15.519  1470  1470 I         : In function start smbd
01-01 00:00:15.519  1480  1480 I DVBSTACK: [Reply] DVB_DB_CONFIG_Get(33), size:8 (DvbService.cpp, 203)
01-01 00:00:15.520  1480  2006 I DVBSTACK: [Reply] DVB_DB_CONFIG_Get(33), size:8 (DvbService.cpp, 203)
01-01 00:00:15.520  1480  1480 I DVBSTACK: [Reply] DVB_DB_CONFIG_Get(33), size:8 (DvbService.cpp, 203)
01-01 00:00:15.531  1962  2032 D WifiStateMachine: handleMessage: E msg.what=131143
01-01 00:00:15.531  1962  2032 D WifiStateMachine: processMsg: InitialState
01-01 00:00:15.531  1962  2032 D WifiStateMachine: processMsg: DefaultState
01-01 00:00:15.531  1962  2032 D WifiStateMachine: handleMessage: X
01-01 00:00:15.585  2396  2396 I GCoreUlr: DispatchingService.onCreate()
01-01 00:00:15.639  1962  2074 D dalvikvm: GC_EXPLICIT freed 318K, 11% free 6594K/7328K, paused 3ms+5ms, total 66ms
01-01 00:00:15.665  2396  2396 I dalvikvm: Could not find method android.os.UserManager.isManagedProfile, referenced from method com.google.android.gms.tapandpay.j.f.a
01-01 00:00:15.665  2396  2396 W dalvikvm: VFY: unable to resolve virtual method 1563: Landroid/os/UserManager;.isManagedProfile ()Z
01-01 00:00:15.665  2396  2396 D dalvikvm: VFY: replacing opcode 0x6e at 0x0037
01-01 00:00:15.673  2283  2283 W dalvikvm: VFY: unable to resolve static field 560 (PR_SET_DUMPABLE) in Landroid/system/OsConstants;
01-01 00:00:15.673  2283  2283 D dalvikvm: VFY: replacing opcode 0x60 at 0x000b
01-01 00:00:15.680  2283  2283 I dalvikvm: Could not find method com.google.android.gms.common.app.GmsApplication.getSystemService, referenced from method com.google.android.gms.common.app.GmsApplication.onCreate
01-01 00:00:15.680  2283  2283 W dalvikvm: VFY: unable to resolve virtual method 12441: Lcom/google/android/gms/common/app/GmsApplication;.getSystemService (Ljava/lang/Class;)Ljava/lang/Object;
01-01 00:00:15.680  2283  2283 D dalvikvm: VFY: replacing opcode 0x6e at 0x00cd
01-01 00:00:15.685  2283  2283 I MultiDex: VM with version 1.6.0 does not have multidex support
01-01 00:00:15.685  2283  2283 I MultiDex: install
01-01 00:00:15.687  2283  2283 I MultiDex: MultiDexExtractor.load(/system/priv-app/PrebuiltGmsCore.apk, false)
01-01 00:00:15.700  2283  2283 I MultiDex: loading existing secondary dex files
01-01 00:00:15.703  2283  2283 I MultiDex: load found 3 secondary dex files
01-01 00:00:15.711  2396  2399 D dalvikvm: GC_CONCURRENT freed 696K, 16% free 4084K/4844K, paused 2ms+6ms, total 50ms
01-01 00:00:15.712  2283  2283 I MultiDex: install done
01-01 00:00:15.717  2396  2498 I GCoreUlr: WorldUpdater received intent Intent { act=com.google.android.location.reporting.ACTION_UPDATE_WORLD cmp=com.google.android.gms/com.google.android.location.reporting.service.DispatchingService (has extras) } with receiverAction android.intent.action.ACTION_POWER_DISCONNECTED
01-01 00:00:15.730  2236  2236 I DvbCallbackListener: -------------->addDvbListener : CiMessageDialog
01-01 00:00:15.731  1480  2006 I DVBSTACK: [Reply] DVB_SYS_LuncherStart(8), size:8 (DvbService.cpp, 203)
01-01 00:00:15.743  2283  2283 D dalvikvm: DexOpt: couldn't find static field Landroid/os/Build;.SUPPORTED_ABIS
01-01 00:00:15.744  2283  2283 W dalvikvm: VFY: unable to resolve static field 120 (SUPPORTED_ABIS) in Landroid/os/Build;
01-01 00:00:15.744  2283  2283 D dalvikvm: VFY: replacing opcode 0x62 at 0x000a
01-01 00:00:15.744  2283  2283 D dalvikvm: DexOpt: couldn't find field Landroid/content/pm/ApplicationInfo;.splitSourceDirs
01-01 00:00:15.744  2283  2283 W dalvikvm: VFY: unable to resolve instance field 36
01-01 00:00:15.744  2283  2283 D dalvikvm: VFY: replacing opcode 0x54 at 0x005f
01-01 00:00:15.746  2283  2283 D dalvikvm: DexOpt: couldn't find static field Landroid/os/Build;.SUPPORTED_ABIS
01-01 00:00:15.746  2283  2283 W dalvikvm: VFY: unable to resolve static field 120 (SUPPORTED_ABIS) in Landroid/os/Build;
01-01 00:00:15.746  2283  2283 D dalvikvm: VFY: replacing opcode 0x62 at 0x0047
01-01 00:00:15.748  2283  2283 D dalvikvm: DexOpt: couldn't find field Landroid/content/pm/ApplicationInfo;.splitSourceDirs
01-01 00:00:15.748  2283  2283 I dalvikvm: DexOpt: unable to optimize instance field ref 0x0024 at 0x63 in Lcom/google/android/gms/common/util/ba;.b
01-01 00:00:15.754  2283  2283 D dalvikvm: No JNI_OnLoad found in /system/lib/libgmscore.so 0x2cc81ed8, skipping init
01-01 00:00:15.755  1480  1480 I DVBSTACK: [Reply] DVB_STORAGE_RecordPath(246), size:4 (DvbService.cpp, 203)
01-01 00:00:15.762  2283  2283 V JNIHelp : Registering com/google/android/gms/org/conscrypt/NativeCrypto's 254 native methods...
01-01 00:00:15.778  2396  2499 W dalvikvm: VFY: unable to find class referenced in signature (Lcom/android/location/provider/ActivityChangedEvent;)
01-01 00:00:15.778  2396  2499 I dalvikvm: Could not find method com.android.location.provider.ActivityChangedEvent.getActivityRecognitionEvents, referenced from method com.google.android.location.a.j.a
01-01 00:00:15.778  2396  2499 W dalvikvm: VFY: unable to resolve virtual method 3515: Lcom/android/location/provider/ActivityChangedEvent;.getActivityRecognitionEvents ()Ljava/lang/Iterable;
01-01 00:00:15.778  2396  2499 D dalvikvm: VFY: replacing opcode 0x6e at 0x0009
01-01 00:00:15.785  1480  2006 I DVBSTACK: [Reply] DVB_DB_CONFIG_Get(33), size:8 (DvbService.cpp, 203)
01-01 00:00:15.785  1480  1480 I DVBSTACK: [Reply] DVB_DB_CONFIG_Get(33), size:8 (DvbService.cpp, 203)
01-01 00:00:15.787  1480  2006 I DVBSTACK: [Reply] DVB_SYS_BootSource(9), size:8 (DvbService.cpp, 203)
01-01 00:00:15.788  1480  1480 I DVBSTACK: [Reply] DVB_DB_CONFIG_Get(33), size:8 (DvbService.cpp, 203)
01-01 00:00:15.788  2236  2236 V Home    : !!!!!!!! Wakeupsrc 0
01-01 00:00:15.788  1480  2006 I DVBSTACK: [Reply] DVB_DB_CONFIG_Get(33), size:8 (DvbService.cpp, 203)
01-01 00:00:15.788  1480  1480 I DVBSTACK: [Reply] DVB_DB_CONFIG_Get(33), size:8 (DvbService.cpp, 203)
01-01 00:00:15.806  1470  1470 I         : In function start nmbd
01-01 00:00:15.836  2236  2236 D Supremo : [MultiFeedManager] setInfoBar : com.android.dvb.common.view.WMessageBar{2d767370 I.E..... ......I. 0,0-0,0 #7f0d00d4 app:id/information_bottom_msg}
01-01 00:00:15.837  2236  2236 V Home    : onResume E
01-01 00:00:15.837  2236  2236 V Home    : Sys Boot Check onResume : true
01-01 00:00:15.847  2396  2498 I GCoreUlr: WorldUpdater:android.intent.action.ACTION_POWER_DISCONNECTED: Ensuring that reporting is stopped because of reasons: (no Google accounts)
01-01 00:00:15.868  2396  2498 I GCoreUlr: Unbound from all location providers
01-01 00:00:15.868  2396  2498 I GCoreUlr: Place inference reporting - stopped
01-01 00:00:15.900  2396  2396 I GCoreUlr: DispatchingService.onDestroy()
01-01 00:00:15.900  2396  2396 I GCoreUlr: Stopping handler for UlrDispSvcFast
01-01 00:00:15.906  2396  2396 I GCoreUlr: Unbound from all location providers
01-01 00:00:15.906  2396  2396 I GCoreUlr: Place inference reporting - stopped
01-01 00:00:15.913  1470  1470 I         : sambaStart(server) ret = 0
01-01 00:00:15.942  2283  2283 I ProviderInstaller: Installed default security provider GmsCore_OpenSSL
01-01 00:00:15.954  1480  2006 I DVBSTACK: [Reply] DVB_SYS_ChangeContext(1), size:12 (DvbService.cpp, 203)
01-01 00:00:15.971  2396  2396 I GCoreNlp: shouldConfirmNlp, NLP off. Ensuring opt-in disabled
01-01 00:00:15.991  2283  2287 D dalvikvm: GC_CONCURRENT freed 717K, 19% free 3780K/4636K, paused 1ms+4ms, total 21ms
01-01 00:00:15.993  2283  2471 D dalvikvm: WAIT_FOR_CONCURRENT_GC blocked 10ms
01-01 00:00:16.002  2396  2396 I GCoreUlr: Starting service, intent=Intent { act=com.google.android.location.reporting.ACTION_UPDATE_WORLD cmp=com.google.android.gms/com.google.android.location.reporting.service.DispatchingService (has extras) }, extras=Bundle[{receiverAction=android.location.PROVIDERS_CHANGED}]
01-01 00:00:16.005  2396  2396 I GCoreUlr: DispatchingService.onCreate()
01-01 00:00:16.007  2156  2156 W Finsky  : [1] com.google.android.finsky.FinskyApp.i(1358): No account configured on this device.
01-01 00:00:16.021  2423  2423 D BluetoothAdapter: 750512592: getState() :  mService = null. Returning STATE_OFF
01-01 00:00:16.036  1962  2075 I ActivityManager: Start proc com.google.android.partnersetup for broadcast com.google.android.partnersetup/.PhoneStateReceiver: pid=2527 uid=10008 gids={50008, 3003}
01-01 00:00:16.037  2283  2471 D dalvikvm: GC_EXPLICIT freed 105K, 18% free 3818K/4636K, paused 5ms+4ms, total 44ms
01-01 00:00:16.042  2527  2527 E Environment: canonicalPath = /mnt/sdcard
01-01 00:00:16.079  2396  2540 I GCoreUlr: WorldUpdater received intent Intent { act=com.google.android.location.reporting.ACTION_UPDATE_WORLD cmp=com.google.android.gms/com.google.android.location.reporting.service.DispatchingService (has extras) } with receiverAction android.location.PROVIDERS_CHANGED
01-01 00:00:16.085  1480  2005 E HI_AO   : [1259979478 ERROR-HI_AO]:HI_MPI_AO_Track_SetChannelMode[983]:track(0x0) is not ao handle!
01-01 00:00:16.085  1480  2005 E HI_AO   : [1259979478 ERROR-HI_AO]:HI_UNF_SND_SetTrackChannelMode[689]:Set Track(0) SoftTrackMode failed.
01-01 00:00:16.107  2396  2499 W Settings: Setting airplane_mode_on has moved from android.provider.Settings.System to android.provider.Settings.Global, returning read-only value.
01-01 00:00:16.120  2396  2499 W Settings: Setting airplane_mode_on has moved from android.provider.Settings.System to android.provider.Settings.Global, returning read-only value.
01-01 00:00:16.133  2283  2524 D NativeLibraryUtils: Install completed successfully. count=0 extracted=0
01-01 00:00:16.144  2396  2399 D dalvikvm: GC_CONCURRENT freed 711K, 16% free 4295K/5076K, paused 3ms+10ms, total 37ms
01-01 00:00:16.153  2396  2540 I GCoreUlr: WorldUpdater:android.location.PROVIDERS_CHANGED: Ensuring that reporting is stopped because of reasons: (no Google accounts)
01-01 00:00:16.165  2396  2540 I GCoreUlr: Unbound from all location providers
01-01 00:00:16.165  2396  2540 I GCoreUlr: Place inference reporting - stopped
01-01 00:00:16.175  1480  1480 I DVBSTACK: [Reply] DVB_DB_CONFIG_Get(33), size:8 (DvbService.cpp, 203)
01-01 00:00:16.176  1480  2006 I DVBSTACK: [Reply] DVB_DB_CONFIG_Get(33), size:8 (DvbService.cpp, 203)
01-01 00:00:16.176  1480  1480 I DVBSTACK: [Reply] DVB_DB_CONFIG_Get(33), size:8 (DvbService.cpp, 203)
01-01 00:00:16.176  2236  2236 V PvrManager: getModePlayback : 0
01-01 00:00:16.177  1480  2006 I DVBSTACK: [Reply] DVB_DB_CONFIG_Get(33), size:8 (DvbService.cpp, 203)
01-01 00:00:16.179  1480  1480 I DVBSTACK: [Reply] DVB_DB_CONFIG_Get(33), size:8 (DvbService.cpp, 203)
01-01 00:00:16.180  1480  2006 I DVBSTACK: [Reply] DVB_DB_CONFIG_Get(33), size:8 (DvbService.cpp, 203)
01-01 00:00:16.180  1480  1480 I DVBSTACK: [Reply] DVB_DB_CONFIG_Get(33), size:8 (DvbService.cpp, 203)
01-01 00:00:16.180  1480  2006 I DVBSTACK: [Reply] DVB_DB_CONFIG_Get(33), size:8 (DvbService.cpp, 203)
01-01 00:00:16.181  1480  1480 I DVBSTACK: [Reply] DVB_DB_CONFIG_Get(33), size:8 (DvbService.cpp, 203)
01-01 00:00:16.181  1480  2006 I DVBSTACK: [Reply] DVB_DB_CONFIG_Get(33), size:8 (DvbService.cpp, 203)
01-01 00:00:16.181  1480  1480 I DVBSTACK: [Reply] DVB_DB_CONFIG_Get(33), size:8 (DvbService.cpp, 203)
01-01 00:00:16.182  1480  2006 I DVBSTACK: [Reply] DVB_DB_CONFIG_Get(33), size:8 (DvbService.cpp, 203)
01-01 00:00:16.182  1480  1480 I DVBSTACK: [Reply] DVB_DB_CONFIG_Get(33), size:8 (DvbService.cpp, 203)
01-01 00:00:16.182  1480  2006 I DVBSTACK: [Reply] DVB_DB_CONFIG_Get(33), size:8 (DvbService.cpp, 203)
01-01 00:00:16.183  2236  2236 V SvcInfo : getFromDvb : 0 268 1 -60 
01-01 00:00:16.183  2236  2236 I DvbApi  : appGetServiceList() mainSub 0, svcType 0, satIdx 268, type 1, filter -60
01-01 00:00:16.195  1480  1480 I DVBSTACK: [Reply] DVB_SVC_CH_List(104), size:12924 (DvbService.cpp, 203)
01-01 00:00:16.195  2236  2236 V SvcInfo : refreshSvcList Start : 0 268 1 -60 
01-01 00:00:16.195  2236  2236 V SvcInfo : refreshSvcList getServiceList count : 202 21
01-01 00:00:16.207  2236  2236 V SvcInfo : moveIndexService curSvcIdx  : 213
01-01 00:00:16.208  1480  2006 I DVBSTACK: [Reply] DVB_DB_CONFIG_Get(33), size:8 (DvbService.cpp, 203)
01-01 00:00:16.208  1480  1480 I DVBSTACK: [Reply] DVB_DB_CONFIG_Get(33), size:8 (DvbService.cpp, 203)
01-01 00:00:16.209  1480  2006 I DVBSTACK: [Reply] DVB_PVR_REC_GetInfo(147), size:4 (DvbService.cpp, 203)
01-01 00:00:16.209  1480  1480 I DVBSTACK: [Reply] DVB_PVR_REC_GetInfo(147), size:4 (DvbService.cpp, 203)
01-01 00:00:16.209  1480  2006 I DVBSTACK: [Reply] DVB_PVR_REC_GetInfo(147), size:4 (DvbService.cpp, 203)
01-01 00:00:16.209  1480  1480 I DVBSTACK: [Reply] DVB_PVR_PB_GetInfo(167), size:4 (DvbService.cpp, 203)
01-01 00:00:16.209  2236  2236 V PvrManager: updatePvrPlayBackInfo Fail 
01-01 00:00:16.210  2236  2236 V SvcInfo : getSvcIdx curSvcIdx : 213
01-01 00:00:16.210  2236  2236 V Home    : recordingDialogSetVisible 0
01-01 00:00:16.210  2236  2236 V PvrManager: getModePlayback : 0
01-01 00:00:16.210  2236  2236 V HomeInfobar: setInfoBar : 213 -2
01-01 00:00:16.210  2236  2236 V PvrManager: getModePlayback : 0
01-01 00:00:16.210  2236  2236 V HomeInfobar: setInfoBar Live
01-01 00:00:16.211  1480  2006 I DVBSTACK: [Reply] DVB_SVC_CH_GetInfo(105), size:288 (DvbService.cpp, 203)
01-01 00:00:16.219  2236  2236 V SvcInfo : getSvcIdx curSvcIdx : 213
01-01 00:00:16.219  1480  1480 I DVBSTACK: [Reply] DVB_SVC_GetSatType(124), size:4 (DvbService.cpp, 203)
01-01 00:00:16.220  1480  2006 I DVBSTACK: [Reply] DVB_DEMOD_TUNER_GetLevel(304), size:12 (DvbService.cpp, 203)
01-01 00:00:16.220  1962  1991 D Tethering: MasterInitialState.processMessage what=3
01-01 00:00:16.220  2236  2236 I HomeInfobar: ---> send HANDLER_MSG_UPDATE : 213
01-01 00:00:16.223  1962  2132 D CaptivePortalTracker: NoActiveNetworkState{ when=-2ms what=1 obj=NetworkInfo: type: ETHERNET[], state: CONNECTED/CONNECTED, reason: (unspecified), extra: (none), roaming: false, failover: false, isAvailable: true, isConnectedToProvisioningNetwork: false target=com.android.internal.util.StateMachine$SmHandler }
01-01 00:00:16.223  1962  2132 D CaptivePortalTracker: NoActiveNetworkState not a wifi connectivity change, ignore
01-01 00:00:16.268  2396  2396 I GCoreUlr: DispatchingService.onDestroy()
01-01 00:00:16.269  2396  2396 I GCoreUlr: Stopping handler for UlrDispSvcFast
01-01 00:00:16.273  2396  2396 I GCoreUlr: Unbound from all location providers
01-01 00:00:16.273  2396  2396 I GCoreUlr: Place inference reporting - stopped
01-01 00:00:16.275  2330  2330 I dalvikvm: Could not find method android.os.UserManager.getUserProfiles, referenced from method com.google.android.gms.wearable.service.WearableController.a
01-01 00:00:16.275  2330  2330 W dalvikvm: VFY: unable to resolve virtual method 1561: Landroid/os/UserManager;.getUserProfiles ()Ljava/util/List;
01-01 00:00:16.275  2330  2330 D dalvikvm: VFY: replacing opcode 0x6e at 0x003e
01-01 00:00:16.302  1480  1480 I DVBSTACK: [Reply] DVB_SYS_ChangeContext(1), size:12 (DvbService.cpp, 203)
01-01 00:00:16.303  2236  2236 V Home    : onResume X
01-01 00:00:16.304  2236  2236 W ContextImpl: Calling a method in the system process without a qualified user: android.app.ContextImpl.sendBroadcast:1200 android.content.ContextWrapper.sendBroadcast:365 android.app.ActivityThread.performResumeActivity:2785 android.app.ActivityThread.handleResumeActivity:2823 android.app.ActivityThread.handleLaunchActivity:2250 
01-01 00:00:16.319  2236  2236 E ViewRootImpl: 201409092 enable acc for view=com.android.dvb.launcher/com.android.dvb.livescreen.Home
01-01 00:00:16.324  2236  2236 V NetworkReceiver: NetworkReceiver onReceiver : android.net.ethernet.ETHERNET_STATE_CHANGE
01-01 00:00:16.325  2396  2396 D ChimeraCfgMgr: Reading stored module config
01-01 00:00:16.325  2236  2236 V NetworkReceiver: HANDLER_MESSAGE_NET_MOUNT Send
01-01 00:00:16.325  2236  2236 V NetworkReceiver: HANDLER_MESSAGE_NTP_UPDATE Send
01-01 00:00:16.325  2236  2236 V PvrPlayer: SeekBarHandler : 5
01-01 00:00:16.325  2236  2236 V PvrPlayer: getPvrBookMark start 
01-01 00:00:16.326  1480  2006 I DVBSTACK: [Reply] DVB_PVR_PB_GetBookMark(165), size:4 (DvbService.cpp, 203)
01-01 00:00:16.326  2236  2236 V PvrPlayer: SeekBarHandler : 5
01-01 00:00:16.326  2236  2236 V PvrPlayer: getPvrBookMark start 
01-01 00:00:16.326  1480  1480 I DVBSTACK: [Reply] DVB_PVR_PB_GetBookMark(165), size:4 (DvbService.cpp, 203)
01-01 00:00:16.326  2236  2236 D Home    : NOTIFYMSG_SVC_Start ==> svcHandle : 0 , svcType : 0 , svcIdx : 213
01-01 00:00:16.326  2236  2236 V SvcInfo : getSvcIdx curSvcIdx : 213
01-01 00:00:16.326  2236  2236 V SvcInfo : moveIndexService curSvcIdx  : 213
01-01 00:00:16.327  2236  2236 V SvcInfo : getSvcIdx curSvcIdx : 213
01-01 00:00:16.327  2236  2236 V Home    : recordingDialogSetVisible 0
01-01 00:00:16.327  2236  2236 V PvrManager: getModePlayback : 0
01-01 00:00:16.327  2236  2236 V HomeInfobar: setInfoBar : 213 -2
01-01 00:00:16.327  2236  2236 V PvrManager: getModePlayback : 0
01-01 00:00:16.327  2236  2236 V HomeInfobar: setInfoBar Live
01-01 00:00:16.330  1480  2006 I DVBSTACK: [Reply] DVB_SVC_CH_GetInfo(105), size:288 (DvbService.cpp, 203)
01-01 00:00:16.331  2236  2236 V SvcInfo : getSvcIdx curSvcIdx : 213
01-01 00:00:16.331  1480  1480 I DVBSTACK: [Reply] DVB_SVC_GetSatType(124), size:4 (DvbService.cpp, 203)
01-01 00:00:16.331  1480  2006 I DVBSTACK: [Reply] DVB_DEMOD_TUNER_GetLevel(304), size:12 (DvbService.cpp, 203)
01-01 00:00:16.344  2396  2396 I dalvikvm: Could not find method android.content.res.Resources.getColor, referenced from method com.google.android.chimera.container.internal.ModuleResources.getColor
01-01 00:00:16.344  2396  2396 W dalvikvm: VFY: unable to resolve virtual method 458: Landroid/content/res/Resources;.getColor (ILandroid/content/res/Resources$Theme;)I
01-01 00:00:16.344  2396  2396 D dalvikvm: VFY: replacing opcode 0x6f at 0x0006
01-01 00:00:16.345  2396  2396 I dalvikvm: Could not find method android.content.res.Resources.getColor, referenced from method com.google.android.chimera.container.internal.ModuleResources.getColor
01-01 00:00:16.345  2396  2396 W dalvikvm: VFY: unable to resolve virtual method 458: Landroid/content/res/Resources;.getColor (ILandroid/content/res/Resources$Theme;)I
01-01 00:00:16.345  2396  2396 D dalvikvm: VFY: replacing opcode 0x6e at 0x000d
01-01 00:00:16.345  2396  2396 I dalvikvm: Could not find method android.content.res.Resources.getColorStateList, referenced from method com.google.android.chimera.container.internal.ModuleResources.getColorStateList
01-01 00:00:16.345  2396  2396 W dalvikvm: VFY: unable to resolve virtual method 460: Landroid/content/res/Resources;.getColorStateList (ILandroid/content/res/Resources$Theme;)Landroid/content/res/ColorStateList;
01-01 00:00:16.345  2396  2396 D dalvikvm: VFY: replacing opcode 0x6f at 0x0006
01-01 00:00:16.345  2396  2396 I dalvikvm: Could not find method android.content.res.Resources.getColorStateList, referenced from method com.google.android.chimera.container.internal.ModuleResources.getColorStateList
01-01 00:00:16.345  2396  2396 W dalvikvm: VFY: unable to resolve virtual method 460: Landroid/content/res/Resources;.getColorStateList (ILandroid/content/res/Resources$Theme;)Landroid/content/res/ColorStateList;
01-01 00:00:16.345  2396  2396 D dalvikvm: VFY: replacing opcode 0x6e at 0x000d
01-01 00:00:16.345  2396  2396 I dalvikvm: Could not find method android.content.res.Resources.getDrawable, referenced from method com.google.android.chimera.container.internal.ModuleResources.getDrawable
01-01 00:00:16.345  2396  2396 W dalvikvm: VFY: unable to resolve virtual method 467: Landroid/content/res/Resources;.getDrawable (ILandroid/content/res/Resources$Theme;)Landroid/graphics/drawable/Drawable;
01-01 00:00:16.345  2396  2396 D dalvikvm: VFY: replacing opcode 0x6f at 0x0006
01-01 00:00:16.345  2396  2396 I dalvikvm: Could not find method android.content.res.Resources.getDrawable, referenced from method com.google.android.chimera.container.internal.ModuleResources.getDrawable
01-01 00:00:16.345  2396  2396 W dalvikvm: VFY: unable to resolve virtual method 467: Landroid/content/res/Resources;.getDrawable (ILandroid/content/res/Resources$Theme;)Landroid/graphics/drawable/Drawable;
01-01 00:00:16.345  2396  2396 D dalvikvm: VFY: replacing opcode 0x6e at 0x000d
01-01 00:00:16.345  2396  2396 I dalvikvm: Could not find method android.content.res.Resources.getDrawableForDensity, referenced from method com.google.android.chimera.container.internal.ModuleResources.getDrawableForDensity
01-01 00:00:16.345  2396  2396 W dalvikvm: VFY: unable to resolve virtual method 469: Landroid/content/res/Resources;.getDrawableForDensity (IILandroid/content/res/Resources$Theme;)Landroid/graphics/drawable/Drawable;
01-01 00:00:16.345  2396  2396 D dalvikvm: VFY: replacing opcode 0x6f at 0x0006
01-01 00:00:16.345  2396  2396 I dalvikvm: Could not find method android.content.res.Resources.getDrawableForDensity, referenced from method com.google.android.chimera.container.internal.ModuleResources.getDrawableForDensity
01-01 00:00:16.345  2396  2396 W dalvikvm: VFY: unable to resolve virtual method 469: Landroid/content/res/Resources;.getDrawableForDensity (IILandroid/content/res/Resources$Theme;)Landroid/graphics/drawable/Drawable;
01-01 00:00:16.345  2396  2396 D dalvikvm: VFY: replacing opcode 0x6e at 0x000d
01-01 00:00:16.386  2396  2396 I dalvikvm: Could not find method android.os.UserManager.getUserProfiles, referenced from method com.google.android.gms.wearable.service.WearableController.a
01-01 00:00:16.386  2396  2396 W dalvikvm: VFY: unable to resolve virtual method 1561: Landroid/os/UserManager;.getUserProfiles ()Ljava/util/List;
01-01 00:00:16.386  2396  2396 D dalvikvm: VFY: replacing opcode 0x6e at 0x003e
01-01 00:00:16.388  2396  2396 D WearableService: callingUid 10006, callindPid: 2396
01-01 00:00:16.389  2396  2396 E dalvikvm: Could not find class 'android.telecom.TelecomManager', referenced from method com.google.android.gms.wearable.service.x.a
01-01 00:00:16.389  2396  2396 W dalvikvm: VFY: unable to resolve check-cast 750 (Landroid/telecom/TelecomManager;) in Lcom/google/android/gms/wearable/service/x;
01-01 00:00:16.389  2396  2396 D dalvikvm: VFY: replacing opcode 0x1f at 0x0054
01-01 00:00:16.389  2396  2396 W dalvikvm: VFY: unable to find class referenced in signature (Landroid/telecom/TelecomManager;)
01-01 00:00:16.408  2396  2396 E GmsWearableNodeHelper: GoogleApiClient connection failed: ConnectionResult{statusCode=API_UNAVAILABLE, resolution=null, message=null}
01-01 00:00:16.418  2330  2550 D LocationInitializer: Restart initialization of location
01-01 00:00:16.423  2330  2550 I dalvikvm: Could not find method android.app.AlarmManager.setExactAndAllowWhileIdle, referenced from method com.google.android.gms.common.stats.b.a
01-01 00:00:16.423  2330  2550 W dalvikvm: VFY: unable to resolve virtual method 70: Landroid/app/AlarmManager;.setExactAndAllowWhileIdle (IJLandroid/app/PendingIntent;)V
01-01 00:00:16.423  2330  2550 D dalvikvm: VFY: replacing opcode 0x6e at 0x0010
01-01 00:00:16.425  2396  2549 E MDM     : [99] b.run: Couldn't connect to Google API client: ConnectionResult{statusCode=API_UNAVAILABLE, resolution=null, message=null}
01-01 00:00:16.432  2283  2283 D AuthorizationBluetoothService: Received GmsCore event: Intent { act=com.google.android.gms.INITIALIZE flg=0x10 pkg=com.google.android.gms cmp=com.google.android.gms/.auth.be.proximity.authorization.bt.AuthorizationBluetoothService$AutoStarter }.
01-01 00:00:16.433  2283  2283 I dalvikvm: Could not find method android.os.UserManager.isManagedProfile, referenced from method com.google.android.gms.auth.be.proximity.authorization.bt.b.a
01-01 00:00:16.434  2283  2283 W dalvikvm: VFY: unable to resolve virtual method 1036: Landroid/os/UserManager;.isManagedProfile ()Z
01-01 00:00:16.434  2283  2283 D dalvikvm: VFY: replacing opcode 0x6e at 0x002f
01-01 00:00:16.460  2330  2550 E dalvikvm: Could not find class 'android.app.usage.UsageStatsManager', referenced from method com.google.android.gms.lockbox.LockboxService.a
01-01 00:00:16.460  2330  2550 W dalvikvm: VFY: unable to resolve check-cast 76 (Landroid/app/usage/UsageStatsManager;) in Lcom/google/android/gms/lockbox/LockboxService;
01-01 00:00:16.460  2330  2550 D dalvikvm: VFY: replacing opcode 0x1f at 0x0035
01-01 00:00:16.463  2283  2283 E AuthorizationBluetoothService: Proximity feature is not enabled.
01-01 00:00:16.495  2283  2283 V GLSActivity: AuthDelegateWrapperCreated with selected intent: Intent { cmp=com.google.android.gms/.auth.DefaultAuthDelegateService }
01-01 00:00:16.496  2283  2283 I dalvikvm: Could not find method android.accounts.AccountManager.removeAccountExplicitly, referenced from method com.google.android.gms.auth.e.b.a
01-01 00:00:16.496  2283  2283 W dalvikvm: VFY: unable to resolve virtual method 16: Landroid/accounts/AccountManager;.removeAccountExplicitly (Landroid/accounts/Account;)Z
01-01 00:00:16.496  2283  2283 D dalvikvm: VFY: replacing opcode 0x6e at 0x000e
01-01 00:00:16.507  2236  2236 D OpenGLRenderer: Enabling debug mode 0
01-01 00:00:16.511  2330  2545 D MdnsClient: Multicast lock held. Releasing
01-01 00:00:16.512  1962  2032 D WifiStateMachine: handleMessage: E msg.what=131156
01-01 00:00:16.512  1962  2032 D WifiStateMachine: processMsg: InitialState
01-01 00:00:16.512  1962  2032 D WifiStateMachine: processMsg: DefaultState
01-01 00:00:16.512  1962  2032 E WifiStateMachine: Error! unhandled message{ when=-1ms what=131156 target=com.android.internal.util.StateMachine$SmHandler }
01-01 00:00:16.512  1962  2032 D WifiStateMachine: handleMessage: X
01-01 00:00:16.520  2283  2283 V GLSActivity: AuthDelegateWrapperCreated with selected intent: Intent { cmp=com.google.android.gms/.auth.DefaultAuthDelegateService }
01-01 00:00:16.543  2330  2550 I dalvikvm: Could not find method android.content.pm.PackageManager.getPackageInstaller, referenced from method com.google.android.gms.common.ou.a
01-01 00:00:16.543  2330  2550 W dalvikvm: VFY: unable to resolve virtual method 430: Landroid/content/pm/PackageManager;.getPackageInstaller ()Landroid/content/pm/PackageInstaller;
01-01 00:00:16.543  2330  2550 D dalvikvm: VFY: replacing opcode 0x6e at 0x000d
01-01 00:00:16.569  2283  2555 I dalvikvm: Could not find method android.app.Notification$Builder.setLocalOnly, referenced from method com.google.android.gms.common.os.b
01-01 00:00:16.569  2283  2555 W dalvikvm: VFY: unable to resolve virtual method 142: Landroid/app/Notification$Builder;.setLocalOnly (Z)Landroid/app/Notification$Builder;
01-01 00:00:16.569  2283  2555 D dalvikvm: VFY: replacing opcode 0x6e at 0x00ce
01-01 00:00:16.571  2283  2555 I dalvikvm: Could not find method android.content.pm.PackageManager.getPackageInstaller, referenced from method com.google.android.gms.common.ou.a
01-01 00:00:16.571  2283  2555 W dalvikvm: VFY: unable to resolve virtual method 430: Landroid/content/pm/PackageManager;.getPackageInstaller ()Landroid/content/pm/PackageInstaller;
01-01 00:00:16.571  2283  2555 D dalvikvm: VFY: replacing opcode 0x6e at 0x000d
01-01 00:00:16.586  2283  2287 D dalvikvm: GC_CONCURRENT freed 374K, 11% free 4411K/4928K, paused 6ms+8ms, total 54ms
01-01 00:00:16.647  2330  2332 D dalvikvm: GC_CONCURRENT freed 1419K, 28% free 3961K/5456K, paused 2ms+2ms, total 29ms
01-01 00:00:16.684  1962  1976 I ActivityManager: Displayed com.android.dvb.launcher/com.android.dvb.livescreen.Home: +4s520ms
01-01 00:00:16.762  2330  2559 W IcingInternalCorpora: getNumBytesRead when not calculated.
01-01 00:00:16.798  1962  1972 I ActivityManager: Start proc com.google.process.location for on-hold: pid=2566 uid=10006 gids={50006, 3003, 1007, 1028, 1015, 3002, 3001, 3007, 2001, 3006}
01-01 00:00:16.805  2566  2566 E Environment: canonicalPath = /mnt/sdcard
01-01 00:00:16.807  1462  1692 I SurfaceFlinger: Boot is finished (16621 ms)
01-01 00:00:16.831  1463  1463 D dalvikvm: GC_EXPLICIT freed 43K, 4% free 2955K/3072K, paused 5ms+2ms, total 35ms
01-01 00:00:16.851  1463  1463 D dalvikvm: GC_EXPLICIT freed <1K, 4% free 2955K/3072K, paused 2ms+2ms, total 20ms
01-01 00:00:16.881  1463  1463 D dalvikvm: GC_EXPLICIT freed <1K, 4% free 2955K/3072K, paused 2ms+2ms, total 30ms
01-01 00:00:16.892  1962  1962 V BackupManagerService: Connected to transport ComponentInfo{com.google.android.backuptransport/com.google.android.backup.BackupTransportService}
01-01 00:00:16.892  1962  1962 V BackupManagerService: Registering transport com.google.android.backuptransport/com.google.android.backup.BackupTransportService::com.google.android.backup/.BackupTransportService = com.android.internal.backup.IBackupTransport$Stub$Proxy@2cc3c210
01-01 00:00:16.905  2396  2399 D dalvikvm: GC_CONCURRENT freed 623K, 14% free 4589K/5288K, paused 3ms+7ms, total 38ms
01-01 00:00:16.936  2396  2396 E dalvikvm: Could not find class 'android.app.usage.UsageStatsManager', referenced from method com.google.android.gms.lockbox.LockboxService.a
01-01 00:00:16.936  2396  2396 W dalvikvm: VFY: unable to resolve check-cast 76 (Landroid/app/usage/UsageStatsManager;) in Lcom/google/android/gms/lockbox/LockboxService;
01-01 00:00:16.936  2396  2396 D dalvikvm: VFY: replacing opcode 0x1f at 0x0035
01-01 00:00:16.969  2330  2330 I dalvikvm: Failed resolving Lcom/google/android/gms/common/j/c; interface 119 'Landroid/content/pm/PackageManager$OnPermissionsChangedListener;'
01-01 00:00:16.969  2330  2330 W dalvikvm: Link of class 'Lcom/google/android/gms/common/j/c;' failed
01-01 00:00:16.970  2330  2330 E dalvikvm: Could not find class 'com.google.android.gms.common.j.c', referenced from method com.google.android.gms.common.j.b.a
01-01 00:00:16.970  2330  2330 W dalvikvm: VFY: unable to resolve new-instance 2862 (Lcom/google/android/gms/common/j/c;) in Lcom/google/android/gms/common/j/b;
01-01 00:00:16.970  2330  2330 D dalvikvm: VFY: replacing opcode 0x22 at 0x0000
01-01 00:00:16.970  2330  2330 I dalvikvm: Could not find method android.content.Context.checkSelfPermission, referenced from method com.google.android.gms.common.j.b.b
01-01 00:00:16.970  2330  2330 W dalvikvm: VFY: unable to resolve virtual method 276: Landroid/content/Context;.checkSelfPermission (Ljava/lang/String;)I
01-01 00:00:16.970  2330  2330 D dalvikvm: VFY: replacing opcode 0x6e at 0x0036
01-01 00:00:16.971  2330  2330 I dalvikvm: Failed resolving Lcom/google/android/gms/common/j/c; interface 119 'Landroid/content/pm/PackageManager$OnPermissionsChangedListener;'
01-01 00:00:16.971  2330  2330 W dalvikvm: Link of class 'Lcom/google/android/gms/common/j/c;' failed
01-01 00:00:16.972  2330  2330 D dalvikvm: DexOpt: unable to opt direct call 0x363b at 0x02 in Lcom/google/android/gms/common/j/b;.a
01-01 00:00:17.013  2396  2611 E MDM     : [110] b.run: Couldn't connect to Google API client: ConnectionResult{statusCode=API_UNAVAILABLE, resolution=null, message=null}
01-01 00:00:17.014  2330  2344 I dalvikvm: Could not find method android.app.Notification$Builder.setLocalOnly, referenced from method com.google.android.gms.common.os.b
01-01 00:00:17.014  2330  2344 W dalvikvm: VFY: unable to resolve virtual method 142: Landroid/app/Notification$Builder;.setLocalOnly (Z)Landroid/app/Notification$Builder;
01-01 00:00:17.014  2330  2344 D dalvikvm: VFY: replacing opcode 0x6e at 0x00ce
01-01 00:00:17.023  2330  2612 D LocationInitializer: Restart initialization of location
01-01 00:00:17.026  2283  2283 D AuthorizationBluetoothService: Received GmsCore event: Intent { act=com.google.android.gms.INITIALIZE flg=0x10 pkg=com.google.android.gms cmp=com.google.android.gms/.auth.be.proximity.authorization.bt.AuthorizationBluetoothService$AutoStarter }.
01-01 00:00:17.026  2283  2283 E AuthorizationBluetoothService: Proximity feature is not enabled.
01-01 00:00:17.038  2283  2283 V GLSActivity: AuthDelegateWrapperCreated with selected intent: Intent { cmp=com.google.android.gms/.auth.DefaultAuthDelegateService }
01-01 00:00:17.039  2283  2283 V GLSActivity: AuthDelegateWrapperCreated with selected intent: Intent { cmp=com.google.android.gms/.auth.DefaultAuthDelegateService }
01-01 00:00:17.071  2396  2615 E MDM     : [111] b.run: Couldn't connect to Google API client: ConnectionResult{statusCode=API_UNAVAILABLE, resolution=null, message=null}
01-01 00:00:17.083  2330  2616 D LocationInitializer: Restart initialization of location
01-01 00:00:17.087  2283  2283 D AuthorizationBluetoothService: Received GmsCore event: Intent { act=com.google.android.gms.INITIALIZE flg=0x10 pkg=com.google.android.gms cmp=com.google.android.gms/.auth.be.proximity.authorization.bt.AuthorizationBluetoothService$AutoStarter }.
01-01 00:00:17.087  2283  2283 E AuthorizationBluetoothService: Proximity feature is not enabled.
01-01 00:00:17.098  2283  2283 V GLSActivity: AuthDelegateWrapperCreated with selected intent: Intent { cmp=com.google.android.gms/.auth.DefaultAuthDelegateService }
01-01 00:00:17.134  2396  2558 E copresGcore: ObfuscatedGaiaIdLookup: Could not load ObfuscatedGaiaIds: /data/data/com.google.android.gms/files/copresence_gaia_id: open failed: ENOENT (No such file or directory)
01-01 00:00:17.188  1962  2220 D dalvikvm: GC_EXPLICIT freed 341K, 9% free 6704K/7328K, paused 6ms+7ms, total 71ms
01-01 00:00:17.209  2330  2330 E MDM     : [1] SitrepService.a: No Google accounts; deferring server state update.
01-01 00:00:17.247  2283  2283 D GCM     : COMPAT: Multi user not supported
01-01 00:00:17.269  2283  2283 I dalvikvm: Could not find method android.os.PowerManager.isDeviceIdleMode, referenced from method com.google.android.gms.gcm.nts.a.c.b
01-01 00:00:17.269  2283  2283 W dalvikvm: VFY: unable to resolve virtual method 1532: Landroid/os/PowerManager;.isDeviceIdleMode ()Z
01-01 00:00:17.269  2283  2283 D dalvikvm: VFY: replacing opcode 0x6e at 0x000f
01-01 00:00:17.277  1962  1962 D BluetoothManagerService: Retrieving Bluetooth Adapter name and address...
01-01 00:00:17.277  1962  1962 D BluetoothManagerService: getNameAndAddress(): mBluetooth = null mBinding = false
01-01 00:00:17.277  1962  1991 D BluetoothManagerService: Message: 200
01-01 00:00:17.277  1962  1991 D BluetoothManagerService: MESSAGE_GET_NAME_AND_ADDRESS
01-01 00:00:17.277  1962  1991 D BluetoothManagerService: Binding to service to get name and address
01-01 00:00:17.297  1962  1991 I ActivityManager: Start proc com.android.bluetooth for service com.android.bluetooth/.btservice.AdapterService: pid=2633 uid=1002 gids={41002, 3003, 3002, 3001, 1028, 1015, 3005, 1016, 3008}
01-01 00:00:17.301  1962  2032 D WifiStateMachine: handleMessage: E msg.what=131206
01-01 00:00:17.301  1962  2032 D WifiStateMachine: processMsg: InitialState
01-01 00:00:17.301  1962  2032 D WifiStateMachine: processMsg: DefaultState
01-01 00:00:17.301  1962  2032 D WifiStateMachine: handleMessage: X
01-01 00:00:17.303  2283  2283 I dalvikvm: Could not find method android.app.AlarmManager.setExactAndAllowWhileIdle, referenced from method com.google.android.gms.common.stats.b.a
01-01 00:00:17.303  2283  2283 W dalvikvm: VFY: unable to resolve virtual method 70: Landroid/app/AlarmManager;.setExactAndAllowWhileIdle (IJLandroid/app/PendingIntent;)V
01-01 00:00:17.303  2283  2283 D dalvikvm: VFY: replacing opcode 0x6e at 0x0010
01-01 00:00:17.303  2633  2633 E Environment: canonicalPath = /mnt/sdcard
01-01 00:00:17.310  1962  1962 V AudioService: after Intent.ACTION_BOOT_COMPLETED readaudiosetting
01-01 00:00:17.312  2236  2236 V Home    : ACTION_AUDIO_BECOMING_NOISY
01-01 00:00:17.313  1465  1465 D AudioPolicyManagerBase: NO Force device 
01-01 00:00:17.326  2236  2236 V SvcInfo : getSvcIdx curSvcIdx : 213
01-01 00:00:17.332  1465  1859 D AudioPolicyManagerBase: AudioPolicyManagerBase::checkAndSetVolume 15,1.000000
01-01 00:00:17.334  1465  1465 D AudioPolicyManagerBase: AudioPolicyManagerBase::checkAndSetVolume 15,0.501188
01-01 00:00:17.337  1465  1859 D AudioPolicyManagerBase: AudioPolicyManagerBase::checkAndSetVolume 5,0.060000
01-01 00:00:17.338  1465  1465 D AudioPolicyManagerBase: AudioPolicyManagerBase::checkAndSetVolume 15,1.000000
01-01 00:00:17.339  1465  1859 D AudioPolicyManagerBase: AudioPolicyManagerBase::checkAndSetVolume 6,0.125893
01-01 00:00:17.341  1480  1480 I DVBSTACK: [Reply] DVB_SVC_CH_GetInfo(105), size:288 (DvbService.cpp, 203)
01-01 00:00:17.341  1480  2006 I DVBSTACK: [Reply] DVB_SVC_GetSatType(124), size:4 (DvbService.cpp, 203)
01-01 00:00:17.341  1465  1465 D AudioPolicyManagerBase: AudioPolicyManagerBase::checkAndSetVolume 5,0.060000
01-01 00:00:17.341  2236  2236 I Supremo : [Home] saveCurrentChannelInfo : 0 2 255
01-01 00:00:17.344  1465  1465 D AudioPolicyManagerBase: AudioPolicyManagerBase::checkAndSetVolume 15,0.501188
01-01 00:00:17.347  1465  2041 D AudioPolicyManagerBase: AudioPolicyManagerBase::checkAndSetVolume 15,0.501188
01-01 00:00:17.349  1465  2040 D AudioPolicyManagerBase: AudioPolicyManagerBase::checkAndSetVolume 15,1.000000
01-01 00:00:17.351  1465  2041 D AudioPolicyManagerBase: AudioPolicyManagerBase::checkAndSetVolume 15,1.000000
01-01 00:00:17.353  1465  1465 D AudioPolicyManagerBase: AudioPolicyManagerBase::checkAndSetVolume 15,1.000000
01-01 00:00:17.354  1465  1859 D AudioPolicyManagerBase: AudioPolicyManagerBase::checkAndSetVolume 15,0.501188
01-01 00:00:17.355  1465  2040 D AudioPolicyManagerBase: AudioPolicyManagerBase::checkAndSetVolume 15,0.501188
01-01 00:00:17.356  1465  2041 D AudioPolicyManagerBase: AudioPolicyManagerBase::checkAndSetVolume 15,0.501188
01-01 00:00:17.357  1465  1465 D AudioPolicyManagerBase: AudioPolicyManagerBase::checkAndSetVolume 15,1.000000
01-01 00:00:17.358  1962  1991 D BluetoothManagerService: Message: 20
01-01 00:00:17.358  1962  1991 D BluetoothManagerService: Added callback: android.bluetooth.BluetoothAdapter$1@2cedba88:true
01-01 00:00:17.358  1962  1991 D BluetoothManagerService: Message: 30
01-01 00:00:17.360  1962  1962 W ContextImpl: Calling a method in the system process without a qualified user: android.app.ContextImpl.bindService:1620 android.bluetooth.BluetoothHeadset.doBind:283 android.bluetooth.BluetoothHeadset.<init>:276 android.bluetooth.BluetoothAdapter.getProfileProxy:1181 android.media.AudioService.getBluetoothHeadset:2261 
01-01 00:00:17.363  1962  2039 E SoundPool: error loading /system/media/audio/ui/Effect_Tick.ogg
01-01 00:00:17.363  1962  2039 W AudioService: Soundpool could not load file: /system/media/audio/ui/Effect_Tick.ogg
01-01 00:00:17.363  1962  2039 E SoundPool: error loading /system/media/audio/ui/Effect_Tick.ogg
01-01 00:00:17.363  1962  2039 W AudioService: Soundpool could not load file: /system/media/audio/ui/Effect_Tick.ogg
01-01 00:00:17.363  1962  2039 E SoundPool: error loading /system/media/audio/ui/Effect_Tick.ogg
01-01 00:00:17.363  1962  2039 W AudioService: Soundpool could not load file: /system/media/audio/ui/Effect_Tick.ogg
01-01 00:00:17.363  1962  2039 E SoundPool: error loading /system/media/audio/ui/Effect_Tick.ogg
01-01 00:00:17.363  1962  2039 W AudioService: Soundpool could not load file: /system/media/audio/ui/Effect_Tick.ogg
01-01 00:00:17.363  1962  2039 E SoundPool: error loading /system/media/audio/ui/Effect_Tick.ogg
01-01 00:00:17.363  1962  2039 W AudioService: Soundpool could not load file: /system/media/audio/ui/Effect_Tick.ogg
01-01 00:00:17.363  1962  1991 D BluetoothManagerService: Message: 30
01-01 00:00:17.363  1962  2039 E SoundPool: error loading /system/media/audio/ui/KeypressStandard.ogg
01-01 00:00:17.363  1962  2039 W AudioService: Soundpool could not load file: /system/media/audio/ui/KeypressStandard.ogg
01-01 00:00:17.364  1962  2039 E SoundPool: error loading /system/media/audio/ui/KeypressSpacebar.ogg
01-01 00:00:17.364  1962  2039 W AudioService: Soundpool could not load file: /system/media/audio/ui/KeypressSpacebar.ogg
01-01 00:00:17.364  1962  2039 E SoundPool: error loading /system/media/audio/ui/KeypressDelete.ogg
01-01 00:00:17.364  1962  2039 W AudioService: Soundpool could not load file: /system/media/audio/ui/KeypressDelete.ogg
01-01 00:00:17.364  1962  2039 E SoundPool: error loading /system/media/audio/ui/KeypressReturn.ogg
01-01 00:00:17.364  1962  2039 W AudioService: Soundpool could not load file: /system/media/audio/ui/KeypressReturn.ogg
01-01 00:00:17.364  1962  2039 E SoundPool: error loading /system/media/audio/ui/KeypressInvalid.ogg
01-01 00:00:17.364  1962  2039 W AudioService: Soundpool could not load file: /system/media/audio/ui/KeypressInvalid.ogg
01-01 00:00:17.364  1962  2039 W AudioService: onLoadSoundEffects(), Error -1 while loading samples
01-01 00:00:17.365  1962  1962 W ContextImpl: Calling a method in the system process without a qualified user: android.app.ContextImpl.bindService:1620 android.bluetooth.BluetoothA2dp.doBind:165 android.bluetooth.BluetoothA2dp.<init>:158 android.bluetooth.BluetoothAdapter.getProfileProxy:1184 android.media.AudioService$AudioServiceBroadcastReceiver.onReceive:4199 
01-01 00:00:17.366  1962  1962 V WiredAccessoryManager: init()
01-01 00:00:17.368  1962  1962 V WiredAccessoryManager: newName=hdmi newState=16 headsetState=16 prev headsetState=0
01-01 00:00:17.369  1962  1962 V WiredAccessoryManager: device hdmi connected
01-01 00:00:17.372  1465  1859 E AudioPolicyManagerBase: setDeviceConnectionState() device: 400, state 1, address 
01-01 00:00:17.372  1465  1859 W AudioPolicyManagerBase: checkOutputsForDevice(): No output available for device 0400
01-01 00:00:17.373  1962  2039 W ContextImpl: Calling a method in the system process without a qualified user: android.app.ContextImpl.sendBroadcast:1200 android.media.AudioService.onSetWiredDeviceConnectionState:4008 android.media.AudioService.access$6600:115 android.media.AudioService$AudioHandler.handleMessage:3653 android.os.Handler.dispatchMessage:102 
01-01 00:00:17.378  1962  2011 I PowerManagerService: Boot animation finished.
01-01 00:00:17.400  2633  2633 D AdapterServiceConfig: Adding HeadsetService
01-01 00:00:17.400  2633  2633 D AdapterServiceConfig: Adding A2dpService
01-01 00:00:17.400  2633  2633 D AdapterServiceConfig: Adding HidService
01-01 00:00:17.401  2633  2633 D AdapterServiceConfig: Adding HealthService
01-01 00:00:17.401  2633  2633 D AdapterServiceConfig: Adding PanService
01-01 00:00:17.402  2633  2633 D AdapterServiceConfig: Adding GattService
01-01 00:00:17.402  2633  2633 D AdapterServiceConfig: Adding BluetoothMapService
01-01 00:00:17.408  2236  2236 V Home    : ACTION_SCO_AUDIO_STATE_CHANGED
01-01 00:00:17.408  2236  2236 V Home    : ACTION_SCO_AUDIO_STATE_UPDATED
01-01 00:00:17.408  2236  2236 I PowerStatusReceiver: POWER MSG Recevied Intent Action android.intent.action.BOOT_COMPLETED
01-01 00:00:17.410  2236  2236 V Home    : Sys Boot Check Receiver: true
01-01 00:00:17.418  2283  2283 W dalvikvm: VFY: unable to find class referenced in signature (Landroid/net/Network;)
01-01 00:00:17.419  2283  2283 W dalvikvm: VFY: unable to find class referenced in signature (Landroid/net/Network;)
01-01 00:00:17.425  2283  2283 W dalvikvm: VFY: unable to find class referenced in signature (Landroid/net/Network;)
01-01 00:00:17.427  2283  2283 I dalvikvm: Could not find method android.net.Network.openConnection, referenced from method com.google.android.gms.http.g.a
01-01 00:00:17.427  2283  2283 W dalvikvm: VFY: unable to resolve virtual method 1029: Landroid/net/Network;.openConnection (Ljava/net/URL;)Ljava/net/URLConnection;
01-01 00:00:17.427  2283  2283 D dalvikvm: VFY: replacing opcode 0x6e at 0x00bb
01-01 00:00:17.436  1962  2649 I RecoverySystem: No recovery log file
01-01 00:00:17.437  1962  1962 I ActivityManager: Start proc com.android.providers.calendar for broadcast com.android.providers.calendar/.CalendarReceiver: pid=2652 uid=10001 gids={50001, 3003, 1028, 1015}
01-01 00:00:17.453  2283  2283 D dalvikvm: DexOpt: couldn't find field Landroid/os/Message;.sendingUid
01-01 00:00:17.453  2283  2283 W dalvikvm: VFY: unable to resolve instance field 221
01-01 00:00:17.453  2283  2283 D dalvikvm: VFY: replacing opcode 0x52 at 0x0006
01-01 00:00:17.477  2652  2652 E Environment: canonicalPath = /mnt/sdcard
01-01 00:00:17.480  2633  2633 D BluetoothAdapterService: REFCOUNT: CREATED. INSTANCE_COUNT1
01-01 00:00:17.484  1962  1991 D BluetoothManagerService: Message: 20
01-01 00:00:17.485  1962  1991 D BluetoothManagerService: Added callback: android.bluetooth.IBluetoothManagerCallback$Stub$Proxy@2cbc0e28:true
01-01 00:00:17.485  2633  2633 D BluetoothAdapterState: make
01-01 00:00:17.486  1962  2649 I BootReceiver: Copying audit failures to DropBox
01-01 00:00:17.486  1962  2649 I BootReceiver: Checking for fsck errors
01-01 00:00:17.487  2633  2633 I bluedroid: init
01-01 00:00:17.487  2633  2665 I BluetoothAdapterState: Entering OffState
01-01 00:00:17.491  2633  2633 I bte_conf: Attempt to load stack conf from /etc/bluetooth/bt_stack.conf
01-01 00:00:17.494  2633  2667 I GKI_LINUX: gki_task_entry: gki_task_entry task_id=1 [BTIF] starting
01-01 00:00:17.495  2633  2633 I bluedroid: get_profile_interface socket
01-01 00:00:17.497  2633  2667 I BluetoothAdapterProperties: adapterPropertyChangedCallback with type:2 len:6
01-01 00:00:17.499  2633  2667 D BluetoothAdapterProperties: Address is:22:22:28:44:15:F7
01-01 00:00:17.499  2633  2667 I BluetoothAdapterProperties: adapterPropertyChangedCallback with type:1 len:0
01-01 00:00:17.501  1962  1962 D BluetoothManagerService: BluetoothServiceConnection: com.android.bluetooth.btservice.AdapterService
01-01 00:00:17.501  1962  1991 D BluetoothManagerService: Message: 40
01-01 00:00:17.501  1962  1991 D BluetoothManagerService: MESSAGE_BLUETOOTH_SERVICE_CONNECTED: 1
01-01 00:00:17.501  1962  1962 D BluetoothManagerService: Bluetooth Adapter name changed to 
01-01 00:00:17.502  2633  2643 I bluedroid: config_hci_snoop_log
01-01 00:00:17.502  1962  1962 D BluetoothManagerService: Stored Bluetooth name: 
01-01 00:00:17.502  1962  1991 D BluetoothManagerService: Message: 200
01-01 00:00:17.502  1962  1991 D BluetoothManagerService: MESSAGE_GET_NAME_AND_ADDRESS
01-01 00:00:17.502  1962  1991 D BluetoothManagerService: Message: 201
01-01 00:00:17.502  1962  1991 D BluetoothManagerService: MESSAGE_SAVE_NAME_AND_ADDRESS
01-01 00:00:17.504  2633  2667 D BluetoothAdapterProperties: Name is: 
01-01 00:00:17.504  2633  2665 D BluetoothAdapterState: CURRENT_STATE=OFF, MESSAGE = USER_TURN_ON
01-01 00:00:17.504  2633  2665 D BluetoothAdapterProperties: Setting state to 11
01-01 00:00:17.504  2633  2665 I BluetoothAdapterState: Bluetooth adapter state changed: 10-> 11
01-01 00:00:17.505  2633  2665 D BluetoothAdapterService: Broadcasting updateAdapterState() to 0 receivers.
01-01 00:00:17.505  2633  2665 D BluetoothBondStateMachine: make
01-01 00:00:17.506  2633  2668 I BluetoothBondStateMachine: StableState(): Entering Off State
01-01 00:00:17.512  1962  1962 D BluetoothHeadset: Proxy object connected
01-01 00:00:17.512  2196  2196 D BluetoothHeadset: Proxy object connected
01-01 00:00:17.512  1962  1962 D BluetoothAdapter: 753777216: getState() :  mService = null. Returning STATE_OFF
01-01 00:00:17.512  2196  2196 D BluetoothHeadset: Proxy object connected
01-01 00:00:17.512  2196  2196 D BluetoothHeadset: Proxy object connected
01-01 00:00:17.513  2633  2633 D HeadsetService: Received start request. Starting profile...
01-01 00:00:17.514  2633  2633 I BluetoothHeadsetServiceJni: classInitNative: succeeds
01-01 00:00:17.514  2633  2633 D HeadsetStateMachine: make
01-01 00:00:17.522  2633  2665 I BluetoothAdapterState: Entering PendingCommandState State: isTurningOn()=true, isTurningOff()=false
01-01 00:00:17.526  2633  2633 I bluedroid: get_profile_interface handsfree
01-01 00:00:17.531  1962  1962 D BluetoothA2dp: Proxy object connected
01-01 00:00:17.531  1962  1962 D BluetoothAdapter: 753777216: getState() :  mService = null. Returning STATE_OFF
01-01 00:00:17.531  2633  2633 D A2dpService: Received start request. Starting profile...
01-01 00:00:17.532  2633  2633 I BluetoothA2dpServiceJni: classInitNative: succeeds
01-01 00:00:17.532  2633  2633 D A2dpStateMachine: make
01-01 00:00:17.532  2633  2633 I bluedroid: get_profile_interface a2dp
01-01 00:00:17.532  2633  2671 I GKI_LINUX: gki_task_entry: gki_task_entry task_id=2 [A2DP-MEDIA] starting
01-01 00:00:17.536  2633  2633 I BluetoothAvrcpServiceJni: classInitNative: succeeds
01-01 00:00:17.536  2633  2670 D A2dpStateMachine: Enter Disconnected: -2
01-01 00:00:17.536  2633  2633 V Avrcp   : make
01-01 00:00:17.536  2633  2633 I bluedroid: get_profile_interface avrcp
01-01 00:00:17.539  2633  2633 I BluetoothHidServiceJni: classInitNative: succeeds
01-01 00:00:17.542  2423  2423 D BluetoothInputDevice: Proxy object connected
01-01 00:00:17.542  2423  2423 D HidProfile: Bluetooth service connected
01-01 00:00:17.542  2423  2423 D BluetoothAdapter: 750512592: getState() :  mService = null. Returning STATE_OFF
01-01 00:00:17.543  2633  2633 D HidService: Received start request. Starting profile...
01-01 00:00:17.543  2633  2633 I bluedroid: get_profile_interface hidhost
01-01 00:00:17.543  2633  2633 I BluetoothHealthServiceJni: classInitNative: succeeds
01-01 00:00:17.545  2633  2633 D HealthService: Received start request. Starting profile...
01-01 00:00:17.546  2633  2633 I bluedroid: get_profile_interface health
01-01 00:00:17.547  2633  2633 I BluetoothPanServiceJni: classInitNative(L105): succeeds
