01-01 00:00:13.149  1962  2034 D ConnectivityService: newLp before updateRoutes: {InterfaceName: eth0 LinkAddresses: [192.168.1.30/24,]  Routes: [192.168.1.0/24 -> 0.0.0.0,0.0.0.0/0 -> 192.168.1.1,] DnsAddresses: [172.22.0.1,8.8.8.8,] Domains: nullMTU: 0}
01-01 00:00:13.149  1962  2034 D ConnectivityService: newLpPrefered before updateRoutes: true
01-01 00:00:13.151  1962  2034 D ConnectivityService: Adding 192.168.1.0/24 -> 0.0.0.0 into mAddedRoutes as it's already in use
01-01 00:00:13.167  1962  2034 D ConnectivityService: Adding 192.168.1.1/32 -> 0.0.0.0 into mAddedRoutes as it's already in use
01-01 00:00:13.173  2330  2330 E Environment: canonicalPath = /mnt/sdcard
01-01 00:00:13.182  1962  2034 D ConnectivityService: Adding 0.0.0.0/0 -> 192.168.1.1 into mAddedRoutes as it's already in use
01-01 00:00:13.206  1962  2034 D Nat464Xlat: requiresClat: netType=9, hasIPv4Address=true
01-01 00:00:13.211  1962  2030 D WifiStateTracker: do not disguise!
01-01 00:00:13.215  1962  2034 D ConnectivityService: Coexist!! NewType(9) priority is higher than CurrentType(-1), update mActiveDefaultNetwork!
01-01 00:00:13.217  2046  2046 D OpenGLRenderer: Enabling debug mode 0
01-01 00:00:13.233  2156  2156 I dalvikvm: Could not find method android.os.PowerManager.isInteractive, referenced from method com.google.android.finsky.utils.jo.c
01-01 00:00:13.233  2156  2156 W dalvikvm: VFY: unable to resolve virtual method 1762: Landroid/os/PowerManager;.isInteractive ()Z
01-01 00:00:13.233  2156  2156 D dalvikvm: VFY: replacing opcode 0x6e at 0x000e
01-01 00:00:13.246  2330  2330 W dalvikvm: VFY: unable to resolve static field 560 (PR_SET_DUMPABLE) in Landroid/system/OsConstants;
01-01 00:00:13.246  2330  2330 D dalvikvm: VFY: replacing opcode 0x60 at 0x000b
01-01 00:00:13.268  1962  2029 D WifiStateTracker: getNetworkInfo Wifi disguise to ethernet!
01-01 00:00:13.272  2156  2156 I dalvikvm: Could not find method android.content.pm.PackageManager.getPackageInstaller, referenced from method com.google.android.gms.common.c.a
01-01 00:00:13.272  2156  2156 W dalvikvm: VFY: unable to resolve virtual method 915: Landroid/content/pm/PackageManager;.getPackageInstaller ()Landroid/content/pm/PackageInstaller;
01-01 00:00:13.272  2156  2156 D dalvikvm: VFY: replacing opcode 0x6e at 0x000e
01-01 00:00:13.278  2330  2330 I dalvikvm: Could not find method com.google.android.gms.common.app.GmsApplication.getSystemService, referenced from method com.google.android.gms.common.app.GmsApplication.onCreate
01-01 00:00:13.278  2330  2330 W dalvikvm: VFY: unable to resolve virtual method 12441: Lcom/google/android/gms/common/app/GmsApplication;.getSystemService (Ljava/lang/Class;)Ljava/lang/Object;
01-01 00:00:13.278  2330  2330 D dalvikvm: VFY: replacing opcode 0x6e at 0x00cd
01-01 00:00:13.290  2330  2330 I MultiDex: VM with version 1.6.0 does not have multidex support
01-01 00:00:13.290  2330  2330 I MultiDex: install
01-01 00:00:13.292  2156  2156 W Finsky  : [1] com.google.android.finsky.FinskyApp.i(1358): No account configured on this device.
01-01 00:00:13.297  2330  2330 I MultiDex: MultiDexExtractor.load(/system/priv-app/PrebuiltGmsCore.apk, false)
01-01 00:00:13.315  2330  2330 I MultiDex: loading existing secondary dex files
01-01 00:00:13.345  2330  2330 I MultiDex: load found 3 secondary dex files
01-01 00:00:13.381  2330  2330 I MultiDex: install done
01-01 00:00:13.389  2156  2156 I Finsky  : [1] com.google.android.finsky.FinskyApp.onCreate(369): Initializing network with DFE https://android.clients.google.com/fdfe/
01-01 00:00:13.395  1962  2220 D WifiStateTracker: getNetworkInfo Wifi disguise to ethernet!
01-01 00:00:13.433  2236  2236 D dalvikvm: GC_FOR_ALLOC freed 21K, 1% free 13631K/13728K, paused 40ms, total 42ms
01-01 00:00:13.442  2156  2156 W Finsky  : [1] com.google.android.finsky.FinskyApp.i(1358): No account configured on this device.
01-01 00:00:13.450  2046  2046 D skia    : ---- fAsset->read(1024) returned 0
01-01 00:00:13.450  2046  2046 D skia    : ---- fAsset->read(1024) returned 0
01-01 00:00:13.465  2156  2156 E TelephonyManager: cts.appProcess.processName:com.android.vending
01-01 00:00:13.482  1962  1966 D dalvikvm: GC_CONCURRENT freed 754K, 12% free 6497K/7328K, paused 3ms+7ms, total 86ms
01-01 00:00:13.497  2046  2046 D dalvikvm: GC_FOR_ALLOC freed 243K, 6% free 5177K/5492K, paused 28ms, total 28ms
01-01 00:00:13.528  2046  2046 I dalvikvm-heap: Grow heap (frag case) to 14.496MB for 9830416-byte allocation
01-01 00:00:13.554  2046  2049 D dalvikvm: GC_CONCURRENT freed 7K, 3% free 14770K/15096K, paused 3ms+2ms, total 25ms
01-01 00:00:13.560  2156  2156 I dalvikvm: Could not find method android.content.pm.ApplicationInfo.loadUnbadgedIcon, referenced from method com.google.android.finsky.utils.dq.f
01-01 00:00:13.560  2156  2156 W dalvikvm: VFY: unable to resolve virtual method 831: Landroid/content/pm/ApplicationInfo;.loadUnbadgedIcon (Landroid/content/pm/PackageManager;)Landroid/graphics/drawable/Drawable;
01-01 00:00:13.560  2156  2156 D dalvikvm: VFY: replacing opcode 0x6e at 0x0013
01-01 00:00:13.576  2156  2158 D dalvikvm: GC_CONCURRENT freed 529K, 16% free 3328K/3924K, paused 3ms+4ms, total 30ms
01-01 00:00:13.589  2156  2156 I dalvikvm: Could not find method android.content.pm.PackageManager.getLeanbackLaunchIntentForPackage, referenced from method com.google.android.finsky.b.u.f
01-01 00:00:13.589  2156  2156 W dalvikvm: VFY: unable to resolve virtual method 911: Landroid/content/pm/PackageManager;.getLeanbackLaunchIntentForPackage (Ljava/lang/String;)Landroid/content/Intent;
01-01 00:00:13.589  2156  2156 D dalvikvm: VFY: replacing opcode 0x6e at 0x000a
01-01 00:00:13.595  2156  2156 W Finsky  : [1] com.google.android.finsky.FinskyApp.i(1358): No account configured on this device.
01-01 00:00:13.598  2156  2156 W Finsky  : [1] com.google.android.finsky.FinskyApp.i(1358): No account configured on this device.
01-01 00:00:13.599  1962  2220 D WifiStateTracker: getNetworkInfo Wifi disguise to ethernet!
01-01 00:00:13.610  2236  2236 V PowerAlarmManager: setAutoPowerSleepAlarm : 0
01-01 00:00:13.613  2156  2156 W Finsky  : [1] com.google.android.finsky.FinskyApp.i(1358): No account configured on this device.
01-01 00:00:13.628  2156  2156 W Finsky  : [1] com.google.android.finsky.FinskyApp.i(1358): No account configured on this device.
01-01 00:00:13.629  2156  2156 W Finsky  : [1] com.google.android.finsky.FinskyApp.i(1358): No account configured on this device.
01-01 00:00:13.637  2236  2236 I DvbCallbackListener: -------------->addDvbListener : Home
01-01 00:00:13.638  2236  2236 I DvbCallbackListener: -------------->addDvbListener : PvrManager
01-01 00:00:13.638  2236  2236 I DvbCallbackListener: -------------->addDvbListener : EPGManager
01-01 00:00:13.644  2046  2046 D dalvikvm: GC_FOR_ALLOC freed <1K, 3% free 14770K/15096K, paused 22ms, total 22ms
01-01 00:00:13.653  2236  2236 D StorageStatusReceiver: /proc/mount
01-01 00:00:13.655  2236  2236 D StorageStatusReceiver: rootfs / rootfs ro,relatime 0 0
01-01 00:00:13.656  2236  2236 V StorageStatusReceiver: getDevType : rootfs / rootfs ro,relatime 0 0
01-01 00:00:13.659  2236  2236 D StorageStatusReceiver: tmpfs /dev tmpfs rw,nosuid,relatime,mode=755 0 0
01-01 00:00:13.659  2236  2236 V StorageStatusReceiver: getDevType : tmpfs /dev tmpfs rw,nosuid,relatime,mode=755 0 0
01-01 00:00:13.660  2156  2156 W Finsky  : [1] com.google.android.finsky.FinskyApp.i(1358): No account configured on this device.
01-01 00:00:13.660  2236  2236 D StorageStatusReceiver: devpts /dev/pts devpts rw,relatime,mode=600 0 0
01-01 00:00:13.660  2236  2236 V StorageStatusReceiver: getDevType : devpts /dev/pts devpts rw,relatime,mode=600 0 0
01-01 00:00:13.661  2236  2236 D StorageStatusReceiver: adb /dev/usb-ffs/adb functionfs rw,relatime 0 0
01-01 00:00:13.661  2236  2236 V StorageStatusReceiver: getDevType : adb /dev/usb-ffs/adb functionfs rw,relatime 0 0
01-01 00:00:13.662  2156  2156 W Finsky  : [1] com.google.android.finsky.FinskyApp.i(1358): No account configured on this device.
01-01 00:00:13.662  2236  2236 D StorageStatusReceiver: proc /proc proc rw,relatime 0 0
01-01 00:00:13.662  2236  2236 V StorageStatusReceiver: getDevType : proc /proc proc rw,relatime 0 0
01-01 00:00:13.663  2236  2236 D StorageStatusReceiver: sysfs /sys sysfs rw,relatime 0 0
01-01 00:00:13.663  2236  2236 V StorageStatusReceiver: getDevType : sysfs /sys sysfs rw,relatime 0 0
01-01 00:00:13.664  2156  2156 I Finsky  : [1] com.google.android.finsky.services.DailyHygiene.a(123): No need to run daily hygiene.
01-01 00:00:13.664  2236  2236 D StorageStatusReceiver: tmpfs /mnt tmpfs rw,relatime,mode=775,gid=1000 0 0
01-01 00:00:13.664  2236  2236 V StorageStatusReceiver: getDevType : tmpfs /mnt tmpfs rw,relatime,mode=775,gid=1000 0 0
01-01 00:00:13.665  2236  2236 D StorageStatusReceiver: tmpfs /mnt/secure tmpfs rw,relatime,mode=700 0 0
01-01 00:00:13.665  2236  2236 V StorageStatusReceiver: getDevType : tmpfs /mnt/secure tmpfs rw,relatime,mode=700 0 0
01-01 00:00:13.666  2156  2156 W Finsky  : [1] com.google.android.finsky.FinskyApp.i(1358): No account configured on this device.
01-01 00:00:13.666  2236  2236 D StorageStatusReceiver: tmpfs /mnt/asec tmpfs rw,relatime,mode=755,gid=1000 0 0
01-01 00:00:13.666  2236  2236 V StorageStatusReceiver: getDevType : tmpfs /mnt/asec tmpfs rw,relatime,mode=755,gid=1000 0 0
01-01 00:00:13.667  2156  2156 I dalvikvm: Could not find method android.app.admin.DevicePolicyManager.isProfileOwnerApp, referenced from method com.google.android.finsky.utils.aq.a
01-01 00:00:13.667  2156  2156 W dalvikvm: VFY: unable to resolve virtual method 609: Landroid/app/admin/DevicePolicyManager;.isProfileOwnerApp (Ljava/lang/String;)Z
01-01 00:00:13.667  2156  2156 D dalvikvm: VFY: replacing opcode 0x6e at 0x0032
01-01 00:00:13.667  2236  2236 D StorageStatusReceiver: tmpfs /mnt/obb tmpfs rw,relatime,mode=755,gid=1000 0 0
01-01 00:00:13.667  2236  2236 V StorageStatusReceiver: getDevType : tmpfs /mnt/obb tmpfs rw,relatime,mode=755,gid=1000 0 0
01-01 00:00:13.668  2236  2236 D StorageStatusReceiver: /data/media /mnt/sdcard sdcardfs rw,nosuid,nodev,relatime,uid=1023,gid=1028,derive=legacy,reserved=100MB 0 0
01-01 00:00:13.668  2236  2236 V StorageStatusReceiver: getDevType : /data/media /mnt/sdcard sdcardfs rw,nosuid,nodev,relatime,uid=1023,gid=1028,derive=legacy,reserved=100MB 0 0
01-01 00:00:13.669  2236  2236 D StorageStatusReceiver: tmpfs /tmp tmpfs rw,relatime,mode=775 0 0
01-01 00:00:13.670  2236  2236 V StorageStatusReceiver: getDevType : tmpfs /tmp tmpfs rw,relatime,mode=775 0 0
01-01 00:00:13.671  2236  2236 D StorageStatusReceiver: /dev/block/platform/hi_mci.1/by-name/system /system ext4 ro,nosuid,nodev,relatime,data=ordered 0 0
01-01 00:00:13.671  2236  2236 V StorageStatusReceiver: getDevType : /dev/block/platform/hi_mci.1/by-name/system /system ext4 ro,nosuid,nodev,relatime,data=ordered 0 0
01-01 00:00:13.672  2236  2236 D StorageStatusReceiver: /dev/block/platform/hi_mci.1/by-name/reserved /system/reserved ext4 rw,nosuid,nodev,relatime,data=ordered 0 0
01-01 00:00:13.672  2236  2236 V StorageStatusReceiver: getDevType : /dev/block/platform/hi_mci.1/by-name/reserved /system/reserved ext4 rw,nosuid,nodev,relatime,data=ordered 0 0
01-01 00:00:13.673  2236  2236 D StorageStatusReceiver: /dev/block/platform/hi_mci.1/by-name/userdata /data ext4 rw,nosuid,nodev,relatime,data=ordered 0 0
01-01 00:00:13.673  2236  2236 V StorageStatusReceiver: getDevType : /dev/block/platform/hi_mci.1/by-name/userdata /data ext4 rw,nosuid,nodev,relatime,data=ordered 0 0
01-01 00:00:13.678  2236  2236 D StorageStatusReceiver: /dev/block/platform/hi_mci.1/by-name/cache /cache ext4 rw,nosuid,nodev,relatime,data=ordered 0 0
01-01 00:00:13.678  2236  2236 V StorageStatusReceiver: getDevType : /dev/block/platform/hi_mci.1/by-name/cache /cache ext4 rw,nosuid,nodev,relatime,data=ordered 0 0
01-01 00:00:13.679  2236  2236 D StorageStatusReceiver: /data/media /storage/emulated sdcardfs rw,nosuid,nodev,relatime,uid=1023,gid=1028,derive=legacy,reserved=100MB 0 0
01-01 00:00:13.679  2236  2236 V StorageStatusReceiver: getDevType : /data/media /storage/emulated sdcardfs rw,nosuid,nodev,relatime,uid=1023,gid=1028,derive=legacy,reserved=100MB 0 0
01-01 00:00:13.680  2236  2236 D StorageStatusReceiver: /dev/block/vold/179:25 /mnt/sdcard_external vfat rw,dirsync,nosuid,nodev,relatime,uid=1000,gid=1015,fmask=0000,dmask=0000,allow_utime=0022,codepage=437,iocharset=iso8859-1,shortname=mixed,utf8,errors=remount-ro 0 0
01-01 00:00:13.680  2236  2236 V StorageStatusReceiver: getDevType : /dev/block/vold/179:25 /mnt/sdcard_external vfat rw,dirsync,nosuid,nodev,relatime,uid=1000,gid=1015,fmask=0000,dmask=0000,allow_utime=0022,codepage=437,iocharset=iso8859-1,shortname=mixed,utf8,errors=remount-ro 0 0
01-01 00:00:13.682  2236  2236 D StorageStatusReceiver: -----------dev_type= SDCARD
01-01 00:00:13.682  2236  2236 D StorageStatusReceiver: -----------mount_path= /mnt/sdcard_external
01-01 00:00:13.682  2236  2236 D StorageStatusReceiver: -----------fs_type= VFAT
01-01 00:00:13.682  2236  2236 D StorageStatusReceiver: -----------io_mode= RW
01-01 00:00:13.682  2236  2236 D StorageStatusReceiver: -----------usbPort= UNKNOWN
01-01 00:00:13.682  2156  2156 W Settings: Setting download_manager_max_bytes_over_mobile has moved from android.provider.Settings.Secure to android.provider.Settings.Global.
01-01 00:00:13.683  2156  2156 W Settings: Setting download_manager_recommended_max_bytes_over_mobile has moved from android.provider.Settings.Secure to android.provider.Settings.Global.
01-01 00:00:13.686  2046  2046 I dalvikvm-heap: Grow heap (frag case) to 36.352MB for 22924816-byte allocation
01-01 00:00:13.687  2156  2156 D dalvikvm: DexOpt: couldn't find static field Landroid/os/Build$VERSION;.PREVIEW_SDK_INT
01-01 00:00:13.687  2156  2156 W dalvikvm: VFY: unable to resolve static field 233 (PREVIEW_SDK_INT) in Landroid/os/Build$VERSION;
01-01 00:00:13.687  2156  2156 D dalvikvm: VFY: replacing opcode 0x60 at 0x0007
01-01 00:00:13.710  2046  2049 D dalvikvm: GC_CONCURRENT freed 0K, 1% free 37158K/37484K, paused 3ms+4ms, total 24ms
01-01 00:00:13.710  2046  2046 D dalvikvm: WAIT_FOR_CONCURRENT_GC blocked 20ms
01-01 00:00:13.715  2236  2236 I DvbCallbackListener: -------------->addDvbListener : PowerStatusReceiver
01-01 00:00:13.725  2156  2156 I dalvikvm: Could not find method com.google.android.finsky.layout.DocImageView.setTransitionName, referenced from method com.google.android.finsky.utils.fb.a
01-01 00:00:13.725  2156  2156 W dalvikvm: VFY: unable to resolve virtual method 23413: Lcom/google/android/finsky/layout/DocImageView;.setTransitionName (Ljava/lang/String;)V
01-01 00:00:13.725  2156  2156 D dalvikvm: VFY: replacing opcode 0x6e at 0x0122
01-01 00:00:13.734  2156  2156 I dalvikvm: Could not find method com.google.android.finsky.layout.DocImageView.setTransitionName, referenced from method com.google.android.finsky.utils.fb.a
01-01 00:00:13.734  2156  2156 W dalvikvm: VFY: unable to resolve virtual method 23413: Lcom/google/android/finsky/layout/DocImageView;.setTransitionName (Ljava/lang/String;)V
01-01 00:00:13.734  2156  2156 D dalvikvm: VFY: replacing opcode 0x6e at 0x03e1
01-01 00:00:13.735  2156  2156 I dalvikvm: Could not find method com.google.android.finsky.layout.DocImageView.setTransitionName, referenced from method com.google.android.finsky.utils.fb.a
01-01 00:00:13.735  2156  2156 W dalvikvm: VFY: unable to resolve virtual method 23413: Lcom/google/android/finsky/layout/DocImageView;.setTransitionName (Ljava/lang/String;)V
01-01 00:00:13.735  2156  2156 D dalvikvm: VFY: replacing opcode 0x6e at 0x03e7
01-01 00:00:13.750  2156  2156 I dalvikvm: Could not find method android.view.View.getTransitionName, referenced from method com.google.android.finsky.navigationmanager.b.a
01-01 00:00:13.750  2156  2156 W dalvikvm: VFY: unable to resolve virtual method 10137: Landroid/view/View;.getTransitionName ()Ljava/lang/String;
01-01 00:00:13.750  2156  2156 D dalvikvm: VFY: replacing opcode 0x6e at 0x001b
01-01 00:00:13.768  1480  2006 I DVBSTACK: [Reply] DVB_DB_CONFIG_Get(33), size:8 (DvbService.cpp, 203)
01-01 00:00:13.769  1480  1480 I DVBSTACK: [Reply] DVB_DB_CONFIG_Get(33), size:8 (DvbService.cpp, 203)
01-01 00:00:13.769  1480  2006 I DVBSTACK: [Reply] DVB_DB_CONFIG_Get(33), size:8 (DvbService.cpp, 203)
01-01 00:00:13.769  1480  1480 I DVBSTACK: [Reply] DVB_DB_CONFIG_Get(33), size:8 (DvbService.cpp, 203)
01-01 00:00:13.770  1480  2006 I DVBSTACK: [Reply] DVB_DB_CONFIG_Get(33), size:8 (DvbService.cpp, 203)
01-01 00:00:13.770  1480  1480 I DVBSTACK: [Reply] DVB_DB_CONFIG_Get(33), size:8 (DvbService.cpp, 203)
01-01 00:00:13.771  1480  2006 I DVBSTACK: [Reply] DVB_DB_CONFIG_Get(33), size:8 (DvbService.cpp, 203)
01-01 00:00:13.773  1480  1480 I DVBSTACK: [Reply] DVB_DB_CONFIG_Get(33), size:8 (DvbService.cpp, 203)
01-01 00:00:13.773  1480  2006 I DVBSTACK: [Reply] DVB_DB_CONFIG_Get(33), size:8 (DvbService.cpp, 203)
01-01 00:00:13.774  1480  1480 I DVBSTACK: [Reply] DVB_DB_CONFIG_Get(33), size:8 (DvbService.cpp, 203)
01-01 00:00:13.774  1480  2006 I DVBSTACK: [Reply] DVB_DB_CONFIG_Get(33), size:8 (DvbService.cpp, 203)
01-01 00:00:13.774  1480  1480 I DVBSTACK: [Reply] DVB_DB_CONFIG_Get(33), size:8 (DvbService.cpp, 203)
01-01 00:00:13.777  2236  2236 V PvrPlayer: setVisibility : 4
01-01 00:00:13.778  2236  2236 V PvrPlayer: setPvrTime : 0
01-01 00:00:13.778  2236  2236 D PvrPlayer: setMax max : 300 / pvrSeekBar.getMax() : 7200
01-01 00:00:13.780  2236  2236 V PvrPlayer: setProgress : 0 0 0
01-01 00:00:13.780  2236  2236 D PvrPlayer: setMax max : 7200 / pvrSeekBar.getMax() : 300
01-01 00:00:13.781  2236  2236 V PvrManager: getModePlayback : 0
01-01 00:00:13.781  2236  2236 V PvrPlayer: setTrickModeIcon 1 : 100
01-01 00:00:13.781  2236  2236 V PvrPlayer: setTrickModeIcon 2 : 0
01-01 00:00:13.799  1480  2006 I DVBSTACK: [Reply] DVB_ETC_VFD_SetText(282), size:4 (DvbService.cpp, 203)
01-01 00:00:13.799  2156  2156 W Finsky  : [1] com.google.android.finsky.FinskyApp.i(1358): No account configured on this device.
01-01 00:00:13.801  2156  2156 W Finsky  : [1] com.google.android.finsky.FinskyApp.i(1358): No account configured on this device.
01-01 00:00:13.802  2156  2156 W Finsky  : [1] com.google.android.finsky.FinskyApp.i(1358): No account configured on this device.
01-01 00:00:13.804  2156  2156 W Finsky  : [1] com.google.android.finsky.FinskyApp.i(1358): No account configured on this device.
01-01 00:00:13.804  2156  2156 W Finsky  : [1] com.google.android.finsky.FinskyApp.b(1059): No account configured on this device.
01-01 00:00:13.809  2156  2156 W Finsky  : [1] com.google.android.finsky.FinskyApp.i(1358): No account configured on this device.
01-01 00:00:13.824  2156  2395 D Ads     : Skipping gmscore version check
01-01 00:00:13.836  1962  2194 I ActivityManager: Start proc com.google.android.gms.persistent for broadcast com.google.android.gms/com.google.android.location.internal.NlpNetworkProviderSettingsUpdateReceiver: pid=2396 uid=10006 gids={50006, 3003, 1007, 1028, 1015, 3002, 3001, 3007, 2001, 3006}
01-01 00:00:13.854  2156  2156 I Finsky  : [1] com.google.android.finsky.b.j.a(270): result=false type=4
01-01 00:00:13.856  2396  2396 E Environment: canonicalPath = /mnt/sdcard
01-01 00:00:13.898  2156  2156 I Finsky  : [1] com.google.android.finsky.services.ar.a(1049): Restore complete with 0 success and 0 failed.
01-01 00:00:13.912  2396  2396 W dalvikvm: VFY: unable to resolve static field 560 (PR_SET_DUMPABLE) in Landroid/system/OsConstants;
01-01 00:00:13.912  2396  2396 D dalvikvm: VFY: replacing opcode 0x60 at 0x000b
01-01 00:00:13.917  2396  2396 I dalvikvm: Could not find method com.google.android.gms.common.app.GmsApplication.getSystemService, referenced from method com.google.android.gms.common.app.GmsApplication.onCreate
01-01 00:00:13.917  2396  2396 W dalvikvm: VFY: unable to resolve virtual method 12441: Lcom/google/android/gms/common/app/GmsApplication;.getSystemService (Ljava/lang/Class;)Ljava/lang/Object;
01-01 00:00:13.917  2396  2396 D dalvikvm: VFY: replacing opcode 0x6e at 0x00cd
01-01 00:00:13.921  2396  2396 I MultiDex: VM with version 1.6.0 does not have multidex support
01-01 00:00:13.921  2396  2396 I MultiDex: install
01-01 00:00:13.923  2396  2396 I MultiDex: MultiDexExtractor.load(/system/priv-app/PrebuiltGmsCore.apk, false)
01-01 00:00:13.929  2396  2396 I MultiDex: loading existing secondary dex files
01-01 00:00:13.931  2396  2396 I MultiDex: load found 3 secondary dex files
01-01 00:00:13.938  2396  2396 I MultiDex: install done
01-01 00:00:14.009  2330  2330 D dalvikvm: DexOpt: couldn't find static field Landroid/os/Build;.SUPPORTED_ABIS
01-01 00:00:14.009  2330  2330 W dalvikvm: VFY: unable to resolve static field 120 (SUPPORTED_ABIS) in Landroid/os/Build;
01-01 00:00:14.009  2330  2330 D dalvikvm: VFY: replacing opcode 0x62 at 0x000a
01-01 00:00:14.011  2330  2330 D dalvikvm: DexOpt: couldn't find field Landroid/content/pm/ApplicationInfo;.splitSourceDirs
01-01 00:00:14.011  2330  2330 W dalvikvm: VFY: unable to resolve instance field 36
01-01 00:00:14.011  2330  2330 D dalvikvm: VFY: replacing opcode 0x54 at 0x005f
01-01 00:00:14.012  2330  2330 D dalvikvm: DexOpt: couldn't find static field Landroid/os/Build;.SUPPORTED_ABIS
01-01 00:00:14.012  2330  2330 W dalvikvm: VFY: unable to resolve static field 120 (SUPPORTED_ABIS) in Landroid/os/Build;
01-01 00:00:14.012  2330  2330 D dalvikvm: VFY: replacing opcode 0x62 at 0x0047
01-01 00:00:14.018  2330  2330 D dalvikvm: DexOpt: couldn't find field Landroid/content/pm/ApplicationInfo;.splitSourceDirs
01-01 00:00:14.018  2330  2330 I dalvikvm: DexOpt: unable to optimize instance field ref 0x0024 at 0x63 in Lcom/google/android/gms/common/util/ba;.b
01-01 00:00:14.023  2396  2396 D dalvikvm: DexOpt: couldn't find static field Landroid/os/Build;.SUPPORTED_ABIS
01-01 00:00:14.023  2396  2396 W dalvikvm: VFY: unable to resolve static field 120 (SUPPORTED_ABIS) in Landroid/os/Build;
01-01 00:00:14.023  2396  2396 D dalvikvm: VFY: replacing opcode 0x62 at 0x000a
01-01 00:00:14.024  2396  2396 D dalvikvm: DexOpt: couldn't find field Landroid/content/pm/ApplicationInfo;.splitSourceDirs
01-01 00:00:14.024  2396  2396 W dalvikvm: VFY: unable to resolve instance field 36
01-01 00:00:14.024  2396  2396 D dalvikvm: VFY: replacing opcode 0x54 at 0x005f
01-01 00:00:14.026  2396  2396 D dalvikvm: DexOpt: couldn't find static field Landroid/os/Build;.SUPPORTED_ABIS
01-01 00:00:14.026  2396  2396 W dalvikvm: VFY: unable to resolve static field 120 (SUPPORTED_ABIS) in Landroid/os/Build;
01-01 00:00:14.026  2396  2396 D dalvikvm: VFY: replacing opcode 0x62 at 0x0047
01-01 00:00:14.027  2330  2332 D dalvikvm: GC_CONCURRENT freed 471K, 14% free 3416K/3960K, paused 2ms+1ms, total 36ms
01-01 00:00:14.028  2396  2396 D dalvikvm: DexOpt: couldn't find field Landroid/content/pm/ApplicationInfo;.splitSourceDirs
01-01 00:00:14.028  2396  2396 I dalvikvm: DexOpt: unable to optimize instance field ref 0x0024 at 0x63 in Lcom/google/android/gms/common/util/ba;.b
01-01 00:00:14.039  2330  2330 D dalvikvm: No JNI_OnLoad found in /system/lib/libgmscore.so 0x2cbbba38, skipping init
01-01 00:00:14.039  2396  2396 D dalvikvm: No JNI_OnLoad found in /system/lib/libgmscore.so 0x2cbb2840, skipping init
01-01 00:00:14.046  2330  2330 V JNIHelp : Registering com/google/android/gms/org/conscrypt/NativeCrypto's 254 native methods...
01-01 00:00:14.046  2396  2396 V JNIHelp : Registering com/google/android/gms/org/conscrypt/NativeCrypto's 254 native methods...
01-01 00:00:14.088  2236  2236 D dalvikvm: GC_FOR_ALLOC freed 153K, 2% free 16352K/16580K, paused 16ms, total 17ms
01-01 00:00:14.127  2330  2330 I ProviderInstaller: Installed default security provider GmsCore_OpenSSL
01-01 00:00:14.135  2396  2396 I ProviderInstaller: Installed default security provider GmsCore_OpenSSL
01-01 00:00:14.151  2330  2330 D ChimeraCfgMgr: Reading stored module config
01-01 00:00:14.155  2396  2417 D NativeLibraryUtils: Installer failed to acquire lock.
01-01 00:00:14.155  2396  2417 D NativeLibraryUtils: java.io.IOException: fcntl failed: EAGAIN (Try again)
01-01 00:00:14.155  2396  2417 D NativeLibraryUtils: 	at java.nio.FileChannelImpl.basicLock(FileChannelImpl.java:123)
01-01 00:00:14.155  2396  2417 D NativeLibraryUtils: 	at java.nio.FileChannelImpl.tryLock(FileChannelImpl.java:177)
01-01 00:00:14.155  2396  2417 D NativeLibraryUtils: 	at java.nio.channels.FileChannel.tryLock(FileChannel.java:587)
01-01 00:00:14.155  2396  2417 D NativeLibraryUtils: 	at com.google.android.gms.common.util.ba.b(:com.google.android.gms:335)
01-01 00:00:14.155  2396  2417 D NativeLibraryUtils: 	at com.google.android.gms.common.app.c.run(:com.google.android.gms:211)
01-01 00:00:14.155  2396  2417 D NativeLibraryUtils: Caused by: libcore.io.ErrnoException: fcntl failed: EAGAIN (Try again)
01-01 00:00:14.155  2396  2417 D NativeLibraryUtils: 	at libcore.io.Posix.fcntlFlock(Native Method)
01-01 00:00:14.155  2396  2417 D NativeLibraryUtils: 	at libcore.io.ForwardingOs.fcntlFlock(ForwardingOs.java:54)
01-01 00:00:14.155  2396  2417 D NativeLibraryUtils: 	at java.nio.FileChannelImpl.basicLock(FileChannelImpl.java:121)
01-01 00:00:14.155  2396  2417 D NativeLibraryUtils: 	... 4 more
01-01 00:00:14.186  2396  2396 I dalvikvm: Could not find method android.app.Notification$Builder.setLocalOnly, referenced from method com.google.android.gms.common.os.b
01-01 00:00:14.186  2396  2396 W dalvikvm: VFY: unable to resolve virtual method 142: Landroid/app/Notification$Builder;.setLocalOnly (Z)Landroid/app/Notification$Builder;
01-01 00:00:14.186  2396  2396 D dalvikvm: VFY: replacing opcode 0x6e at 0x00ce
01-01 00:00:14.187  2330  2330 I dalvikvm: Could not find method android.content.res.Resources.getColor, referenced from method com.google.android.chimera.container.internal.ModuleResources.getColor
01-01 00:00:14.187  2330  2330 W dalvikvm: VFY: unable to resolve virtual method 458: Landroid/content/res/Resources;.getColor (ILandroid/content/res/Resources$Theme;)I
01-01 00:00:14.187  2330  2330 D dalvikvm: VFY: replacing opcode 0x6f at 0x0006
01-01 00:00:14.187  2330  2330 I dalvikvm: Could not find method android.content.res.Resources.getColor, referenced from method com.google.android.chimera.container.internal.ModuleResources.getColor
01-01 00:00:14.187  2330  2330 W dalvikvm: VFY: unable to resolve virtual method 458: Landroid/content/res/Resources;.getColor (ILandroid/content/res/Resources$Theme;)I
01-01 00:00:14.187  2330  2330 D dalvikvm: VFY: replacing opcode 0x6e at 0x000d
01-01 00:00:14.187  2330  2330 I dalvikvm: Could not find method android.content.res.Resources.getColorStateList, referenced from method com.google.android.chimera.container.internal.ModuleResources.getColorStateList
01-01 00:00:14.187  2330  2330 W dalvikvm: VFY: unable to resolve virtual method 460: Landroid/content/res/Resources;.getColorStateList (ILandroid/content/res/Resources$Theme;)Landroid/content/res/ColorStateList;
01-01 00:00:14.187  2330  2330 D dalvikvm: VFY: replacing opcode 0x6f at 0x0006
01-01 00:00:14.187  2330  2330 I dalvikvm: Could not find method android.content.res.Resources.getColorStateList, referenced from method com.google.android.chimera.container.internal.ModuleResources.getColorStateList
01-01 00:00:14.187  2330  2330 W dalvikvm: VFY: unable to resolve virtual method 460: Landroid/content/res/Resources;.getColorStateList (ILandroid/content/res/Resources$Theme;)Landroid/content/res/ColorStateList;
01-01 00:00:14.187  2330  2330 D dalvikvm: VFY: replacing opcode 0x6e at 0x000d
01-01 00:00:14.188  2330  2330 I dalvikvm: Could not find method android.content.res.Resources.getDrawable, referenced from method com.google.android.chimera.container.internal.ModuleResources.getDrawable
01-01 00:00:14.188  2330  2330 W dalvikvm: VFY: unable to resolve virtual method 467: Landroid/content/res/Resources;.getDrawable (ILandroid/content/res/Resources$Theme;)Landroid/graphics/drawable/Drawable;
01-01 00:00:14.188  2330  2330 D dalvikvm: VFY: replacing opcode 0x6f at 0x0006
01-01 00:00:14.188  2330  2330 I dalvikvm: Could not find method android.content.res.Resources.getDrawable, referenced from method com.google.android.chimera.container.internal.ModuleResources.getDrawable
01-01 00:00:14.188  2330  2330 W dalvikvm: VFY: unable to resolve virtual method 467: Landroid/content/res/Resources;.getDrawable (ILandroid/content/res/Resources$Theme;)Landroid/graphics/drawable/Drawable;
01-01 00:00:14.188  2330  2330 D dalvikvm: VFY: replacing opcode 0x6e at 0x000d
01-01 00:00:14.188  2330  2330 I dalvikvm: Could not find method android.content.res.Resources.getDrawableForDensity, referenced from method com.google.android.chimera.container.internal.ModuleResources.getDrawableForDensity
01-01 00:00:14.188  2330  2330 W dalvikvm: VFY: unable to resolve virtual method 469: Landroid/content/res/Resources;.getDrawableForDensity (IILandroid/content/res/Resources$Theme;)Landroid/graphics/drawable/Drawable;
01-01 00:00:14.188  2330  2330 D dalvikvm: VFY: replacing opcode 0x6f at 0x0006
01-01 00:00:14.188  2330  2330 I dalvikvm: Could not find method android.content.res.Resources.getDrawableForDensity, referenced from method com.google.android.chimera.container.internal.ModuleResources.getDrawableForDensity
01-01 00:00:14.188  2330  2330 W dalvikvm: VFY: unable to resolve virtual method 469: Landroid/content/res/Resources;.getDrawableForDensity (IILandroid/content/res/Resources$Theme;)Landroid/graphics/drawable/Drawable;
01-01 00:00:14.188  2330  2330 D dalvikvm: VFY: replacing opcode 0x6e at 0x000d
01-01 00:00:14.188  2396  2396 I dalvikvm: Could not find method android.content.pm.PackageManager.getPackageInstaller, referenced from method com.google.android.gms.common.ou.a
01-01 00:00:14.188  2396  2396 W dalvikvm: VFY: unable to resolve virtual method 430: Landroid/content/pm/PackageManager;.getPackageInstaller ()Landroid/content/pm/PackageInstaller;
01-01 00:00:14.188  2396  2396 D dalvikvm: VFY: replacing opcode 0x6e at 0x000d
01-01 00:00:14.215  2396  2399 D dalvikvm: GC_CONCURRENT freed 588K, 17% free 3290K/3952K, paused 3ms+4ms, total 34ms
01-01 00:00:14.219  2396  2396 I GCoreNlp: shouldConfirmNlp, NLP off. Ensuring opt-in disabled
01-01 00:00:14.232  2236  2236 V AppSettings: getUserAppsListFromPref :  0
01-01 00:00:14.232  2236  2236 V AppSettings: getUserAppsListFromPref X : 17
01-01 00:00:14.244  2330  2332 D dalvikvm: GC_CONCURRENT freed 522K, 14% free 3866K/4464K, paused 4ms+3ms, total 37ms
01-01 00:00:14.293  2236  2236 I ------Samba_Interface--------: Create smb.conf
01-01 00:00:14.294  2236  2236 I ------Samba_Interface--------: SMB Directory has Existed!
01-01 00:00:14.297  2236  2236 I ------Samba_Interface--------: No need to create smb.conf,it has existed!
01-01 00:00:14.298  2236  2236 E ------Samba_Interface--------: Create SAMBA 4
01-01 00:00:14.298  2236  2236 I ------SambaServer--------: SambaServer constructor
01-01 00:00:14.298  2236  2236 I ------Samba_Interface--------: Create smb.conf
01-01 00:00:14.298  2236  2236 I ------Samba_Interface--------: SMB Directory has Existed!
01-01 00:00:14.298  2236  2236 I ------Samba_Interface--------: No need to create smb.conf,it has existed!
01-01 00:00:14.298  2236  2236 I ------SambaServer--------: Set global parameter!
01-01 00:00:14.298  2236  2236 I ------SambaServer--------: WORKGROUP = WORKGROUP
01-01 00:00:14.306  2236  2236 I ------SambaServer--------: security = share
01-01 00:00:14.311  2236  2236 I ------SambaServer--------: maxLogSize = 225
01-01 00:00:14.311  2396  2396 I GCoreUlr: Starting service, intent=Intent { act=com.google.android.location.reporting.ACTION_UPDATE_WORLD cmp=com.google.android.gms/com.google.android.location.reporting.service.DispatchingService (has extras) }, extras=Bundle[{receiverAction=android.location.PROVIDERS_CHANGED}]
01-01 00:00:14.312  2236  2236 I ------Samba_Interface--------: Create smb.conf
01-01 00:00:14.313  2236  2236 I ------Samba_Interface--------: SMB Directory has Existed!
01-01 00:00:14.313  2236  2236 I ------Samba_Interface--------: No need to create smb.conf,it has existed!
01-01 00:00:14.313  2236  2236 E ------Samba_Interface--------: Create SAMBA 4
01-01 00:00:14.313  2236  2236 I ------SambaServer--------: SambaServer constructor
01-01 00:00:14.313  2236  2236 I ------Samba_Interface--------: Create smb.conf
01-01 00:00:14.313  2236  2236 I ------Samba_Interface--------: SMB Directory has Existed!
01-01 00:00:14.313  2236  2236 I ------Samba_Interface--------: No need to create smb.conf,it has existed!
01-01 00:00:14.313  2236  2236 I ------Samba_Interface--------: Create smb.conf
01-01 00:00:14.313  2236  2236 I ------Samba_Interface--------: SMB Directory has Existed!
01-01 00:00:14.313  2236  2236 I ------Samba_Interface--------: No need to create smb.conf,it has existed!
01-01 00:00:14.313  2236  2236 E ------Samba_Interface--------: Create SAMBA 4
01-01 00:00:14.313  2236  2236 I ------SambaServer--------: SambaServer constructor
01-01 00:00:14.313  2236  2236 I ------Samba_Interface--------: Create smb.conf
01-01 00:00:14.313  2236  2236 I ------Samba_Interface--------: SMB Directory has Existed!
01-01 00:00:14.313  2236  2236 I ------Samba_Interface--------: No need to create smb.conf,it has existed!
01-01 00:00:14.313  2236  2236 I ------SambaServer--------: Set global parameter!
01-01 00:00:14.316  2236  2236 I ------SambaServer--------: path = /mnt
01-01 00:00:14.317  2236  2236 I ------SambaServer--------: Start
01-01 00:00:14.317  2236  2236 I ------Samba_Interface--------: Create smb.conf
01-01 00:00:14.318  2236  2236 I ------Samba_Interface--------: SMB Directory has Existed!
01-01 00:00:14.318  2236  2236 I ------Samba_Interface--------: No need to create smb.conf,it has existed!
01-01 00:00:14.318  2236  2236 E ------Samba_Interface--------: Create SAMBA 4
01-01 00:00:14.318  2236  2236 I ------SambaServer--------: SambaServer constructor
01-01 00:00:14.318  2236  2236 I ------Samba_Interface--------: Create smb.conf
01-01 00:00:14.318  2236  2236 I ------Samba_Interface--------: SMB Directory has Existed!
01-01 00:00:14.318  2236  2236 I ------Samba_Interface--------: No need to create smb.conf,it has existed!
01-01 00:00:14.318  2236  2236 I         : nssh(IClient)cmd=1011,buf=(/mnt/ps)
01-01 00:00:14.318  2156  2156 W Finsky  : [1] com.google.android.finsky.FinskyApp.i(1358): No account configured on this device.
01-01 00:00:14.318  1470  1470 I         : nssh(server) cmd=1011, buf=/mnt/ps
01-01 00:00:14.319  1470  1470 E         : nssh(1011,/mnt/ps) run !
01-01 00:00:14.333  1962  2221 I ActivityManager: Start proc com.android.settings for broadcast com.android.settings/.widget.SettingsAppWidgetProvider: pid=2423 uid=1000 gids={41000, 1028, 1015, 3003, 3002, 3001}
01-01 00:00:14.386  2423  2423 E Environment: canonicalPath = /mnt/sdcard
01-01 00:00:14.390  1470  1470 I         : nssh(server) ret=0
01-01 00:00:14.392  2236  2236 I         : nssh(IClient)cmd=1011,buf=(/mnt/ps)
01-01 00:00:14.392  1470  2421 I         : nssh(server) cmd=1011, buf=/mnt/ps
01-01 00:00:14.392  1470  2421 E         : nssh(1011,/mnt/ps) run !
01-01 00:00:14.411  2330  2416 D NativeLibraryUtils: Install completed successfully. count=0 extracted=0
01-01 00:00:14.440  2396  2396 I GCoreUlr: DispatchingService.onCreate()
01-01 00:00:14.441  1470  2421 I         : nssh(server) ret=0
01-01 00:00:14.447  2236  2236 I ------Samba_Interface--------: line : 214, ip = 192.168.1.30, str = 
01-01 00:00:14.454  2396  2396 I dalvikvm: Could not find method android.accounts.AccountManager.getPreviousName, referenced from method com.google.android.location.util.c.a
01-01 00:00:14.454  2396  2396 W dalvikvm: VFY: unable to resolve virtual method 16: Landroid/accounts/AccountManager;.getPreviousName (Landroid/accounts/Account;)Ljava/lang/String;
01-01 00:00:14.454  2396  2396 D dalvikvm: VFY: replacing opcode 0x6e at 0x000a
01-01 00:00:14.501  2236  2236 I ------Samba_Interface--------: line : 222, echo_ip = echo "192.168.1.30" >/data/app/samba/var/ip
01-01 00:00:14.519  2236  2236 I ------SambaServer--------: line : 274, netbios and server string = Android_c06ca1
01-01 00:00:14.520  1962  1991 D BluetoothManagerService: Message: 20
01-01 00:00:14.520  1962  1991 D BluetoothManagerService: Added callback: android.bluetooth.IBluetoothManagerCallback$Stub$Proxy@2cf60f18:true
01-01 00:00:14.524  2423  2423 D BluetoothAdapter: 750512592: getState() :  mService = null. Returning STATE_OFF
01-01 00:00:14.525  1962  1991 D BluetoothManagerService: Message: 30
01-01 00:00:14.531  2423  2423 W ContextImpl: Calling a method in the system process without a qualified user: android.app.ContextImpl.bindService:1620 android.content.ContextWrapper.bindService:517 android.bluetooth.BluetoothInputDevice.doBind:245 android.bluetooth.BluetoothInputDevice.<init>:238 android.bluetooth.BluetoothAdapter.getProfileProxy:1187 
01-01 00:00:14.540  1962  1991 D BluetoothManagerService: Message: 30
01-01 00:00:14.546  2423  2423 W ContextImpl: Calling a method in the system process without a qualified user: android.app.ContextImpl.bindService:1620 android.content.ContextWrapper.bindService:517 android.bluetooth.BluetoothPan.doBind:149 android.bluetooth.BluetoothPan.<init>:141 android.bluetooth.BluetoothAdapter.getProfileProxy:1190 
01-01 00:00:14.551  2423  2423 D LocalBluetoothProfileManager: Adding local MAP profile
01-01 00:00:14.552  2423  2423 D BluetoothMap: Create BluetoothMap proxy object
01-01 00:00:14.552  1962  1991 D BluetoothManagerService: Message: 30
01-01 00:00:14.555  2423  2423 W ContextImpl: Calling a method in the system process without a qualified user: android.app.ContextImpl.bindService:1620 android.content.ContextWrapper.bindService:517 android.bluetooth.BluetoothMap.doBind:109 android.bluetooth.BluetoothMap.<init>:102 android.bluetooth.BluetoothAdapter.getProfileProxy:1196 
01-01 00:00:14.559  1962  1991 D BluetoothManagerService: Message: 30
01-01 00:00:14.561  2423  2423 W ContextImpl: Calling a method in the system process without a qualified user: android.app.ContextImpl.bindService:1620 android.content.ContextWrapper.bindService:517 android.bluetooth.BluetoothPbap.doBind:164 android.bluetooth.BluetoothPbap.<init>:157 com.android.settings.bluetooth.PbapServerProfile.<init>:68 
01-01 00:00:14.562  2423  2423 D LocalBluetoothProfileManager: LocalBluetoothProfileManager construction complete
01-01 00:00:14.562  2423  2423 D BluetoothAdapter: 750512592: getState() :  mService = null. Returning STATE_OFF
01-01 00:00:14.562  2423  2423 D BluetoothAdapter: 750512592: getState() :  mService = null. Returning STATE_OFF
01-01 00:00:14.567  2330  2330 I dalvikvm: Could not find method android.os.PowerManager.isInteractive, referenced from method com.google.android.gms.cast.d.o.o
01-01 00:00:14.567  2330  2330 W dalvikvm: VFY: unable to resolve virtual method 1533: Landroid/os/PowerManager;.isInteractive ()Z
01-01 00:00:14.567  2330  2330 D dalvikvm: VFY: replacing opcode 0x6e at 0x0042
01-01 00:00:14.585  2046  2046 I Choreographer: Skipped 93 frames!  The application may be doing too much work on its main thread.
01-01 00:00:14.682  2330  2330 I CastSocket: 19 >= 18. Adding new CastClientAuthKeyManager.
01-01 00:00:14.703  2396  2396 I dalvikvm: Failed resolving Lcom/google/android/gms/common/j/c; interface 119 'Landroid/content/pm/PackageManager$OnPermissionsChangedListener;'
01-01 00:00:14.703  2396  2396 W dalvikvm: Link of class 'Lcom/google/android/gms/common/j/c;' failed
01-01 00:00:14.704  2396  2396 E dalvikvm: Could not find class 'com.google.android.gms.common.j.c', referenced from method com.google.android.gms.common.j.b.a
01-01 00:00:14.704  2396  2396 W dalvikvm: VFY: unable to resolve new-instance 2862 (Lcom/google/android/gms/common/j/c;) in Lcom/google/android/gms/common/j/b;
01-01 00:00:14.704  2396  2396 D dalvikvm: VFY: replacing opcode 0x22 at 0x0000
01-01 00:00:14.705  2396  2396 I dalvikvm: Could not find method android.content.Context.checkSelfPermission, referenced from method com.google.android.gms.common.j.b.b
01-01 00:00:14.705  2396  2396 W dalvikvm: VFY: unable to resolve virtual method 276: Landroid/content/Context;.checkSelfPermission (Ljava/lang/String;)I
01-01 00:00:14.705  2396  2396 D dalvikvm: VFY: replacing opcode 0x6e at 0x0036
01-01 00:00:14.709  2396  2396 I dalvikvm: Failed resolving Lcom/google/android/gms/common/j/c; interface 119 'Landroid/content/pm/PackageManager$OnPermissionsChangedListener;'
01-01 00:00:14.709  2396  2396 W dalvikvm: Link of class 'Lcom/google/android/gms/common/j/c;' failed
01-01 00:00:14.710  2396  2396 D dalvikvm: DexOpt: unable to opt direct call 0x363b at 0x02 in Lcom/google/android/gms/common/j/b;.a
01-01 00:00:14.736  2396  2450 I GCoreUlr: WorldUpdater received intent Intent { act=com.google.android.location.reporting.ACTION_UPDATE_WORLD cmp=com.google.android.gms/com.google.android.location.reporting.service.DispatchingService (has extras) } with receiverAction android.location.PROVIDERS_CHANGED
01-01 00:00:14.744  2396  2399 D dalvikvm: GC_CONCURRENT freed 728K, 19% free 3489K/4292K, paused 1ms+3ms, total 21ms
01-01 00:00:14.751  2396  2396 D GeofencerStateMachine: Creating GeofencerStateMachine
01-01 00:00:14.784  2156  2156 W Finsky  : [1] com.google.android.finsky.FinskyApp.i(1358): No account configured on this device.
01-01 00:00:14.808  2330  2332 D dalvikvm: GC_CONCURRENT freed 372K, 10% free 4432K/4876K, paused 1ms+10ms, total 44ms
01-01 00:00:14.815  2283  2296 D dalvikvm: GC_EXPLICIT freed 134K, 10% free 3547K/3936K, paused 3ms+8ms, total 51ms
01-01 00:00:14.851  2396  2396 I dalvikvm: Could not find method android.app.AlarmManager.setExactAndAllowWhileIdle, referenced from method com.google.android.gms.common.stats.b.a
01-01 00:00:14.851  2396  2396 W dalvikvm: VFY: unable to resolve virtual method 70: Landroid/app/AlarmManager;.setExactAndAllowWhileIdle (IJLandroid/app/PendingIntent;)V
01-01 00:00:14.851  2396  2396 D dalvikvm: VFY: replacing opcode 0x6e at 0x0010
01-01 00:00:14.864  2330  2477 I iu.SyncManager: SYNC; picasa accounts
01-01 00:00:14.874  2396  2450 I GCoreUlr: WorldUpdater:android.location.PROVIDERS_CHANGED: Ensuring that reporting is stopped because of reasons: (no Google accounts)
01-01 00:00:14.880  2396  2396 I dalvikvm: Failed resolving Lcom/google/android/gms/common/util/bq; interface 119 'Landroid/content/pm/PackageManager$OnPermissionsChangedListener;'
01-01 00:00:14.880  2396  2396 W dalvikvm: Link of class 'Lcom/google/android/gms/common/util/bq;' failed
01-01 00:00:14.881  2396  2396 E dalvikvm: Could not find class 'com.google.android.gms.common.util.bq', referenced from method com.google.android.gms.common.util.bo.a
01-01 00:00:14.881  2396  2396 W dalvikvm: VFY: unable to resolve new-instance 2701 (Lcom/google/android/gms/common/util/bq;) in Lcom/google/android/gms/common/util/bo;
01-01 00:00:14.881  2396  2396 D dalvikvm: VFY: replacing opcode 0x22 at 0x0010
01-01 00:00:14.882  2396  2396 I dalvikvm: Failed resolving Lcom/google/android/gms/common/util/bq; interface 119 'Landroid/content/pm/PackageManager$OnPermissionsChangedListener;'
01-01 00:00:14.882  2396  2396 W dalvikvm: Link of class 'Lcom/google/android/gms/common/util/bq;' failed
01-01 00:00:14.882  2396  2450 I GCoreUlr: Unbound from all location providers
01-01 00:00:14.882  2396  2396 D dalvikvm: DexOpt: unable to opt direct call 0x2dc1 at 0x16 in Lcom/google/android/gms/common/util/bo;.a
01-01 00:00:14.882  2396  2450 I GCoreUlr: Place inference reporting - stopped
01-01 00:00:14.883  2330  2330 D NetworkLogImpl: Loaded NetworkSpeedPredictor
01-01 00:00:14.891  2330  2330 I iu.Environment: update connectivity state; isNetworkMetered? false, isRoaming? false, isBackgroundDataAllowed? true*
01-01 00:00:14.916  2330  2477 I iu.UploadsManager: num queued entries: 0
01-01 00:00:14.917  2330  2477 I iu.UploadsManager: num updated entries: 0
01-01 00:00:14.919  2330  2477 I iu.SyncManager: NEXT; no task
01-01 00:00:14.975  2396  2396 I dalvikvm: Could not find method android.os.PowerManager.isDeviceIdleMode, referenced from method com.google.android.location.util.k.a
01-01 00:00:14.975  2396  2396 W dalvikvm: VFY: unable to resolve virtual method 1532: Landroid/os/PowerManager;.isDeviceIdleMode ()Z
01-01 00:00:14.975  2396  2396 D dalvikvm: VFY: replacing opcode 0x6e at 0x000a
01-01 00:00:15.092  2396  2396 I GAv4-SVC: Google Analytics 8.7.03 is starting up.
01-01 00:00:15.261  2396  2399 D dalvikvm: GC_CONCURRENT freed 580K, 15% free 3828K/4480K, paused 2ms+7ms, total 25ms
01-01 00:00:15.283  2396  2396 I dalvikvm: Could not find method android.net.wifi.WifiManager.isWifiScannerSupported, referenced from method com.google.android.location.places.i.k.<init>
01-01 00:00:15.283  2396  2396 W dalvikvm: VFY: unable to resolve virtual method 1032: Landroid/net/wifi/WifiManager;.isWifiScannerSupported ()Z
01-01 00:00:15.283  2396  2396 D dalvikvm: VFY: replacing opcode 0x6e at 0x002d
01-01 00:00:15.283  2396  2396 W dalvikvm: VFY: unable to find class referenced in signature (Landroid/net/wifi/WifiScanner;)
01-01 00:00:15.290  2396  2396 I dalvikvm: Could not find method android.bluetooth.BluetoothAdapter.isOffloadedFilteringSupported, referenced from method com.google.android.gms.blescanner.c.b.a
01-01 00:00:15.290  2396  2396 W dalvikvm: VFY: unable to resolve virtual method 338: Landroid/bluetooth/BluetoothAdapter;.isOffloadedFilteringSupported ()Z
01-01 00:00:15.290  2396  2396 D dalvikvm: VFY: replacing opcode 0x6e at 0x004c
01-01 00:00:15.291  2396  2396 I dalvikvm: Could not find method android.bluetooth.BluetoothAdapter.getBluetoothLeScanner, referenced from method com.google.android.gms.blescanner.c.b.a
01-01 00:00:15.291  2396  2396 W dalvikvm: VFY: unable to resolve virtual method 331: Landroid/bluetooth/BluetoothAdapter;.getBluetoothLeScanner ()Landroid/bluetooth/le/BluetoothLeScanner;
01-01 00:00:15.291  2396  2396 D dalvikvm: VFY: replacing opcode 0x6e at 0x00c3
01-01 00:00:15.291  2396  2396 I dalvikvm: Could not find method android.bluetooth.BluetoothAdapter.getBluetoothLeScanner, referenced from method com.google.android.gms.blescanner.c.b.a
01-01 00:00:15.291  2396  2396 W dalvikvm: VFY: unable to resolve virtual method 331: Landroid/bluetooth/BluetoothAdapter;.getBluetoothLeScanner ()Landroid/bluetooth/le/BluetoothLeScanner;
01-01 00:00:15.291  2396  2396 D dalvikvm: VFY: replacing opcode 0x6e at 0x012b
01-01 00:00:15.301  2396  2396 I BleScanCompatLib: Building BLE scanner compat:  'L/M' hardware access layer is not available: Build version is 19 which is too low.
01-01 00:00:15.302  1962  1991 D BluetoothManagerService: Message: 20
01-01 00:00:15.303  1962  1991 D BluetoothManagerService: Added callback: android.bluetooth.IBluetoothManagerCallback$Stub$Proxy@2cfd1500:true
01-01 00:00:15.308  2396  2396 I BleScanCompatLib: BLE 'JB+' software access layer enabled
01-01 00:00:15.333  2396  2396 W dalvikvm: VFY: unable to find class referenced in signature (Landroid/net/wifi/RttManager;)
01-01 00:00:15.335  2396  2396 W dalvikvm: VFY: unable to find class referenced in signature (Landroid/net/wifi/WifiScanner;)
01-01 00:00:15.337  2396  2396 E dalvikvm: Could not find class 'android.net.wifi.WifiScanner$BssidInfo[]', referenced from method com.google.android.location.places.i.i.a
01-01 00:00:15.337  2396  2396 W dalvikvm: VFY: unable to resolve new-array 10944 ([Landroid/net/wifi/WifiScanner$BssidInfo;) in Lcom/google/android/location/places/i/i;
01-01 00:00:15.337  2396  2396 D dalvikvm: VFY: replacing opcode 0x23 at 0x0012
01-01 00:00:15.422  2396  2396 I GCoreUlr: Starting service, intent=Intent { act=com.google.android.location.reporting.ACTION_UPDATE_WORLD cmp=com.google.android.gms/com.google.android.location.reporting.service.DispatchingService (has extras) }, extras=Bundle[{receiverAction=android.intent.action.ACTION_POWER_DISCONNECTED}]
01-01 00:00:15.427  2396  2396 I GCoreUlr: DispatchingService.onDestroy()
01-01 00:00:15.427  2396  2396 I GCoreUlr: Stopping handler for UlrDispSvcFast
01-01 00:00:15.427  2396  2482 I Places  : b.c:195: PlacesBleScanner stop()
01-01 00:00:15.428  2396  2482 I BleScanCompatLib: Scan : No clients left, canceling alarm.
01-01 00:00:15.429  2396  2396 I GCoreUlr: Unbound from all location providers
01-01 00:00:15.429  2396  2396 I GCoreUlr: Place inference reporting - stopped
01-01 00:00:15.431  2396  2396 V GeofencerHelper: Initializing geofence's system cache.
01-01 00:00:15.446  2396  2458 D GeofenceStateCache: Recovered 0 geofences.
01-01 00:00:15.462  2396  2458 I GeofencerStateMachine: Network location disabled.
01-01 00:00:15.466  2396  2396 I dalvikvm: Could not find method android.os.UserHandle.isOwner, referenced from method com.google.android.location.internal.server.o.f
01-01 00:00:15.466  2396  2396 W dalvikvm: VFY: unable to resolve virtual method 1558: Landroid/os/UserHandle;.isOwner ()Z
01-01 00:00:15.466  2396  2396 D dalvikvm: VFY: replacing opcode 0x6e at 0x00ab
01-01 00:00:15.475  2396  2458 W GeofencerStateMachine: Ignoring removeGeofence because network location is disabled.
01-01 00:00:15.495  2330  2489 I dalvikvm: Could not find method android.os.PowerManager.isInteractive, referenced from method com.google.android.gms.common.util.aa.a
01-01 00:00:15.495  2330  2489 W dalvikvm: VFY: unable to resolve virtual method 1255: Landroid/os/PowerManager;.isInteractive ()Z
01-01 00:00:15.495  2330  2489 D dalvikvm: VFY: replacing opcode 0x6e at 0x003d
01-01 00:00:15.503  2330  2489 D MdnsClient: #acquireLock. Multicast lock not held. Acquiring
01-01 00:00:15.505  1962  2032 D WifiStateMachine: handleMessage: E msg.what=131157
01-01 00:00:15.505  1962  2032 D WifiStateMachine: processMsg: InitialState
