01-01 00:00:18.256  2330  2746 D DexOptUtils: Odex not created. It may have already been created and renamed.
01-01 00:00:18.257  1962  2193 I ActivityManager: Resuming delayed broadcast
01-01 00:00:18.292  1962  2220 I ActivityManager: Delay finish: com.google.android.gms/.reminders.notification.NotificationReceiver
01-01 00:00:18.314  1962  2219 I ActivityManager: Resuming delayed broadcast
01-01 00:00:18.344  2330  2330 W InstanceID/Rpc: Found 10006
01-01 00:00:18.391  1480  2006 I DVBSTACK: [Reply] DVB_DEMOD_TUNER_GetLevel(304), size:12 (DvbService.cpp, 203)
01-01 00:00:18.396  1962  2219 I ActivityManager: Delay finish: com.google.android.gms/.app.receiver.SystemBroadcastReceiver
01-01 00:00:18.424  2330  2751 E dalvikvm: Could not find class 'android.net.NetworkRequest$Builder', referenced from method com.google.android.gms.common.stats.GmsCoreStatsService.onCreate
01-01 00:00:18.424  2330  2751 W dalvikvm: VFY: unable to resolve new-instance 266 (Landroid/net/NetworkRequest$Builder;) in Lcom/google/android/gms/common/stats/GmsCoreStatsService;
01-01 00:00:18.424  2330  2751 D dalvikvm: VFY: replacing opcode 0x22 at 0x00af
01-01 00:00:18.425  2330  2751 W dalvikvm: Unable to resolve superclass of Lcom/google/android/gms/common/stats/h; (259)
01-01 00:00:18.425  2330  2751 W dalvikvm: Link of class 'Lcom/google/android/gms/common/stats/h;' failed
01-01 00:00:18.426  2330  2751 W dalvikvm: Unable to resolve superclass of Lcom/google/android/gms/common/stats/h; (259)
01-01 00:00:18.426  2330  2751 W dalvikvm: Link of class 'Lcom/google/android/gms/common/stats/h;' failed
01-01 00:00:18.427  2330  2751 I dalvikvm: Could not find method android.net.ConnectivityManager.unregisterNetworkCallback, referenced from method com.google.android.gms.common.stats.GmsCoreStatsService.onDestroy
01-01 00:00:18.427  2330  2751 W dalvikvm: VFY: unable to resolve virtual method 1241: Landroid/net/ConnectivityManager;.unregisterNetworkCallback (Landroid/net/ConnectivityManager$NetworkCallback;)V
01-01 00:00:18.427  2330  2751 D dalvikvm: VFY: replacing opcode 0x6e at 0x0021
01-01 00:00:18.428  2330  2751 D dalvikvm: DexOpt: unable to opt direct call 0x04e0 at 0xb1 in Lcom/google/android/gms/common/stats/GmsCoreStatsService;.onCreate
01-01 00:00:18.428  2330  2751 W dalvikvm: Unable to resolve superclass of Lcom/google/android/gms/common/stats/h; (259)
01-01 00:00:18.428  2330  2751 W dalvikvm: Link of class 'Lcom/google/android/gms/common/stats/h;' failed
01-01 00:00:18.429  2330  2751 D dalvikvm: DexOpt: unable to opt direct call 0x55d8 at 0xd3 in Lcom/google/android/gms/common/stats/GmsCoreStatsService;.onCreate
01-01 00:00:18.448  2371  2371 E dalvikvm: Could not find class 'android.net.NetworkRequest$Builder', referenced from method com.google.android.gms.common.stats.GmsCoreStatsService.onCreate
01-01 00:00:18.448  2371  2371 W dalvikvm: VFY: unable to resolve new-instance 266 (Landroid/net/NetworkRequest$Builder;) in Lcom/google/android/gms/common/stats/GmsCoreStatsService;
01-01 00:00:18.448  2371  2371 D dalvikvm: VFY: replacing opcode 0x22 at 0x00af
01-01 00:00:18.448  2371  2371 W dalvikvm: Unable to resolve superclass of Lcom/google/android/gms/common/stats/h; (259)
01-01 00:00:18.448  2371  2371 W dalvikvm: Link of class 'Lcom/google/android/gms/common/stats/h;' failed
01-01 00:00:18.452  2371  2371 W dalvikvm: Unable to resolve superclass of Lcom/google/android/gms/common/stats/h; (259)
01-01 00:00:18.452  2371  2371 W dalvikvm: Link of class 'Lcom/google/android/gms/common/stats/h;' failed
01-01 00:00:18.452  2330  2751 E dalvikvm: Could not find class 'android.telephony.SubscriptionManager', referenced from method com.google.android.gms.checkin.CheckinService.d
01-01 00:00:18.452  2330  2751 W dalvikvm: VFY: unable to resolve check-cast 536 (Landroid/telephony/SubscriptionManager;) in Lcom/google/android/gms/checkin/CheckinService;
01-01 00:00:18.452  2330  2751 D dalvikvm: VFY: replacing opcode 0x1f at 0x000e
01-01 00:00:18.452  2371  2371 I dalvikvm: Could not find method android.net.ConnectivityManager.unregisterNetworkCallback, referenced from method com.google.android.gms.common.stats.GmsCoreStatsService.onDestroy
01-01 00:00:18.452  2371  2371 W dalvikvm: VFY: unable to resolve virtual method 1241: Landroid/net/ConnectivityManager;.unregisterNetworkCallback (Landroid/net/ConnectivityManager$NetworkCallback;)V
01-01 00:00:18.452  2371  2371 D dalvikvm: VFY: replacing opcode 0x6e at 0x0021
01-01 00:00:18.454  2371  2371 D dalvikvm: DexOpt: unable to opt direct call 0x04e0 at 0xb1 in Lcom/google/android/gms/common/stats/GmsCoreStatsService;.onCreate
01-01 00:00:18.455  2371  2371 W dalvikvm: Unable to resolve superclass of Lcom/google/android/gms/common/stats/h; (259)
01-01 00:00:18.455  2371  2371 W dalvikvm: Link of class 'Lcom/google/android/gms/common/stats/h;' failed
01-01 00:00:18.455  2371  2371 D dalvikvm: DexOpt: unable to opt direct call 0x55d8 at 0xd3 in Lcom/google/android/gms/common/stats/GmsCoreStatsService;.onCreate
01-01 00:00:18.485  2330  2330 E dalvikvm: Could not find class 'android.telephony.SubscriptionManager', referenced from method com.google.android.gms.checkin.d.a
01-01 00:00:18.485  2330  2330 W dalvikvm: VFY: unable to resolve check-cast 536 (Landroid/telephony/SubscriptionManager;) in Lcom/google/android/gms/checkin/d;
01-01 00:00:18.485  2330  2330 D dalvikvm: VFY: replacing opcode 0x1f at 0x00f6
01-01 00:00:18.503  2330  2330 W dalvikvm: VFY: unable to find class referenced in signature (Landroid/telephony/SubscriptionManager;)
01-01 00:00:18.504  2330  2330 I dalvikvm: Could not find method android.telephony.SubscriptionManager.getActiveSubscriptionInfoList, referenced from method com.google.android.gms.checkin.d.a
01-01 00:00:18.504  2330  2330 W dalvikvm: VFY: unable to resolve virtual method 2716: Landroid/telephony/SubscriptionManager;.getActiveSubscriptionInfoList ()Ljava/util/List;
01-01 00:00:18.504  2330  2330 D dalvikvm: VFY: replacing opcode 0x6e at 0x0004
01-01 00:00:18.504  2330  2330 D dalvikvm: DexOpt: couldn't find static field Landroid/os/Build;.SUPPORTED_ABIS
01-01 00:00:18.504  2330  2330 W dalvikvm: VFY: unable to resolve static field 182 (SUPPORTED_ABIS) in Landroid/os/Build;
01-01 00:00:18.504  2330  2330 D dalvikvm: VFY: replacing opcode 0x62 at 0x0008
01-01 00:00:18.525  2330  2330 D dalvikvm: DexOpt: couldn't find static field Landroid/os/Build;.SUPPORTED_ABIS
01-01 00:00:18.525  2330  2330 I dalvikvm: DexOpt: unable to optimize static field ref 0x00b6 at 0x0c in Lcom/google/android/gms/checkin/d;.a
01-01 00:00:18.525  2648  2648 I CalendarProvider2: Sending notification intent: Intent { act=android.intent.action.PROVIDER_CHANGED dat=content://com.android.calendar }
01-01 00:00:18.525  2648  2648 W ContentResolver: Failed to get type for: content://com.android.calendar (Unknown URL content://com.android.calendar)
01-01 00:00:18.578  2330  2333 D dalvikvm: GC_CONCURRENT freed 877K, 19% free 4224K/5200K, paused 5ms+8ms, total 60ms
01-01 00:00:18.596  2330  2751 D GCM     : COMPAT: Multi user not supported
01-01 00:00:18.605  2280  2754 D GCM     : GcmService start Intent { act=android.intent.action.BOOT_COMPLETED flg=0x8000010 cmp=com.google.android.gms/.gcm.GcmService (has extras) } android.intent.action.BOOT_COMPLETED
01-01 00:00:18.623  2330  2757 I CheckinService: Disabling old GoogleServicesFramework version
01-01 00:00:18.639  2330  2330 W dalvikvm: VFY: unable to find class referenced in signature (Landroid/net/Network;)
01-01 00:00:18.642  2330  2330 W dalvikvm: VFY: unable to find class referenced in signature (Landroid/net/Network;)
01-01 00:00:18.649  2330  2330 D SystemUpdateService: onCreate
01-01 00:00:18.662  2330  2758 E TelephonyManager: cts.appProcess.processName:com.google.android.gms
01-01 00:00:18.676  2330  2330 D SystemUpdateService: onStartCommand: intent: Intent { cmp=com.google.android.gms/.update.SystemUpdateService (has extras) }
01-01 00:00:18.691  2330  2758 I CheckinService: Checking schedule, now: 1388534418688 next: 1389117579688
01-01 00:00:18.691  2330  2758 I CheckinService: active receiver: disabled
01-01 00:00:18.693  2330  2751 I GCoreUlr: Starting service, intent=Intent { act=com.google.android.location.reporting.ACTION_UPDATE_WORLD cmp=com.google.android.gms/com.google.android.location.reporting.service.DispatchingService (has extras) }, extras=Bundle[{receiverAction=android.intent.action.BOOT_COMPLETED}]
01-01 00:00:18.696  2330  2330 I dalvikvm: Could not find method android.app.Notification$Builder.setCategory, referenced from method com.google.android.gms.update.t.a
01-01 00:00:18.696  2330  2330 W dalvikvm: VFY: unable to resolve virtual method 133: Landroid/app/Notification$Builder;.setCategory (Ljava/lang/String;)Landroid/app/Notification$Builder;
01-01 00:00:18.696  2330  2330 D dalvikvm: VFY: replacing opcode 0x6e at 0x0419
01-01 00:00:18.698  2371  2371 I GCoreUlr: DispatchingService.onCreate()
01-01 00:00:18.719  2330  2763 V AuthZen : Handling intent: android.intent.action.BOOT_COMPLETED
01-01 00:00:18.730  2330  2330 I dalvikvm: Could not find method android.os.UserHandle.isOwner, referenced from method com.google.android.gms.icing.service.w.a
01-01 00:00:18.730  2330  2330 W dalvikvm: VFY: unable to resolve virtual method 1295: Landroid/os/UserHandle;.isOwner ()Z
01-01 00:00:18.730  2330  2330 D dalvikvm: VFY: replacing opcode 0x6e at 0x002b
01-01 00:00:18.762  2330  2762 I SystemUpdateService: cancelUpdate (empty URL)
01-01 00:00:18.763  2330  2762 I SystemUpdateService: active receiver: disabled
01-01 00:00:18.802  2330  2762 W dalvikvm: VFY: unable to find class referenced in signature (Landroid/net/Network;)
01-01 00:00:18.850  2371  2780 I GCoreUlr: WorldUpdater received intent Intent { act=com.google.android.location.reporting.ACTION_UPDATE_WORLD cmp=com.google.android.gms/com.google.android.location.reporting.service.DispatchingService (has extras) } with receiverAction android.intent.action.BOOT_COMPLETED
01-01 00:00:18.886  2330  2330 D SystemUpdateService: onDestroy
01-01 00:00:18.890  2330  2763 D AuthZenEventHandler: Handling event: android.intent.action.BOOT_COMPLETED
01-01 00:00:18.931  2330  2781 D dalvikvm: No JNI_OnLoad found in /system/lib/libAppDataSearch.so 0x2cb988d0, skipping init
01-01 00:00:18.990  2371  2780 I GCoreUlr: WorldUpdater:android.intent.action.BOOT_COMPLETED: Ensuring that reporting is stopped because of reasons: (no Google accounts)
01-01 00:00:19.003  2371  2780 I GCoreUlr: Unbound from all location providers
01-01 00:00:19.003  2371  2780 I GCoreUlr: Place inference reporting - stopped
01-01 00:00:19.020  2330  2763 W BaseAppContext: Using Auth Proxy for data requests.
01-01 00:00:19.054  2330  2763 W dalvikvm: VFY: unable to find class referenced in signature (Landroid/net/Network;)
01-01 00:00:19.055  2330  2763 W dalvikvm: VFY: unable to find class referenced in signature (Landroid/net/Network;)
01-01 00:00:19.060  2371  2371 I GCoreUlr: DispatchingService.onDestroy()
01-01 00:00:19.061  2371  2371 I GCoreUlr: Stopping handler for UlrDispSvcFast
01-01 00:00:19.068  2330  2763 W dalvikvm: VFY: unable to find class referenced in signature (Landroid/net/Network;)
01-01 00:00:19.072  2330  2763 I dalvikvm: Could not find method android.net.Network.openConnection, referenced from method com.google.android.gms.http.g.a
01-01 00:00:19.072  2330  2763 W dalvikvm: VFY: unable to resolve virtual method 1029: Landroid/net/Network;.openConnection (Ljava/net/URL;)Ljava/net/URLConnection;
01-01 00:00:19.072  2330  2763 D dalvikvm: VFY: replacing opcode 0x6e at 0x00bb
01-01 00:00:19.074  2371  2371 I GCoreUlr: Unbound from all location providers
01-01 00:00:19.074  2371  2371 I GCoreUlr: Place inference reporting - stopped
01-01 00:00:19.119  2330  2763 E BaseAppContext: Tried to stop global GMSCore RequestQueue. This is likely unintended, so ignoring.
01-01 00:00:19.141  2330  2763 I dalvikvm: Could not find method android.os.UserManager.isManagedProfile, referenced from method com.google.android.gms.auth.be.proximity.authorization.bt.b.a
01-01 00:00:19.141  2330  2763 W dalvikvm: VFY: unable to resolve virtual method 1036: Landroid/os/UserManager;.isManagedProfile ()Z
01-01 00:00:19.141  2330  2763 D dalvikvm: VFY: replacing opcode 0x6e at 0x002f
01-01 00:00:19.196  2330  2333 D dalvikvm: GC_CONCURRENT freed 813K, 18% free 4414K/5332K, paused 3ms+5ms, total 67ms
01-01 00:00:19.197  2330  2763 D dalvikvm: WAIT_FOR_CONCURRENT_GC blocked 42ms
01-01 00:00:19.200  2330  2763 D AuthZenTransactionCache: Initialized cache in: /data/data/com.google.android.gms/files
01-01 00:00:19.201  2330  2763 D AuthZenTransactionCache: Clearing transaction cache
01-01 00:00:19.324  1962  2233 I ActivityManager: Resuming delayed broadcast
01-01 00:00:19.347  1962  2137 I ActivityManager: Delay finish: com.google.android.gms/.security.verifier.BootCompleteReceiver
01-01 00:00:19.386  2235  2235 V NetworkReceiver: HANDLER_MESSAGE_NET_MOUNT
01-01 00:00:19.386  2235  2235 D StorageStatusReceiver: /proc/mount
01-01 00:00:19.388  2235  2235 D StorageStatusReceiver: rootfs / rootfs ro,relatime 0 0
01-01 00:00:19.388  2235  2235 V StorageStatusReceiver: getDevType : rootfs / rootfs ro,relatime 0 0
01-01 00:00:19.389  1962  2220 I ActivityManager: Resuming delayed broadcast
01-01 00:00:19.390  2235  2235 D StorageStatusReceiver: tmpfs /dev tmpfs rw,nosuid,relatime,mode=755 0 0
01-01 00:00:19.390  2235  2235 V StorageStatusReceiver: getDevType : tmpfs /dev tmpfs rw,nosuid,relatime,mode=755 0 0
01-01 00:00:19.394  2235  2235 D StorageStatusReceiver: devpts /dev/pts devpts rw,relatime,mode=600 0 0
01-01 00:00:19.394  2235  2235 V StorageStatusReceiver: getDevType : devpts /dev/pts devpts rw,relatime,mode=600 0 0
01-01 00:00:19.396  2235  2235 D StorageStatusReceiver: adb /dev/usb-ffs/adb functionfs rw,relatime 0 0
01-01 00:00:19.396  2235  2235 V StorageStatusReceiver: getDevType : adb /dev/usb-ffs/adb functionfs rw,relatime 0 0
01-01 00:00:19.397  2235  2235 D StorageStatusReceiver: proc /proc proc rw,relatime 0 0
01-01 00:00:19.398  2235  2235 V StorageStatusReceiver: getDevType : proc /proc proc rw,relatime 0 0
01-01 00:00:19.398  2235  2235 D StorageStatusReceiver: sysfs /sys sysfs rw,relatime 0 0
01-01 00:00:19.398  2235  2235 V StorageStatusReceiver: getDevType : sysfs /sys sysfs rw,relatime 0 0
01-01 00:00:19.400  2235  2235 D StorageStatusReceiver: tmpfs /mnt tmpfs rw,relatime,mode=775,gid=1000 0 0
01-01 00:00:19.400  2235  2235 V StorageStatusReceiver: getDevType : tmpfs /mnt tmpfs rw,relatime,mode=775,gid=1000 0 0
01-01 00:00:19.401  2235  2235 D StorageStatusReceiver: tmpfs /mnt/secure tmpfs rw,relatime,mode=700 0 0
01-01 00:00:19.401  2235  2235 V StorageStatusReceiver: getDevType : tmpfs /mnt/secure tmpfs rw,relatime,mode=700 0 0
01-01 00:00:19.402  2235  2235 D StorageStatusReceiver: tmpfs /mnt/asec tmpfs rw,relatime,mode=755,gid=1000 0 0
01-01 00:00:19.402  2235  2235 V StorageStatusReceiver: getDevType : tmpfs /mnt/asec tmpfs rw,relatime,mode=755,gid=1000 0 0
01-01 00:00:19.402  2235  2235 D StorageStatusReceiver: tmpfs /mnt/obb tmpfs rw,relatime,mode=755,gid=1000 0 0
01-01 00:00:19.402  2235  2235 V StorageStatusReceiver: getDevType : tmpfs /mnt/obb tmpfs rw,relatime,mode=755,gid=1000 0 0
01-01 00:00:19.403  2235  2235 D StorageStatusReceiver: /data/media /mnt/sdcard sdcardfs rw,nosuid,nodev,relatime,uid=1023,gid=1028,derive=legacy,reserved=100MB 0 0
01-01 00:00:19.403  2235  2235 V StorageStatusReceiver: getDevType : /data/media /mnt/sdcard sdcardfs rw,nosuid,nodev,relatime,uid=1023,gid=1028,derive=legacy,reserved=100MB 0 0
01-01 00:00:19.404  2235  2235 D StorageStatusReceiver: tmpfs /tmp tmpfs rw,relatime,mode=775 0 0
01-01 00:00:19.404  2235  2235 V StorageStatusReceiver: getDevType : tmpfs /tmp tmpfs rw,relatime,mode=775 0 0
01-01 00:00:19.406  2235  2235 D StorageStatusReceiver: /dev/block/platform/hi_mci.1/by-name/system /system ext4 ro,nosuid,nodev,relatime,data=ordered 0 0
01-01 00:00:19.406  2235  2235 V StorageStatusReceiver: getDevType : /dev/block/platform/hi_mci.1/by-name/system /system ext4 ro,nosuid,nodev,relatime,data=ordered 0 0
01-01 00:00:19.408  1962  2233 I ActivityManager: Delay finish: com.google.android.gms/.auth.api.credentials.sync.CredentialSyncReceiverService$Receiver
01-01 00:00:19.409  2235  2235 D StorageStatusReceiver: /dev/block/platform/hi_mci.1/by-name/reserved /system/reserved ext4 rw,nosuid,nodev,relatime,data=ordered 0 0
01-01 00:00:19.410  2235  2235 V StorageStatusReceiver: getDevType : /dev/block/platform/hi_mci.1/by-name/reserved /system/reserved ext4 rw,nosuid,nodev,relatime,data=ordered 0 0
01-01 00:00:19.411  2235  2235 D StorageStatusReceiver: /dev/block/platform/hi_mci.1/by-name/userdata /data ext4 rw,nosuid,nodev,relatime,data=ordered 0 0
01-01 00:00:19.411  2235  2235 V StorageStatusReceiver: getDevType : /dev/block/platform/hi_mci.1/by-name/userdata /data ext4 rw,nosuid,nodev,relatime,data=ordered 0 0
01-01 00:00:19.412  2235  2235 D StorageStatusReceiver: /dev/block/platform/hi_mci.1/by-name/cache /cache ext4 rw,nosuid,nodev,relatime,data=ordered 0 0
01-01 00:00:19.412  2235  2235 V StorageStatusReceiver: getDevType : /dev/block/platform/hi_mci.1/by-name/cache /cache ext4 rw,nosuid,nodev,relatime,data=ordered 0 0
01-01 00:00:19.413  2235  2235 D StorageStatusReceiver: /data/media /storage/emulated sdcardfs rw,nosuid,nodev,relatime,uid=1023,gid=1028,derive=legacy,reserved=100MB 0 0
01-01 00:00:19.413  2235  2235 V StorageStatusReceiver: getDevType : /data/media /storage/emulated sdcardfs rw,nosuid,nodev,relatime,uid=1023,gid=1028,derive=legacy,reserved=100MB 0 0
01-01 00:00:19.414  2235  2235 D StorageStatusReceiver: /dev/block/vold/179:25 /mnt/sdcard_external vfat rw,dirsync,nosuid,nodev,relatime,uid=1000,gid=1015,fmask=0000,dmask=0000,allow_utime=0022,codepage=437,iocharset=iso8859-1,shortname=mixed,utf8,errors=remount-ro 0 0
01-01 00:00:19.414  2235  2235 V StorageStatusReceiver: getDevType : /dev/block/vold/179:25 /mnt/sdcard_external vfat rw,dirsync,nosuid,nodev,relatime,uid=1000,gid=1015,fmask=0000,dmask=0000,allow_utime=0022,codepage=437,iocharset=iso8859-1,shortname=mixed,utf8,errors=remount-ro 0 0
01-01 00:00:19.414  1962  1973 I ActivityManager: Resuming delayed broadcast
01-01 00:00:19.417  2235  2235 D StorageStatusReceiver: -----------dev_type= SDCARD
01-01 00:00:19.417  2235  2235 D StorageStatusReceiver: -----------mount_path= /mnt/sdcard_external
01-01 00:00:19.417  2235  2235 D StorageStatusReceiver: -----------fs_type= VFAT
01-01 00:00:19.417  2235  2235 D StorageStatusReceiver: -----------io_mode= RW
01-01 00:00:19.417  2235  2235 D StorageStatusReceiver: -----------usbPort= UNKNOWN
01-01 00:00:19.417  2235  2235 V StorageStatusReceiver: checkNetMount 0 
01-01 00:00:19.417  2235  2235 V StorageStatusReceiver: checkNetMount 1 false 
01-01 00:00:19.419  2330  2330 D BootCompletedReceiver: Will schedule periodic tasks:android.intent.action.BOOT_COMPLETED.
01-01 00:00:19.419  2330  2330 D BootCompletedReceiver: Got an BootCompleted event.
01-01 00:00:19.423  2330  2330 D BootCompletedReceiver: Will NOT schedule AdAttestation signal task because it's disabled.
01-01 00:00:19.423  2235  2235 V Home    : recordingDialogSetVisible 4
01-01 00:00:19.431  1962  2194 I ActivityManager: Delay finish: com.google.android.gms/.playlog.service.MonitorAlarmReceiver
01-01 00:00:19.447  1962  2220 I ActivityManager: Resuming delayed broadcast
01-01 00:00:19.476  2280  2280 I dalvikvm: Could not find method android.app.admin.DevicePolicyManager.getProfileOwner, referenced from method com.google.android.gms.auth.WorkAccountAuthenticatorInitializer.a
01-01 00:00:19.476  2280  2280 W dalvikvm: VFY: unable to resolve virtual method 175: Landroid/app/admin/DevicePolicyManager;.getProfileOwner ()Landroid/content/ComponentName;
01-01 00:00:19.477  2280  2280 D dalvikvm: VFY: replacing opcode 0x6e at 0x0053
01-01 00:00:19.486  2280  2280 W Auth    : [FRP,FrpUpdateIntentService] Received invalid intent action: com.google.android.gms.auth.ACTION_INVALID
01-01 00:00:19.496  1962  2219 I ActivityManager: Delay finish: com.google.android.gms/.auth.be.change.LoginAccountsChangedWakefulBroadcastReceiver
01-01 00:00:19.498  2280  2280 V GLSActivity: AuthDelegateWrapperCreated with selected intent: Intent { cmp=com.google.android.gms/.auth.DefaultAuthDelegateService }
01-01 00:00:19.507  1962  2137 I ActivityManager: Resuming delayed broadcast
01-01 00:00:19.531  2371  2371 D PersistentNotificationBroadcastReceiver: Received intent: Intent { act=android.intent.action.BOOT_COMPLETED flg=0x8000010 cmp=com.google.android.gms/.common.notification.PersistentNotificationBroadcastReceiver (has extras) }
01-01 00:00:19.540  1962  2193 I ActivityManager: Delay finish: com.google.android.gms/.people.sync.focus.ContactsSyncBroadcastReceiver
01-01 00:00:19.553  1962  2040 I ActivityManager: Resuming delayed broadcast
01-01 00:00:19.561  1962  2137 I ActivityManager: Delay finish: com.google.android.gms/.chromesync.sync.SyncReceiverService$Receiver
01-01 00:00:19.582  1962  2040 I ActivityManager: Resuming delayed broadcast
01-01 00:00:19.588  2417  2417 E Settings: MyBroadCastReceiver - onReceive Intent.ACTION_BOOT_COMPLETED!
01-01 00:00:19.596  2417  2417 E Settings: MyBroadCastReceiver - MEDIA_HIPLAYER_ENABLE - 1
01-01 00:00:19.600  2417  2417 I ------Samba_Interface--------: Create smb.conf
01-01 00:00:19.600  2417  2417 I ------Samba_Interface--------: SMB Directory has Existed!
01-01 00:00:19.601  2417  2417 I ------Samba_Interface--------: No need to create smb.conf,it has existed!
01-01 00:00:19.601  2417  2417 E ------Samba_Interface--------: Create SAMBA 4
01-01 00:00:19.601  2417  2417 I ------SambaServer--------: SambaServer constructor
01-01 00:00:19.601  2417  2417 I ------Samba_Interface--------: Create smb.conf
01-01 00:00:19.601  2417  2417 I ------Samba_Interface--------: SMB Directory has Existed!
01-01 00:00:19.601  2417  2417 I ------Samba_Interface--------: No need to create smb.conf,it has existed!
01-01 00:00:19.601  2417  2417 I ------SambaServer--------: info buf:	
01-01 00:00:19.601  2417  2417 I ------SambaServer--------: info user:	administrator
01-01 00:00:19.601  2417  2417 I ------SambaServer--------: info:	radio = administrator
01-01 00:00:19.601  2417  2417 I ------SambaServer--------: Write smbusers success!
01-01 00:00:19.601  2417  2417 I ------Samba_Interface--------: Create smb.conf
01-01 00:00:19.601  2417  2417 I ------Samba_Interface--------: SMB Directory has Existed!
01-01 00:00:19.601  2417  2417 I ------Samba_Interface--------: No need to create smb.conf,it has existed!
01-01 00:00:19.601  2417  2417 E ------Samba_Interface--------: Create SAMBA 4
01-01 00:00:19.602  2417  2417 I ------SambaServer--------: SambaServer constructor
01-01 00:00:19.602  2417  2417 I ------Samba_Interface--------: Create smb.conf
01-01 00:00:19.602  2417  2417 I ------Samba_Interface--------: SMB Directory has Existed!
01-01 00:00:19.602  2417  2417 I ------Samba_Interface--------: No need to create smb.conf,it has existed!
01-01 00:00:19.602  2417  2417 I ------SambaServer--------: Set global parameter!
01-01 00:00:19.602  2417  2417 I ------SambaServer--------: WORKGROUP = WORKGROUP
01-01 00:00:19.606  2417  2417 I ------SambaServer--------: security = share
01-01 00:00:19.607  2417  2417 I ------SambaServer--------: maxLogSize = 225
01-01 00:00:19.608  2417  2417 I ------Samba_Interface--------: Create smb.conf
01-01 00:00:19.608  2417  2417 I ------Samba_Interface--------: SMB Directory has Existed!
01-01 00:00:19.608  2417  2417 I ------Samba_Interface--------: No need to create smb.conf,it has existed!
01-01 00:00:19.608  2417  2417 E ------Samba_Interface--------: Create SAMBA 4
01-01 00:00:19.608  2417  2417 I ------SambaServer--------: SambaServer constructor
01-01 00:00:19.608  2417  2417 I ------Samba_Interface--------: Create smb.conf
01-01 00:00:19.608  2417  2417 I ------Samba_Interface--------: SMB Directory has Existed!
01-01 00:00:19.608  2417  2417 I ------Samba_Interface--------: No need to create smb.conf,it has existed!
01-01 00:00:19.608  2417  2417 I ------Samba_Interface--------: Create smb.conf
01-01 00:00:19.608  2417  2417 I ------Samba_Interface--------: SMB Directory has Existed!
01-01 00:00:19.608  2417  2417 I ------Samba_Interface--------: No need to create smb.conf,it has existed!
01-01 00:00:19.608  2417  2417 E ------Samba_Interface--------: Create SAMBA 4
01-01 00:00:19.608  2417  2417 I ------SambaServer--------: SambaServer constructor
01-01 00:00:19.608  2417  2417 I ------Samba_Interface--------: Create smb.conf
01-01 00:00:19.608  2417  2417 I ------Samba_Interface--------: SMB Directory has Existed!
01-01 00:00:19.608  2417  2417 I ------Samba_Interface--------: No need to create smb.conf,it has existed!
01-01 00:00:19.608  2417  2417 I ------SambaServer--------: Set global parameter!
01-01 00:00:19.610  2417  2417 I ------SambaServer--------: path = /mnt
01-01 00:00:19.611  2417  2417 I ------SambaServer--------: Start
01-01 00:00:19.611  2417  2417 I ------Samba_Interface--------: Create smb.conf
01-01 00:00:19.611  2417  2417 I ------Samba_Interface--------: SMB Directory has Existed!
01-01 00:00:19.611  2417  2417 I ------Samba_Interface--------: No need to create smb.conf,it has existed!
01-01 00:00:19.611  2417  2417 E ------Samba_Interface--------: Create SAMBA 4
01-01 00:00:19.611  2417  2417 I ------SambaServer--------: SambaServer constructor
01-01 00:00:19.611  2417  2417 I ------Samba_Interface--------: Create smb.conf
01-01 00:00:19.611  2417  2417 I ------Samba_Interface--------: SMB Directory has Existed!
01-01 00:00:19.611  2417  2417 I ------Samba_Interface--------: No need to create smb.conf,it has existed!
01-01 00:00:19.611  2417  2417 I         : nssh(IClient)cmd=1011,buf=(/mnt/ps)
01-01 00:00:19.611  1470  2431 I         : nssh(server) cmd=1011, buf=/mnt/ps
01-01 00:00:19.611  1470  2431 E         : nssh(1011,/mnt/ps) run !
03-11 15:56:34.008  1470  2431 I         : nssh(server) ret=0
03-11 15:56:34.009  2417  2417 I         : nssh(IClient)cmd=1011,buf=(/mnt/ps)
03-11 15:56:34.009  1470  1470 I         : nssh(server) cmd=1011, buf=/mnt/ps
03-11 15:56:34.009  1470  1470 E         : nssh(1011,/mnt/ps) run !
03-11 15:56:34.037  1470  1470 I         : nssh(server) ret=0
03-11 15:56:34.038  2417  2417 W ------SambaServer--------: Samba have started! No need to restart samba!
03-11 15:56:34.055  1962  2137 I ActivityManager: Start proc com.android.calendar for broadcast com.android.calendar/.alerts.AlertReceiver: pid=2806 uid=10018 gids={50018, 3003}
03-11 15:56:34.059  2806  2806 E Environment: canonicalPath = /mnt/sdcard
03-11 15:56:34.124  2806  2806 D ExtensionsFactory: No custom extensions.
03-11 15:56:34.126  2806  2806 D AlertReceiver: onReceive: a=android.intent.action.BOOT_COMPLETED Intent { act=android.intent.action.BOOT_COMPLETED flg=0x8000010 cmp=com.android.calendar/.alerts.AlertReceiver (has extras) }
03-11 15:56:34.188  1962  2220 D dalvikvm: GC_EXPLICIT freed 819K, 17% free 6885K/8256K, paused 3ms+5ms, total 60ms
03-11 15:56:34.193  1962  2194 I ActivityManager: Delay finish: com.android.calendar/.alerts.AlertReceiver
03-11 15:56:34.205  2806  2838 D AlertService: 0 Action = android.intent.action.BOOT_COMPLETED
03-11 15:56:34.209  2806  2838 D AlertService: Scheduling next alarm with AlarmScheduler. sEventReminderReceived: null
03-11 15:56:34.226  2806  2838 D AlarmScheduler: No events found starting within 1 week.
03-11 15:56:34.722  1962  1991 E BluetoothManagerService: waitForOnOff time out
03-11 15:56:34.725  1962  1991 D BluetoothManagerService: Stored Bluetooth name: 
03-11 15:56:34.726  1962  1991 D BluetoothManagerService: Stored Bluetoothaddress: 22:22:28:44:15:F7
03-11 15:56:34.727  2628  2662 D BluetoothAdapterState: CURRENT_STATE=PENDING, MESSAGE = USER_TURN_ON, isTurningOn=true, isTurningOff=false
03-11 15:56:34.727  2628  2662 I BluetoothAdapterState: CURRENT_STATE=PENDING: Deferring request USER_TURN_OFF
03-11 15:56:35.740  2235  2235 D ProcessFirmwareDownload: mContext : com.android.dvb.livescreen.Home@2cba8d00
03-11 15:56:35.750  2235  2857 D ProcessFirmwareDownload: check success
03-11 15:56:35.754  2235  2857 D HttpDownloader: in getInputStream
03-11 15:56:35.758  2235  2235 V NetworkReceiver: HANDLER_MESSAGE_NTP_UPDATE
03-11 15:56:35.760  2235  2857 W ActivityThread: ClassLoader.loadClass: The class loader returned by Thread.getContextClassLoader() may fail for processes that host multiple applications. You should explicitly specify a context class loader. For example: Thread.setContextClassLoader(getClass().getClassLoader());
03-11 15:56:35.766  2235  2235 V NetworkReceiver: checkNtpTime : eth(connected)wifi(disconnected)
03-11 15:56:36.653  2235  2444 I EPGManager: --------getEpgInfo : 208, idx : 81, count : 40
03-11 15:56:36.670  2235  2251 I EPGManager: --------getEpgInfo : 208, idx : 81, count : 40
03-11 15:56:36.679  2235  2254 I EPGManager: --------getEpgInfo : 208, idx : 81, count : 15
03-11 15:56:36.695  2235  2444 I EPGManager: --------getEpgInfo : 210, idx : 125, count : 40
03-11 15:56:36.711  2235  2251 I EPGManager: --------getEpgInfo : 210, idx : 125, count : 40
03-11 15:56:36.726  2235  2254 I EPGManager: --------getEpgInfo : 210, idx : 125, count : 40
03-11 15:56:36.735  2235  2444 I EPGManager: --------getEpgInfo : 210, idx : 125, count : 18
03-11 15:56:36.750  2235  2251 I EPGManager: --------getEpgInfo : 209, idx : 131, count : 40
03-11 15:56:36.765  2235  2254 I EPGManager: --------getEpgInfo : 209, idx : 131, count : 40
03-11 15:56:36.774  2235  2444 I EPGManager: --------getEpgInfo : 209, idx : 131, count : 17
03-11 15:56:36.789  2235  2251 I EPGManager: --------getEpgInfo : 554, idx : 148, count : 40
03-11 15:56:36.805  2235  2254 I EPGManager: --------getEpgInfo : 554, idx : 148, count : 40
03-11 15:56:36.821  2235  2444 I EPGManager: --------getEpgInfo : 554, idx : 148, count : 40
03-11 15:56:36.831  2235  2251 I EPGManager: --------getEpgInfo : 554, idx : 148, count : 22
03-11 15:56:36.847  2235  2254 I EPGManager: --------getEpgInfo : 553, idx : 188, count : 40
03-11 15:56:36.863  2235  2444 I EPGManager: --------getEpgInfo : 553, idx : 188, count : 40
03-11 15:56:36.879  2235  2251 I EPGManager: --------getEpgInfo : 553, idx : 188, count : 38
03-11 15:56:37.740  1962  1991 E BluetoothManagerService: waitForOnOff time out
03-11 15:56:37.740  1962  1991 D BluetoothManagerService: unbindAndFinish(): android.bluetooth.IBluetooth$Stub$Proxy@2ccfb618 mBinding = false
03-11 15:56:37.740  1962  1991 D BluetoothManagerService: Sending unbind request.
03-11 15:56:37.741  2628  2628 D BluetoothAdapterService: Cleaning up adapter native....
03-11 15:56:37.742  2628  2693 E bt_vendor: op for 8
03-11 15:56:38.159  2235  2235 V StorageStatusReceiver: checkNetMount 0 
03-11 15:56:38.159  2235  2235 V StorageStatusReceiver: checkNetMount 1 false 
03-11 15:56:39.153  2235  2857 V ProcessFirmwareDownload: url:/?systemid=41020000&swver=20219 mIs : com.android.okhttp.internal.http.HttpTransport$FixedLengthInputStream@2db2b900
03-11 15:56:39.156  2235  2857 W System.err: org.json.JSONException: Value {"msg":"Not Found Firmware Infomation.."} of type org.json.JSONObject cannot be converted to JSONArray
03-11 15:56:39.156  2235  2857 W System.err: 	at org.json.JSON.typeMismatch(JSON.java:111)
03-11 15:56:39.156  2235  2857 W System.err: 	at org.json.JSONArray.<init>(JSONArray.java:96)
03-11 15:56:39.157  2235  2857 W System.err: 	at org.json.JSONArray.<init>(JSONArray.java:108)
03-11 15:56:39.157  2235  2857 W System.err: 	at com.android.dvb.common.util.ProcessFirmwareDownload.checkFirmWareDownload(ProcessFirmwareDownload.java:96)
03-11 15:56:39.157  2235  2857 W System.err: 	at com.android.dvb.common.util.ProcessFirmwareDownload$ProcessFirmwareDownloadAsyncTask.doInBackground(ProcessFirmwareDownload.java:157)
03-11 15:56:39.157  2235  2857 W System.err: 	at com.android.dvb.common.util.ProcessFirmwareDownload$ProcessFirmwareDownloadAsyncTask.doInBackground(ProcessFirmwareDownload.java:152)
03-11 15:56:39.157  2235  2857 W System.err: 	at android.os.AsyncTask$2.call(AsyncTask.java:288)
03-11 15:56:39.157  2235  2857 W System.err: 	at java.util.concurrent.FutureTask.run(FutureTask.java:237)
03-11 15:56:39.157  2235  2857 W System.err: 	at android.os.AsyncTask$SerialExecutor$1.run(AsyncTask.java:231)
03-11 15:56:39.157  2235  2857 W System.err: 	at java.util.concurrent.ThreadPoolExecutor.runWorker(ThreadPoolExecutor.java:1112)
03-11 15:56:39.157  2235  2857 W System.err: 	at java.util.concurrent.ThreadPoolExecutor$Worker.run(ThreadPoolExecutor.java:587)
03-11 15:56:39.157  2235  2857 W System.err: 	at java.lang.Thread.run(Thread.java:841)
03-11 15:56:39.197  1480  2006 I DVBSTACK: [Reply] DVB_DB_CONFIG_Get(33), size:8 (DvbService.cpp, 203)
03-11 15:56:39.197  2235  2916 V NTPUtil : isFactoryFirst : false
03-11 15:56:39.197  2235  2916 V NTPUtil : getUTCTime() server : pool.ntp.org
03-11 15:56:39.222  2235  2916 V NTPUtil : getUTCTime utc ok : марта 19 12:56:39
03-11 12:56:39.390  1962  2220 D AlarmManagerService: Kernel timezone updated to 0 minutes west of GMT
03-11 12:56:39.391  1962  1973 D         : Setting time of day to sec=1552308999
03-11 12:56:39.390  1480  1480 I DVBSTACK: [Reply] DVB_SYS_TIME_SetUtcTime(14), size:4 (DvbService.cpp, 203)
03-11 12:56:39.390  1480  2861 I DVBSTACK: [Reply] DVB_DB_CONFIG_Get(33), size:8 (DvbService.cpp, 203)
03-11 12:56:39.390  1480  2006 I DVBSTACK: [Reply] DVB_DB_CONFIG_Get(33), size:8 (DvbService.cpp, 203)
03-11 12:56:39.423  2523  2523 I RlzPingService: Setting next ping for 1552913799421
03-11 15:56:39.020  2280  2293 D dalvikvm: GC_EXPLICIT freed 549K, 27% free 3985K/5408K, paused 3ms+3ms, total 33ms
03-11 15:56:39.035  2330  2919 I iu.UploadsManager: End new media; added: 0, uploading: 0, time: 10799632 ms
03-11 15:56:39.018  1480  1480 I DVBSTACK: [Reply] DVB_SYS_TIME_Configure(2), size:4 (DvbService.cpp, 203)
03-11 15:56:39.222  2235  2916 D         : Setting time of day to sec=1552308999
03-11 15:56:40.430  2628  2899 I bt_hci_bdroid: ...epilog_wait_timeout...
03-11 15:56:40.430  2628  2693 I bt_hci_bdroid: bt_hc_worker_thread exiting
03-11 15:56:40.430  2628  2628 E bt_vendor: op for 4
03-11 15:56:40.430  2628  2628 E bt_vendor: usb_vendor_close -1
03-11 15:56:40.430  2628  2628 D BTSNOOP-DISP: btsnoop_close
03-11 15:56:40.430  2628  2628 E bt_vendor: cleanup
03-11 15:56:40.430  2628  2628 E bt_vendor: op for 0
03-11 15:56:40.430  2628  2694 I GKI_LINUX: gki_task_entry: gki_task task_id=0 [BTU] terminating
03-11 15:56:40.430  2628  2628 I GKI_LINUX: GKI_exit_task: GKI_exit_task 0 done
03-11 15:56:40.430  2628  2628 I GKI_LINUX: GKI_destroy_task: GKI_shutdown(): task [BTU] terminated
03-11 15:56:40.433  2628  2628 E BluetoothServiceJni: Callback env check fail: env: 0x2c7cc098, callback: 0x4a198fb0
03-11 15:56:40.433  2628  2628 E BluetoothServiceJni: Callback: 'adapter_state_change_callback' is not called on the correct thread
03-11 15:56:40.433  2628  2664 I GKI_LINUX: gki_task_entry: gki_task task_id=1 [BTIF] terminating
03-11 15:56:40.433  2628  2628 I GKI_LINUX: GKI_exit_task: GKI_exit_task 1 done
03-11 15:56:40.434  2628  2628 I GKI_LINUX: GKI_destroy_task: GKI_shutdown(): task [BTIF] terminated
03-11 15:56:40.434  2628  2673 I GKI_LINUX: gki_task_entry: gki_task task_id=2 [A2DP-MEDIA] terminating
03-11 15:56:40.434  2628  2628 I GKI_LINUX: GKI_exit_task: GKI_exit_task 2 done
03-11 15:56:40.434  2628  2628 I BluetoothServiceJni: cleanupNative: return from cleanup
03-11 15:56:40.434  2628  2628 D BluetoothAdapterService: Done cleaning up adapter native....
03-11 15:56:40.434  2628  2628 D BluetoothAdapterService(750329584): ****onDestroy()********
03-11 15:56:41.154  1962  2016 I InputReader: Reconfiguring input devices.  changes=0x00000010
03-11 15:56:41.180  1962  1978 W LocationProviderProxy-fused: com.google.android.gms resolves service com.android.location.service.FusedLocationProvider, but has wrong signature, ignoring
03-11 15:56:45.543  1480  2540 E HI_AVPLAY: [1836611687 ERROR-HI_AVPLAY]:AVPLAY_ProcCheckBuf[2292]:Vid Dmx Buf overflow, reset.
03-11 15:56:46.139  1962  1977 I ActivityManager: Waited long enough for: ServiceRecord{2cf93280 u0 com.google.android.gms/.gcm.GcmService}
03-11 15:56:46.139  1962  1977 I ActivityManager: Resuming delayed broadcast
03-11 15:56:46.145  1962  1973 I ActivityManager: Delay finish: com.google.android.syncadapters.contacts/.ContactsSyncAdapterBroadcastReceiver
03-11 15:56:46.170  1962  2137 I ActivityManager: Resuming delayed broadcast
03-11 15:56:46.202  2207  2207 D [Hisilicon]com.hisilicon.multiscreen.server.BootReceiver: onReceive L20 ---- boot complete ---- 
03-11 15:56:46.204  2207  2207 W ContextImpl: Calling a method in the system process without a qualified user: android.app.ContextImpl.startService:1556 android.content.ContextWrapper.startService:494 android.content.ContextWrapper.startService:494 com.hisilicon.multiscreen.server.BootReceiver.onReceive:21 android.app.ActivityThread.handleReceiver:2419 
03-11 15:56:46.213  2179  2179 D DMRNative: getInstance
03-11 15:56:46.214  2179  2179 D DMRNative: getInstance
03-11 15:56:46.221  2207  2207 D [Hisilicon]com.hisilicon.multiscreen.server.MultiScreenService: onCreate L423 ---- onCreate. ---- 
03-11 15:56:46.226  1962  2194 I ActivityManager: Start proc com.hisilicon.android.music for broadcast com.hisilicon.android.music/.MediaButtonIntentReceiver: pid=3056 uid=1000 gids={41000, 1028, 1015, 3003, 3002, 3001}
03-11 15:56:46.228  2166  2166 E MediaService: Save description
03-11 15:56:46.229  2179  2179 E UpnpBootBroadcastServiceDMR: Save description
03-11 15:56:46.235  2179  2179 D UpnpBootBroadcastServiceDMR: UpnpBootBroadcastService onStartCommand : null
03-11 15:56:46.236  2166  2166 D MediaService: UpnpBootBroadcastServiceDMS onStartCommand : null
03-11 15:56:46.245  3056  3056 I dalvikvm: Enabling JNI app bug workarounds for target SDK version 9...
03-11 15:56:46.249  3056  3056 E Environment: canonicalPath = /mnt/sdcard
03-11 15:56:46.261  2179  2179 D UpnpBootBroadcastServiceDMR: readConfig
03-11 15:56:46.264  2179  2179 D UPNP    : com.hisilicon.dlna.dmr.UpnpBootBroadcastServiceDMR.readConfig()  Line:426  (UpnpBootBroadcastServiceDMR.java)
03-11 15:56:46.264  2207  2207 D skia    : ---- fAsset->read(1024) returned 0
03-11 15:56:46.264  2207  2207 D skia    : ---- fAsset->read(1024) returned 0
03-11 15:56:46.275  2179  2179 D UPNP    : com.hisilicon.dlna.dmr.UpnpBootBroadcastServiceDMR.pirntConfig()  Line:481  (UpnpBootBroadcastServiceDMR.java)
03-11 15:56:46.275  2179  2179 D UpnpBootBroadcastServiceDMR: hostNameValue=Living Room 1_3618
03-11 15:56:46.275  2179  2179 D UpnpBootBroadcastServiceDMR: dmrStartFlag=1
03-11 15:56:46.275  2179  2179 D UpnpBootBroadcastServiceDMR: dmsStartFlag=1
03-11 15:56:46.275  2179  2179 D UpnpBootBroadcastServiceDMR: shareDirecoryValue=null
03-11 15:56:46.275  2179  2179 D UpnpBootBroadcastServiceDMR: dmsNameValue=HisiMediaServer
03-11 15:56:46.275  2179  2179 D UpnpBootBroadcastServiceDMR: dmrNameValue=HiMediaRender
03-11 15:56:46.277  2179  2179 D UPNP    : com.hisilicon.dlna.dmr.UpnpBootBroadcastServiceDMR.onStartCommand()  Line:216  (UpnpBootBroadcastServiceDMR.java)
03-11 15:56:46.278  2179  3072 E UpnpBootBroadcastServiceDMR: will start dmr
03-11 15:56:46.279  2166  2166 D MediaService: readConfig
03-11 15:56:46.280  2179  2179 D UPNP    : com.hisilicon.dlna.dmr.UpnpBootBroadcastServiceDMR$NetStateChangeReceiver.onReceive()  Line:321  (CONNECTIVITY_CHANGE,IFI_AP_STATE_CHANGED:android.net.conn.CONNECTIVITY_CHANGE)
03-11 15:56:46.282  2179  3072 D DMRBinder: create()
03-11 15:56:46.282  2179  3072 D DMRManager: create
03-11 15:56:46.289  2166  2166 D UPNP    : com.hisilicon.dlna.dms.MediaService$NetStateChangeReceiver.onReceive()  Line:368  (CONNECTIVITY_CHANGE,IFI_AP_STATE_CHANGED:android.net.conn.CONNECTIVITY_CHANGE)
03-11 15:56:46.291  2179  2179 D UPNP    : com.hisilicon.dlna.dmr.UpnpBootBroadcastServiceDMR$NetStateChangeReceiver.onReceive()  Line:326  (newIPValue 192.168.1.30)
03-11 15:56:46.294  3056  3056 W ContextImpl: Calling a method in the system process without a qualified user: android.app.ContextImpl.startService:1556 android.content.ContextWrapper.startService:494 android.content.ContextWrapper.startService:494 com.hisilicon.android.music.MediaButtonIntentReceiver.onReceive:64 android.app.ActivityThread.handleReceiver:2419 
03-11 15:56:46.295  2166  2166 D UPNP    : com.hisilicon.dlna.dms.MediaService$NetStateChangeReceiver.onReceive()  Line:373  (newIPValue 192.168.1.30)
03-11 15:56:46.296  2166  2166 D UPNP    : com.hisilicon.dlna.dms.MediaService$NetStateChangeReceiver.onReceive()  Line:374  (oldIPValue 192.168.1.30)
03-11 15:56:46.296  2166  2166 D UPNP    : com.hisilicon.dlna.dms.MediaService$NetStateChangeReceiver.onReceive()  Line:388  (IP Change,restartDLNATimer)
03-11 15:56:46.299  2179  3072 I CommonDef: [getCurrentAdapterName] ethernet is open
03-11 15:56:46.299  2179  3072 E CommonDef: getDatabaseInterfaceName []
03-11 15:56:46.300  2179  3072 D CommonDef: getCurrentAdapterName start strAdapterName=eth0
03-11 15:56:46.301  2179  2179 D UPNP    : com.hisilicon.dlna.dmr.UpnpBootBroadcastServiceDMR$NetStateChangeReceiver.onReceive()  Line:327  (oldIPValue 192.168.1.30)
03-11 15:56:46.302  2179  2179 D UPNP    : com.hisilicon.dlna.dmr.UpnpBootBroadcastServiceDMR$NetStateChangeReceiver.onReceive()  Line:340  (IP Change,restartDLNATimer)
03-11 15:56:46.305  1962  2193 I ActivityManager: Delay finish: com.google.android.gms/.gcm.nts.SchedulerReceiver
03-11 15:56:46.307  1962  2040 I MediaFocusControl:   Remote Control   registerMediaButtonIntent() for PendingIntent{2cf1d7b8: PendingIntentRecord{2cf7a820 com.hisilicon.android.music broadcastIntent}}
03-11 15:56:46.308  2628  2675 V Avrcp   : New genId = 1, clearing = 1
03-11 15:56:46.314  2166  2166 E MediaService: will start dms
03-11 15:56:46.317  2166  2166 D UPNP    : com.hisilicon.dlna.dms.MediaService$1.run()  Line:246  (MediaService.java)
03-11 15:56:46.317  2166  2166 D MediaService: will run startDmsafterBroadCast
03-11 15:56:46.317  2166  2166 D UPNP    : com.hisilicon.dlna.dms.MediaService$1.run()  Line:248  (MediaService.java)
03-11 15:56:46.318  2166  3079 D MediaService: The Thread Name = startServerInActivityInBC_ThreadThe Thread ID = 35
03-11 15:56:46.319  2166  3079 D UPNP    : com.hisilicon.dlna.dms.MediaService$2.run()  Line:265  (MediaService.java)
03-11 15:56:46.321  2166  3079 E DMS-C   : In HI_DmsInit OK
03-11 15:56:46.324  2179  3072 E VPP_DLNA_LOG: [VPPDLNA][UpnpInit3][:510] === the name is adapter_name: eth0
03-11 15:56:46.324  2179  3072 E VPP_DLNA_LOG: [VPPDLNA]:[getlocalhostname]:the param adapterName is eth0!
03-11 15:56:46.324  2179  3072 E VPP_DLNA_LOG: [VPPDLNA]:[getlocalhostname] find the adapter :eth0,MAC is 001EB8A16CC0
03-11 15:56:46.324  2179  3072 E VPP_DLNA_LOG: [VPPDLNA]:Inside getlocalhostname: after strncpy 192.168.1.30
03-11 15:56:46.326  2166  3079 I CommonDef: [getCurrentAdapterName] ethernet is open
03-11 15:56:46.326  2166  3079 E CommonDef: getDatabaseInterfaceName []
03-11 15:56:46.327  2166  3079 D CommonDef: getCurrentAdapterName start strAdapterName=eth0
03-11 15:56:46.330  3056  3056 V MediaPlayer: constructor
03-11 15:56:46.331  2166  3079 E VPP_DLNA_LOG: [VPPDLNA][UpnpInit3][:510] === the name is adapter_name: eth0
03-11 15:56:46.332  2166  3079 E VPP_DLNA_LOG: [VPPDLNA]:[getlocalhostname]:the param adapterName is eth0!
03-11 15:56:46.332  2166  3079 E VPP_DLNA_LOG: [VPPDLNA]:[getlocalhostname] find the adapter :eth0,MAC is 001EB8A16CC0
03-11 15:56:46.332  2166  3079 E VPP_DLNA_LOG: [VPPDLNA]:Inside getlocalhostname: after strncpy 192.168.1.30
03-11 15:56:46.333  3056  3056 V MediaPlayer: setListener
03-11 15:56:46.333  2207  2207 D dalvikvm: GC_FOR_ALLOC freed 116K, 7% free 2991K/3204K, paused 28ms, total 28ms
03-11 15:56:46.334  3056  3056 W ContextImpl: Calling a method in the system process without a qualified user: android.app.ContextImpl.sendStickyBroadcast:1358 android.content.ContextWrapper.sendStickyBroadcast:427 com.hisilicon.android.music.MediaPlaybackService.notifyChange:878 com.hisilicon.android.music.MediaPlaybackService.onCreate:388 android.app.ActivityThread.handleCreateService:2572 
03-11 15:56:46.343  3056  3056 W ContextImpl: Calling a method in the system process without a qualified user: android.app.ContextImpl.sendStickyBroadcast:1358 android.content.ContextWrapper.sendStickyBroadcast:427 com.hisilicon.android.music.MediaPlaybackService.notifyChange:878 com.hisilicon.android.music.MediaPlaybackService.onCreate:389 android.app.ActivityThread.handleCreateService:2572 
03-11 15:56:46.348  2207  2207 I dalvikvm-heap: Grow heap (frag case) to 10.923MB for 8294416-byte allocation
03-11 15:56:46.360  2207  2210 D dalvikvm: GC_CONCURRENT freed <1K, 2% free 11091K/11308K, paused 1ms+1ms, total 12ms
03-11 15:56:46.822  2207  2207 I [Hisilicon]com.hisilicon.multiscreen.server.MultiScreenService: initMirrorCompatListFile L947 ---- file is already exist not override files ---- 
03-11 15:56:46.824  2207  2207 I [Hisilicon]com.hisilicon.multiscreen.server.MultiScreenNative: <clinit> L25 ---- load multiscreendevice ---- 
03-11 15:56:46.833  2166  3079 E DMS-C   : HI_DLNA_AddDmsSharedDir Failed
03-11 15:56:46.839  2166  3079 E DMS-C   : HI_DLNA_AddDmsSharedDir Failed
03-11 15:56:46.839  2166  3079 I System.out: UpnpSettingActivitycall addSharDir by jni......
03-11 15:56:46.840  2166  3079 D MediaService: dms addShareDir+HiMediaServer+ fail
03-11 15:56:46.840  2166  3079 D UPNP    : com.hisilicon.dlna.dms.MediaService.addDMSSharedDirByStack()  Line:1052  (MediaService.java)
03-11 15:56:46.840  2166  3079 E MediaService: dmsBinder2.create success in BroadCast
03-11 15:56:46.840  2166  3079 D UPNP    : com.hisilicon.dlna.dms.MediaService.addDMSSharedDirByStack()  Line:1056  (MediaService.java)
03-11 15:56:46.843  2207  2207 W linker  : libHME-Video.so has text relocations. This is wasting memory and is a security risk. Please fix.
03-11 15:56:46.867  2207  2207 D VPP_DLNA_LOG: begin load
03-11 15:56:46.867  2207  2207 D VPP_DLNA_LOG: Registering com/hisilicon/multiscreen/server/MultiScreenNative natives
03-11 15:56:46.867  2207  2207 D VPP_DLNA_LOG: [native_init][:31] native_init
03-11 15:56:46.878  2207  2207 D [Hisilicon]com.hisilicon.multiscreen.server.MultiScreenService$5: onReceive L1332 ---- Receive broadcast: android.net.conn.CONNECTIVITY_CHANGE ---- 
03-11 15:56:46.887  2207  2207 I [Hisilicon]com.hisilicon.multiscreen.server.MultiScreenService: isNetworkEnable L1679 ---- ethernet is open ---- 
03-11 15:56:46.889  2207  2207 E [Hisilicon]com.hisilicon.multiscreen.server.MultiScreenService: getActiveNetType L1717 ---- getDatabaseInterfaceName [] ---- 
03-11 15:56:46.891  2207  2207 I [Hisilicon]com.hisilicon.multiscreen.server.MultiScreenService: isNetworkEnable L1684 ---- mActiveNetType eth0 ---- 
03-11 15:56:46.891  2207  2207 D [Hisilicon]com.hisilicon.multiscreen.server.MultiScreenService$5: onReceive L1338 ---- network status on. ---- 
03-11 15:56:47.192  2207  3119 D [Hisilicon]com.hisilicon.multiscreen.server.MultiScreenService: stopUpnpStack L1492 ---- stopUpnpStack. ---- 
03-11 15:56:47.193  2207  3119 D MultiScreenUpnpDevice: [VPPMULTISCREEN][MultiScreenDeviceStop][:1041]!
03-11 15:56:47.193  2207  3119 E         : Remote_control_PROC_DeleteMode
03-11 15:56:47.193  2207  3119 E         : delete remote control proc fail
03-11 15:56:47.193  2207  3119 I MultiScreenUpnpDevice: [VPPMULTISCREEN][StopAllServices][1098]HI_RemoteCtrl_StopServer finish
03-11 15:56:47.193  2207  3119 I MultiScreenUpnpDevice: [VPPMULTISCREEN][StopAllServices][1105]Hi_MirrorStop finish
03-11 15:56:47.193  2207  3119 D VPP_DLNA_LOG: native_invoke [Native_invoke][:179] 
03-11 15:56:47.195  2207  3119 I [Hisilicon]com.hisilicon.multiscreen.server.MultiScreenService: stopRemoteApp L1614 ---- RemoteApp server has stopped ---- 
03-11 15:56:47.197  2207  3119 I [Hisilicon]com.hisilicon.multiscreen.server.MultiScreenService$1: nativeInvoke L381 ---- call command result 0 ---- 
03-11 15:56:47.197  2207  3119 I MultiScreenUpnpDevice: [VPPMULTISCREEN][StopAllServices][1107]StopRemoteAPP finish
03-11 15:56:47.197  2207  3119 D VPP_DLNA_LOG: native_invoke [Native_invoke][:179] 
03-11 15:56:47.198  2207  3119 I [Hisilicon]com.hisilicon.multiscreen.server.MultiScreenService: stopVIMEControl L1554 ---- VIME Control server has stopped ---- 
03-11 15:56:47.200  2207  3119 I [Hisilicon]com.hisilicon.multiscreen.server.MultiScreenService$1: nativeInvoke L381 ---- call command result 0 ---- 
03-11 15:56:47.200  2207  3119 I MultiScreenUpnpDevice: [VPPMULTISCREEN][StopAllServices][1109]StopVIMEControlrServer finish
03-11 15:56:47.200  2207  3119 D MultiScreenUpnpDevice: MULTISCREEN_UPNP_DEV_PROC_DeleteMode
03-11 15:56:47.200  2207  3119 E MultiScreenUpnpDevice: delete dev proc fail
03-11 15:56:47.217  2207  3119 D [Hisilicon]com.hisilicon.multiscreen.server.MultiScreenService: startUpnpStack L1462 ---- startUpnpStack. ---- 
03-11 15:56:47.218  2207  3119 I [Hisilicon]com.hisilicon.multiscreen.server.MultiScreenService: startUpnpStack L1464 ---- start with net type eth0 ---- 
03-11 15:56:47.221  2207  3119 I MultiScreenUpnpDevice: [VPPMULTISCREEN][MultiScreenDeviceStart][:865] UpnpInit bind net eth0
03-11 15:56:47.222  2207  3119 E VPP_DLNA_LOG: [VPPDLNA][UpnpInit3][:510] === the name is adapter_name: eth0
03-11 15:56:47.222  2207  3119 E VPP_DLNA_LOG: [VPPDLNA]:[getlocalhostname]:the param adapterName is eth0!
03-11 15:56:47.222  2207  3119 E VPP_DLNA_LOG: [VPPDLNA]:[getlocalhostname] find the adapter :eth0,MAC is 001EB8A16CC0
03-11 15:56:47.222  2207  3119 E VPP_DLNA_LOG: [VPPDLNA]:Inside getlocalhostname: after strncpy 192.168.1.30
