03-11 19:44:59.383  1480  2861 I DVBSTACK: [Reply] DVB_SYS_SetKeyInputHistory(11), size:0 (DvbService.cpp, 203)
03-11 19:44:59.383  2235  2235 V Home    : keyFlag : 8
03-11 19:44:59.383  2235  2235 V Home    :  dispatchKeyEvent : 250
03-11 19:44:59.383  2235  2235 V PvrManager: getModePlayback : 0
03-11 19:44:59.384  1480  2006 I DVBSTACK: [Reply] DVB_SVC_CH_RecallList(118), size:8 (DvbService.cpp, 203)
03-11 19:44:59.701  2235  2235 V PowerAlarmManager: setAutoPowerSleepAlarm : 0
03-11 19:44:59.702  2235  2235 V Home    : keyFlag : 8
03-11 19:44:59.702  2235  2235 V Home    :  KEYCODE_= 250
03-11 19:45:01.166  2235  2235 V PowerAlarmManager: setAutoPowerSleepAlarm : 0
03-11 19:45:01.167  2235  2235 V Home    : keyFlag : 8
03-11 19:45:01.167  2235  2235 V Home    :  dispatchKeyEvent : 250
03-11 19:45:01.167  2235  2235 V PvrManager: getModePlayback : 0
03-11 19:45:01.167  1480 13123 I DVBSTACK: [Reply] DVB_SVC_CH_RecallList(118), size:8 (DvbService.cpp, 203)
03-11 19:45:01.485  2235  2235 V PowerAlarmManager: setAutoPowerSleepAlarm : 0
03-11 19:45:01.486  2235  2235 V Home    : keyFlag : 8
03-11 19:45:01.486  2235  2235 V Home    :  KEYCODE_= 250
03-11 19:45:02.715  2235  2235 V PowerAlarmManager: setAutoPowerSleepAlarm : 0
03-11 19:45:02.716  2235  2235 V Home    : keyFlag : 8
03-11 19:45:02.716  2235  2235 V Home    :  dispatchKeyEvent : 250
03-11 19:45:02.716  2235  2235 V PvrManager: getModePlayback : 0
03-11 19:45:02.716  1480  1480 I DVBSTACK: [Reply] DVB_SVC_CH_RecallList(118), size:8 (DvbService.cpp, 203)
03-11 19:45:03.037  2235  2235 V PowerAlarmManager: setAutoPowerSleepAlarm : 0
03-11 19:45:03.039  2235  2235 V Home    : keyFlag : 8
03-11 19:45:03.039  2235  2235 V Home    :  KEYCODE_= 250
03-11 19:45:05.460  2235  2235 V PowerAlarmManager: setAutoPowerSleepAlarm : 0
03-11 19:45:05.462  2235  2235 V Home    : keyFlag : 8
03-11 19:45:05.462  2235  2235 V Home    :  dispatchKeyEvent : 250
03-11 19:45:05.462  2235  2235 V PvrManager: getModePlayback : 0
03-11 19:45:05.462  1480  2861 I DVBSTACK: [Reply] DVB_SVC_CH_RecallList(118), size:8 (DvbService.cpp, 203)
03-11 19:45:05.562  2235  2235 V PowerAlarmManager: setAutoPowerSleepAlarm : 0
03-11 19:45:05.564  2235  2235 V Home    : keyFlag : 8
03-11 19:45:05.565  2235  2235 V Home    :  KEYCODE_= 250
03-11 19:45:05.630  2235  2235 V PowerAlarmManager: setAutoPowerSleepAlarm : 0
03-11 19:45:05.631  2235  2235 V Home    : keyFlag : 8
03-11 19:45:05.631  2235  2235 V Home    :  dispatchKeyEvent : 250
03-11 19:45:05.631  2235  2235 V PvrManager: getModePlayback : 0
03-11 19:45:05.631  1480  2006 I DVBSTACK: [Reply] DVB_SVC_CH_RecallList(118), size:8 (DvbService.cpp, 203)
03-11 19:45:05.841  2235  2235 V PowerAlarmManager: setAutoPowerSleepAlarm : 0
03-11 19:45:05.843  2235  2235 V Home    : keyFlag : 8
03-11 19:45:05.843  2235  2235 V Home    :  KEYCODE_= 250
03-11 19:45:06.656  2235  2235 V PowerAlarmManager: setAutoPowerSleepAlarm : 0
03-11 19:45:06.659  2235  2235 V Home    : keyFlag : 8
03-11 19:45:06.659  2235  2235 V Home    :  dispatchKeyEvent : 250
03-11 19:45:06.659  2235  2235 V PvrManager: getModePlayback : 0
03-11 19:45:06.659  1480 13123 I DVBSTACK: [Reply] DVB_SVC_CH_RecallList(118), size:8 (DvbService.cpp, 203)
03-11 19:45:06.860  1962  1977 I ActivityManager: Waited long enough for: ServiceRecord{2cee7628 u0 com.hisilicon.android.music/.MediaPlaybackService}
03-11 19:45:06.971  2235  2235 V PowerAlarmManager: setAutoPowerSleepAlarm : 0
03-11 19:45:06.972  2235  2235 V Home    : keyFlag : 8
03-11 19:45:06.972  2235  2235 V Home    :  KEYCODE_= 250
03-11 19:45:08.062  2235  2235 V PowerAlarmManager: setAutoPowerSleepAlarm : 0
03-11 19:45:08.063  2235  2235 V Home    : keyFlag : 8
03-11 19:45:08.063  2235  2235 V Home    :  dispatchKeyEvent : 250
03-11 19:45:08.063  2235  2235 V PvrManager: getModePlayback : 0
03-11 19:45:08.064  1480  1480 I DVBSTACK: [Reply] DVB_SVC_CH_RecallList(118), size:8 (DvbService.cpp, 203)
03-11 19:45:08.381  2235  2235 V PowerAlarmManager: setAutoPowerSleepAlarm : 0
03-11 19:45:08.383  2235  2235 V Home    : keyFlag : 8
03-11 19:45:08.383  2235  2235 V Home    :  KEYCODE_= 250
03-11 19:45:14.640  2235  2235 V PowerAlarmManager: setAutoPowerSleepAlarm : 0
03-11 19:45:14.641  2235  2235 V Home    : keyFlag : 8
03-11 19:45:14.641  2235  2235 V Home    :  dispatchKeyEvent : 250
03-11 19:45:14.641  2235  2235 V PvrManager: getModePlayback : 0
03-11 19:45:14.641  1480  2861 I DVBSTACK: [Reply] DVB_SVC_CH_RecallList(118), size:8 (DvbService.cpp, 203)
03-11 19:45:15.070  2235  2235 V PowerAlarmManager: setAutoPowerSleepAlarm : 0
03-11 19:45:15.072  2235  2235 V Home    : keyFlag : 8
03-11 19:45:15.072  2235  2235 V Home    :  KEYCODE_= 250
03-11 19:45:16.589  2235  2235 V PowerAlarmManager: setAutoPowerSleepAlarm : 0
03-11 19:45:16.591  2235  2235 V Home    : keyFlag : 8
03-11 19:45:16.591  2235  2235 V Home    :  dispatchKeyEvent : 20
03-11 19:45:16.591  1480  2006 I DVBSTACK: [Reply] DVB_DB_CONFIG_Get(33), size:8 (DvbService.cpp, 203)
03-11 19:45:16.591  2235  2235 V PvrManager: getModePlayback : 0
03-11 19:45:16.592  2235  2235 V PvrManager: getModePlayback : 0
03-11 19:45:16.592  1480 13123 I DVBSTACK: [Reply] DVB_DEMOD_TUNER_GetLevel(304), size:12 (DvbService.cpp, 203)
03-11 19:45:16.702  2235  2235 V SvcInfo : getSvcIdx curSvcIdx : 212
03-11 19:45:16.702  1480  1480 I DVBSTACK: [Reply] DVB_SVC_CH_GetInfo(105), size:328 (DvbService.cpp, 203)
03-11 19:45:16.702  2235  2235 V SvcInfo : getSvcIdx curSvcIdx : 212
03-11 19:45:16.702  1480  2861 I DVBSTACK: [Reply] DVB_SVC_CH_GetInfo(105), size:328 (DvbService.cpp, 203)
03-11 19:45:16.703  1480  2006 I DVBSTACK: [Reply] DVB_SVC_CH_DrawInfoPage(102), size:3240 (DvbService.cpp, 203)
03-11 19:45:16.755  2235  2235 V WDialog : onShowLayout 60,000000 0,000000 0,000000 0,000000
03-11 19:45:16.758  2235  2235 E ViewRootImpl: 201409092 enable acc for view=com.android.dvb.launcher/com.android.dvb.livescreen.Home
03-11 19:45:16.761  2235  2235 D ChannelNumListDialog: UPDOWN
03-11 19:45:16.761  2235  2235 V WPopList: dispatchKeyEvent : 20
03-11 19:45:17.124  2235  2235 V PowerAlarmManager: setAutoPowerSleepAlarm : 0
03-11 19:45:17.125  2235  2235 V Home    : keyFlag : 40
03-11 19:45:17.125  2235  2235 V Home    :  KEYCODE_= 20
03-11 19:45:17.243  2235  2235 V ChannelNumListDialog: setOnKeyListener : 123 svcIdx : 212
03-11 19:45:17.762  1480 13123 I DVBSTACK: [Reply] DVB_DB_EPG_GetTp(59), size:4 (DvbService.cpp, 203)
03-11 19:45:17.763  2235  2235 V ChannelNumListDialog: HANDLER_MSG_EPG_TP_UPDATE EPG : Эфир телеканала "Наш Кинороман"  | 12+
03-11 19:45:17.763  2235  2235 V ChannelNumListDialog: HANDLER_MSG_EPG_TP_UPDATE EPG : Эфир телеканала "Наш Детектив"  | 12+
03-11 19:45:17.763  2235  2235 V ChannelNumListDialog: HANDLER_MSG_EPG_TP_UPDATE EPG : Я - легенда | 16+
03-11 19:45:18.166  2235  2235 V WPopList: dispatchKeyEvent : 20
03-11 19:45:18.166  2235  2235 V PowerAlarmManager: setAutoPowerSleepAlarm : 0
03-11 19:45:18.168  2235  2235 V Supremo : [WListView] dispatchKeyEvent : 20
03-11 19:45:18.191  2235  2235 V ChannelNumListDialog: setOnKeyListener : 124 svcIdx : 252
03-11 19:45:18.587  2235  2235 D ChannelNumListDialog: UPDOWN
03-11 19:45:18.587  2235  2235 V WPopList: dispatchKeyEvent : 20
03-11 19:45:18.587  2235  2235 V PowerAlarmManager: setAutoPowerSleepAlarm : 0
03-11 19:45:18.589  2235  2235 V Supremo : [WListView] dispatchKeyEvent : 20
03-11 19:45:19.588  1480  1480 I DVBSTACK: [Reply] DVB_DB_EPG_GetTp(59), size:4 (DvbService.cpp, 203)
03-11 19:45:19.590  2235  2235 V ChannelNumListDialog: HANDLER_MSG_EPG_TP_UPDATE EPG : Эфир телеканала "Наш Кинороман"  | 12+
03-11 19:45:19.590  2235  2235 V ChannelNumListDialog: HANDLER_MSG_EPG_TP_UPDATE EPG : Эфир телеканала "Наш Детектив"  | 12+
03-11 19:45:19.590  2235  2235 V ChannelNumListDialog: HANDLER_MSG_EPG_TP_UPDATE EPG : Я - легенда | 16+
03-11 19:45:20.283  2235  2235 V WPopList: dispatchKeyEvent : 19
03-11 19:45:20.283  2235  2235 V PowerAlarmManager: setAutoPowerSleepAlarm : 0
03-11 19:45:20.284  2235  2235 V Supremo : [WListView] dispatchKeyEvent : 19
03-11 19:45:20.297  2235  2235 V ChannelNumListDialog: setOnKeyListener : 123 svcIdx : 212
03-11 19:45:20.783  2235  2235 V WPopList: dispatchKeyEvent : 19
03-11 19:45:20.783  2235  2235 V PowerAlarmManager: setAutoPowerSleepAlarm : 0
03-11 19:45:20.784  2235  2235 V Supremo : [WListView] dispatchKeyEvent : 19
03-11 19:45:20.809  2235  2235 V ChannelNumListDialog: setOnKeyListener : 122 svcIdx : 268
03-11 19:45:20.832  2235  2235 V WPopList: dispatchKeyEvent : 19
03-11 19:45:20.832  2235  2235 V PowerAlarmManager: setAutoPowerSleepAlarm : 0
03-11 19:45:20.833  2235  2235 V Supremo : [WListView] dispatchKeyEvent : 19
03-11 19:45:20.851  2235  2235 V ChannelNumListDialog: setOnKeyListener : 121 svcIdx : 516
03-11 19:45:20.883  2235  2235 V WPopList: dispatchKeyEvent : 19
03-11 19:45:20.883  2235  2235 V PowerAlarmManager: setAutoPowerSleepAlarm : 0
03-11 19:45:20.884  2235  2235 V Supremo : [WListView] dispatchKeyEvent : 19
03-11 19:45:20.899  2235  2235 V ChannelNumListDialog: setOnKeyListener : 120 svcIdx : 371
03-11 19:45:20.933  2235  2235 V WPopList: dispatchKeyEvent : 19
03-11 19:45:20.933  2235  2235 V PowerAlarmManager: setAutoPowerSleepAlarm : 0
03-11 19:45:20.937  2235  2235 V Supremo : [WListView] dispatchKeyEvent : 19
03-11 19:45:20.952  2235  2235 V ChannelNumListDialog: setOnKeyListener : 119 svcIdx : 424
03-11 19:45:20.972  2235  2239 D dalvikvm: GC_CONCURRENT freed 2116K, 11% free 19274K/21500K, paused 2ms+3ms, total 39ms
03-11 19:45:20.984  2235  2235 V WPopList: dispatchKeyEvent : 19
03-11 19:45:20.984  2235  2235 V PowerAlarmManager: setAutoPowerSleepAlarm : 0
03-11 19:45:20.987  2235  2235 V Supremo : [WListView] dispatchKeyEvent : 19
03-11 19:45:20.999  2235  2235 V ChannelNumListDialog: setOnKeyListener : 118 svcIdx : 497
03-11 19:45:21.034  2235  2235 V WPopList: dispatchKeyEvent : 19
03-11 19:45:21.034  2235  2235 V PowerAlarmManager: setAutoPowerSleepAlarm : 0
03-11 19:45:21.035  2235  2235 V Supremo : [WListView] dispatchKeyEvent : 19
03-11 19:45:21.050  2235  2235 V ChannelNumListDialog: setOnKeyListener : 117 svcIdx : 470
03-11 19:45:21.086  2235  2235 V WPopList: dispatchKeyEvent : 19
03-11 19:45:21.086  2235  2235 V PowerAlarmManager: setAutoPowerSleepAlarm : 0
03-11 19:45:21.088  2235  2235 V Supremo : [WListView] dispatchKeyEvent : 19
03-11 19:45:21.099  2235  2235 V ChannelNumListDialog: setOnKeyListener : 116 svcIdx : 471
03-11 19:45:21.136  2235  2235 V WPopList: dispatchKeyEvent : 19
03-11 19:45:21.136  2235  2235 V PowerAlarmManager: setAutoPowerSleepAlarm : 0
03-11 19:45:21.137  2235  2235 V Supremo : [WListView] dispatchKeyEvent : 19
03-11 19:45:21.152  2235  2235 V ChannelNumListDialog: setOnKeyListener : 115 svcIdx : 420
03-11 19:45:21.188  2235  2235 V WPopList: dispatchKeyEvent : 19
03-11 19:45:21.188  2235  2235 V PowerAlarmManager: setAutoPowerSleepAlarm : 0
03-11 19:45:21.189  2235  2235 V Supremo : [WListView] dispatchKeyEvent : 19
03-11 19:45:21.202  2235  2235 V ChannelNumListDialog: setOnKeyListener : 114 svcIdx : 472
03-11 19:45:21.237  2235  2235 V WPopList: dispatchKeyEvent : 19
03-11 19:45:21.237  2235  2235 V PowerAlarmManager: setAutoPowerSleepAlarm : 0
03-11 19:45:21.238  2235  2235 V Supremo : [WListView] dispatchKeyEvent : 19
03-11 19:45:21.251  2235  2235 V ChannelNumListDialog: setOnKeyListener : 113 svcIdx : 213
03-11 19:45:21.289  2235  2235 V WPopList: dispatchKeyEvent : 19
03-11 19:45:21.289  2235  2235 V PowerAlarmManager: setAutoPowerSleepAlarm : 0
03-11 19:45:21.291  2235  2235 V Supremo : [WListView] dispatchKeyEvent : 19
03-11 19:45:21.318  2235  2235 V ChannelNumListDialog: setOnKeyListener : 112 svcIdx : 118
03-11 19:45:21.338  2235  2235 V WPopList: dispatchKeyEvent : 19
03-11 19:45:21.338  2235  2235 V PowerAlarmManager: setAutoPowerSleepAlarm : 0
03-11 19:45:21.339  2235  2235 V Supremo : [WListView] dispatchKeyEvent : 19
03-11 19:45:21.352  2235  2235 V ChannelNumListDialog: setOnKeyListener : 111 svcIdx : 315
03-11 19:45:21.362  2235  2235 D ChannelNumListDialog: UPDOWN
03-11 19:45:21.362  2235  2235 V WPopList: dispatchKeyEvent : 19
03-11 19:45:21.362  2235  2235 V PowerAlarmManager: setAutoPowerSleepAlarm : 0
03-11 19:45:21.363  2235  2235 V Supremo : [WListView] dispatchKeyEvent : 19
03-11 19:45:22.380  1480  2861 I DVBSTACK: [Reply] DVB_DB_EPG_GetTp(59), size:4 (DvbService.cpp, 203)
03-11 19:45:22.381  2235  2235 V ChannelNumListDialog: HANDLER_MSG_EPG_TP_UPDATE EPG : Эфир телеканала "Наш Кинороман"  | 12+
03-11 19:45:22.382  2235  2235 V ChannelNumListDialog: HANDLER_MSG_EPG_TP_UPDATE EPG : Эфир телеканала "Наш Детектив"  | 12+
03-11 19:45:22.554  2235  2235 V WPopList: dispatchKeyEvent : 20
03-11 19:45:22.554  2235  2235 V PowerAlarmManager: setAutoPowerSleepAlarm : 0
03-11 19:45:22.556  2235  2235 V Supremo : [WListView] dispatchKeyEvent : 20
03-11 19:45:22.573  2235  2235 V ChannelNumListDialog: setOnKeyListener : 112 svcIdx : 118
03-11 19:45:22.652  2235  2235 D ChannelNumListDialog: UPDOWN
03-11 19:45:22.653  2235  2235 V WPopList: dispatchKeyEvent : 20
03-11 19:45:22.653  2235  2235 V PowerAlarmManager: setAutoPowerSleepAlarm : 0
03-11 19:45:22.653  2235  2235 V Supremo : [WListView] dispatchKeyEvent : 20
03-11 19:45:22.873  2235  2235 V WPopList: dispatchKeyEvent : 20
03-11 19:45:22.874  2235  2235 V PowerAlarmManager: setAutoPowerSleepAlarm : 0
03-11 19:45:22.876  2235  2235 V Supremo : [WListView] dispatchKeyEvent : 20
03-11 19:45:22.884  2235  2235 V ChannelNumListDialog: setOnKeyListener : 113 svcIdx : 213
03-11 19:45:22.974  2235  2235 D ChannelNumListDialog: UPDOWN
03-11 19:45:22.975  2235  2235 V WPopList: dispatchKeyEvent : 20
03-11 19:45:22.975  2235  2235 V PowerAlarmManager: setAutoPowerSleepAlarm : 0
03-11 19:45:22.976  2235  2235 V Supremo : [WListView] dispatchKeyEvent : 20
03-11 19:45:23.982  1480  2006 I DVBSTACK: [Reply] DVB_DB_EPG_GetTp(59), size:4 (DvbService.cpp, 203)
03-11 19:45:23.982  2235  2235 V ChannelNumListDialog: HANDLER_MSG_EPG_TP_UPDATE EPG : Эфир телеканала "Наш Кинороман"  | 12+
03-11 19:45:23.983  2235  2235 V ChannelNumListDialog: HANDLER_MSG_EPG_TP_UPDATE EPG : Эфир телеканала "Наш Детектив"  | 12+
03-11 19:45:24.434  2142  2142 D LatinIME: [onKeyDown]::dpad_center========23
03-11 19:45:24.435  2235  2235 V WPopList: dispatchKeyEvent : 23
03-11 19:45:24.435  2235  2235 V PowerAlarmManager: setAutoPowerSleepAlarm : 0
03-11 19:45:24.436  2235  2235 V Supremo : [WListView] dispatchKeyEvent : 23
03-11 19:45:24.536  2235  2235 V WPopList: dispatchKeyEvent : 23
03-11 19:45:24.536  2235  2235 V PowerAlarmManager: setAutoPowerSleepAlarm : 0
03-11 19:45:24.537  2235  2235 V Supremo : [WListView] dispatchKeyEvent : 23
03-11 19:45:24.538  2235  2235 V SvcInfo : moveIndexService curSvcIdx  : 213
03-11 19:45:24.538  2235  2235 V SvcInfo : getSvcIdx curSvcIdx : 213
03-11 19:45:24.538  1480 13123 I DVBSTACK: [Reply] DVB_DB_CONFIG_Get(33), size:8 (DvbService.cpp, 203)
03-11 19:45:24.586  1480  1480 I DVBSTACK: [Reply] DVB_SVC_CH_Change(103), size:12 (DvbService.cpp, 203)
03-11 19:45:24.606  2235  2235 W InputEventReceiver: Attempted to finish an input event but the input event receiver has already been disposed.
03-11 19:45:24.675  1480  2005 E HI_AO   : [1850330819 ERROR-HI_AO]:HI_MPI_AO_Track_SetChannelMode[983]:track(0x0) is not ao handle!
03-11 19:45:24.675  1480  2005 E HI_AO   : [1850330819 ERROR-HI_AO]:HI_UNF_SND_SetTrackChannelMode[689]:Set Track(0) SoftTrackMode failed.
03-11 19:45:24.703  2235  2235 D Home    : NOTIFYMSG_SVC_Start ==> svcHandle : 0 , svcType : 0 , svcIdx : 213
03-11 19:45:24.703  2235  2235 V SvcInfo : getSvcIdx curSvcIdx : 213
03-11 19:45:24.703  2235  2235 V SvcInfo : moveIndexService curSvcIdx  : 213
03-11 19:45:24.703  2235  2235 V SvcInfo : getSvcIdx curSvcIdx : 213
03-11 19:45:24.704  2235  2235 V Home    : recordingDialogSetVisible 0
03-11 19:45:24.704  2235  2235 V PvrManager: getModePlayback : 0
03-11 19:45:24.704  2235  2235 V HomeInfobar: setInfoBar : 213 -2
03-11 19:45:24.705  2235  2235 V PvrManager: getModePlayback : 0
03-11 19:45:24.705  2235  2235 V HomeInfobar: setInfoBar Live
03-11 19:45:24.724  1480  2861 I DVBSTACK: [Reply] DVB_SVC_CH_GetInfo(105), size:288 (DvbService.cpp, 203)
03-11 19:45:24.728  2235  2235 V SvcInfo : getSvcIdx curSvcIdx : 213
03-11 19:45:24.728  1480  2006 I DVBSTACK: [Reply] DVB_SVC_GetSatType(124), size:4 (DvbService.cpp, 203)
03-11 19:45:24.729  1480 13123 I DVBSTACK: [Reply] DVB_DEMOD_TUNER_GetLevel(304), size:12 (DvbService.cpp, 203)
03-11 19:45:24.730  2235  2235 I HomeInfobar: ---> send HANDLER_MSG_UPDATE : 213
03-11 19:45:25.703  2235  2235 V SvcInfo : getSvcIdx curSvcIdx : 213
03-11 19:45:25.937  1480  1480 I DVBSTACK: [Reply] DVB_SVC_CH_GetInfo(105), size:288 (DvbService.cpp, 203)
03-11 19:45:25.937  1480  2861 I DVBSTACK: [Reply] DVB_SVC_GetSatType(124), size:4 (DvbService.cpp, 203)
03-11 19:45:25.938  2235  2235 I Supremo : [Home] saveCurrentChannelInfo : 0 2 255
03-11 19:45:26.082  2235  2235 V PvrManager: getModePlayback : 0
03-11 19:45:26.082  2235  2235 I HomeInfobar: ---> recieved HANDLER_MSG_UPDATE
03-11 19:45:26.082  2235  2235 V SvcInfo : getSvcIdx curSvcIdx : 213
03-11 19:45:26.082  1480  2006 I DVBSTACK: [Reply] DVB_DB_EPG_GetSvc(61), size:4 (DvbService.cpp, 203)
03-11 19:45:26.082  2235  2235 V HomeInfobar: setInfoBar : 213 -2
03-11 19:45:26.083  2235  2235 V PvrManager: getModePlayback : 0
03-11 19:45:26.083  2235  2235 V HomeInfobar: setInfoBar Live
03-11 19:45:26.084  1480 13123 I DVBSTACK: [Reply] DVB_SVC_CH_GetInfo(105), size:288 (DvbService.cpp, 203)
03-11 19:45:26.084  2235  2235 V SvcInfo : getSvcIdx curSvcIdx : 213
03-11 19:45:26.084  1480  1480 I DVBSTACK: [Reply] DVB_SVC_GetSatType(124), size:4 (DvbService.cpp, 203)
03-11 19:45:26.085  1480  2861 I DVBSTACK: [Reply] DVB_DEMOD_TUNER_GetLevel(304), size:12 (DvbService.cpp, 203)
03-11 19:45:26.089  2235  2254 I EPGManager: --------getEpgInfo : 213, idx : 113, count : 40
03-11 19:45:26.100  2235  2444 I EPGManager: --------getEpgInfo : 213, idx : 113, count : 40
03-11 19:45:26.112  2235  2251 I EPGManager: --------getEpgInfo : 213, idx : 113, count : 40
03-11 19:45:26.118  2235  2235 V PvrManager: getModePlayback : 0
03-11 19:45:26.118  2235  2235 I HomeInfobar: ---> recieved HANDLER_MSG_EPG
03-11 19:45:26.118  2235  2235 V HomeInfobar: setInfoBar : 213 -2
03-11 19:45:26.118  2235  2235 V PvrManager: getModePlayback : 0
03-11 19:45:26.119  2235  2235 V HomeInfobar: setInfoBar Live
03-11 19:45:26.122  2235  2235 V PvrManager: getModePlayback : 0
03-11 19:45:26.122  2235  2235 D Supremo : [HomeInfobar] setFocusing tempValue : 0.9087073333333333 / progress : 90
03-11 19:45:26.122  1480  2006 I DVBSTACK: [Reply] DVB_DB_ALRAM_GetEventItem(53), size:4 (DvbService.cpp, 203)
03-11 19:45:26.124  2235  2254 I EPGManager: --------getEpgInfo : 213, idx : 113, count : 40
03-11 19:45:26.126  1480 13123 I DVBSTACK: [Reply] DVB_DB_ALRAM_GetEventItem(53), size:4 (DvbService.cpp, 203)
03-11 19:45:26.126  1480  1480 I DVBSTACK: [Reply] DVB_SVC_CH_GetInfo(105), size:288 (DvbService.cpp, 203)
03-11 19:45:26.127  2235  2235 V SvcInfo : getSvcIdx curSvcIdx : 213
03-11 19:45:26.127  1480  2861 I DVBSTACK: [Reply] DVB_SVC_GetSatType(124), size:4 (DvbService.cpp, 203)
03-11 19:45:26.127  1480  2006 I DVBSTACK: [Reply] DVB_DEMOD_TUNER_GetLevel(304), size:12 (DvbService.cpp, 203)
03-11 19:45:26.128  2235  2235 V PvrManager: getModePlayback : 0
03-11 19:45:26.128  2235  2235 I HomeInfobar: ---> recieved HANDLER_MSG_EPG
03-11 19:45:26.128  2235  2235 V HomeInfobar: setInfoBar : 213 -2
03-11 19:45:26.128  2235  2235 V PvrManager: getModePlayback : 0
03-11 19:45:26.128  2235  2235 V HomeInfobar: setInfoBar Live
03-11 19:45:26.130  2235  2235 V PvrManager: getModePlayback : 0
03-11 19:45:26.130  2235  2235 D Supremo : [HomeInfobar] setFocusing tempValue : 0.90871 / progress : 90
03-11 19:45:26.131  2235  2444 I EPGManager: --------getEpgInfo : 213, idx : 113, count : 16
03-11 19:45:26.131  1480 13123 I DVBSTACK: [Reply] DVB_DB_ALRAM_GetEventItem(53), size:4 (DvbService.cpp, 203)
03-11 19:45:26.133  1480  1480 I DVBSTACK: [Reply] DVB_DB_ALRAM_GetEventItem(53), size:4 (DvbService.cpp, 203)
03-11 19:45:26.133  1480  2861 I DVBSTACK: [Reply] DVB_SVC_CH_GetInfo(105), size:288 (DvbService.cpp, 203)
03-11 19:45:26.133  2235  2235 V SvcInfo : getSvcIdx curSvcIdx : 213
03-11 19:45:26.133  1480  2006 I DVBSTACK: [Reply] DVB_SVC_GetSatType(124), size:4 (DvbService.cpp, 203)
03-11 19:45:26.134  1480 13123 I DVBSTACK: [Reply] DVB_DEMOD_TUNER_GetLevel(304), size:12 (DvbService.cpp, 203)
03-11 19:45:26.134  2235  2235 V PvrManager: getModePlayback : 0
03-11 19:45:26.134  2235  2235 I HomeInfobar: ---> recieved HANDLER_MSG_EPG
03-11 19:45:26.134  2235  2235 V HomeInfobar: setInfoBar : 213 -2
03-11 19:45:26.134  2235  2235 V PvrManager: getModePlayback : 0
03-11 19:45:26.134  2235  2235 V HomeInfobar: setInfoBar Live
03-11 19:45:26.136  2235  2235 V PvrManager: getModePlayback : 0
03-11 19:45:26.136  2235  2235 D Supremo : [HomeInfobar] setFocusing tempValue : 0.908712 / progress : 90
03-11 19:45:26.137  1480  1480 I DVBSTACK: [Reply] DVB_DB_ALRAM_GetEventItem(53), size:4 (DvbService.cpp, 203)
03-11 19:45:26.139  1480  2861 I DVBSTACK: [Reply] DVB_DB_ALRAM_GetEventItem(53), size:4 (DvbService.cpp, 203)
03-11 19:45:26.140  1480  2006 I DVBSTACK: [Reply] DVB_SVC_CH_GetInfo(105), size:288 (DvbService.cpp, 203)
03-11 19:45:26.140  2235  2235 V SvcInfo : getSvcIdx curSvcIdx : 213
03-11 19:45:26.140  1480 13123 I DVBSTACK: [Reply] DVB_SVC_GetSatType(124), size:4 (DvbService.cpp, 203)
03-11 19:45:26.141  1480  1480 I DVBSTACK: [Reply] DVB_DEMOD_TUNER_GetLevel(304), size:12 (DvbService.cpp, 203)
03-11 19:45:26.176  2235  2235 V PvrManager: getModePlayback : 0
03-11 19:45:26.176  2235  2235 I HomeInfobar: ---> recieved HANDLER_MSG_EPG
03-11 19:45:26.176  2235  2235 V HomeInfobar: setInfoBar : 213 -2
03-11 19:45:26.177  2235  2235 V PvrManager: getModePlayback : 0
03-11 19:45:26.177  2235  2235 V HomeInfobar: setInfoBar Live
03-11 19:45:26.179  2235  2235 V PvrManager: getModePlayback : 0
03-11 19:45:26.179  2235  2235 D Supremo : [HomeInfobar] setFocusing tempValue : 0.9087263333333333 / progress : 90
03-11 19:45:26.179  1480  2861 I DVBSTACK: [Reply] DVB_DB_ALRAM_GetEventItem(53), size:4 (DvbService.cpp, 203)
03-11 19:45:26.181  1480  2006 I DVBSTACK: [Reply] DVB_DB_ALRAM_GetEventItem(53), size:4 (DvbService.cpp, 203)
03-11 19:45:26.182  1480 13123 I DVBSTACK: [Reply] DVB_SVC_CH_GetInfo(105), size:288 (DvbService.cpp, 203)
03-11 19:45:26.182  2235  2235 V SvcInfo : getSvcIdx curSvcIdx : 213
03-11 19:45:26.182  1480  1480 I DVBSTACK: [Reply] DVB_SVC_GetSatType(124), size:4 (DvbService.cpp, 203)
03-11 19:45:26.183  1480  2861 I DVBSTACK: [Reply] DVB_DEMOD_TUNER_GetLevel(304), size:12 (DvbService.cpp, 203)
03-11 19:45:26.183  2235  2235 V PvrManager: getModePlayback : 0
03-11 19:45:26.183  2235  2235 I HomeInfobar: ---> recieved HANDLER_MSG_EPG
03-11 19:45:26.183  2235  2235 V HomeInfobar: setInfoBar : 213 -2
03-11 19:45:26.183  2235  2235 V PvrManager: getModePlayback : 0
03-11 19:45:26.183  2235  2235 V HomeInfobar: setInfoBar Live
03-11 19:45:26.185  2235  2235 V PvrManager: getModePlayback : 0
03-11 19:45:26.185  2235  2235 D Supremo : [HomeInfobar] setFocusing tempValue : 0.9087283333333334 / progress : 90
03-11 19:45:26.185  1480  2006 I DVBSTACK: [Reply] DVB_DB_ALRAM_GetEventItem(53), size:4 (DvbService.cpp, 203)
03-11 19:45:26.187  1480 13123 I DVBSTACK: [Reply] DVB_DB_ALRAM_GetEventItem(53), size:4 (DvbService.cpp, 203)
03-11 19:45:26.187  1480  1480 I DVBSTACK: [Reply] DVB_SVC_CH_GetInfo(105), size:288 (DvbService.cpp, 203)
03-11 19:45:26.188  2235  2235 V SvcInfo : getSvcIdx curSvcIdx : 213
03-11 19:45:26.188  1480  2861 I DVBSTACK: [Reply] DVB_SVC_GetSatType(124), size:4 (DvbService.cpp, 203)
03-11 19:45:26.188  1480  2006 I DVBSTACK: [Reply] DVB_DEMOD_TUNER_GetLevel(304), size:12 (DvbService.cpp, 203)
03-11 19:45:26.582  1480 13123 I DVBSTACK: [Reply] DVB_DEMOD_TUNER_GetLevel(304), size:12 (DvbService.cpp, 203)
03-11 19:45:27.576  2235  2235 V Home    : recordingDialogSetVisible 4
03-11 19:45:30.741  2235  2444 I EPGManager: --------getEpgInfo : 523, idx : 82, count : 40
03-11 19:45:30.758  2235  2251 I EPGManager: --------getEpgInfo : 523, idx : 82, count : 36
03-11 19:45:30.774  2235  2254 I EPGManager: --------getEpgInfo : 532, idx : 83, count : 40
03-11 19:45:30.792  2235  2444 I EPGManager: --------getEpgInfo : 532, idx : 83, count : 40
03-11 19:45:30.806  2235  2251 I EPGManager: --------getEpgInfo : 532, idx : 83, count : 30
03-11 19:45:30.824  2235  2254 I EPGManager: --------getEpgInfo : 533, idx : 84, count : 40
03-11 19:45:30.842  2235  2444 I EPGManager: --------getEpgInfo : 533, idx : 84, count : 40
03-11 19:45:30.854  2235  2251 I EPGManager: --------getEpgInfo : 533, idx : 84, count : 27
03-11 19:45:30.872  2235  2254 I EPGManager: --------getEpgInfo : 534, idx : 85, count : 40
03-11 19:45:30.889  2235  2444 I EPGManager: --------getEpgInfo : 534, idx : 85, count : 40
03-11 19:45:30.906  2235  2251 I EPGManager: --------getEpgInfo : 534, idx : 85, count : 39
03-11 19:45:30.922  2235  2254 I EPGManager: --------getEpgInfo : 524, idx : 86, count : 40
03-11 19:45:30.941  2235  2444 I EPGManager: --------getEpgInfo : 524, idx : 86, count : 40
03-11 19:45:30.952  2235  2251 I EPGManager: --------getEpgInfo : 524, idx : 86, count : 25
03-11 19:45:30.971  2235  2254 I EPGManager: --------getEpgInfo : 525, idx : 87, count : 40
03-11 19:45:30.989  2235  2444 I EPGManager: --------getEpgInfo : 525, idx : 87, count : 40
03-11 19:45:31.000  2235  2251 I EPGManager: --------getEpgInfo : 525, idx : 87, count : 20
03-11 19:45:31.019  2235  2254 I EPGManager: --------getEpgInfo : 526, idx : 88, count : 40
03-11 19:45:31.037  2235  2444 I EPGManager: --------getEpgInfo : 526, idx : 88, count : 40
03-11 19:45:31.046  2235  2251 I EPGManager: --------getEpgInfo : 526, idx : 88, count : 18
03-11 19:45:31.059  2235  2254 I EPGManager: --------getEpgInfo : 527, idx : 89, count : 40
03-11 19:45:31.070  2235  2444 I EPGManager: --------getEpgInfo : 527, idx : 89, count : 40
03-11 19:45:31.078  2235  2251 I EPGManager: --------getEpgInfo : 527, idx : 89, count : 20
03-11 19:45:31.089  2235  2254 I EPGManager: --------getEpgInfo : 528, idx : 90, count : 40
03-11 19:45:31.101  2235  2444 I EPGManager: --------getEpgInfo : 528, idx : 90, count : 40
03-11 19:45:31.110  2235  2251 I EPGManager: --------getEpgInfo : 528, idx : 90, count : 27
03-11 19:45:31.122  2235  2254 I EPGManager: --------getEpgInfo : 529, idx : 91, count : 40
03-11 19:45:31.133  2235  2444 I EPGManager: --------getEpgInfo : 529, idx : 91, count : 37
03-11 19:45:31.144  2235  2251 I EPGManager: --------getEpgInfo : 530, idx : 92, count : 40
03-11 19:45:31.156  2235  2254 I EPGManager: --------getEpgInfo : 530, idx : 92, count : 40
03-11 19:45:31.166  2235  2251 I EPGManager: --------getEpgInfo : 530, idx : 92, count : 28
03-11 19:45:31.176  2235  2254 I EPGManager: --------getEpgInfo : 531, idx : 93, count : 40
03-11 19:45:31.187  2235  2444 I EPGManager: --------getEpgInfo : 531, idx : 93, count : 37
03-11 19:45:31.198  2235  2251 I EPGManager: --------getEpgInfo : 213, idx : 113, count : 40
03-11 19:45:31.199  2235  2235 V PvrManager: getModePlayback : 0
03-11 19:45:31.208  2235  2254 I EPGManager: --------getEpgInfo : 213, idx : 113, count : 40
03-11 19:45:31.209  2235  2235 V PvrManager: getModePlayback : 0
03-11 19:45:31.219  2235  2444 I EPGManager: --------getEpgInfo : 213, idx : 113, count : 40
03-11 19:45:31.220  2235  2235 V PvrManager: getModePlayback : 0
03-11 19:45:31.228  2235  2251 I EPGManager: --------getEpgInfo : 213, idx : 113, count : 37
03-11 19:45:31.229  2235  2235 V PvrManager: getModePlayback : 0
03-11 19:45:31.240  2235  2254 I EPGManager: --------getEpgInfo : 214, idx : 139, count : 40
03-11 19:45:31.250  2235  2444 I EPGManager: --------getEpgInfo : 214, idx : 139, count : 40
03-11 19:45:31.262  2235  2251 I EPGManager: --------getEpgInfo : 214, idx : 139, count : 40
03-11 19:45:31.273  2235  2254 I EPGManager: --------getEpgInfo : 214, idx : 139, count : 40
03-11 19:45:31.283  2235  2444 I EPGManager: --------getEpgInfo : 214, idx : 139, count : 40
03-11 19:45:31.294  2235  2251 I EPGManager: --------getEpgInfo : 214, idx : 139, count : 40
03-11 19:45:31.305  2235  2254 I EPGManager: --------getEpgInfo : 214, idx : 139, count : 40
03-11 19:45:31.310  2235  2444 I EPGManager: --------getEpgInfo : 214, idx : 139, count : 6
03-11 19:45:51.804 24112 24112 W ContextImpl: Calling a method in the system process without a qualified user: android.app.ContextImpl.sendBroadcast:1200 android.content.ContextWrapper.sendBroadcast:365 com.hisilicon.android.music.MediaPlaybackService.onDestroy:428 android.app.ActivityThread.handleStopService:2732 android.app.ActivityThread.access$2200:135 
03-11 19:45:51.806 24112 24112 V MediaPlayer: setListener
03-11 19:45:51.806 24112 24112 V MediaPlayer: disconnect
03-11 19:45:51.806 24112 24112 V MediaPlayer: destructor
03-11 19:45:51.806 24112 24112 V MediaPlayer: disconnect
03-11 19:45:51.807  1962  2233 I MediaFocusControl:  AudioFocus  abandonAudioFocus() from android.media.AudioManager@2cb987d8com.hisilicon.android.music.MediaPlaybackService$4@2cb96e18
03-11 19:45:51.819  1962  1977 I ActivityManager: Start proc com.android.musicfx for broadcast com.android.musicfx/.ControlPanelReceiver: pid=25217 uid=10010 gids={50010, 3003, 3002}
03-11 19:45:51.832 25217 25217 E Environment: canonicalPath = /mnt/sdcard
03-11 19:45:51.859  1463  1463 D dalvikvm: GC_EXPLICIT freed 41K, 5% free 2956K/3100K, paused 3ms+3ms, total 38ms
03-11 19:45:51.863 25217 25217 V MusicFXControlPanelReceiver: onReceive
03-11 19:45:51.863 25217 25217 V MusicFXControlPanelReceiver: Action: android.media.action.CLOSE_AUDIO_EFFECT_CONTROL_SESSION
03-11 19:45:51.863 25217 25217 V MusicFXControlPanelReceiver: Package name: com.hisilicon.android.music
03-11 19:45:51.863 25217 25217 V MusicFXControlPanelReceiver: Audio session: 0
03-11 19:45:51.864 25217 25217 V MusicFXControlPanelEffect: closeSession(android.app.ReceiverRestrictedContext@2cb90df0, com.hisilicon.android.music, 0)
03-11 19:45:51.883  1463  1463 D dalvikvm: GC_EXPLICIT freed <1K, 5% free 2956K/3100K, paused 3ms+2ms, total 24ms
03-11 19:45:51.903  1463  1463 D dalvikvm: GC_EXPLICIT freed <1K, 5% free 2956K/3100K, paused 1ms+1ms, total 20ms
03-11 19:46:01.918  1962  1994 D dalvikvm: GC_FOR_ALLOC freed 607K, 18% free 6787K/8204K, paused 61ms, total 61ms
03-11 19:52:04.907  1962  1977 W ProcessCpuTracker: Skipping unknown process pid 31921
03-11 19:52:04.908  1962  1977 W ProcessCpuTracker: Skipping unknown process pid 31922
03-11 19:54:09.044  2235  2239 D dalvikvm: GC_CONCURRENT freed 2652K, 13% free 19572K/22332K, paused 3ms+6ms, total 55ms
03-11 19:55:28.441  2195  2197 D dalvikvm: GC_CONCURRENT freed 896K, 23% free 3473K/4468K, paused 3ms+9ms, total 44ms
03-11 19:56:09.889  1962  1992 W BatteryStatsImpl: Couldn't get kernel wake lock stats
03-11 19:56:09.948  1962  4258 D dalvikvm: GC_FOR_ALLOC freed 153K, 18% free 6759K/8204K, paused 44ms, total 44ms
03-11 19:56:31.258  1962  2034 D ConnectivityService: Sampling interval elapsed, updating statistics ..
03-11 19:56:31.262  1962  2034 D ConnectivityService: Done.
03-11 19:56:31.262  1962  2034 D ConnectivityService: Setting timer for 720seconds
03-11 19:57:34.250  1473  1507 E HI_ADP_HDMI: get_hdmi_suspend_enable: value is :0
03-11 19:57:34.250  1473  1507 E HI_ADP_HDMI: hdmi cec suspend disable
03-11 19:57:34.500  1473  1507 I HI_ADP_HDMI: HDMI Hotplug event enter HDMI_HotPlug_Proc(243)
03-11 19:57:34.500  1473  1507 E HI_ADP_HDMI: 
03-11 19:57:34.500  1473  1507 E HI_ADP_HDMI:  --- Get HDMI event: HOTPLUG. --- 
03-11 19:57:34.500  1473  1507 E HI_ADP_HDMI: 
03-11 19:57:34.500  1473  1507 E HI_ADP_HDMI:  getCapRet = 0 
03-11 19:57:34.500  1473  1507 E HI_ADP_HDMI: 4k[0] = 0 
03-11 19:57:34.500  1473  1507 E HI_ADP_HDMI: 4k[1] = 0 
03-11 19:57:34.500  1473  1507 E HI_ADP_HDMI: 4k[2] = 0 
03-11 19:57:34.500  1473  1507 E HI_ADP_HDMI: 4k[3] = 0 
03-11 19:57:34.500  1473  1507 E HI_ADP_HDMI: 4k[4] = 0 
03-11 19:57:34.500  1473  1507 E HI_ADP_HDMI: 4k[5] = 0 
03-11 19:57:34.500  1473  1507 E HI_ADP_HDMI: 4k[6] = 0 
03-11 19:57:34.500  1473  1507 E HI_ADP_HDMI: 4k[7] = 0 
03-11 19:57:34.500  1473  1507 E HI_ADP_HDMI: 4k[8] = 0 
03-11 19:57:34.500  1473  1507 E HI_ADP_HDMI: 4k[9] = 0 
03-11 19:57:34.500  1473  1507 E HI_ADP_HDMI: 
03-11 19:57:34.500  1473  1507 E HI_ADP_HDMI:  optimum format is 1 
03-11 19:57:34.500  1473  1507 E HI_ADP_HDMI: displayType = 1
03-11 19:57:34.500  1473  1507 E HI_ADP_HDMI: 
03-11 19:57:34.500  1473  1507 E HI_ADP_HDMI:  get current format is 1 
03-11 19:57:34.500  1473  1507 D HI_ADP_HDMI: persist.sys.optimalfmt.perfer=native
03-11 19:57:34.500  1473  1507 E HI_ADP_HDMI: 
03-11 19:57:34.500  1473  1507 E HI_ADP_HDMI:  final optimum format = 1 
03-11 19:57:34.500  1473  1507 E HI_ADP_HDMI: 
03-11 19:57:34.500  1473  1507 E HI_ADP_HDMI:  capability is not changed 
03-11 19:57:34.500  1473  1507 E HI_ADP_HDMI: getOptimalFormat, enable = 0
03-11 19:57:34.500  1473  1507 E HI_ADP_HDMI: 
03-11 19:57:34.500  1473  1507 E HI_ADP_HDMI:  optimum format enable is disabled 
03-11 19:57:34.500  1473  1507 E HI_ADP_HDMI: current format ok
03-11 19:57:34.500  1473  1507 E DisplaySetting: Display:set_format format is 1
03-11 19:57:34.500  1473  1507 E DisplaySetting: Display:store_format format is 1, format_sd is 11
03-11 19:57:34.512  1473  1507 I HI_ADP_HDMI: HDMI Hotplug event done HDMI_HotPlug_Proc(655)
03-11 19:57:34.512  1473  1507 E HI_ADP_HDMI: get_hdmi_suspend_enable: value is :0
03-11 19:57:34.512  1473  1507 E HI_ADP_HDMI: hdmi cec suspend disable
03-11 19:58:00.176  1962  1977 I ProcessStatsService: Prepared write state in 3ms
03-11 20:01:42.126  2235  2235 V PowerAlarmManager: setAutoPowerSleepAlarm : 0
03-11 20:01:42.127  2235  2235 V Home    : keyFlag : 8
03-11 20:01:42.127  2235  2235 V Home    :  dispatchKeyEvent : 82
03-11 20:01:42.129  2235  2235 V PowerAlarmManager: setAutoPowerSleepAlarm : 0
03-11 20:01:42.130  2235  2235 V Home    : keyFlag : 8
03-11 20:01:42.130  2235  2235 V Home    : menu start
03-11 20:01:42.130  2235  2235 V PvrManager: getModePlayback : 0
03-11 20:01:42.131  1962  2233 I ActivityManager: START u0 {flg=0x10000000 cmp=com.android.dvb.launcher/com.android.dvb.menu.DvbMenu} from pid 2235
03-11 20:01:42.137  1462  1838 D PermissionCache: checking android.permission.READ_FRAME_BUFFER for uid=1000 => granted (225 us)
03-11 20:01:42.187  1962  2233 D dalvikvm: GC_FOR_ALLOC freed 389K, 18% free 6766K/8204K, paused 44ms, total 44ms
03-11 20:01:42.188  1962  2233 I dalvikvm-heap: Grow heap (frag case) to 6.976MB for 280156-byte allocation
03-11 20:01:42.229  1962  2233 D dalvikvm: GC_FOR_ALLOC freed 4K, 18% free 7036K/8480K, paused 41ms, total 41ms
03-11 20:01:42.285  1962  2233 D dalvikvm: GC_FOR_ALLOC freed 6K, 18% free 7030K/8480K, paused 42ms, total 42ms
03-11 20:01:42.285  1962  2233 I dalvikvm-heap: Grow heap (frag case) to 7.234MB for 280156-byte allocation
03-11 20:01:42.338  1962  1970 D dalvikvm: GC_FOR_ALLOC freed <1K, 17% free 7304K/8756K, paused 53ms, total 53ms
03-11 20:01:42.343  1480  1480 I DVBSTACK: [Reply] DVB_DEMOD_TUNER_GetLevel(304), size:12 (DvbService.cpp, 203)
03-11 20:01:42.343  2235  2235 V Home    : recordingDialogSetVisible 4
03-11 20:01:42.343  2235  2235 V PvrPlayer: setVisibility : 4
03-11 20:01:42.344  2235  2235 W ContextImpl: Calling a method in the system process without a qualified user: android.app.ContextImpl.sendBroadcast:1200 android.content.ContextWrapper.sendBroadcast:365 android.app.ActivityThread.performPauseActivity:3061 android.app.ActivityThread.performPauseActivity:3023 android.app.ActivityThread.handlePauseActivity:3001 
03-11 20:01:42.349  1962 10215 I UsageStats: Deleting usage file : usage-20140101
03-11 20:01:42.479  1480  2861 I DVBSTACK: [Reply] DVB_SYS_ChangeContext(1), size:12 (DvbService.cpp, 203)
03-11 20:01:42.559  2235  2235 D dalvikvm: GC_FOR_ALLOC freed 2110K, 13% free 19820K/22560K, paused 34ms, total 34ms
03-11 20:01:42.576  2235  2235 W ContextImpl: Calling a method in the system process without a qualified user: android.app.ContextImpl.sendBroadcast:1200 android.content.ContextWrapper.sendBroadcast:365 android.app.ActivityThread.performResumeActivity:2785 android.app.ActivityThread.handleResumeActivity:2823 android.app.ActivityThread.handleLaunchActivity:2250 
03-11 20:01:42.582  2235  2235 E ViewRootImpl: 201409092 enable acc for view=com.android.dvb.launcher/com.android.dvb.menu.DvbMenu
03-11 20:01:42.773  2235  2235 D dalvikvm: GC_FOR_ALLOC freed 52K, 11% free 20457K/22944K, paused 41ms, total 42ms
03-11 20:01:42.923  2142  2142 D LatinIME: [onKeyDown]::dpad_center========23
03-11 20:01:42.925  2235  2235 V PowerAlarmManager: setAutoPowerSleepAlarm : 0
03-11 20:01:42.932  1962  1976 I ActivityManager: Displayed com.android.dvb.launcher/com.android.dvb.menu.DvbMenu: +585ms
03-11 20:01:42.933  2235  2235 V Home    : onSaveInstanceState
03-11 20:01:50.954  2142  2142 D LatinIME: [onKeyDown]::dpad_center========23
03-11 20:01:50.956  2235  2235 V PowerAlarmManager: setAutoPowerSleepAlarm : 0
03-11 20:01:51.055  2235  2235 V PowerAlarmManager: setAutoPowerSleepAlarm : 0
03-11 20:01:51.143  1480  2006 I DVBSTACK: [Reply] DVB_SYS_ChangeContext(1), size:12 (DvbService.cpp, 203)
03-11 20:01:51.205  1480 13123 I DVBSTACK: [Reply] DVB_SYS_ChangeContext(1), size:12 (DvbService.cpp, 203)
03-11 20:01:51.338  2235  2235 D dalvikvm: GC_FOR_ALLOC freed 150K, 10% free 21347K/23584K, paused 27ms, total 27ms
03-11 20:01:51.366  2235  2235 V AppGridFragment: onCreateView
03-11 20:01:51.369  2235  2235 V AppGridFragment: onViewCreated
03-11 20:01:51.371  2235  2235 V AppGridFragment: onActivityCreated
03-11 20:01:51.371  2235  2235 V AppGridFragment: onResume
03-11 20:01:52.706  2235  2235 V PowerAlarmManager: setAutoPowerSleepAlarm : 0
03-11 20:01:52.915  2235  2235 V PowerAlarmManager: setAutoPowerSleepAlarm : 0
03-11 20:01:53.184  2235  2235 V PowerAlarmManager: setAutoPowerSleepAlarm : 0
03-11 20:01:53.287  2235  2235 V PowerAlarmManager: setAutoPowerSleepAlarm : 0
03-11 20:01:55.832  2142  2142 D LatinIME: [onKeyDown]::dpad_center========23
03-11 20:01:55.832  2235  2235 V PowerAlarmManager: setAutoPowerSleepAlarm : 0
03-11 20:01:55.946  2235  2235 V PowerAlarmManager: setAutoPowerSleepAlarm : 0
03-11 20:01:55.948  1962  2193 I ActivityManager: START u0 {} from pid 2235
03-11 20:01:56.018  2235  2235 D dalvikvm: GC_FOR_ALLOC freed 64K, 9% free 22174K/24288K, paused 29ms, total 29ms
03-11 20:01:56.180  1480  1480 I DVBSTACK: [Reply] DVB_SYS_ChangeContext(1), size:12 (DvbService.cpp, 203)
03-11 20:01:56.183  2235  2235 E ViewRootImpl: 201409092 enable acc for view=com.android.dvb.launcher/com.android.dvb.menu.DvbMenu
03-11 20:01:56.240  2235  2235 V PowerAlarmManager: setAutoPowerSleepAlarm : 0
03-11 20:01:58.347  2142  2142 D LatinIME: [onKeyDown]::dpad_center========23
03-11 20:01:58.516  2235  2235 V WDialog : setHelpItemCount : -1
03-11 20:01:58.526  2235  2235 V WDialog : onShowLayout 0,000000 0,000000 0,000000 0,000000
03-11 20:01:58.528  2235  2235 E ViewRootImpl: 201409092 enable acc for view=com.android.dvb.launcher/com.android.dvb.menu.DvbMenu
03-11 20:02:07.748  2235  2235 V PowerAlarmManager: setAutoPowerSleepAlarm : 0
03-11 20:02:07.765  1480  2861 I DVBSTACK: [Reply] DVB_SYS_SystemFunc(16), size:4 (DvbService.cpp, 203)
03-11 20:02:07.774  1480  2006 I DVBSTACK: [Reply] DVB_SYS_SystemFunc(16), size:4 (DvbService.cpp, 203)
03-11 20:02:07.794  1480 13123 I DVBSTACK: [Reply] DVB_SYS_SystemFunc(16), size:4 (DvbService.cpp, 203)
03-11 20:02:07.847  1480  2861 I DVBSTACK: [Reply] DVB_SYS_SystemFunc(16), size:4 (DvbService.cpp, 203)
03-11 20:02:07.859  1480 13123 I DVBSTACK: [Reply] DVB_SYS_SystemFunc(16), size:4 (DvbService.cpp, 203)
