03-11 16:05:29.594  2235  2235 V Home    : STBKeyEvent.KEYCODE_INFO
03-11 16:05:29.594  2235  2235 V SvcInfo : getSvcIdx curSvcIdx : 212
03-11 16:05:29.594  2235  2235 V Home    : recordingDialogSetVisible 0
03-11 16:05:29.594  2235  2235 V PvrManager: getModePlayback : 0
03-11 16:05:29.594  2235  2235 V HomeInfobar: setInfoBar : 212 -2
03-11 16:05:29.595  2235  2235 V PvrManager: getModePlayback : 0
03-11 16:05:29.595  2235  2235 V HomeInfobar: setInfoBar Live
03-11 16:05:29.606  2235  2235 V PvrManager: getModePlayback : 0
03-11 16:05:29.608  2235  2235 D Supremo : [HomeInfobar] setFocusing tempValue : 0.6579815740740741 / progress : 65
03-11 16:05:29.609  1480  1480 I DVBSTACK: [Reply] DVB_DB_ALRAM_GetEventItem(53), size:4 (DvbService.cpp, 203)
03-11 16:05:29.611  1480  2861 I DVBSTACK: [Reply] DVB_DB_ALRAM_GetEventItem(53), size:4 (DvbService.cpp, 203)
03-11 16:05:29.611  1480  2006 I DVBSTACK: [Reply] DVB_SVC_CH_GetInfo(105), size:328 (DvbService.cpp, 203)
03-11 16:05:29.611  2235  2235 V SvcInfo : getSvcIdx curSvcIdx : 212
03-11 16:05:29.611  1480  1480 I DVBSTACK: [Reply] DVB_SVC_GetSatType(124), size:4 (DvbService.cpp, 203)
03-11 16:05:29.612  1480  2861 I DVBSTACK: [Reply] DVB_DEMOD_TUNER_GetLevel(304), size:12 (DvbService.cpp, 203)
03-11 16:05:29.612  2235  2235 I HomeInfobar: ---> send HANDLER_MSG_UPDATE : 212
03-11 16:05:31.113  2235  2235 V PvrManager: getModePlayback : 0
03-11 16:05:31.113  2235  2235 I HomeInfobar: ---> recieved HANDLER_MSG_UPDATE
03-11 16:05:31.113  2235  2235 V SvcInfo : getSvcIdx curSvcIdx : 212
03-11 16:05:31.113  1480  2006 I DVBSTACK: [Reply] DVB_DB_EPG_GetSvc(61), size:4 (DvbService.cpp, 203)
03-11 16:05:31.113  2235  2235 V HomeInfobar: setInfoBar : 212 -2
03-11 16:05:31.114  2235  2235 V PvrManager: getModePlayback : 0
03-11 16:05:31.114  2235  2235 V HomeInfobar: setInfoBar Live
03-11 16:05:31.117  2235  2235 V PvrManager: getModePlayback : 0
03-11 16:05:31.118  2235  2235 D Supremo : [HomeInfobar] setFocusing tempValue : 0.6579990509259259 / progress : 65
03-11 16:05:31.118  1480  1480 I DVBSTACK: [Reply] DVB_DB_ALRAM_GetEventItem(53), size:4 (DvbService.cpp, 203)
03-11 16:05:31.122  1480  2861 I DVBSTACK: [Reply] DVB_DB_ALRAM_GetEventItem(53), size:4 (DvbService.cpp, 203)
03-11 16:05:31.123  1480  2006 I DVBSTACK: [Reply] DVB_SVC_CH_GetInfo(105), size:328 (DvbService.cpp, 203)
03-11 16:05:31.123  2235  2235 V SvcInfo : getSvcIdx curSvcIdx : 212
03-11 16:05:31.124  1480  1480 I DVBSTACK: [Reply] DVB_SVC_GetSatType(124), size:4 (DvbService.cpp, 203)
03-11 16:05:31.125  1480  2861 I DVBSTACK: [Reply] DVB_DEMOD_TUNER_GetLevel(304), size:12 (DvbService.cpp, 203)
03-11 16:05:31.126  2235  2254 I EPGManager: --------getEpgInfo : 212, idx : 123, count : 40
03-11 16:05:31.143  2235  2444 I EPGManager: --------getEpgInfo : 212, idx : 123, count : 40
03-11 16:05:31.154  2235  2251 I EPGManager: --------getEpgInfo : 212, idx : 123, count : 38
03-11 16:05:31.188  2235  2235 V PvrManager: getModePlayback : 0
03-11 16:05:31.188  2235  2235 I HomeInfobar: ---> recieved HANDLER_MSG_EPG
03-11 16:05:31.188  2235  2235 V HomeInfobar: setInfoBar : 212 -2
03-11 16:05:31.189  2235  2235 V PvrManager: getModePlayback : 0
03-11 16:05:31.189  2235  2235 V HomeInfobar: setInfoBar Live
03-11 16:05:31.191  2235  2235 V PvrManager: getModePlayback : 0
03-11 16:05:31.191  2235  2235 D Supremo : [HomeInfobar] setFocusing tempValue : 0.6579999074074074 / progress : 65
03-11 16:05:31.192  1480  2006 I DVBSTACK: [Reply] DVB_DB_ALRAM_GetEventItem(53), size:4 (DvbService.cpp, 203)
03-11 16:05:31.194  1480  1480 I DVBSTACK: [Reply] DVB_DB_ALRAM_GetEventItem(53), size:4 (DvbService.cpp, 203)
03-11 16:05:31.194  1480  2861 I DVBSTACK: [Reply] DVB_SVC_CH_GetInfo(105), size:328 (DvbService.cpp, 203)
03-11 16:05:31.194  2235  2235 V SvcInfo : getSvcIdx curSvcIdx : 212
03-11 16:05:31.194  1480  2006 I DVBSTACK: [Reply] DVB_SVC_GetSatType(124), size:4 (DvbService.cpp, 203)
03-11 16:05:31.196  1480  1480 I DVBSTACK: [Reply] DVB_DEMOD_TUNER_GetLevel(304), size:12 (DvbService.cpp, 203)
03-11 16:05:31.196  2235  2235 V PvrManager: getModePlayback : 0
03-11 16:05:31.196  2235  2235 I HomeInfobar: ---> recieved HANDLER_MSG_EPG
03-11 16:05:31.196  2235  2235 V HomeInfobar: setInfoBar : 212 -2
03-11 16:05:31.197  2235  2235 V PvrManager: getModePlayback : 0
03-11 16:05:31.197  2235  2235 V HomeInfobar: setInfoBar Live
03-11 16:05:31.199  2235  2235 V PvrManager: getModePlayback : 0
03-11 16:05:31.199  2235  2235 D Supremo : [HomeInfobar] setFocusing tempValue : 0.658 / progress : 65
03-11 16:05:31.199  1480  2861 I DVBSTACK: [Reply] DVB_DB_ALRAM_GetEventItem(53), size:4 (DvbService.cpp, 203)
03-11 16:05:31.201  1480  2006 I DVBSTACK: [Reply] DVB_DB_ALRAM_GetEventItem(53), size:4 (DvbService.cpp, 203)
03-11 16:05:31.203  1480  1480 I DVBSTACK: [Reply] DVB_SVC_CH_GetInfo(105), size:328 (DvbService.cpp, 203)
03-11 16:05:31.204  2235  2235 V SvcInfo : getSvcIdx curSvcIdx : 212
03-11 16:05:31.205  1480  2861 I DVBSTACK: [Reply] DVB_SVC_GetSatType(124), size:4 (DvbService.cpp, 203)
03-11 16:05:31.206  1480  2006 I DVBSTACK: [Reply] DVB_DEMOD_TUNER_GetLevel(304), size:12 (DvbService.cpp, 203)
03-11 16:05:31.207  2235  2235 V PvrManager: getModePlayback : 0
03-11 16:05:31.207  2235  2235 I HomeInfobar: ---> recieved HANDLER_MSG_EPG
03-11 16:05:31.207  2235  2235 V HomeInfobar: setInfoBar : 212 -2
03-11 16:05:31.209  2235  2235 V PvrManager: getModePlayback : 0
03-11 16:05:31.209  2235  2235 V HomeInfobar: setInfoBar Live
03-11 16:05:31.211  2235  2235 V PvrManager: getModePlayback : 0
03-11 16:05:31.212  2235  2235 D Supremo : [HomeInfobar] setFocusing tempValue : 0.6580001388888889 / progress : 65
03-11 16:05:31.213  1480  1480 I DVBSTACK: [Reply] DVB_DB_ALRAM_GetEventItem(53), size:4 (DvbService.cpp, 203)
03-11 16:05:31.217  1480  2861 I DVBSTACK: [Reply] DVB_DB_ALRAM_GetEventItem(53), size:4 (DvbService.cpp, 203)
03-11 16:05:31.218  1480  2006 I DVBSTACK: [Reply] DVB_SVC_CH_GetInfo(105), size:328 (DvbService.cpp, 203)
03-11 16:05:31.219  2235  2235 V SvcInfo : getSvcIdx curSvcIdx : 212
03-11 16:05:31.219  1480  1480 I DVBSTACK: [Reply] DVB_SVC_GetSatType(124), size:4 (DvbService.cpp, 203)
03-11 16:05:31.219  1480  2861 I DVBSTACK: [Reply] DVB_DEMOD_TUNER_GetLevel(304), size:12 (DvbService.cpp, 203)
03-11 16:05:32.594  2235  2235 V Home    : recordingDialogSetVisible 4
03-11 16:05:44.266  2235  2235 V PowerAlarmManager: setAutoPowerSleepAlarm : 0
03-11 16:05:44.268  2235  2235 V Home    : keyFlag : 8
03-11 16:05:44.268  2235  2235 V Home    :  dispatchKeyEvent : 4
03-11 16:05:44.281  1480  2006 I DVBSTACK: [Reply] DVB_PLUGIN_GetPid(262), size:4 (DvbService.cpp, 203)
03-11 16:05:44.283  2235  2235 V PowerAlarmManager: setAutoPowerSleepAlarm : 0
03-11 16:05:44.284  2235  2235 V Home    : keyFlag : 8
03-11 16:05:44.284  2235  2235 V Home    : recordingDialogSetVisible 4
03-11 16:05:44.285  1480  1480 I DVBSTACK: [Reply] DVB_DEMOD_TUNER_GetLevel(304), size:12 (DvbService.cpp, 203)
03-11 16:05:54.231  1962  1962 W ContextImpl: Calling a method in the system process without a qualified user: android.app.ContextImpl.sendBroadcast:1200 com.android.server.power.Notifier.sendSuspendStart:485 com.android.server.power.Notifier.access$800:64 com.android.server.power.Notifier$NotifierHandler.handleMessage:601 android.os.Handler.dispatchMessage:102 
03-11 16:05:54.232  2235  2235 I PowerStatusReceiver: POWER MSG Recevied Intent Action smart_suspend_broadcast_enter
03-11 16:05:54.232  2235  2235 I PowerStatusReceiver: SMART_SUSPEND_ENTER
03-11 16:05:54.234  2207  2207 D [Hisilicon]com.hisilicon.multiscreen.server.MultiScreenService$6: onReceive L1380 ---- receive action smart_suspend_broadcast_enter ---- 
03-11 16:05:54.234  2207  2207 D VPP_DLNA_LOG: [native_MultiScreenDeviceSuspend][:94] native_MultiScreenDeviceSuspend
03-11 16:05:54.234  2207  2207 E         : Remote_control_PROC_DeleteMode
03-11 16:05:54.235  2207  2207 E         : delete remote control proc fail
03-11 16:05:54.235  2207  2207 I MultiScreenUpnpDevice: [VPPMULTISCREEN][StopAllServices][1098]HI_RemoteCtrl_StopServer finish
03-11 16:05:54.235  2207  2207 I MultiScreenUpnpDevice: [VPPMULTISCREEN][StopAllServices][1103]MultiScreenClearMirrorParameter finish
03-11 16:05:54.235  2207  2207 I MultiScreenUpnpDevice: [VPPMULTISCREEN][StopAllServices][1105]Hi_MirrorStop finish
03-11 16:05:54.235  2207  2207 D VPP_DLNA_LOG: native_invoke [Native_invoke][:179] 
03-11 16:05:54.237  2207  2207 I [Hisilicon]com.hisilicon.multiscreen.server.MultiScreenService: stopRemoteApp L1614 ---- RemoteApp server has stopped ---- 
03-11 16:05:54.240  2207  2207 I [Hisilicon]com.hisilicon.multiscreen.server.MultiScreenService$1: nativeInvoke L381 ---- call command result 0 ---- 
03-11 16:05:54.240  2207  2207 I MultiScreenUpnpDevice: [VPPMULTISCREEN][StopAllServices][1107]StopRemoteAPP finish
03-11 16:05:54.240  2207  2207 D VPP_DLNA_LOG: native_invoke [Native_invoke][:179] 
03-11 16:05:54.241  1962  1972 W ActivityManager: Invalid packageName: com.google.process.gapps
03-11 16:05:54.242  1962  2220 W ActivityManager: Invalid packageName: com.google.android.gms.persistent
03-11 16:05:54.242  1962  2234 I ActivityManager: Force stopping com.google.android.gms appid=10006 user=0: from pid 2235
03-11 16:05:54.243  2207  2207 I [Hisilicon]com.hisilicon.multiscreen.server.MultiScreenService: stopVIMEControl L1554 ---- VIME Control server has stopped ---- 
03-11 16:05:54.243  1962  2234 I ActivityManager: Killing 2371:com.google.android.gms.persistent/u0a6 (adj 8): stop com.google.android.gms
03-11 16:05:54.246  2207  2207 I [Hisilicon]com.hisilicon.multiscreen.server.MultiScreenService$1: nativeInvoke L381 ---- call command result 0 ---- 
03-11 16:05:54.246  2207  2207 I MultiScreenUpnpDevice: [VPPMULTISCREEN][StopAllServices][1109]StopVIMEControlrServer finish
03-11 16:05:54.247  1962  2234 I ActivityManager: Killing 3241:com.google.android.gms.unstable/u0a6 (adj 15): stop com.google.android.gms
03-11 16:05:54.248  1962  2234 I ActivityManager: Killing 2330:com.google.android.gms/u0a6 (adj 9): stop com.google.android.gms
03-11 16:05:54.250  1962  2234 I ActivityManager: Killing 2280:com.google.process.gapps/u0a6 (adj 5): stop com.google.android.gms
03-11 16:05:54.252  1962  2234 I ActivityManager:   Force stopping service ServiceRecord{2cf93280 u0 com.google.android.gms/.gcm.GcmService}
03-11 16:05:54.253  1962  2234 I ActivityManager:   Force stopping service ServiceRecord{2ceab920 u0 com.google.android.gms/com.google.android.location.internal.server.GoogleLocationService}
03-11 16:05:54.253  1962  2234 I ActivityManager:   Force stopping service ServiceRecord{2cfc4fe8 u0 com.google.android.gms/com.google.android.contextmanager.service.ContextManagerService}
03-11 16:05:54.253  1962  2234 I ActivityManager:   Force stopping service ServiceRecord{2ce6df38 u0 com.google.android.gms/com.google.android.location.internal.GoogleLocationManagerService}
03-11 16:05:54.253  1962  2234 I ActivityManager:   Force stopping service ServiceRecord{2ce9e450 u0 com.google.android.gms/.deviceconnection.service.DeviceConnectionServiceBroker}
03-11 16:05:54.253  1962  2234 I ActivityManager:   Force stopping service ServiceRecord{2cf98380 u0 com.google.android.gms/.common.stats.GmsCoreStatsService}
03-11 16:05:54.257  1962  1973 I ActivityManager: Force stopping com.android.musicfx appid=10010 user=0: from pid 2235
03-11 16:05:54.258  1962  1973 I ActivityManager: Killing 4362:com.android.musicfx/u0a10 (adj 9): stop com.android.musicfx
03-11 16:05:54.269  1962  2234 I ActivityManager: Force stopping com.android.providers.calendar appid=10001 user=0: from pid 2235
03-11 16:05:54.269  1962  2234 I ActivityManager: Killing 2648:com.android.providers.calendar/u0a1 (adj 9): stop com.android.providers.calendar
03-11 16:05:54.279  1962  2219 I ActivityManager: Force stopping com.android.gallery3d appid=10021 user=0: from pid 2235
03-11 16:05:54.280  1962  2219 I ActivityManager: Killing 3373:com.android.gallery3d/u0a21 (adj 9): stop com.android.gallery3d
03-11 16:05:54.289  1962  2220 I ActivityManager: Force stopping com.android.vending appid=10012 user=0: from pid 2235
03-11 16:05:54.289  1962  2220 I ActivityManager: Killing 2155:com.android.vending/u0a12 (adj 9): stop com.android.vending
03-11 16:05:54.295  1962  2137 W ActivityManager: Invalid packageName: android.process.acore
03-11 16:05:54.296  1962  2193 W ActivityManager: Invalid packageName: com.google.android.gms.unstable
03-11 16:05:54.297  1962  2193 I ActivityManager: Force stopping com.google.android.partnersetup appid=10008 user=0: from pid 2235
03-11 16:05:54.297  1962  2193 I ActivityManager: Killing 2523:com.google.android.partnersetup/u0a8 (adj 9): stop com.google.android.partnersetup
03-11 16:05:54.301  2195  2197 D dalvikvm: GC_CONCURRENT freed 549K, 17% free 3298K/3944K, paused 2ms+2ms, total 23ms
03-11 16:05:54.304  1962  2220 I ActivityManager: Force stopping com.android.calendar appid=10018 user=0: from pid 2235
03-11 16:05:54.304  1962  2220 I ActivityManager: Killing 2806:com.android.calendar/u0a18 (adj 9): stop com.android.calendar
03-11 16:05:54.315  1962  2193 W ActivityManager: Invalid packageName: android.process.media
03-11 16:05:54.317  1962  1973 I ActivityManager: Force stopping com.hisilicon.android.music appid=1000 user=0: from pid 2235
03-11 16:05:54.317  1962  1973 I ActivityManager: Killing 3056:com.hisilicon.android.music/1000 (adj 11): stop com.hisilicon.android.music
03-11 16:05:54.325  1962  2137 I ActivityManager: Force stopping com.android.bluetooth appid=1002 user=0: from pid 2235
03-11 16:05:54.325  1962  2137 I ActivityManager: Killing 2628:com.android.bluetooth/1002 (adj 1): stop com.android.bluetooth
03-11 16:05:54.328  1962  2137 I ActivityManager:   Force stopping service ServiceRecord{2cf72fd0 u0 com.android.bluetooth/.hid.HidService}
03-11 16:05:54.328  1962  2137 I ActivityManager:   Force stopping service ServiceRecord{2cfcfcf0 u0 com.android.bluetooth/.gatt.GattService}
03-11 16:05:54.328  1962  2137 I ActivityManager:   Force stopping service ServiceRecord{2cfdb1e0 u0 com.android.bluetooth/.hdp.HealthService}
03-11 16:05:54.328  1962  2137 I ActivityManager:   Force stopping service ServiceRecord{2cf05ad0 u0 com.android.bluetooth/.pbap.BluetoothPbapService}
03-11 16:05:54.328  1962  2137 I ActivityManager:   Force stopping service ServiceRecord{2cf87d78 u0 com.android.bluetooth/.a2dp.A2dpService}
03-11 16:05:54.328  1962  2137 I ActivityManager:   Force stopping service ServiceRecord{2cf6b7e0 u0 com.android.bluetooth/.hfp.HeadsetService}
03-11 16:05:54.328  1962  2137 I ActivityManager:   Force stopping service ServiceRecord{2cf25b70 u0 com.android.bluetooth/.map.BluetoothMapService}
03-11 16:05:54.328  1962  2137 I ActivityManager:   Force stopping service ServiceRecord{2cf4bf00 u0 com.android.bluetooth/.pan.PanService}
03-11 16:05:54.329  2417  2417 D BluetoothInputDevice: Proxy object disconnected
03-11 16:05:54.329  2417  2417 D HidProfile: Bluetooth service disconnected
03-11 16:05:54.330  1962  1962 D BluetoothA2dp: Proxy object disconnected
03-11 16:05:54.330  1962  1962 D BluetoothHeadset: Proxy object disconnected
03-11 16:05:54.330  2195  2195 D BluetoothHeadset: Proxy object disconnected
03-11 16:05:54.331  2195  2195 D BluetoothHeadset: Proxy object disconnected
03-11 16:05:54.331  2195  2195 D BluetoothHeadset: Proxy object disconnected
03-11 16:05:54.331  2417  2417 D BluetoothMap: Proxy object disconnected
03-11 16:05:54.331  2417  2417 D MapProfile: Bluetooth service disconnected
03-11 16:05:54.331  2417  2417 D BluetoothPan: BluetoothPAN Proxy object disconnected
03-11 16:05:54.331  2417  2417 D PanProfile: Bluetooth service disconnected
03-11 16:05:54.333  1962  2137 I ActivityManager: Force stopping com.android.settings appid=1000 user=0: from pid 2235
03-11 16:05:54.333  1962  2137 I ActivityManager: Killing 2417:com.android.settings/1000 (adj 11): stop com.android.settings
03-11 16:05:54.334  1962  1972 W MediaFocusControl: RemoteControl: display android.media.IRemoteControlDisplay$Stub$Proxy@2cf0ec98 died
03-11 16:05:54.345  1962  2040 I ActivityManager: Force stopping com.android.onetimeinitializer appid=10011 user=0: from pid 2235
03-11 16:05:54.345  1962  2040 I ActivityManager: Killing 2732:com.android.onetimeinitializer/u0a11 (adj 11): stop com.android.onetimeinitializer
03-11 16:05:54.352  1962  2193 I ActivityManager: Force stopping com.google.android.onetimeinitializer appid=10007 user=0: from pid 2235
03-11 16:05:54.353  1962  2193 I ActivityManager: Killing 2680:com.google.android.onetimeinitializer/u0a7 (adj 13): stop com.google.android.onetimeinitializer
03-11 16:05:54.357  1962  2219 I ActivityManager: Force stopping com.android.printspooler appid=10031 user=0: from pid 2235
03-11 16:05:54.358  1962  2219 I ActivityManager: Killing 2246:com.android.printspooler/u0a31 (adj 13): stop com.android.printspooler
03-11 16:05:54.360  1962  2040 W ActivityManager: Invalid packageName: com.google.process.location
03-11 16:05:54.364  1962  2137 I ActivityManager: Force stopping com.android.smspush appid=10034 user=0: from pid 2235
03-11 16:05:54.364  1962  2137 I ActivityManager: Killing 2303:com.android.smspush/u0a34 (adj 1): stop com.android.smspush
03-11 16:05:54.365  1962  2137 I ActivityManager:   Force stopping service ServiceRecord{2ceeab18 u0 com.android.smspush/.WapPushManager}
03-11 16:05:54.372  1962  2233 I ActivityManager: Force stopping com.android.externalstorage appid=10005 user=0: from pid 2235
03-11 16:05:54.372  1962  2233 I ActivityManager: Killing 2116:com.android.externalstorage/u0a5 (adj 13): stop com.android.externalstorage
03-11 16:05:55.725  1480  2861 I DVBSTACK: [Reply] DVB_SYS_Power(5), size:4 (DvbService.cpp, 203)
03-11 16:05:55.725  2235  2251 I PowerStatusReceiver: NOTIFYMSG_SYSTEM_Power recieved 1
03-11 16:05:56.242  1480  1480 I DVBSTACK: [Reply] DVB_SYS_ChangeContext(1), size:12 (DvbService.cpp, 203)
03-11 16:05:56.242  2235  2251 I PowerStatusReceiver: getState() 1
03-11 16:07:26.076  2235  2239 D dalvikvm: GC_CONCURRENT freed 2994K, 15% free 18480K/21580K, paused 2ms+6ms, total 43ms
03-11 16:08:05.017  1962  1977 W ProcessCpuTracker: Skipping unknown process pid 15459
03-11 16:09:30.846  1962  2034 D ConnectivityService: Sampling interval elapsed, updating statistics ..
03-11 16:09:30.849  1962  2034 D ConnectivityService: Done.
03-11 16:09:30.849  1962  2034 D ConnectivityService: Setting timer for 720seconds
03-11 16:18:32.101  2235  2239 D dalvikvm: GC_CONCURRENT freed 2983K, 15% free 18441K/21580K, paused 4ms+4ms, total 44ms
03-11 16:26:10.048  1962  1992 W BatteryStatsImpl: Couldn't get kernel wake lock stats
03-11 16:26:10.114  1962  1966 D dalvikvm: GC_CONCURRENT freed 1087K, 15% free 6956K/8156K, paused 2ms+5ms, total 46ms
03-11 16:26:25.942  1962  2034 D ConnectivityService: Sampling interval elapsed, updating statistics ..
03-11 16:26:25.946  1962  2034 D ConnectivityService: Done.
03-11 16:26:25.946  1962  2034 D ConnectivityService: Setting timer for 720seconds
03-11 16:26:25.955  1962  1977 I ProcessStatsService: Prepared write state in 11ms
03-11 16:26:25.966  1962  1977 I ProcessStatsService: Prepared write state in 11ms
03-11 16:26:25.982  1962  1978 I ProcessStatsService: Pruning old procstats: /data/system/procstats/state-2019-03-10-14-32-00.bin
03-11 16:29:40.081  2235  2239 D dalvikvm: GC_CONCURRENT freed 2947K, 15% free 18443K/21512K, paused 3ms+6ms, total 48ms
03-11 16:38:25.948  1962  2034 D ConnectivityService: Sampling interval elapsed, updating statistics ..
03-11 16:38:25.998  1962  2034 D dalvikvm: GC_FOR_ALLOC freed 576K, 17% free 6766K/8152K, paused 50ms, total 50ms
03-11 16:38:26.001  1962  2034 D ConnectivityService: Done.
03-11 16:38:26.001  1962  2034 D ConnectivityService: Setting timer for 720seconds
03-11 16:40:48.078  2235  2239 D dalvikvm: GC_CONCURRENT freed 2948K, 15% free 18443K/21496K, paused 2ms+5ms, total 45ms
03-11 16:51:56.073  2235  2239 D dalvikvm: GC_CONCURRENT freed 2948K, 15% free 18443K/21496K, paused 2ms+5ms, total 40ms
03-11 16:56:10.061  1962  1992 W BatteryStatsImpl: Couldn't get kernel wake lock stats
03-11 16:56:10.134  1962  2908 D dalvikvm: GC_FOR_ALLOC freed 139K, 18% free 6758K/8152K, paused 54ms, total 54ms
03-11 16:56:25.943  1962  2034 D ConnectivityService: Sampling interval elapsed, updating statistics ..
03-11 16:56:25.946  1962  2034 D ConnectivityService: Done.
03-11 16:56:25.946  1962  2034 D ConnectivityService: Setting timer for 720seconds
03-11 16:56:26.048  1962  1977 I ProcessStatsService: Prepared write state in 8ms
03-11 16:56:26.102  1962  1978 D dalvikvm: GC_FOR_ALLOC freed 341K, 18% free 6750K/8152K, paused 53ms, total 53ms
03-11 17:03:03.078  2235  2239 D dalvikvm: GC_CONCURRENT freed 2948K, 15% free 18444K/21500K, paused 2ms+4ms, total 45ms
03-11 17:08:25.947  1962  2034 D ConnectivityService: Sampling interval elapsed, updating statistics ..
03-11 17:08:25.950  1962  2034 D ConnectivityService: Done.
03-11 17:08:25.950  1962  2034 D ConnectivityService: Setting timer for 720seconds
03-11 17:14:08.101  2235  2239 D dalvikvm: GC_CONCURRENT freed 2946K, 15% free 18443K/21500K, paused 3ms+4ms, total 39ms
03-11 17:25:16.083  2235  2239 D dalvikvm: GC_CONCURRENT freed 2948K, 15% free 18443K/21496K, paused 2ms+4ms, total 49ms
03-11 17:26:10.062  1962  1992 W BatteryStatsImpl: Couldn't get kernel wake lock stats
03-11 17:26:25.943  1962  2034 D ConnectivityService: Sampling interval elapsed, updating statistics ..
03-11 17:26:25.947  1962  2034 D ConnectivityService: Done.
03-11 17:26:25.947  1962  2034 D ConnectivityService: Setting timer for 720seconds
03-11 17:26:26.056  1962  2029 D dalvikvm: GC_FOR_ALLOC freed 420K, 17% free 6779K/8152K, paused 49ms, total 49ms
03-11 17:26:26.084  1962  1977 I ProcessStatsService: Prepared write state in 4ms
03-11 17:26:26.088  1962  1977 I ProcessStatsService: Prepared write state in 4ms
03-11 17:36:24.073  2235  2239 D dalvikvm: GC_CONCURRENT freed 2948K, 15% free 18443K/21496K, paused 2ms+4ms, total 40ms
03-11 17:38:25.948  1962  2034 D ConnectivityService: Sampling interval elapsed, updating statistics ..
03-11 17:38:25.951  1962  2034 D ConnectivityService: Done.
03-11 17:38:25.951  1962  2034 D ConnectivityService: Setting timer for 720seconds
03-11 17:47:32.081  2235  2239 D dalvikvm: GC_CONCURRENT freed 2947K, 15% free 18443K/21496K, paused 3ms+4ms, total 47ms
03-11 17:47:55.078  2166 15994 E VPP_DLNA_LOG: [VPPDLNA][GetSubscriptionSID][150]:Free SubScription SID : uuid:678df17a-1dd2-11b2-8947-8cc0c699e8e7,expireTime : 1843281217
03-11 17:47:55.094  2166 15994 E VPP_DLNA_LOG: [VPPDLNA][GetSubscriptionSID][150]:Free SubScription SID : uuid:678f3e22-1dd2-11b2-8947-8cc0c699e8e7,expireTime : 1843281210
03-11 17:55:00.057  2045  2047 D dalvikvm: GC_CONCURRENT freed 10156K, 26% free 29951K/40204K, paused 4ms+7ms, total 41ms
03-11 17:56:10.063  1962  1992 W BatteryStatsImpl: Couldn't get kernel wake lock stats
03-11 17:56:26.151  1962  2057 D dalvikvm: GC_FOR_ALLOC freed 387K, 17% free 6803K/8152K, paused 56ms, total 56ms
03-11 17:56:31.381  1962  2034 D ConnectivityService: Sampling interval elapsed, updating statistics ..
03-11 17:56:31.384  1962  2034 D ConnectivityService: Done.
03-11 17:56:31.384  1962  2034 D ConnectivityService: Setting timer for 720seconds
03-11 17:56:31.393  1962  1977 I ProcessStatsService: Prepared write state in 11ms
03-11 17:56:31.404  1962  1977 I ProcessStatsService: Prepared write state in 11ms
03-11 17:57:54.116  2166 15994 E VPP_DLNA_LOG: [VPPDLNA][GetSubscriptionSID][150]:Free SubScription SID : uuid:ccbbb892-1dd1-11b2-8948-8cc0c699e8e7,expireTime : 1843880257
03-11 17:57:54.136  2166 15994 E VPP_DLNA_LOG: [VPPDLNA][GetSubscriptionSID][150]:Free SubScription SID : uuid:ccbeb1d2-1dd1-11b2-8948-8cc0c699e8e7,expireTime : 1843880248
03-11 17:58:40.079  2235  2239 D dalvikvm: GC_CONCURRENT freed 2948K, 15% free 18444K/21496K, paused 2ms+6ms, total 46ms
03-11 18:00:15.695  2195  2197 D dalvikvm: GC_CONCURRENT freed 727K, 20% free 3469K/4296K, paused 2ms+6ms, total 30ms
03-11 18:07:53.159  2166 15994 E VPP_DLNA_LOG: [VPPDLNA][GetSubscriptionSID][150]:Free SubScription SID : uuid:31ca2b82-1dd2-11b2-8948-8cc0c699e8e7,expireTime : 1844479300
03-11 18:07:53.179  2166 15994 E VPP_DLNA_LOG: [VPPDLNA][GetSubscriptionSID][150]:Free SubScription SID : uuid:31ccb690-1dd2-11b2-8948-8cc0c699e8e7,expireTime : 1844479293
03-11 18:08:31.385  1962  2034 D ConnectivityService: Sampling interval elapsed, updating statistics ..
03-11 18:08:31.438  1962  2034 D dalvikvm: GC_FOR_ALLOC freed 417K, 17% free 6782K/8152K, paused 53ms, total 53ms
03-11 18:08:31.439  1962  2034 D ConnectivityService: Done.
03-11 18:08:31.439  1962  2034 D ConnectivityService: Setting timer for 720seconds
03-11 18:09:45.073  2235  2239 D dalvikvm: GC_CONCURRENT freed 2949K, 15% free 18444K/21500K, paused 2ms+5ms, total 41ms
03-11 18:17:52.204  2166 15994 E VPP_DLNA_LOG: [VPPDLNA][GetSubscriptionSID][150]:Free SubScription SID : uuid:96d8d310-1dd1-11b2-8949-8cc0c699e8e7,expireTime : 1845078346
03-11 18:17:52.221  2166 15994 E VPP_DLNA_LOG: [VPPDLNA][GetSubscriptionSID][150]:Free SubScription SID : uuid:96dbb6de-1dd1-11b2-8949-8cc0c699e8e7,expireTime : 1845078334
03-11 18:20:53.076  2235  2239 D dalvikvm: GC_CONCURRENT freed 2949K, 15% free 18443K/21500K, paused 3ms+5ms, total 44ms
03-11 18:26:10.065  1962  1992 W BatteryStatsImpl: Couldn't get kernel wake lock stats
03-11 18:26:10.135  1962  3605 D dalvikvm: GC_FOR_ALLOC freed 146K, 18% free 6765K/8152K, paused 54ms, total 54ms
03-11 18:26:25.942  1962  2034 D ConnectivityService: Sampling interval elapsed, updating statistics ..
03-11 18:26:25.945  1962  2034 D ConnectivityService: Done.
03-11 18:26:25.946  1962  2034 D ConnectivityService: Setting timer for 720seconds
03-11 18:27:00.010  1962  1977 I ProcessStatsService: Prepared write state in 8ms
03-11 18:27:00.071  1962  1978 D dalvikvm: GC_FOR_ALLOC freed 346K, 18% free 6758K/8152K, paused 60ms, total 60ms
03-11 18:27:51.519  2166 15994 E VPP_DLNA_LOG: [VPPDLNA][GetSubscriptionSID][150]:Free SubScription SID : uuid:fbe7a7bc-1dd1-11b2-8949-8cc0c699e8e7,expireTime : 1845677386
03-11 18:27:51.535  2166 15994 E VPP_DLNA_LOG: [VPPDLNA][GetSubscriptionSID][150]:Free SubScription SID : uuid:fbea341e-1dd1-11b2-8949-8cc0c699e8e7,expireTime : 1845677379
03-11 18:32:01.079  2235  2239 D dalvikvm: GC_CONCURRENT freed 2948K, 15% free 18443K/21496K, paused 2ms+4ms, total 46ms
03-11 18:37:50.558  2166 15994 E VPP_DLNA_LOG: [VPPDLNA][GetSubscriptionSID][150]:Free SubScription SID : uuid:611fc10e-1dd2-11b2-8949-8cc0c699e8e7,expireTime : 1846276698
03-11 18:37:50.570  2166 15994 E VPP_DLNA_LOG: [VPPDLNA][GetSubscriptionSID][150]:Free SubScription SID : uuid:61228a2e-1dd2-11b2-8949-8cc0c699e8e7,expireTime : 1846276689
03-11 18:38:25.946  1962  2034 D ConnectivityService: Sampling interval elapsed, updating statistics ..
03-11 18:38:25.948  1962  2034 D ConnectivityService: Done.
03-11 18:38:25.948  1962  2034 D ConnectivityService: Setting timer for 720seconds
03-11 18:42:56.783  1460  1926 D MDnsDS  : MDnsSdListener::Monitor poll timed out
03-11 18:42:56.783  1460  1926 D MDnsDS  : Going to poll with pollCount 1
03-11 18:43:09.076  2235  2239 D dalvikvm: GC_CONCURRENT freed 2947K, 15% free 18444K/21500K, paused 4ms+4ms, total 43ms
03-11 18:47:49.590  2166 15994 E VPP_DLNA_LOG: [VPPDLNA][GetSubscriptionSID][150]:Free SubScription SID : uuid:c62dd21a-1dd1-11b2-894a-8cc0c699e8e7,expireTime : 1846875732
03-11 18:47:49.602  2166 15994 E VPP_DLNA_LOG: [VPPDLNA][GetSubscriptionSID][150]:Free SubScription SID : uuid:c63021e6-1dd1-11b2-894a-8cc0c699e8e7,expireTime : 1846875726
03-11 18:54:17.080  2235  2239 D dalvikvm: GC_CONCURRENT freed 2949K, 15% free 18443K/21500K, paused 2ms+6ms, total 47ms
03-11 18:56:10.067  1962  1992 W BatteryStatsImpl: Couldn't get kernel wake lock stats
03-11 18:56:24.667  1962  1962 I EntropyMixer: Writing entropy...
03-11 18:56:25.942  1962  2034 D ConnectivityService: Sampling interval elapsed, updating statistics ..
03-11 18:56:25.946  1962  2034 D ConnectivityService: Done.
03-11 18:56:25.946  1962  2034 D ConnectivityService: Setting timer for 720seconds
03-11 18:56:26.054  1962  2029 D dalvikvm: GC_FOR_ALLOC freed 421K, 17% free 6786K/8152K, paused 49ms, total 49ms
03-11 18:57:00.027  1962  1977 I ProcessStatsService: Prepared write state in 10ms
03-11 18:57:00.038  1962  1978 I ProcessStatsService: Pruning old procstats: /data/system/procstats/state-2014-01-01-00-00-08.bin
03-11 18:57:47.624  2166 15994 E VPP_DLNA_LOG: [VPPDLNA][GetSubscriptionSID][150]:Free SubScription SID : uuid:2b3ad968-1dd2-11b2-894a-8cc0c699e8e7,expireTime : 1847473759
03-11 18:57:48.637  2166 15994 E VPP_DLNA_LOG: [VPPDLNA][GetSubscriptionSID][150]:Free SubScription SID : uuid:2b3d21e6-1dd2-11b2-894a-8cc0c699e8e7,expireTime : 1847474766
03-11 19:05:23.076  2235  2239 D dalvikvm: GC_CONCURRENT freed 2947K, 15% free 18444K/21500K, paused 2ms+5ms, total 41ms
03-11 19:07:47.401  2166 15994 E VPP_DLNA_LOG: [VPPDLNA][GetSubscriptionSID][150]:Free SubScription SID : uuid:8faf69c6-1dd2-11b2-894a-8cc0c699e8e7,expireTime : 1848073526
03-11 19:07:48.412  2166 15994 E VPP_DLNA_LOG: [VPPDLNA][GetSubscriptionSID][150]:Free SubScription SID : uuid:904a47ca-1dd2-11b2-894a-8cc0c699e8e7,expireTime : 1848074531
03-11 19:08:25.947  1962  2034 D ConnectivityService: Sampling interval elapsed, updating statistics ..
03-11 19:08:25.950  1962  2034 D ConnectivityService: Done.
03-11 19:08:25.950  1962  2034 D ConnectivityService: Setting timer for 720seconds
03-11 19:16:29.075  2235  2239 D dalvikvm: GC_CONCURRENT freed 2947K, 15% free 18443K/21496K, paused 2ms+5ms, total 41ms
03-11 19:17:46.427  2166 15994 E VPP_DLNA_LOG: [VPPDLNA][GetSubscriptionSID][150]:Free SubScription SID : uuid:f52e331c-1dd1-11b2-894b-8cc0c699e8e7,expireTime : 1848672563
03-11 19:17:47.436  2166 15994 E VPP_DLNA_LOG: [VPPDLNA][GetSubscriptionSID][150]:Free SubScription SID : uuid:f5c85fb4-1dd1-11b2-894b-8cc0c699e8e7,expireTime : 1848673570
03-11 19:26:10.067  1962  1992 W BatteryStatsImpl: Couldn't get kernel wake lock stats
03-11 19:26:10.127  1962  3976 D dalvikvm: GC_FOR_ALLOC freed 369K, 18% free 6760K/8152K, paused 45ms, total 46ms
03-11 19:26:10.127  1962  3976 I dalvikvm-heap: Grow heap (frag case) to 6.750MB for 50228-byte allocation
03-11 19:26:10.162  1962  1970 D dalvikvm: GC_FOR_ALLOC freed 17K, 18% free 6792K/8204K, paused 34ms, total 34ms
03-11 19:26:25.942  1962  2034 D ConnectivityService: Sampling interval elapsed, updating statistics ..
03-11 19:26:25.946  1962  2034 D ConnectivityService: Done.
03-11 19:26:25.946  1962  2034 D ConnectivityService: Setting timer for 720seconds
03-11 19:27:37.076  2235  2239 D dalvikvm: GC_CONCURRENT freed 2948K, 15% free 18443K/21496K, paused 2ms+6ms, total 43ms
03-11 19:28:00.004  1962  1977 I ProcessStatsService: Prepared write state in 2ms
03-11 19:32:08.650  2166 31912 E VPP_DLNA_LOG: [VPPDLNA][GetSubscriptionSID][150]:Free SubScription SID : uuid:f6aaa886-1dd1-11b2-894c-8cc0c699e8e7,expireTime : 1849534772
03-11 19:32:08.667  2166 31912 E VPP_DLNA_LOG: [VPPDLNA][GetSubscriptionSID][150]:Free SubScription SID : uuid:f6a9904a-1dd1-11b2-894c-8cc0c699e8e7,expireTime : 1849534779
03-11 19:38:25.947  1962  2034 D ConnectivityService: Sampling interval elapsed, updating statistics ..
03-11 19:38:25.949  1962  2034 D ConnectivityService: Done.
03-11 19:38:25.950  1962  2034 D ConnectivityService: Setting timer for 720seconds
03-11 19:38:45.076  2235  2239 D dalvikvm: GC_CONCURRENT freed 2948K, 15% free 18443K/21500K, paused 2ms+4ms, total 43ms
03-11 19:42:07.690  2166 31912 E VPP_DLNA_LOG: [VPPDLNA][GetSubscriptionSID][150]:Free SubScription SID : uuid:5c27118a-1dd2-11b2-894c-8cc0c699e8e7,expireTime : 1850133832
03-11 19:42:07.707  2166 31912 E VPP_DLNA_LOG: [VPPDLNA][GetSubscriptionSID][150]:Free SubScription SID : uuid:5c29d758-1dd2-11b2-894c-8cc0c699e8e7,expireTime : 1850133826
03-11 19:44:51.408  1962  1962 W ContextImpl: Calling a method in the system process without a qualified user: android.app.ContextImpl.sendBroadcast:1200 com.android.server.power.Notifier.sendSuspendStart:485 com.android.server.power.Notifier.access$800:64 com.android.server.power.Notifier$NotifierHandler.handleMessage:601 android.os.Handler.dispatchMessage:102 
03-11 19:44:51.410  2235  2235 I PowerStatusReceiver: POWER MSG Recevied Intent Action smart_suspend_broadcast_enter
03-11 19:44:51.410  2235  2235 I PowerStatusReceiver: SMART_SUSPEND_QUIT
03-11 19:44:51.410  1480 13123 I DVBSTACK: [Reply] DVB_DB_CONFIG_Get(33), size:8 (DvbService.cpp, 203)
03-11 19:44:51.411  2207  2207 D [Hisilicon]com.hisilicon.multiscreen.server.MultiScreenService$6: onReceive L1380 ---- receive action smart_suspend_broadcast_enter ---- 
03-11 19:44:51.411  2207  2207 D VPP_DLNA_LOG: [native_MultiScreenDeviceSuspend][:94] native_MultiScreenDeviceSuspend
03-11 19:44:51.411  2207  2207 E         : Remote_control_PROC_DeleteMode
03-11 19:44:51.411  2207  2207 E         : delete remote control proc fail
03-11 19:44:51.411  2207  2207 I MultiScreenUpnpDevice: [VPPMULTISCREEN][StopAllServices][1098]HI_RemoteCtrl_StopServer finish
03-11 19:44:51.412  2207  2207 I MultiScreenUpnpDevice: [VPPMULTISCREEN][StopAllServices][1103]MultiScreenClearMirrorParameter finish
03-11 19:44:51.412  2207  2207 I MultiScreenUpnpDevice: [VPPMULTISCREEN][StopAllServices][1105]Hi_MirrorStop finish
03-11 19:44:51.412  2207  2207 D VPP_DLNA_LOG: native_invoke [Native_invoke][:179] 
03-11 19:44:51.414  2207  2207 I [Hisilicon]com.hisilicon.multiscreen.server.MultiScreenService: stopRemoteApp L1614 ---- RemoteApp server has stopped ---- 
03-11 19:44:51.415  2207  2207 I [Hisilicon]com.hisilicon.multiscreen.server.MultiScreenService$1: nativeInvoke L381 ---- call command result 0 ---- 
03-11 19:44:51.415  2207  2207 I MultiScreenUpnpDevice: [VPPMULTISCREEN][StopAllServices][1107]StopRemoteAPP finish
03-11 19:44:51.415  2207  2207 D VPP_DLNA_LOG: native_invoke [Native_invoke][:179] 
03-11 19:44:51.417  2207  2207 I [Hisilicon]com.hisilicon.multiscreen.server.MultiScreenService: stopVIMEControl L1554 ---- VIME Control server has stopped ---- 
03-11 19:44:51.419  2207  2207 I [Hisilicon]com.hisilicon.multiscreen.server.MultiScreenService$1: nativeInvoke L381 ---- call command result 0 ---- 
03-11 19:44:51.419  2207  2207 I MultiScreenUpnpDevice: [VPPMULTISCREEN][StopAllServices][1109]StopVIMEControlrServer finish
03-11 19:44:51.666  1480  2861 I DVBSTACK: [Reply] DVB_SYS_Power(5), size:4 (DvbService.cpp, 203)
03-11 19:44:51.668  1469  1599 I AOService: hdmi_observer  change@/devices/virtual/switch/hdmi
03-11 19:44:51.668  1469  1599 I AOService: strncmp(hdmi,0)
03-11 19:44:51.668  1469  1599 E AOService: EDID CAP 0
03-11 19:44:51.668  1469  1599 I AOService: get port sthdmi setting 2
03-11 19:44:51.676  1962  2014 V WiredAccessoryManager: Headset UEVENT: {SUBSYSTEM=switch, SWITCH_STATE=0, DEVPATH=/devices/virtual/switch/hdmi, SEQNUM=1444, ACTION=change, SWITCH_NAME=hdmi}
03-11 19:44:51.676  1962  2014 V WiredAccessoryManager: newName=hdmi newState=0 headsetState=0 prev headsetState=16
03-11 19:44:51.677  1962  1962 V WiredAccessoryManager: device hdmi disconnected
03-11 19:44:51.679  2235  2235 V Home    : ACTION_AUDIO_BECOMING_NOISY
03-11 19:44:51.690  1962  1977 I ActivityManager: Start proc com.hisilicon.android.music for broadcast com.hisilicon.android.music/.MediaButtonIntentReceiver: pid=24112 uid=1000 gids={41000, 1028, 1015, 3003, 3002, 3001}
03-11 19:44:51.692  2235  2254 I PowerStatusReceiver: NOTIFYMSG_SYSTEM_Power recieved 3
03-11 19:44:51.692  1480  2006 I DVBSTACK: [Reply] DVB_SYS_GetKeyInputHistory(10), size:8 (DvbService.cpp, 203)
03-11 19:44:51.698 24112 24112 I dalvikvm: Enabling JNI app bug workarounds for target SDK version 9...
03-11 19:44:51.700 24112 24112 E Environment: canonicalPath = /mnt/sdcard
03-11 19:44:51.704  1962  2015 I ActivityManager: START u0 {act=android.intent.action.MAIN cat=[android.intent.category.HOME] flg=0x10200000 cmp=com.android.dvb.launcher/com.android.dvb.livescreen.Home} from pid 1962
03-11 19:44:51.729 24112 24112 W ContextImpl: Calling a method in the system process without a qualified user: android.app.ContextImpl.startService:1556 android.content.ContextWrapper.startService:494 android.content.ContextWrapper.startService:494 com.hisilicon.android.music.MediaButtonIntentReceiver.onReceive:64 android.app.ActivityThread.handleReceiver:2419 
03-11 19:44:51.736  1962  2234 I MediaFocusControl:   Remote Control   registerMediaButtonIntent() for PendingIntent{2cf016b8: PendingIntentRecord{2cf7a820 com.hisilicon.android.music broadcastIntent}}
03-11 19:44:51.747  1473  1507 E HI_ADP_HDMI: 
03-11 19:44:51.747  1473  1507 E HI_ADP_HDMI:  ----------HDMI UnPlug-----------
03-11 19:44:51.747  1473  1507 E HI_ADP_HDMI: get_hdmi_suspend_enable: value is :0
03-11 19:44:51.747  1473  1507 E HI_ADP_HDMI: hdmi cec suspend disable
03-11 19:44:51.752 24112 24112 V MediaPlayer: constructor
03-11 19:44:51.753 24112 24112 V MediaPlayer: setListener
03-11 19:44:51.754 24112 24112 W ContextImpl: Calling a method in the system process without a qualified user: android.app.ContextImpl.sendStickyBroadcast:1358 android.content.ContextWrapper.sendStickyBroadcast:427 com.hisilicon.android.music.MediaPlaybackService.notifyChange:878 com.hisilicon.android.music.MediaPlaybackService.onCreate:388 android.app.ActivityThread.handleCreateService:2572 
03-11 19:44:51.757 24112 24112 W ContextImpl: Calling a method in the system process without a qualified user: android.app.ContextImpl.sendStickyBroadcast:1358 android.content.ContextWrapper.sendStickyBroadcast:427 com.hisilicon.android.music.MediaPlaybackService.notifyChange:878 com.hisilicon.android.music.MediaPlaybackService.onCreate:389 android.app.ActivityThread.handleCreateService:2572 
03-11 19:44:51.848  1480 13123 E HI_AO   : [1850297993 ERROR-HI_AO]:HI_MPI_AO_Track_SetChannelMode[983]:track(0x0) is not ao handle!
03-11 19:44:51.848  1480 13123 E HI_AO   : [1850297993 ERROR-HI_AO]:HI_UNF_SND_SetTrackChannelMode[689]:Set Track(0) SoftTrackMode failed.
03-11 19:44:51.910  1480 13123 I DVBSTACK: [Reply] DVB_SYS_ChangeContext(1), size:12 (DvbService.cpp, 203)
03-11 19:44:51.959  1480  1480 I DVBSTACK: [Reply] DVB_DEMOD_TUNER_GetLevel(304), size:12 (DvbService.cpp, 203)
03-11 19:44:51.960  2235  2235 V Home    : recordingDialogSetVisible 4
03-11 19:44:51.960  2235  2235 V PvrPlayer: setVisibility : 4
03-11 19:44:51.960  2235  2235 V Home    : onResume E
03-11 19:44:51.960  2235  2235 V Home    : Sys Boot Check onResume : true
03-11 19:44:52.015  1480  2861 I DVBSTACK: [Reply] DVB_SYS_ChangeContext(1), size:12 (DvbService.cpp, 203)
03-11 19:44:52.024  1480  2006 I DVBSTACK: [Reply] DVB_DB_CONFIG_Get(33), size:8 (DvbService.cpp, 203)
03-11 19:44:52.024  1480 13123 I DVBSTACK: [Reply] DVB_DB_CONFIG_Get(33), size:8 (DvbService.cpp, 203)
03-11 19:44:52.024  1480  1480 I DVBSTACK: [Reply] DVB_DB_CONFIG_Get(33), size:8 (DvbService.cpp, 203)
03-11 19:44:52.025  2235  2235 V PvrManager: getModePlayback : 0
03-11 19:44:52.025  1480  2861 I DVBSTACK: [Reply] DVB_DB_CONFIG_Get(33), size:8 (DvbService.cpp, 203)
03-11 19:44:52.025  1480  2006 I DVBSTACK: [Reply] DVB_DB_CONFIG_Get(33), size:8 (DvbService.cpp, 203)
03-11 19:44:52.026  1480 13123 I DVBSTACK: [Reply] DVB_PVR_REC_GetInfo(147), size:4 (DvbService.cpp, 203)
03-11 19:44:52.026  1480  1480 I DVBSTACK: [Reply] DVB_PVR_REC_GetInfo(147), size:4 (DvbService.cpp, 203)
03-11 19:44:52.026  1480  2861 I DVBSTACK: [Reply] DVB_PVR_REC_GetInfo(147), size:4 (DvbService.cpp, 203)
03-11 19:44:52.026  1480  2006 I DVBSTACK: [Reply] DVB_PVR_PB_GetInfo(167), size:4 (DvbService.cpp, 203)
03-11 19:44:52.026  2235  2235 V PvrManager: updatePvrPlayBackInfo Fail 
03-11 19:44:52.026  2235  2235 V SvcInfo : getSvcIdx curSvcIdx : 212
03-11 19:44:52.026  2235  2235 V Home    : recordingDialogSetVisible 0
03-11 19:44:52.027  2235  2235 V PvrManager: getModePlayback : 0
03-11 19:44:52.027  2235  2235 V HomeInfobar: setInfoBar : 212 -2
03-11 19:44:52.027  2235  2235 V PvrManager: getModePlayback : 0
03-11 19:44:52.027  2235  2235 V HomeInfobar: setInfoBar Live
03-11 19:44:52.029  2235  2235 V PvrManager: getModePlayback : 0
03-11 19:44:52.029  2235  2235 D Supremo : [HomeInfobar] setFocusing tempValue : 0.8103244097222222 / progress : 81
03-11 19:44:52.029  1480 13123 I DVBSTACK: [Reply] DVB_DB_ALRAM_GetEventItem(53), size:4 (DvbService.cpp, 203)
03-11 19:44:52.031  1480  1480 I DVBSTACK: [Reply] DVB_DB_ALRAM_GetEventItem(53), size:4 (DvbService.cpp, 203)
03-11 19:44:52.031  1480  2861 I DVBSTACK: [Reply] DVB_SVC_CH_GetInfo(105), size:328 (DvbService.cpp, 203)
03-11 19:44:52.031  2235  2235 V SvcInfo : getSvcIdx curSvcIdx : 212
03-11 19:44:52.031  1480  2006 I DVBSTACK: [Reply] DVB_SVC_GetSatType(124), size:4 (DvbService.cpp, 203)
03-11 19:44:52.032  1480 13123 I DVBSTACK: [Reply] DVB_DEMOD_TUNER_GetLevel(304), size:12 (DvbService.cpp, 203)
03-11 19:44:52.032  2235  2235 I HomeInfobar: ---> send HANDLER_MSG_UPDATE : 212
03-11 19:44:52.077  1480  1480 I DVBSTACK: [Reply] DVB_SYS_ChangeContext(1), size:12 (DvbService.cpp, 203)
03-11 19:44:52.077  2235  2235 V Home    : onResume X
03-11 19:44:52.103  2235  2235 D Home    : NOTIFYMSG_SVC_Start ==> svcHandle : 0 , svcType : 0 , svcIdx : 212
03-11 19:44:52.103  2235  2235 V SvcInfo : getSvcIdx curSvcIdx : 212
03-11 19:44:52.103  2235  2235 V SvcInfo : moveIndexService curSvcIdx  : 212
03-11 19:44:52.104  2235  2235 V SvcInfo : getSvcIdx curSvcIdx : 212
03-11 19:44:52.104  2235  2235 V Home    : recordingDialogSetVisible 0
03-11 19:44:52.104  2235  2235 V PvrManager: getModePlayback : 0
03-11 19:44:52.104  2235  2235 V HomeInfobar: setInfoBar : 212 -2
03-11 19:44:52.104  2235  2235 V PvrManager: getModePlayback : 0
03-11 19:44:52.104  2235  2235 V HomeInfobar: setInfoBar Live
03-11 19:44:52.106  2235  2235 V PvrManager: getModePlayback : 0
03-11 19:44:52.106  2235  2235 D Supremo : [HomeInfobar] setFocusing tempValue : 0.8103253125 / progress : 81
03-11 19:44:52.107  1480  2861 I DVBSTACK: [Reply] DVB_DB_ALRAM_GetEventItem(53), size:4 (DvbService.cpp, 203)
03-11 19:44:52.108  1480  2006 I DVBSTACK: [Reply] DVB_DB_ALRAM_GetEventItem(53), size:4 (DvbService.cpp, 203)
03-11 19:44:52.109  1480 13123 I DVBSTACK: [Reply] DVB_SVC_CH_GetInfo(105), size:328 (DvbService.cpp, 203)
03-11 19:44:52.109  2235  2235 V SvcInfo : getSvcIdx curSvcIdx : 212
03-11 19:44:52.109  1480  1480 I DVBSTACK: [Reply] DVB_SVC_GetSatType(124), size:4 (DvbService.cpp, 203)
03-11 19:44:52.110  1480  2861 I DVBSTACK: [Reply] DVB_DEMOD_TUNER_GetLevel(304), size:12 (DvbService.cpp, 203)
03-11 19:44:52.678  1465  1465 E AudioPolicyManagerBase: setDeviceConnectionState() device: 400, state 0, address 
03-11 19:44:52.678  1465  1465 W AudioPolicyManagerBase: setDeviceConnectionState() device not connected: 400
03-11 19:44:52.679  1962  2039 W ContextImpl: Calling a method in the system process without a qualified user: android.app.ContextImpl.sendBroadcast:1200 android.media.AudioService.onSetWiredDeviceConnectionState:4008 android.media.AudioService.access$6600:115 android.media.AudioService$AudioHandler.handleMessage:3653 android.os.Handler.dispatchMessage:102 
03-11 19:44:53.533  2235  2235 V PvrManager: getModePlayback : 0
03-11 19:44:53.533  2235  2235 I HomeInfobar: ---> recieved HANDLER_MSG_UPDATE
03-11 19:44:53.533  2235  2235 V SvcInfo : getSvcIdx curSvcIdx : 212
03-11 19:44:53.533  1480  2006 I DVBSTACK: [Reply] DVB_DB_EPG_GetSvc(61), size:4 (DvbService.cpp, 203)
03-11 19:44:53.534  2235  2235 V HomeInfobar: setInfoBar : 212 -2
03-11 19:44:53.535  2235  2235 V PvrManager: getModePlayback : 0
03-11 19:44:53.535  2235  2235 V HomeInfobar: setInfoBar Live
03-11 19:44:53.537  2235  2235 V PvrManager: getModePlayback : 0
03-11 19:44:53.538  2235  2235 D Supremo : [HomeInfobar] setFocusing tempValue : 0.810341875 / progress : 81
03-11 19:44:53.538  1480 13123 I DVBSTACK: [Reply] DVB_DB_ALRAM_GetEventItem(53), size:4 (DvbService.cpp, 203)
03-11 19:44:53.541  1480  1480 I DVBSTACK: [Reply] DVB_DB_ALRAM_GetEventItem(53), size:4 (DvbService.cpp, 203)
03-11 19:44:53.541  1480  2861 I DVBSTACK: [Reply] DVB_SVC_CH_GetInfo(105), size:328 (DvbService.cpp, 203)
03-11 19:44:53.542  2235  2235 V SvcInfo : getSvcIdx curSvcIdx : 212
03-11 19:44:53.542  1480  2006 I DVBSTACK: [Reply] DVB_SVC_GetSatType(124), size:4 (DvbService.cpp, 203)
03-11 19:44:53.543  1480 13123 I DVBSTACK: [Reply] DVB_DEMOD_TUNER_GetLevel(304), size:12 (DvbService.cpp, 203)
03-11 19:44:54.238  1480  1480 I DVBSTACK: [Reply] DVB_DEMOD_TUNER_GetLevel(304), size:12 (DvbService.cpp, 203)
03-11 19:44:55.004  1473  1507 E HI_ADP_HDMI: get_hdmi_suspend_enable: value is :0
03-11 19:44:55.004  1473  1507 E HI_ADP_HDMI: hdmi cec suspend disable
03-11 19:44:55.244  2235  2235 V Home    : recordingDialogSetVisible 4
03-11 19:44:55.618  1473  1507 E HI_ADP_HDMI: get_hdmi_suspend_enable: value is :0
03-11 19:44:55.618  1473  1507 E HI_ADP_HDMI: hdmi cec suspend disable
03-11 19:44:55.976  1469  1599 I AOService: hdmi_observer  change@/devices/virtual/switch/hdmi
03-11 19:44:55.976  1469  1599 I AOService: strncmp(hdmi,1)
03-11 19:44:55.977  1469  1599 E AOService: EDID CAP 2
03-11 19:44:55.977  1469  1599 I AOService: get port sthdmi setting 2
03-11 19:44:55.982  1962  2014 V WiredAccessoryManager: Headset UEVENT: {SUBSYSTEM=switch, SWITCH_STATE=1, DEVPATH=/devices/virtual/switch/hdmi, SEQNUM=1445, ACTION=change, SWITCH_NAME=hdmi}
03-11 19:44:55.982  1962  2014 V WiredAccessoryManager: newName=hdmi newState=16 headsetState=16 prev headsetState=0
03-11 19:44:55.983  1962  1962 V WiredAccessoryManager: device hdmi connected
03-11 19:44:55.985  1465  1866 E AudioPolicyManagerBase: setDeviceConnectionState() device: 400, state 1, address 
03-11 19:44:55.985  1465  1866 W AudioPolicyManagerBase: checkOutputsForDevice(): No output available for device 0400
03-11 19:44:55.986  1962  2039 W ContextImpl: Calling a method in the system process without a qualified user: android.app.ContextImpl.sendBroadcast:1200 android.media.AudioService.onSetWiredDeviceConnectionState:4008 android.media.AudioService.access$6600:115 android.media.AudioService$AudioHandler.handleMessage:3653 android.os.Handler.dispatchMessage:102 
03-11 19:44:56.048  1473  1507 I HI_ADP_HDMI: HDMI Hotplug event enter HDMI_HotPlug_Proc(243)
03-11 19:44:56.048  1473  1507 E HI_ADP_HDMI: 
03-11 19:44:56.048  1473  1507 E HI_ADP_HDMI:  --- Get HDMI event: HOTPLUG. --- 
03-11 19:44:56.048  1473  1507 E HI_ADP_HDMI: 
03-11 19:44:56.048  1473  1507 E HI_ADP_HDMI:  getCapRet = 0 
03-11 19:44:56.048  1473  1507 E HI_ADP_HDMI: 4k[0] = 0 
03-11 19:44:56.048  1473  1507 E HI_ADP_HDMI: 4k[1] = 0 
03-11 19:44:56.048  1473  1507 E HI_ADP_HDMI: 4k[2] = 0 
03-11 19:44:56.048  1473  1507 E HI_ADP_HDMI: 4k[3] = 0 
03-11 19:44:56.048  1473  1507 E HI_ADP_HDMI: 4k[4] = 0 
03-11 19:44:56.048  1473  1507 E HI_ADP_HDMI: 4k[5] = 0 
03-11 19:44:56.048  1473  1507 E HI_ADP_HDMI: 4k[6] = 0 
03-11 19:44:56.048  1473  1507 E HI_ADP_HDMI: 4k[7] = 0 
03-11 19:44:56.048  1473  1507 E HI_ADP_HDMI: 4k[8] = 0 
03-11 19:44:56.048  1473  1507 E HI_ADP_HDMI: 4k[9] = 0 
03-11 19:44:56.048  1473  1507 E HI_ADP_HDMI: 
03-11 19:44:56.048  1473  1507 E HI_ADP_HDMI:  optimum format is 1 
03-11 19:44:56.048  1473  1507 E HI_ADP_HDMI: displayType = 1
03-11 19:44:56.048  1473  1507 E HI_ADP_HDMI: 
03-11 19:44:56.048  1473  1507 E HI_ADP_HDMI:  get current format is 1 
03-11 19:44:56.048  1473  1507 D HI_ADP_HDMI: persist.sys.optimalfmt.perfer=native
03-11 19:44:56.048  1473  1507 E HI_ADP_HDMI: 
03-11 19:44:56.048  1473  1507 E HI_ADP_HDMI:  final optimum format = 1 
03-11 19:44:56.048  1473  1507 E HI_ADP_HDMI: 
03-11 19:44:56.048  1473  1507 E HI_ADP_HDMI:  capability is not changed 
03-11 19:44:56.048  1473  1507 E HI_ADP_HDMI: getOptimalFormat, enable = 0
03-11 19:44:56.048  1473  1507 E HI_ADP_HDMI: 
03-11 19:44:56.048  1473  1507 E HI_ADP_HDMI:  optimum format enable is disabled 
03-11 19:44:56.048  1473  1507 E HI_ADP_HDMI: current format ok
03-11 19:44:56.048  1473  1507 E DisplaySetting: Display:set_format format is 1
03-11 19:44:56.048  1473  1507 E DisplaySetting: Display:store_format format is 1, format_sd is 11
03-11 19:44:56.123  1473  1507 I HI_ADP_HDMI: HDMI Hotplug event done HDMI_HotPlug_Proc(655)
03-11 19:44:56.123  1473  1507 E HI_ADP_HDMI: get_hdmi_suspend_enable: value is :0
03-11 19:44:56.123  1473  1507 E HI_ADP_HDMI: hdmi cec suspend disable
03-11 19:44:58.081  2235  2444 I EPGManager: --------getEpgInfo : 208, idx : 81, count : 40
03-11 19:44:58.090  2235  2254 I EPGManager: --------getEpgInfo : 208, idx : 81, count : 40
03-11 19:44:58.096  2235  2251 I EPGManager: --------getEpgInfo : 208, idx : 81, count : 13
03-11 19:44:58.106  2235  2444 I EPGManager: --------getEpgInfo : 209, idx : 131, count : 40
03-11 19:44:58.116  2235  2254 I EPGManager: --------getEpgInfo : 209, idx : 131, count : 40
03-11 19:44:58.122  2235  2251 I EPGManager: --------getEpgInfo : 209, idx : 131, count : 15
03-11 19:44:58.132  2235  2444 I EPGManager: --------getEpgInfo : 554, idx : 148, count : 40
03-11 19:44:58.142  2235  2254 I EPGManager: --------getEpgInfo : 554, idx : 148, count : 40
03-11 19:44:58.152  2235  2251 I EPGManager: --------getEpgInfo : 554, idx : 148, count : 40
03-11 19:44:58.162  2235  2444 I EPGManager: --------getEpgInfo : 554, idx : 148, count : 40
03-11 19:44:58.171  2235  2254 I EPGManager: --------getEpgInfo : 553, idx : 188, count : 40
03-11 19:44:58.181  2235  2251 I EPGManager: --------getEpgInfo : 553, idx : 188, count : 40
03-11 19:44:58.191  2235  2444 I EPGManager: --------getEpgInfo : 553, idx : 188, count : 36
03-11 19:44:59.381  2235  2235 V PowerAlarmManager: setAutoPowerSleepAlarm : 0
