01-01 00:00:16.215  2235  2235 V PvrManager: getModePlayback : 0
01-01 00:00:16.215  2235  2235 V HomeInfobar: setInfoBar Live
01-01 00:00:16.216  1480  2006 I DVBSTACK: [Reply] DVB_SVC_CH_GetInfo(105), size:328 (DvbService.cpp, 203)
01-01 00:00:16.226  2330  2544 D LocationInitializer: Restart initialization of location
01-01 00:00:16.227  2371  2543 E MDM     : [98] b.run: Couldn't connect to Google API client: ConnectionResult{statusCode=API_UNAVAILABLE, resolution=null, message=null}
01-01 00:00:16.229  2330  2544 I dalvikvm: Could not find method android.app.AlarmManager.setExactAndAllowWhileIdle, referenced from method com.google.android.gms.common.stats.b.a
01-01 00:00:16.229  2330  2544 W dalvikvm: VFY: unable to resolve virtual method 70: Landroid/app/AlarmManager;.setExactAndAllowWhileIdle (IJLandroid/app/PendingIntent;)V
01-01 00:00:16.229  2330  2544 D dalvikvm: VFY: replacing opcode 0x6e at 0x0010
01-01 00:00:16.232  2235  2235 V SvcInfo : getSvcIdx curSvcIdx : 212
01-01 00:00:16.232  1480  1480 I DVBSTACK: [Reply] DVB_SVC_GetSatType(124), size:4 (DvbService.cpp, 203)
01-01 00:00:16.233  1480  2006 I DVBSTACK: [Reply] DVB_DEMOD_TUNER_GetLevel(304), size:12 (DvbService.cpp, 203)
01-01 00:00:16.233  2235  2235 I HomeInfobar: ---> send HANDLER_MSG_UPDATE : 212
01-01 00:00:16.238  2280  2280 D AuthorizationBluetoothService: Received GmsCore event: Intent { act=com.google.android.gms.INITIALIZE flg=0x10 pkg=com.google.android.gms cmp=com.google.android.gms/.auth.be.proximity.authorization.bt.AuthorizationBluetoothService$AutoStarter }.
01-01 00:00:16.240  2280  2280 I dalvikvm: Could not find method android.os.UserManager.isManagedProfile, referenced from method com.google.android.gms.auth.be.proximity.authorization.bt.b.a
01-01 00:00:16.240  2280  2280 W dalvikvm: VFY: unable to resolve virtual method 1036: Landroid/os/UserManager;.isManagedProfile ()Z
01-01 00:00:16.240  2280  2280 D dalvikvm: VFY: replacing opcode 0x6e at 0x002f
01-01 00:00:16.260  2330  2544 E dalvikvm: Could not find class 'android.app.usage.UsageStatsManager', referenced from method com.google.android.gms.lockbox.LockboxService.a
01-01 00:00:16.260  2330  2544 W dalvikvm: VFY: unable to resolve check-cast 76 (Landroid/app/usage/UsageStatsManager;) in Lcom/google/android/gms/lockbox/LockboxService;
01-01 00:00:16.260  2330  2544 D dalvikvm: VFY: replacing opcode 0x1f at 0x0035
01-01 00:00:16.268  2280  2280 E AuthorizationBluetoothService: Proximity feature is not enabled.
01-01 00:00:16.291  2280  2284 D dalvikvm: GC_CONCURRENT freed 340K, 11% free 4336K/4848K, paused 2ms+6ms, total 25ms
01-01 00:00:16.306  2330  2544 I dalvikvm: Could not find method android.content.pm.PackageManager.getPackageInstaller, referenced from method com.google.android.gms.common.ou.a
01-01 00:00:16.306  2330  2544 W dalvikvm: VFY: unable to resolve virtual method 430: Landroid/content/pm/PackageManager;.getPackageInstaller ()Landroid/content/pm/PackageInstaller;
01-01 00:00:16.306  2330  2544 D dalvikvm: VFY: replacing opcode 0x6e at 0x000d
01-01 00:00:16.318  2280  2280 V GLSActivity: AuthDelegateWrapperCreated with selected intent: Intent { cmp=com.google.android.gms/.auth.DefaultAuthDelegateService }
01-01 00:00:16.319  2280  2280 I dalvikvm: Could not find method android.accounts.AccountManager.removeAccountExplicitly, referenced from method com.google.android.gms.auth.e.b.a
01-01 00:00:16.319  2280  2280 W dalvikvm: VFY: unable to resolve virtual method 16: Landroid/accounts/AccountManager;.removeAccountExplicitly (Landroid/accounts/Account;)Z
01-01 00:00:16.319  2280  2280 D dalvikvm: VFY: replacing opcode 0x6e at 0x000e
01-01 00:00:16.325  2280  2280 V GLSActivity: AuthDelegateWrapperCreated with selected intent: Intent { cmp=com.google.android.gms/.auth.DefaultAuthDelegateService }
01-01 00:00:16.348  2330  2333 D dalvikvm: GC_CONCURRENT freed 709K, 18% free 3959K/4772K, paused 2ms+3ms, total 25ms
01-01 00:00:16.352  1480  1480 I DVBSTACK: [Reply] DVB_SYS_ChangeContext(1), size:12 (DvbService.cpp, 203)
01-01 00:00:16.361  2280  2548 I dalvikvm: Could not find method android.app.Notification$Builder.setLocalOnly, referenced from method com.google.android.gms.common.os.b
01-01 00:00:16.361  2280  2548 W dalvikvm: VFY: unable to resolve virtual method 142: Landroid/app/Notification$Builder;.setLocalOnly (Z)Landroid/app/Notification$Builder;
01-01 00:00:16.361  2280  2548 D dalvikvm: VFY: replacing opcode 0x6e at 0x00ce
01-01 00:00:16.362  2235  2235 V Home    : onResume X
01-01 00:00:16.363  2280  2548 I dalvikvm: Could not find method android.content.pm.PackageManager.getPackageInstaller, referenced from method com.google.android.gms.common.ou.a
01-01 00:00:16.363  2280  2548 W dalvikvm: VFY: unable to resolve virtual method 430: Landroid/content/pm/PackageManager;.getPackageInstaller ()Landroid/content/pm/PackageInstaller;
01-01 00:00:16.363  2280  2548 D dalvikvm: VFY: replacing opcode 0x6e at 0x000d
01-01 00:00:16.363  2235  2235 W ContextImpl: Calling a method in the system process without a qualified user: android.app.ContextImpl.sendBroadcast:1200 android.content.ContextWrapper.sendBroadcast:365 android.app.ActivityThread.performResumeActivity:2785 android.app.ActivityThread.handleResumeActivity:2823 android.app.ActivityThread.handleLaunchActivity:2250 
01-01 00:00:16.372  2235  2235 E ViewRootImpl: 201409092 enable acc for view=com.android.dvb.launcher/com.android.dvb.livescreen.Home
01-01 00:00:16.383  2235  2235 V NetworkReceiver: NetworkReceiver onReceiver : android.net.ethernet.ETHERNET_STATE_CHANGE
01-01 00:00:16.384  2235  2235 V NetworkReceiver: HANDLER_MESSAGE_NET_MOUNT Send
01-01 00:00:16.384  2235  2235 V NetworkReceiver: HANDLER_MESSAGE_NTP_UPDATE Send
01-01 00:00:16.384  2235  2235 V PvrPlayer: SeekBarHandler : 5
01-01 00:00:16.384  2235  2235 V PvrPlayer: getPvrBookMark start 
01-01 00:00:16.385  1480  2006 I DVBSTACK: [Reply] DVB_PVR_PB_GetBookMark(165), size:4 (DvbService.cpp, 203)
01-01 00:00:16.385  2235  2235 V PvrPlayer: SeekBarHandler : 5
01-01 00:00:16.385  2235  2235 V PvrPlayer: getPvrBookMark start 
01-01 00:00:16.385  1480  1480 I DVBSTACK: [Reply] DVB_PVR_PB_GetBookMark(165), size:4 (DvbService.cpp, 203)
01-01 00:00:16.386  2235  2235 D Home    : NOTIFYMSG_SVC_Start ==> svcHandle : 0 , svcType : 0 , svcIdx : 212
01-01 00:00:16.386  2235  2235 V SvcInfo : getSvcIdx curSvcIdx : 212
01-01 00:00:16.386  2235  2235 V SvcInfo : moveIndexService curSvcIdx  : 212
01-01 00:00:16.386  2235  2235 V SvcInfo : getSvcIdx curSvcIdx : 212
01-01 00:00:16.386  2235  2235 V Home    : recordingDialogSetVisible 0
01-01 00:00:16.386  2235  2235 V PvrManager: getModePlayback : 0
01-01 00:00:16.386  2235  2235 V HomeInfobar: setInfoBar : 212 -2
01-01 00:00:16.387  2235  2235 V PvrManager: getModePlayback : 0
01-01 00:00:16.387  2235  2235 V HomeInfobar: setInfoBar Live
01-01 00:00:16.388  1480  2006 I DVBSTACK: [Reply] DVB_SVC_CH_GetInfo(105), size:328 (DvbService.cpp, 203)
01-01 00:00:16.389  2235  2235 V SvcInfo : getSvcIdx curSvcIdx : 212
01-01 00:00:16.389  1480  1480 I DVBSTACK: [Reply] DVB_SVC_GetSatType(124), size:4 (DvbService.cpp, 203)
01-01 00:00:16.390  1480  2006 I DVBSTACK: [Reply] DVB_DEMOD_TUNER_GetLevel(304), size:12 (DvbService.cpp, 203)
01-01 00:00:16.523  2330  2550 W IcingInternalCorpora: getNumBytesRead when not calculated.
01-01 00:00:16.545  1962  1991 D Tethering: MasterInitialState.processMessage what=3
01-01 00:00:16.555  1962  2130 D CaptivePortalTracker: NoActiveNetworkState{ when=-2ms what=1 obj=NetworkInfo: type: ETHERNET[], state: CONNECTED/CONNECTED, reason: (unspecified), extra: (none), roaming: false, failover: false, isAvailable: true, isConnectedToProvisioningNetwork: false target=com.android.internal.util.StateMachine$SmHandler }
01-01 00:00:16.555  1962  2130 D CaptivePortalTracker: NoActiveNetworkState not a wifi connectivity change, ignore
01-01 00:00:16.584  2330  2558 D MdnsClient: Multicast lock held. Releasing
01-01 00:00:16.585  1962  2032 D WifiStateMachine: handleMessage: E msg.what=131156
01-01 00:00:16.585  1962  2032 D WifiStateMachine: processMsg: InitialState
01-01 00:00:16.585  1962  2032 D WifiStateMachine: processMsg: DefaultState
01-01 00:00:16.585  1962  2032 E WifiStateMachine: Error! unhandled message{ when=0 what=131156 target=com.android.internal.util.StateMachine$SmHandler }
01-01 00:00:16.585  1962  2032 D WifiStateMachine: handleMessage: X
01-01 00:00:16.595  2235  2235 D OpenGLRenderer: Enabling debug mode 0
01-01 00:00:16.684  2371  2371 E dalvikvm: Could not find class 'android.app.usage.UsageStatsManager', referenced from method com.google.android.gms.lockbox.LockboxService.a
01-01 00:00:16.684  2371  2371 W dalvikvm: VFY: unable to resolve check-cast 76 (Landroid/app/usage/UsageStatsManager;) in Lcom/google/android/gms/lockbox/LockboxService;
01-01 00:00:16.684  2371  2371 D dalvikvm: VFY: replacing opcode 0x1f at 0x0035
01-01 00:00:16.717  2330  2330 I dalvikvm: Failed resolving Lcom/google/android/gms/common/j/c; interface 119 'Landroid/content/pm/PackageManager$OnPermissionsChangedListener;'
01-01 00:00:16.717  2330  2330 W dalvikvm: Link of class 'Lcom/google/android/gms/common/j/c;' failed
01-01 00:00:16.718  2330  2330 E dalvikvm: Could not find class 'com.google.android.gms.common.j.c', referenced from method com.google.android.gms.common.j.b.a
01-01 00:00:16.718  2330  2330 W dalvikvm: VFY: unable to resolve new-instance 2862 (Lcom/google/android/gms/common/j/c;) in Lcom/google/android/gms/common/j/b;
01-01 00:00:16.718  2330  2330 D dalvikvm: VFY: replacing opcode 0x22 at 0x0000
01-01 00:00:16.718  2330  2330 I dalvikvm: Could not find method android.content.Context.checkSelfPermission, referenced from method com.google.android.gms.common.j.b.b
01-01 00:00:16.718  2330  2330 W dalvikvm: VFY: unable to resolve virtual method 276: Landroid/content/Context;.checkSelfPermission (Ljava/lang/String;)I
01-01 00:00:16.718  2330  2330 D dalvikvm: VFY: replacing opcode 0x6e at 0x0036
01-01 00:00:16.720  2330  2330 I dalvikvm: Failed resolving Lcom/google/android/gms/common/j/c; interface 119 'Landroid/content/pm/PackageManager$OnPermissionsChangedListener;'
01-01 00:00:16.720  2330  2330 W dalvikvm: Link of class 'Lcom/google/android/gms/common/j/c;' failed
01-01 00:00:16.720  2330  2330 D dalvikvm: DexOpt: unable to opt direct call 0x363b at 0x02 in Lcom/google/android/gms/common/j/b;.a
01-01 00:00:16.734  1962  1976 I ActivityManager: Displayed com.android.dvb.launcher/com.android.dvb.livescreen.Home: +4s630ms
01-01 00:00:16.785  2371  2587 E MDM     : [109] b.run: Couldn't connect to Google API client: ConnectionResult{statusCode=API_UNAVAILABLE, resolution=null, message=null}
01-01 00:00:16.787  2330  2340 I dalvikvm: Could not find method android.app.Notification$Builder.setLocalOnly, referenced from method com.google.android.gms.common.os.b
01-01 00:00:16.787  2330  2340 W dalvikvm: VFY: unable to resolve virtual method 142: Landroid/app/Notification$Builder;.setLocalOnly (Z)Landroid/app/Notification$Builder;
01-01 00:00:16.787  2330  2340 D dalvikvm: VFY: replacing opcode 0x6e at 0x00ce
01-01 00:00:16.792  2330  2589 D LocationInitializer: Restart initialization of location
01-01 00:00:16.797  2280  2280 D AuthorizationBluetoothService: Received GmsCore event: Intent { act=com.google.android.gms.INITIALIZE flg=0x10 pkg=com.google.android.gms cmp=com.google.android.gms/.auth.be.proximity.authorization.bt.AuthorizationBluetoothService$AutoStarter }.
01-01 00:00:16.797  2280  2280 E AuthorizationBluetoothService: Proximity feature is not enabled.
01-01 00:00:16.805  2280  2280 V GLSActivity: AuthDelegateWrapperCreated with selected intent: Intent { cmp=com.google.android.gms/.auth.DefaultAuthDelegateService }
01-01 00:00:16.837  2371  2594 E MDM     : [111] b.run: Couldn't connect to Google API client: ConnectionResult{statusCode=API_UNAVAILABLE, resolution=null, message=null}
01-01 00:00:16.841  2330  2595 D LocationInitializer: Restart initialization of location
01-01 00:00:16.849  2280  2280 D AuthorizationBluetoothService: Received GmsCore event: Intent { act=com.google.android.gms.INITIALIZE flg=0x10 pkg=com.google.android.gms cmp=com.google.android.gms/.auth.be.proximity.authorization.bt.AuthorizationBluetoothService$AutoStarter }.
01-01 00:00:16.849  2280  2280 E AuthorizationBluetoothService: Proximity feature is not enabled.
01-01 00:00:16.860  2280  2280 V GLSActivity: AuthDelegateWrapperCreated with selected intent: Intent { cmp=com.google.android.gms/.auth.DefaultAuthDelegateService }
01-01 00:00:16.880  2371  2545 E copresGcore: ObfuscatedGaiaIdLookup: Could not load ObfuscatedGaiaIds: /data/data/com.google.android.gms/files/copresence_gaia_id: open failed: ENOENT (No such file or directory)
01-01 00:00:16.917  1962  2233 I ActivityManager: Start proc com.google.process.location for on-hold: pid=2603 uid=10006 gids={50006, 3003, 1007, 1028, 1015, 3002, 3001, 3007, 2001, 3006}
01-01 00:00:16.931  1462  1838 I SurfaceFlinger: Boot is finished (16778 ms)
01-01 00:00:16.940  2603  2603 E Environment: canonicalPath = /mnt/sdcard
01-01 00:00:16.945  2371  2373 D dalvikvm: GC_CONCURRENT freed 685K, 15% free 4672K/5460K, paused 4ms+4ms, total 48ms
01-01 00:00:16.951  1463  1463 D dalvikvm: GC_EXPLICIT freed 42K, 5% free 2956K/3100K, paused 4ms+3ms, total 36ms
01-01 00:00:16.981  1463  1463 D dalvikvm: GC_EXPLICIT freed <1K, 5% free 2956K/3100K, paused 2ms+3ms, total 29ms
01-01 00:00:17.006  1463  1463 D dalvikvm: GC_EXPLICIT freed <1K, 5% free 2956K/3100K, paused 2ms+2ms, total 25ms
01-01 00:00:17.010  1962  1962 V BackupManagerService: Connected to transport ComponentInfo{com.google.android.backuptransport/com.google.android.backup.BackupTransportService}
01-01 00:00:17.011  1962  1962 V BackupManagerService: Registering transport com.google.android.backuptransport/com.google.android.backup.BackupTransportService::com.google.android.backup/.BackupTransportService = com.android.internal.backup.IBackupTransport$Stub$Proxy@2ce6bba8
01-01 00:00:17.029  2330  2330 E MDM     : [1] SitrepService.a: No Google accounts; deferring server state update.
01-01 00:00:17.051  2330  2333 D dalvikvm: GC_CONCURRENT freed 761K, 18% free 4097K/4960K, paused 2ms+2ms, total 22ms
01-01 00:00:17.052  2330  2337 W SQLiteConnectionPool: A SQLiteConnection object for database '/data/data/com.google.android.gms/databases/networkstatistics.sqlite' was leaked!  Please fix your application to end transactions in progress properly and to close the database when it is no longer needed.
01-01 00:00:17.073  2280  2280 D GCM     : COMPAT: Multi user not supported
01-01 00:00:17.080  1962  1962 D BluetoothManagerService: Retrieving Bluetooth Adapter name and address...
01-01 00:00:17.080  1962  1962 D BluetoothManagerService: getNameAndAddress(): mBluetooth = null mBinding = false
01-01 00:00:17.080  1962  1991 D BluetoothManagerService: Message: 200
01-01 00:00:17.080  1962  1991 D BluetoothManagerService: MESSAGE_GET_NAME_AND_ADDRESS
01-01 00:00:17.080  1962  1991 D BluetoothManagerService: Binding to service to get name and address
01-01 00:00:17.092  1962  1991 I ActivityManager: Start proc com.android.bluetooth for service com.android.bluetooth/.btservice.AdapterService: pid=2628 uid=1002 gids={41002, 3003, 3002, 3001, 1028, 1015, 3005, 1016, 3008}
01-01 00:00:17.096  1962  2032 D WifiStateMachine: handleMessage: E msg.what=131206
01-01 00:00:17.096  2280  2280 I dalvikvm: Could not find method android.os.PowerManager.isDeviceIdleMode, referenced from method com.google.android.gms.gcm.nts.a.c.b
01-01 00:00:17.096  2280  2280 W dalvikvm: VFY: unable to resolve virtual method 1532: Landroid/os/PowerManager;.isDeviceIdleMode ()Z
01-01 00:00:17.096  2280  2280 D dalvikvm: VFY: replacing opcode 0x6e at 0x000f
01-01 00:00:17.096  1962  2032 D WifiStateMachine: processMsg: InitialState
01-01 00:00:17.096  1962  2032 D WifiStateMachine: processMsg: DefaultState
01-01 00:00:17.096  1962  2032 D WifiStateMachine: handleMessage: X
01-01 00:00:17.100  1962  1962 V AudioService: after Intent.ACTION_BOOT_COMPLETED readaudiosetting
01-01 00:00:17.100  2628  2628 E Environment: canonicalPath = /mnt/sdcard
01-01 00:00:17.115  2235  2235 V Home    : ACTION_AUDIO_BECOMING_NOISY
01-01 00:00:17.118  1465  1866 D AudioPolicyManagerBase: NO Force device 
01-01 00:00:17.119  1465  1465 D AudioPolicyManagerBase: AudioPolicyManagerBase::checkAndSetVolume 15,1.000000
01-01 00:00:17.121  1465  1866 D AudioPolicyManagerBase: AudioPolicyManagerBase::checkAndSetVolume 15,0.501188
01-01 00:00:17.122  1465  1465 D AudioPolicyManagerBase: AudioPolicyManagerBase::checkAndSetVolume 5,0.060000
01-01 00:00:17.122  1465  1866 D AudioPolicyManagerBase: AudioPolicyManagerBase::checkAndSetVolume 15,1.000000
01-01 00:00:17.124  1465  1465 D AudioPolicyManagerBase: AudioPolicyManagerBase::checkAndSetVolume 6,0.125893
01-01 00:00:17.125  2280  2280 I dalvikvm: Could not find method android.app.AlarmManager.setExactAndAllowWhileIdle, referenced from method com.google.android.gms.common.stats.b.a
01-01 00:00:17.125  2280  2280 W dalvikvm: VFY: unable to resolve virtual method 70: Landroid/app/AlarmManager;.setExactAndAllowWhileIdle (IJLandroid/app/PendingIntent;)V
01-01 00:00:17.125  2280  2280 D dalvikvm: VFY: replacing opcode 0x6e at 0x0010
01-01 00:00:17.125  1465  1866 D AudioPolicyManagerBase: AudioPolicyManagerBase::checkAndSetVolume 5,0.060000
01-01 00:00:17.129  1465  1866 D AudioPolicyManagerBase: AudioPolicyManagerBase::checkAndSetVolume 15,0.501188
01-01 00:00:17.130  1465  1465 D AudioPolicyManagerBase: AudioPolicyManagerBase::checkAndSetVolume 15,0.501188
01-01 00:00:17.132  1465  1866 D AudioPolicyManagerBase: AudioPolicyManagerBase::checkAndSetVolume 15,1.000000
01-01 00:00:17.134  1465  1465 D AudioPolicyManagerBase: AudioPolicyManagerBase::checkAndSetVolume 15,1.000000
01-01 00:00:17.136  1962  1991 D BluetoothManagerService: Message: 20
01-01 00:00:17.136  1962  1991 D BluetoothManagerService: Added callback: android.bluetooth.BluetoothAdapter$1@2cf42360:true
01-01 00:00:17.136  1962  1991 D BluetoothManagerService: Message: 30
01-01 00:00:17.136  1465  1866 D AudioPolicyManagerBase: AudioPolicyManagerBase::checkAndSetVolume 15,1.000000
01-01 00:00:17.137  1465  1465 D AudioPolicyManagerBase: AudioPolicyManagerBase::checkAndSetVolume 15,0.501188
01-01 00:00:17.138  1465  1866 D AudioPolicyManagerBase: AudioPolicyManagerBase::checkAndSetVolume 15,0.501188
01-01 00:00:17.139  1962  1962 W ContextImpl: Calling a method in the system process without a qualified user: android.app.ContextImpl.bindService:1620 android.bluetooth.BluetoothHeadset.doBind:283 android.bluetooth.BluetoothHeadset.<init>:276 android.bluetooth.BluetoothAdapter.getProfileProxy:1181 android.media.AudioService.getBluetoothHeadset:2261 
01-01 00:00:17.141  1465  1465 D AudioPolicyManagerBase: AudioPolicyManagerBase::checkAndSetVolume 15,0.501188
01-01 00:00:17.142  1465  1866 D AudioPolicyManagerBase: AudioPolicyManagerBase::checkAndSetVolume 15,1.000000
01-01 00:00:17.142  1962  1962 W ContextImpl: Calling a method in the system process without a qualified user: android.app.ContextImpl.bindService:1620 android.bluetooth.BluetoothA2dp.doBind:165 android.bluetooth.BluetoothA2dp.<init>:158 android.bluetooth.BluetoothAdapter.getProfileProxy:1184 android.media.AudioService$AudioServiceBroadcastReceiver.onReceive:4199 
01-01 00:00:17.143  1962  1991 D BluetoothManagerService: Message: 30
01-01 00:00:17.145  1962  1962 V WiredAccessoryManager: init()
01-01 00:00:17.146  2235  2235 V Home    : ACTION_SCO_AUDIO_STATE_CHANGED
01-01 00:00:17.147  1962  1962 V WiredAccessoryManager: newName=hdmi newState=16 headsetState=16 prev headsetState=0
01-01 00:00:17.149  1962  1962 V WiredAccessoryManager: device hdmi connected
01-01 00:00:17.154  1962  2011 I PowerManagerService: Boot animation finished.
01-01 00:00:17.158  1962  2039 E SoundPool: error loading /system/media/audio/ui/Effect_Tick.ogg
01-01 00:00:17.158  1962  2039 W AudioService: Soundpool could not load file: /system/media/audio/ui/Effect_Tick.ogg
01-01 00:00:17.159  1962  2039 E SoundPool: error loading /system/media/audio/ui/Effect_Tick.ogg
01-01 00:00:17.159  1962  2039 W AudioService: Soundpool could not load file: /system/media/audio/ui/Effect_Tick.ogg
01-01 00:00:17.159  1962  2039 E SoundPool: error loading /system/media/audio/ui/Effect_Tick.ogg
01-01 00:00:17.159  1962  2039 W AudioService: Soundpool could not load file: /system/media/audio/ui/Effect_Tick.ogg
01-01 00:00:17.159  1962  2039 E SoundPool: error loading /system/media/audio/ui/Effect_Tick.ogg
01-01 00:00:17.159  1962  2039 W AudioService: Soundpool could not load file: /system/media/audio/ui/Effect_Tick.ogg
01-01 00:00:17.159  1962  2039 E SoundPool: error loading /system/media/audio/ui/Effect_Tick.ogg
01-01 00:00:17.159  1962  2039 W AudioService: Soundpool could not load file: /system/media/audio/ui/Effect_Tick.ogg
01-01 00:00:17.159  1962  2039 E SoundPool: error loading /system/media/audio/ui/KeypressStandard.ogg
01-01 00:00:17.159  1962  2039 W AudioService: Soundpool could not load file: /system/media/audio/ui/KeypressStandard.ogg
01-01 00:00:17.159  1962  2039 E SoundPool: error loading /system/media/audio/ui/KeypressSpacebar.ogg
01-01 00:00:17.159  1962  2039 W AudioService: Soundpool could not load file: /system/media/audio/ui/KeypressSpacebar.ogg
01-01 00:00:17.159  1962  2039 E SoundPool: error loading /system/media/audio/ui/KeypressDelete.ogg
01-01 00:00:17.159  1962  2039 W AudioService: Soundpool could not load file: /system/media/audio/ui/KeypressDelete.ogg
01-01 00:00:17.159  1962  2039 E SoundPool: error loading /system/media/audio/ui/KeypressReturn.ogg
01-01 00:00:17.160  1962  2039 W AudioService: Soundpool could not load file: /system/media/audio/ui/KeypressReturn.ogg
01-01 00:00:17.160  1962  2039 E SoundPool: error loading /system/media/audio/ui/KeypressInvalid.ogg
01-01 00:00:17.160  1962  2039 W AudioService: Soundpool could not load file: /system/media/audio/ui/KeypressInvalid.ogg
01-01 00:00:17.160  1962  2039 W AudioService: onLoadSoundEffects(), Error -1 while loading samples
01-01 00:00:17.160  2235  2235 I PowerStatusReceiver: POWER MSG Recevied Intent Action android.intent.action.BOOT_COMPLETED
01-01 00:00:17.163  2235  2235 V Home    : Sys Boot Check Receiver: true
01-01 00:00:17.167  2235  2235 V Home    : ACTION_SCO_AUDIO_STATE_UPDATED
01-01 00:00:17.167  1465  1465 E AudioPolicyManagerBase: setDeviceConnectionState() device: 400, state 1, address 
01-01 00:00:17.167  1465  1465 W AudioPolicyManagerBase: checkOutputsForDevice(): No output available for device 0400
01-01 00:00:17.168  1962  2039 W ContextImpl: Calling a method in the system process without a qualified user: android.app.ContextImpl.sendBroadcast:1200 android.media.AudioService.onSetWiredDeviceConnectionState:4008 android.media.AudioService.access$6600:115 android.media.AudioService$AudioHandler.handleMessage:3653 android.os.Handler.dispatchMessage:102 
01-01 00:00:17.177  1962  2646 I RecoverySystem: No recovery log file
01-01 00:00:17.187  1962  1962 I ActivityManager: Start proc com.android.providers.calendar for broadcast com.android.providers.calendar/.CalendarReceiver: pid=2648 uid=10001 gids={50001, 3003, 1028, 1015}
01-01 00:00:17.193  2648  2648 E Environment: canonicalPath = /mnt/sdcard
01-01 00:00:17.236  2280  2280 W dalvikvm: VFY: unable to find class referenced in signature (Landroid/net/Network;)
01-01 00:00:17.237  2280  2280 W dalvikvm: VFY: unable to find class referenced in signature (Landroid/net/Network;)
01-01 00:00:17.243  2280  2280 W dalvikvm: VFY: unable to find class referenced in signature (Landroid/net/Network;)
01-01 00:00:17.244  2280  2280 I dalvikvm: Could not find method android.net.Network.openConnection, referenced from method com.google.android.gms.http.g.a
01-01 00:00:17.244  2280  2280 W dalvikvm: VFY: unable to resolve virtual method 1029: Landroid/net/Network;.openConnection (Ljava/net/URL;)Ljava/net/URLConnection;
01-01 00:00:17.244  2280  2280 D dalvikvm: VFY: replacing opcode 0x6e at 0x00bb
01-01 00:00:17.254  2280  2280 D dalvikvm: DexOpt: couldn't find field Landroid/os/Message;.sendingUid
01-01 00:00:17.254  2280  2280 W dalvikvm: VFY: unable to resolve instance field 221
01-01 00:00:17.254  2280  2280 D dalvikvm: VFY: replacing opcode 0x52 at 0x0006
01-01 00:00:17.277  1962  2040 D dalvikvm: GC_EXPLICIT freed 614K, 10% free 6812K/7532K, paused 4ms+7ms, total 95ms
01-01 00:00:17.280  2628  2628 D AdapterServiceConfig: Adding HeadsetService
01-01 00:00:17.280  2628  2628 D AdapterServiceConfig: Adding A2dpService
01-01 00:00:17.280  2628  2628 D AdapterServiceConfig: Adding HidService
01-01 00:00:17.280  2628  2628 D AdapterServiceConfig: Adding HealthService
01-01 00:00:17.280  2628  2628 D AdapterServiceConfig: Adding PanService
01-01 00:00:17.280  2628  2628 D AdapterServiceConfig: Adding GattService
01-01 00:00:17.280  2628  2628 D AdapterServiceConfig: Adding BluetoothMapService
01-01 00:00:17.302  2628  2628 D BluetoothAdapterService: REFCOUNT: CREATED. INSTANCE_COUNT1
01-01 00:00:17.307  2628  2628 D BluetoothAdapterState: make
01-01 00:00:17.307  1962  1991 D BluetoothManagerService: Message: 20
01-01 00:00:17.307  1962  1991 D BluetoothManagerService: Added callback: android.bluetooth.IBluetoothManagerCallback$Stub$Proxy@2ce80918:true
01-01 00:00:17.308  2628  2628 I bluedroid: init
01-01 00:00:17.308  2628  2662 I BluetoothAdapterState: Entering OffState
01-01 00:00:17.315  2628  2628 I bte_conf: Attempt to load stack conf from /etc/bluetooth/bt_stack.conf
01-01 00:00:17.321  2628  2628 I bluedroid: get_profile_interface socket
01-01 00:00:17.322  2628  2664 I GKI_LINUX: gki_task_entry: gki_task_entry task_id=1 [BTIF] starting
01-01 00:00:17.323  1962  1962 D BluetoothManagerService: BluetoothServiceConnection: com.android.bluetooth.btservice.AdapterService
01-01 00:00:17.323  1962  1991 D BluetoothManagerService: Message: 40
01-01 00:00:17.323  1962  1991 D BluetoothManagerService: MESSAGE_BLUETOOTH_SERVICE_CONNECTED: 1
01-01 00:00:17.324  2628  2664 I BluetoothAdapterProperties: adapterPropertyChangedCallback with type:2 len:6
01-01 00:00:17.325  2628  2641 I bluedroid: config_hci_snoop_log
01-01 00:00:17.325  1962  1991 D BluetoothManagerService: Message: 200
01-01 00:00:17.325  1962  1991 D BluetoothManagerService: MESSAGE_GET_NAME_AND_ADDRESS
01-01 00:00:17.325  1962  1991 D BluetoothManagerService: Message: 201
01-01 00:00:17.325  1962  1991 D BluetoothManagerService: MESSAGE_SAVE_NAME_AND_ADDRESS
01-01 00:00:17.326  2628  2662 D BluetoothAdapterState: CURRENT_STATE=OFF, MESSAGE = USER_TURN_ON
01-01 00:00:17.327  2628  2664 D BluetoothAdapterProperties: Address is:22:22:28:44:15:F7
01-01 00:00:17.327  2628  2664 I BluetoothAdapterProperties: adapterPropertyChangedCallback with type:1 len:0
01-01 00:00:17.328  1962  2646 I BootReceiver: Copying audit failures to DropBox
01-01 00:00:17.328  1962  2646 I BootReceiver: Checking for fsck errors
01-01 00:00:17.329  2628  2664 D BluetoothAdapterProperties: Name is: 
01-01 00:00:17.329  1962  1962 D BluetoothManagerService: Bluetooth Adapter name changed to 
01-01 00:00:17.329  1962  1962 D BluetoothManagerService: Stored Bluetooth name: 
01-01 00:00:17.329  2628  2662 D BluetoothAdapterProperties: Setting state to 11
01-01 00:00:17.330  2628  2662 I BluetoothAdapterState: Bluetooth adapter state changed: 10-> 11
01-01 00:00:17.330  2628  2662 D BluetoothAdapterService: Broadcasting updateAdapterState() to 0 receivers.
01-01 00:00:17.330  2628  2662 D BluetoothBondStateMachine: make
01-01 00:00:17.336  2628  2665 I BluetoothBondStateMachine: StableState(): Entering Off State
01-01 00:00:17.345  1962  2646 I BootReceiver: Copying /data/tombstones/tombstone_00 to DropBox (SYSTEM_TOMBSTONE)
01-01 00:00:17.348  1962  1962 D BluetoothHeadset: Proxy object connected
01-01 00:00:17.348  1962  1962 D BluetoothAdapter: 754197104: getState() :  mService = null. Returning STATE_OFF
01-01 00:00:17.349  2195  2195 D BluetoothHeadset: Proxy object connected
01-01 00:00:17.349  2195  2195 D BluetoothHeadset: Proxy object connected
01-01 00:00:17.349  2195  2195 D BluetoothHeadset: Proxy object connected
01-01 00:00:17.349  2628  2628 D HeadsetService: Received start request. Starting profile...
01-01 00:00:17.350  2628  2628 I BluetoothHeadsetServiceJni: classInitNative: succeeds
01-01 00:00:17.350  2628  2628 D HeadsetStateMachine: make
01-01 00:00:17.386  2235  2235 V SvcInfo : getSvcIdx curSvcIdx : 212
01-01 00:00:17.387  1480  2006 I DVBSTACK: [Reply] DVB_SVC_CH_GetInfo(105), size:328 (DvbService.cpp, 203)
01-01 00:00:17.387  1480  1480 I DVBSTACK: [Reply] DVB_SVC_GetSatType(124), size:4 (DvbService.cpp, 203)
01-01 00:00:17.387  2235  2235 I Supremo : [Home] saveCurrentChannelInfo : 0 2 252
01-01 00:00:17.397  1962  2646 D dalvikvm: GC_FOR_ALLOC freed 247K, 11% free 7110K/7928K, paused 44ms, total 44ms
01-01 00:00:17.454  1962  2646 D dalvikvm: GC_FOR_ALLOC freed 547K, 17% free 6886K/8256K, paused 52ms, total 54ms
01-01 00:00:17.457  2628  2628 I bluedroid: get_profile_interface handsfree
01-01 00:00:17.459  2648  2648 I CalendarProvider2: Created com.android.providers.calendar.CalendarAlarmManager@2cb9cd10(com.android.providers.calendar.CalendarProvider2@2cb948d8)
01-01 00:00:17.470  2628  2662 I BluetoothAdapterState: Entering PendingCommandState State: isTurningOn()=true, isTurningOff()=false
01-01 00:00:17.470  1962  1962 D BluetoothA2dp: Proxy object connected
01-01 00:00:17.471  1962  1962 D BluetoothAdapter: 754197104: getState() :  mService = null. Returning STATE_OFF
01-01 00:00:17.471  2628  2628 D A2dpService: Received start request. Starting profile...
01-01 00:00:17.471  2628  2628 I BluetoothA2dpServiceJni: classInitNative: succeeds
01-01 00:00:17.471  2628  2628 D A2dpStateMachine: make
01-01 00:00:17.473  2628  2628 I bluedroid: get_profile_interface a2dp
01-01 00:00:17.476  2628  2673 I GKI_LINUX: gki_task_entry: gki_task_entry task_id=2 [A2DP-MEDIA] starting
01-01 00:00:17.480  2628  2628 I BluetoothAvrcpServiceJni: classInitNative: succeeds
01-01 00:00:17.480  2628  2628 V Avrcp   : make
01-01 00:00:17.481  2628  2628 I bluedroid: get_profile_interface avrcp
01-01 00:00:17.481  2628  2671 D A2dpStateMachine: Enter Disconnected: -2
01-01 00:00:17.484  2280  2280 I dalvikvm: Could not find method android.os.PowerManager.isDeviceIdleMode, referenced from method com.google.android.gms.gcm.cd.onReceive
01-01 00:00:17.484  2280  2280 W dalvikvm: VFY: unable to resolve virtual method 1006: Landroid/os/PowerManager;.isDeviceIdleMode ()Z
01-01 00:00:17.484  2280  2280 D dalvikvm: VFY: replacing opcode 0x6e at 0x0059
01-01 00:00:17.486  2628  2628 I BluetoothHidServiceJni: classInitNative: succeeds
01-01 00:00:17.491  2417  2417 D BluetoothInputDevice: Proxy object connected
01-01 00:00:17.492  2417  2417 D HidProfile: Bluetooth service connected
01-01 00:00:17.492  2417  2417 D BluetoothAdapter: 750368872: getState() :  mService = null. Returning STATE_OFF
01-01 00:00:17.495  2628  2628 D HidService: Received start request. Starting profile...
01-01 00:00:17.495  2628  2628 I bluedroid: get_profile_interface hidhost
01-01 00:00:17.495  2628  2628 I BluetoothHealthServiceJni: classInitNative: succeeds
01-01 00:00:17.500  2628  2628 D HealthService: Received start request. Starting profile...
01-01 00:00:17.501  2628  2628 I bluedroid: get_profile_interface health
01-01 00:00:17.503  2628  2628 I BluetoothPanServiceJni: classInitNative(L105): succeeds
01-01 00:00:17.506  2628  2628 D BluetoothAdapterService: Profile still not running:com.android.bluetooth.hdp.HealthService
01-01 00:00:17.513  2280  2280 I dalvikvm: Could not find method android.os.PowerManager.isDeviceIdleMode, referenced from method com.google.android.gms.gcm.e.c
01-01 00:00:17.513  2280  2280 W dalvikvm: VFY: unable to resolve virtual method 1006: Landroid/os/PowerManager;.isDeviceIdleMode ()Z
01-01 00:00:17.513  2280  2280 D dalvikvm: VFY: replacing opcode 0x6e at 0x0022
01-01 00:00:17.516  1962  2646 I BootReceiver: Copying /data/tombstones/tombstone_01 to DropBox (SYSTEM_TOMBSTONE)
01-01 00:00:17.519  1962  2040 I ActivityManager: Start proc com.google.android.onetimeinitializer for broadcast com.google.android.onetimeinitializer/.OneTimeInitializerReceiver: pid=2680 uid=10007 gids={50007}
01-01 00:00:17.522  2628  2628 D PanService: Received start request. Starting profile...
01-01 00:00:17.522  2628  2628 D BluetoothPanServiceJni: initializeNative(L110): pan
01-01 00:00:17.522  2628  2628 I bluedroid: get_profile_interface pan
01-01 00:00:17.524  2417  2417 D BluetoothPan: BluetoothPAN Proxy object connected
01-01 00:00:17.524  2417  2417 D PanProfile: Bluetooth service connected
01-01 00:00:17.534  2680  2680 E Environment: canonicalPath = /mnt/sdcard
01-01 00:00:17.566  1962  2646 D dalvikvm: GC_FOR_ALLOC freed 423K, 14% free 7119K/8256K, paused 42ms, total 42ms
01-01 00:00:17.607  1962  2646 D dalvikvm: GC_FOR_ALLOC freed 523K, 17% free 6917K/8256K, paused 39ms, total 39ms
01-01 00:00:17.608  2628  2628 I BtGatt.JNI: classInitNative(L685): classInitNative: Success!
01-01 00:00:17.612  2628  2628 D BtGatt.DebugUtils: handleDebugAction() action=null
01-01 00:00:17.613  2628  2628 D BtGatt.GattService: Received start request. Starting profile...
01-01 00:00:17.613  2628  2628 D BtGatt.GattService: start()
01-01 00:00:17.613  2628  2628 I bluedroid: get_profile_interface gatt
01-01 00:00:17.624  2628  2628 D BluetoothMapService: Received start request. Starting profile...
01-01 00:00:17.624  2628  2628 D BluetoothMapService: start()
01-01 00:00:17.626  2417  2417 D BluetoothMap: Proxy object connected
01-01 00:00:17.626  2628  2628 D BluetoothAdapterService: Profile still not running:com.android.bluetooth.hdp.HealthService
01-01 00:00:17.626  2628  2628 D BluetoothAdapterService: Profile still not running:com.android.bluetooth.hdp.HealthService
01-01 00:00:17.626  2417  2417 D MapProfile: Bluetooth service connected
01-01 00:00:17.626  2417  2417 D BluetoothMap: getConnectedDevices()
01-01 00:00:17.626  2628  2628 D BluetoothAdapterService: Profile still not running:com.android.bluetooth.map.BluetoothMapService
01-01 00:00:17.626  2628  2628 D BluetoothAdapterService: Profile still not running:com.android.bluetooth.map.BluetoothMapService
01-01 00:00:17.626  2628  2628 D BluetoothAdapterService: Profile still not running:com.android.bluetooth.map.BluetoothMapService
01-01 00:00:17.626  2417  2417 D BluetoothAdapter: 750368872: getState() :  mService = null. Returning STATE_OFF
01-01 00:00:17.626  2417  2417 D BluetoothMap: Bluetooth is Not enabled
01-01 00:00:17.628  2628  2662 D BluetoothAdapterState: CURRENT_STATE=PENDING, MESSAGE = STARTED, isTurningOn=true, isTurningOff=false
01-01 00:00:17.628  2628  2662 I bluedroid: enable
01-01 00:00:17.630  2628  2662 I bt_hci_bdroid: init
01-01 00:00:17.630  2628  2662 E bt_vendor: init
01-01 00:00:17.630  2628  2662 E bt_vendor: libbt_vendor.so int
01-01 00:00:17.630  2628  2662 E bt_vendor: op for 5
01-01 00:00:17.631  2628  2662 E bt_vendor: op for 0
01-01 00:00:17.631  2628  2662 E bt_vendor: op for 0
01-01 00:00:17.631  2628  2694 I GKI_LINUX: gki_task_entry: gki_task_entry task_id=0 [BTU] starting
01-01 00:00:17.631  2628  2694 I bt-btu  : btu_task pending for preload complete event
01-01 00:00:17.633  2680  2680 V OneTimeInitializerReceiver: OneTimeInitializerReceiver.onReceive
01-01 00:00:17.633  2628  2693 I bt_hci_bdroid: bt_hc_worker_thread started
01-01 00:00:17.633  2628  2693 E bt_vendor: op for 3
01-01 00:00:17.633  2628  2693 E bt_vendor: usb_vendor_open
01-01 00:00:17.637  2628  2693 E bt_vendor:  usb device opened -1
01-01 00:00:17.637  2628  2693 E bt_vendor: op for 4
01-01 00:00:17.637  2628  2693 E bt_vendor: usb_vendor_close -1
01-01 00:00:17.637  2628  2693 E bt_vendor: op for 1
01-01 00:00:17.637  2628  2693 E bt_vendor: BT_VND_OP_FW_CFG: Bluetooth Firmware and smd is initialized
01-01 00:00:17.637  2628  2694 I bt-btu  : btu_task received preload complete event
01-01 00:00:17.637  1962  1972 I ActivityManager: Delay finish: com.google.android.onetimeinitializer/.OneTimeInitializerReceiver
01-01 00:00:17.640  2680  2696 V OneTimeService: OneTimeService.onHandleIntent
01-01 00:00:17.646  2628  2694 I         : BTE_InitTraceLevels -- TRC_HCI
01-01 00:00:17.647  2628  2694 I         : BTE_InitTraceLevels -- TRC_L2CAP
01-01 00:00:17.647  2628  2694 I         : BTE_InitTraceLevels -- TRC_RFCOMM
01-01 00:00:17.647  2628  2694 I         : BTE_InitTraceLevels -- TRC_AVDT
01-01 00:00:17.647  2628  2694 I         : BTE_InitTraceLevels -- TRC_AVRC
01-01 00:00:17.647  2628  2694 I         : BTE_InitTraceLevels -- TRC_A2D
01-01 00:00:17.647  2628  2694 I         : BTE_InitTraceLevels -- TRC_BNEP
01-01 00:00:17.647  2628  2694 I         : BTE_InitTraceLevels -- TRC_BTM
01-01 00:00:17.647  2628  2694 I         : BTE_InitTraceLevels -- TRC_GAP
01-01 00:00:17.647  2628  2694 I         : BTE_InitTraceLevels -- TRC_PAN
01-01 00:00:17.647  2628  2694 I         : BTE_InitTraceLevels -- TRC_SDP
01-01 00:00:17.647  2628  2694 I         : BTE_InitTraceLevels -- TRC_GATT
01-01 00:00:17.647  2628  2694 I         : BTE_InitTraceLevels -- TRC_SMP
01-01 00:00:17.647  2628  2694 I         : BTE_InitTraceLevels -- TRC_BTAPP
01-01 00:00:17.647  2628  2694 I         : BTE_InitTraceLevels -- TRC_BTIF
01-01 00:00:17.650  1962  1972 I ActivityManager: Resuming delayed broadcast
01-01 00:00:17.667  1962  1972 I ActivityManager: Delay finish: com.google.android.partnersetup/.GooglePartnerSetup
01-01 00:00:17.678  2280  2284 D dalvikvm: GC_CONCURRENT freed 1303K, 28% free 3943K/5408K, paused 2ms+2ms, total 25ms
01-01 00:00:17.736  2235  2235 V PvrManager: getModePlayback : 0
01-01 00:00:17.736  2235  2235 I HomeInfobar: ---> recieved HANDLER_MSG_UPDATE
01-01 00:00:17.736  2235  2235 V SvcInfo : getSvcIdx curSvcIdx : 212
01-01 00:00:17.781  1480  2006 I DVBSTACK: [Reply] DVB_DB_EPG_GetSvc(61), size:4 (DvbService.cpp, 203)
01-01 00:00:17.782  2235  2235 V HomeInfobar: setInfoBar : 212 -2
01-01 00:00:17.782  2235  2235 V PvrManager: getModePlayback : 0
01-01 00:00:17.782  2235  2235 V HomeInfobar: setInfoBar Live
01-01 00:00:17.783  1480  1480 I DVBSTACK: [Reply] DVB_SVC_CH_GetInfo(105), size:328 (DvbService.cpp, 203)
01-01 00:00:17.784  2235  2235 V SvcInfo : getSvcIdx curSvcIdx : 212
01-01 00:00:17.784  1480  2006 I DVBSTACK: [Reply] DVB_SVC_GetSatType(124), size:4 (DvbService.cpp, 203)
01-01 00:00:17.784  1480  1480 I DVBSTACK: [Reply] DVB_DEMOD_TUNER_GetLevel(304), size:12 (DvbService.cpp, 203)
01-01 00:00:17.789  2235  2444 I EPGManager: --------getEpgInfo : 212, idx : 123, count : 40
01-01 00:00:17.794  1962  2193 I ActivityManager: Resuming delayed broadcast
01-01 00:00:17.799  1962  1973 I ActivityManager: Delay finish: com.google.android.partnersetup/.RlzPingBroadcastReceiver
01-01 00:00:17.805  2235  2251 I EPGManager: --------getEpgInfo : 212, idx : 123, count : 40
01-01 00:00:17.819  2235  2254 I EPGManager: --------getEpgInfo : 212, idx : 123, count : 40
01-01 00:00:17.823  2235  2444 I EPGManager: --------getEpgInfo : 212, idx : 123, count : 1
01-01 00:00:17.835  2523  2723 I RlzPingService: Setting next ping for 1551803886042
01-01 00:00:17.837  1962  2137 I ActivityManager: Resuming delayed broadcast
01-01 00:00:17.844  1962  2234 I ActivityManager: Delay finish: com.android.providers.media/.MediaScannerReceiver
01-01 00:00:17.846  2235  2235 V PvrManager: getModePlayback : 0
01-01 00:00:17.847  2235  2235 I HomeInfobar: ---> recieved HANDLER_MSG_EPG
01-01 00:00:17.847  2235  2235 V HomeInfobar: setInfoBar : 212 -2
01-01 00:00:17.847  2235  2235 V PvrManager: getModePlayback : 0
01-01 00:00:17.847  2235  2235 V HomeInfobar: setInfoBar Live
01-01 00:00:17.848  1480  2006 I DVBSTACK: [Reply] DVB_SVC_CH_GetInfo(105), size:328 (DvbService.cpp, 203)
01-01 00:00:17.849  2235  2235 V SvcInfo : getSvcIdx curSvcIdx : 212
01-01 00:00:17.849  1480  1480 I DVBSTACK: [Reply] DVB_SVC_GetSatType(124), size:4 (DvbService.cpp, 203)
01-01 00:00:17.850  1480  2006 I DVBSTACK: [Reply] DVB_DEMOD_TUNER_GetLevel(304), size:12 (DvbService.cpp, 203)
01-01 00:00:17.850  2235  2235 V PvrManager: getModePlayback : 0
01-01 00:00:17.850  2235  2235 I HomeInfobar: ---> recieved HANDLER_MSG_EPG
01-01 00:00:17.850  2235  2235 V HomeInfobar: setInfoBar : 212 -2
01-01 00:00:17.850  2235  2235 V PvrManager: getModePlayback : 0
01-01 00:00:17.850  2235  2235 V HomeInfobar: setInfoBar Live
01-01 00:00:17.851  1480  1480 I DVBSTACK: [Reply] DVB_SVC_CH_GetInfo(105), size:328 (DvbService.cpp, 203)
01-01 00:00:17.851  2235  2235 V SvcInfo : getSvcIdx curSvcIdx : 212
01-01 00:00:17.852  1480  2006 I DVBSTACK: [Reply] DVB_SVC_GetSatType(124), size:4 (DvbService.cpp, 203)
01-01 00:00:17.852  1480  1480 I DVBSTACK: [Reply] DVB_DEMOD_TUNER_GetLevel(304), size:12 (DvbService.cpp, 203)
01-01 00:00:17.852  2235  2235 V PvrManager: getModePlayback : 0
01-01 00:00:17.852  2235  2235 I HomeInfobar: ---> recieved HANDLER_MSG_EPG
01-01 00:00:17.852  2235  2235 V HomeInfobar: setInfoBar : 212 -2
01-01 00:00:17.852  2235  2235 V PvrManager: getModePlayback : 0
01-01 00:00:17.852  2235  2235 V HomeInfobar: setInfoBar Live
01-01 00:00:17.853  1480  2006 I DVBSTACK: [Reply] DVB_SVC_CH_GetInfo(105), size:328 (DvbService.cpp, 203)
01-01 00:00:17.853  2235  2235 V SvcInfo : getSvcIdx curSvcIdx : 212
01-01 00:00:17.853  1480  1480 I DVBSTACK: [Reply] DVB_SVC_GetSatType(124), size:4 (DvbService.cpp, 203)
01-01 00:00:17.854  1480  2006 I DVBSTACK: [Reply] DVB_DEMOD_TUNER_GetLevel(304), size:12 (DvbService.cpp, 203)
01-01 00:00:17.854  2235  2235 V PvrManager: getModePlayback : 0
01-01 00:00:17.854  2235  2235 I HomeInfobar: ---> recieved HANDLER_MSG_EPG
01-01 00:00:17.854  2235  2235 V HomeInfobar: setInfoBar : 212 -2
01-01 00:00:17.854  2235  2235 V PvrManager: getModePlayback : 0
01-01 00:00:17.854  2235  2235 V HomeInfobar: setInfoBar Live
01-01 00:00:17.855  1480  1480 I DVBSTACK: [Reply] DVB_SVC_CH_GetInfo(105), size:328 (DvbService.cpp, 203)
01-01 00:00:17.855  2235  2235 V SvcInfo : getSvcIdx curSvcIdx : 212
01-01 00:00:17.855  1480  2006 I DVBSTACK: [Reply] DVB_SVC_GetSatType(124), size:4 (DvbService.cpp, 203)
01-01 00:00:17.855  1480  1480 I DVBSTACK: [Reply] DVB_DEMOD_TUNER_GetLevel(304), size:12 (DvbService.cpp, 203)
01-01 00:00:18.008  2061  2728 V MediaScanner: doScanFile: /system/media/bootanimation.zip
01-01 00:00:18.016  2061  2728 D MediaScanner:  prescan time: 57ms
01-01 00:00:18.016  2061  2728 D MediaScanner:  phasescan time: -1388534418008ms
01-01 00:00:18.016  2061  2728 D MediaScanner:     scan time: 1388534418016ms
01-01 00:00:18.016  2061  2728 D MediaScanner: postscan time: 0ms
01-01 00:00:18.016  2061  2728 D MediaScanner:    total time: 65ms
01-01 00:00:18.101  2061  2728 V MediaScanner: doScanFile: /mnt/sdcard/Music
01-01 00:00:18.102  2061  2728 V MediaScanner: doScanFile: /mnt/sdcard/Podcasts
01-01 00:00:18.103  2061  2728 V MediaScanner: doScanFile: /mnt/sdcard/Ringtones
01-01 00:00:18.104  2061  2728 V MediaScanner: doScanFile: /mnt/sdcard/Alarms
01-01 00:00:18.105  2061  2728 V MediaScanner: doScanFile: /mnt/sdcard/Notifications
01-01 00:00:18.106  2061  2728 V MediaScanner: doScanFile: /mnt/sdcard/Pictures
01-01 00:00:18.106  2061  2728 V MediaScanner: doScanFile: /mnt/sdcard/Movies
01-01 00:00:18.106  2330  2729 I iu.UploadsManager: #reloadSettings(); account: -1; IU: disabled; IS: disabled; IS account: -1; photoWiFi: true; videoWiFi: true; roam: false; battery: true; size: STANDARD; maxMobile: 157286400
01-01 00:00:18.106  2061  2728 V MediaScanner: doScanFile: /mnt/sdcard/Download
01-01 00:00:18.107  2061  2728 V MediaScanner: doScanFile: /mnt/sdcard/DCIM
01-01 00:00:18.107  2061  2728 V MediaScanner: doScanFile: /mnt/sdcard/dlna
01-01 00:00:18.107  2061  2728 V MediaScanner: doScanFile: /mnt/sdcard/dlna/dlna.ini
01-01 00:00:18.107  2061  2728 V MediaScanner: doScanFile: /mnt/sdcard/Android
01-01 00:00:18.108  2061  2728 V MediaScanner: doScanFile: /mnt/sdcard/Android/data
01-01 00:00:18.108  2061  2728 V MediaScanner: doScanFile: /mnt/sdcard/Android/data/com.theolivetree.ftpserverpro
01-01 00:00:18.108  2061  2728 V MediaScanner: doScanFile: /mnt/sdcard/Android/data/com.theolivetree.ftpserverpro/files
01-01 00:00:18.109  2061  2728 V MediaScanner: doScanFile: /mnt/sdcard/Android/data/com.ghisler.android.TotalCommander
01-01 00:00:18.109  2061  2728 V MediaScanner: doScanFile: /mnt/sdcard/Android/data/com.ghisler.android.TotalCommander/files
01-01 00:00:18.109  2061  2728 V MediaScanner: doScanFile: /mnt/sdcard/Android/data/com.android.gallery3d
01-01 00:00:18.109  2061  2728 V MediaScanner: doScanFile: /mnt/sdcard/Android/data/com.android.gallery3d/cache
01-01 00:00:18.110  2061  2728 V MediaScanner: doScanFile: /mnt/sdcard/Android/data/com.google.android.gms
01-01 00:00:18.110  2061  2728 V MediaScanner: doScanFile: /mnt/sdcard/Android/data/com.google.android.gms/files
01-01 00:00:18.110  2061  2728 V MediaScanner: doScanFile: /mnt/sdcard/Android/data/com.google.android.gms/files/drive_content_do_not_modify
01-01 00:00:18.111  2061  2728 V MediaScanner: doScanFile: /mnt/sdcard/cooltool_presets
01-01 00:00:18.111  2061  2728 V MediaScanner: doScanFile: /mnt/sdcard/cooltool_presets/cpuoverlay0.xml
01-01 00:00:18.118  2061  2728 V MediaScanner: pruneDeadThumbnailFiles... android.database.sqlite.SQLiteCursor@2cc12fe0
01-01 00:00:18.120  2061  2728 V MediaScanner: /pruneDeadThumbnailFiles... android.database.sqlite.SQLiteCursor@2cc12fe0
01-01 00:00:18.120  2061  2728 D MediaScanner:  prescan time: 40ms
01-01 00:00:18.120  2061  2728 D MediaScanner:  phasescan time: -1388534418101ms
01-01 00:00:18.120  2061  2728 D MediaScanner:     scan time: 1388534418113ms
01-01 00:00:18.120  2061  2728 D MediaScanner: postscan time: 8ms
01-01 00:00:18.120  2061  2728 D MediaScanner:    total time: 60ms
01-01 00:00:18.169  2330  2729 I iu.UploadsManager: End new media; added: 0, uploading: 0, time: 64 ms
01-01 00:00:18.171  1962  2233 I ActivityManager: Resuming delayed broadcast
01-01 00:00:18.185  1962  2220 I ActivityManager: Start proc com.android.onetimeinitializer for broadcast com.android.onetimeinitializer/.OneTimeInitializerReceiver: pid=2732 uid=10011 gids={50011}
01-01 00:00:18.187  2732  2732 E Environment: canonicalPath = /mnt/sdcard
01-01 00:00:18.191  1962  2034 D ConnectivityService: handleInetConditionChange: net=1 != default=9 - ignore
01-01 00:00:18.207  2732  2732 V OneTimeInitializerRece: OneTimeInitializerReceiver.onReceive
01-01 00:00:18.210  1962  2040 I ActivityManager: Delay finish: com.android.onetimeinitializer/.OneTimeInitializerReceiver
01-01 00:00:18.217  1962  1973 I ActivityManager: Resuming delayed broadcast
01-01 00:00:18.226  1962  2219 I ActivityManager: Delay finish: com.google.android.gms/.chimera.container.GmsModuleFinder$Receiver
01-01 00:00:18.233  2330  2746 D dalvikvm: DexOpt: couldn't find static field Landroid/os/Build;.SUPPORTED_64_BIT_ABIS
01-01 00:00:18.233  2330  2746 W dalvikvm: VFY: unable to resolve static field 119 (SUPPORTED_64_BIT_ABIS) in Landroid/os/Build;
01-01 00:00:18.233  2330  2746 D dalvikvm: VFY: replacing opcode 0x62 at 0x0012
01-01 00:00:18.233  2330  2746 D dalvikvm: DexOpt: couldn't find static field Landroid/os/Build;.SUPPORTED_32_BIT_ABIS
01-01 00:00:18.233  2330  2746 W dalvikvm: VFY: unable to resolve static field 118 (SUPPORTED_32_BIT_ABIS) in Landroid/os/Build;
01-01 00:00:18.233  2330  2746 D dalvikvm: VFY: replacing opcode 0x62 at 0x0021
01-01 00:00:18.233  2330  2746 D dalvikvm: DexOpt: couldn't find static field Landroid/os/Build;.SUPPORTED_64_BIT_ABIS
01-01 00:00:18.233  2330  2746 W dalvikvm: VFY: unable to resolve static field 119 (SUPPORTED_64_BIT_ABIS) in Landroid/os/Build;
01-01 00:00:18.233  2330  2746 D dalvikvm: VFY: replacing opcode 0x62 at 0x0008
01-01 00:00:18.239  2330  2746 D dalvikvm: DexOpt: couldn't find static field Landroid/os/Build;.SUPPORTED_ABIS
01-01 00:00:18.239  2330  2746 W dalvikvm: VFY: unable to resolve static field 120 (SUPPORTED_ABIS) in Landroid/os/Build;
01-01 00:00:18.239  2330  2746 D dalvikvm: VFY: replacing opcode 0x62 at 0x0008
01-01 00:00:18.241  2330  2746 D dalvikvm: DexOpt: couldn't find static field Landroid/os/Build;.SUPPORTED_64_BIT_ABIS
01-01 00:00:18.241  2330  2746 I dalvikvm: DexOpt: unable to optimize static field ref 0x0077 at 0x17 in Lcom/google/android/chimera/container/FileApkUtils;.getSupportedAbisForCurrentRuntime
01-01 00:00:18.241  2330  2746 D dalvikvm: DexOpt: couldn't find static field Landroid/os/Build;.SUPPORTED_32_BIT_ABIS
01-01 00:00:18.241  2330  2746 I dalvikvm: DexOpt: unable to optimize static field ref 0x0076 at 0x26 in Lcom/google/android/chimera/container/FileApkUtils;.getSupportedAbisForCurrentRuntime
01-01 00:00:18.241  2330  2746 D dalvikvm: DexOpt: couldn't find static field Landroid/os/Build;.SUPPORTED_64_BIT_ABIS
01-01 00:00:18.241  2330  2746 I dalvikvm: DexOpt: unable to optimize static field ref 0x0077 at 0x0d in Lcom/google/android/chimera/container/FileApkUtils;.is64BitRuntime
01-01 00:00:18.247  2330  2746 D FileApkUtils: Optimizing (staging complete)
01-01 00:00:18.247  2330  2746 D FileApkUtils: Optimizing: DynamiteModules-prod.apk [1dad65bca29c108ad7dad5d3707435ff0555d8adf974340225c102890df71a23]
01-01 00:00:18.250  2330  2746 D DexOptUtils: Module /data/data/com.google.android.gms/app_chimera/m/00000000/DynamiteModules-prod.apk appears to be unoptimized.
01-01 00:00:18.250  2330  2746 D DexOptUtils: Pre-lollipop platform, odex will live alongside the dex.
01-01 00:00:18.250  2330  2746 D DexOptUtils: Instantiating DexClassLoader to force creation of odex.
01-01 00:00:18.250  2330  2746 D DexOptUtils: Primary ABI of odexing process is armeabi-v7a
