01-01 00:00:10.170  1962  1962 W PackageManager: Unknown permission android.permission.REAL_GET_TASKS in package com.google.android.gms
01-01 00:00:10.170  1962  1962 W PackageManager: Unknown permission com.google.android.hangouts.START_HANGOUT in package com.google.android.gms
01-01 00:00:10.171  1962  1962 W PackageManager: Unknown permission android.permission.READ_WIFI_CREDENTIAL in package com.google.android.gms
01-01 00:00:10.171  1962  1962 W PackageManager: Unknown permission android.permission.SCORE_NETWORKS in package com.google.android.gms
01-01 00:00:10.171  1962  1962 W PackageManager: Unknown permission android.permission.CONTROL_INCALL_EXPERIENCE in package com.google.android.gms
01-01 00:00:10.171  1962  1962 W PackageManager: Unknown permission android.permission.USER_ACTIVITY in package com.google.android.gms
01-01 00:00:10.171  1962  1962 W PackageManager: Unknown permission android.permission.MODIFY_AUDIO_ROUTING in package com.google.android.gms
01-01 00:00:10.171  1962  1962 W PackageManager: Unknown permission com.google.android.wearable.READ_SETTINGS in package com.google.android.gms
01-01 00:00:10.171  1962  1962 W PackageManager: Unknown permission android.permission.INTENT_FILTER_VERIFICATION_AGENT in package com.google.android.gms
01-01 00:00:10.171  1962  1962 W PackageManager: Unknown permission android.permission.LOCAL_MAC_ADDRESS in package com.google.android.gms
01-01 00:00:10.171  1962  1962 W PackageManager: Unknown permission android.permission.CHANGE_DEVICE_IDLE_TEMP_WHITELIST in package com.google.android.gms
01-01 00:00:10.172  1962  1962 W PackageManager: Unknown permission android.permission.BODY_SENSORS in package com.google.android.gms
01-01 00:00:10.172  1962  1962 W PackageManager: Unknown permission android.permission.NOTIFY_PENDING_SYSTEM_UPDATE in package com.google.android.gms
01-01 00:00:10.172  1962  1962 W PackageManager: Unknown permission com.google.android.launcher.permission.RECEIVE_LAUNCH_BROADCASTS in package com.google.android.gms
01-01 00:00:10.172  1962  1962 W PackageManager: Unknown permission com.google.android.gm.permission.READ_GMAIL in package com.google.android.gms
01-01 00:00:10.172  1962  1962 W PackageManager: Unknown permission com.android.voicemail.permission.READ_VOICEMAIL in package com.google.android.gms
01-01 00:00:10.172  1962  1962 W PackageManager: Unknown permission com.google.android.gallery3d.permission.PICASA_STORE in package com.android.dreams.phototable
01-01 00:00:10.174  1962  1962 W PackageManager: Unknown permission com.android.launcher.permission.READ_SETTINGS in package com.android.settings
01-01 00:00:10.174  1962  1962 W PackageManager: Unknown permission com.android.launcher.permission.WRITE_SETTINGS in package com.android.settings
01-01 00:00:10.175  1962  1962 W PackageManager: Unknown permission android.permission.QUICKBOOT_POWERON in package ds.cpuoverlay
01-01 00:00:10.175  1962  1962 W PackageManager: Unknown permission android.permission.ACCESS_SUPERUSER in package com.ghisler.android.TotalCommander
01-01 00:00:10.176  1962  1962 W PackageManager: Unknown permission android.permission.REAL_GET_TASKS in package com.android.vending
01-01 00:00:10.176  1962  1962 W PackageManager: Not granting permission android.permission.SEND_DOWNLOAD_COMPLETED_INTENTS to package com.android.vending (protectionLevel=2 flags=0x404abe45)
01-01 00:00:10.177  1962  1962 W PackageManager: Unknown permission android.permission.SEND_SMS_NO_CONFIRMATION in package com.android.vending
01-01 00:00:10.177  1962  1962 W PackageManager: Unknown permission android.permission.USE_FINGERPRINT in package com.android.vending
01-01 00:00:10.177  1962  1962 W PackageManager: Unknown permission android.permission.GET_PACKAGE_IMPORTANCE in package com.android.vending
01-01 00:00:10.177  1962  1962 W PackageManager: Unknown permission android.permission.GET_ACCOUNTS_PRIVILEGED in package com.android.vending
01-01 00:00:10.177  1962  1962 W PackageManager: Unknown permission android.permission.INSTALL_GRANT_RUNTIME_PERMISSIONS in package com.android.vending
01-01 00:00:10.177  1962  1962 W PackageManager: Unknown permission android.permission.GRANT_RUNTIME_PERMISSIONS in package com.android.vending
01-01 00:00:10.177  1962  1962 W PackageManager: Unknown permission android.permission.REVOKE_RUNTIME_PERMISSIONS in package com.android.vending
01-01 00:00:10.177  1962  1962 W PackageManager: Unknown permission android.permission.CHANGE_DEVICE_IDLE_TEMP_WHITELIST in package com.android.vending
01-01 00:00:10.177  1962  1962 W PackageManager: Not granting permission android.permission.FORCE_STOP_PACKAGES to package com.android.vending (protectionLevel=2 flags=0x404abe45)
01-01 00:00:10.177  1962  1962 W PackageManager: Unknown permission com.google.android.partnersetup.permission.WRITE_APP_PROVIDER in package com.android.vending
01-01 00:00:10.178  1962  1962 W PackageManager: Unknown permission com.android.launcher.permission.READ_SETTINGS in package com.hisilicon.dlna.player
01-01 00:00:10.178  1962  1962 W PackageManager: Unknown permission com.android.launcher.permission.WRITE_SETTINGS in package com.hisilicon.dlna.player
01-01 00:00:10.179  1962  1962 W PackageManager: Unknown permission android.permission.ACCESS_SUPERUSER in package berserker.android.apps.ftpdroid
01-01 00:00:10.179  1962  1962 W PackageManager: Not granting permission android.permission.DELETE_PACKAGES to package com.svox.pico (protectionLevel=18 flags=0x8be45)
01-01 00:00:10.180  1962  1962 W PackageManager: Not granting permission android.permission.READ_DREAM_STATE to package com.google.android.gsf (protectionLevel=2 flags=0x40083e45)
01-01 00:00:10.339  1962  1962 I SystemServer: Entropy Mixer
01-01 00:00:10.345  1962  1962 I EntropyMixer: Writing entropy...
01-01 00:00:10.362  1962  1962 I SystemServer: User Service
01-01 00:00:10.362  1962  1962 I SystemServer: startQbService Enter
01-01 00:00:10.362  1962  1962 I SystemServer: Account Manager
01-01 00:00:10.375  1962  1962 I SystemServer: Content Manager
01-01 00:00:10.376  1962  1962 I SystemServer: System Content Providers
01-01 00:00:10.416  1962  1962 I SystemServer: Lights Service
01-01 00:00:10.417  1962  1962 I SystemServer: Battery Service
01-01 00:00:10.418  1962  1962 I SystemServer: Vibrator Service
01-01 00:00:10.419  1962  1972 W BatteryStatsImpl: Couldn't get kernel wake lock stats
01-01 00:00:10.419  1962  1962 I SystemServer: Consumer IR Service
01-01 00:00:10.426  1962  1962 I SystemServer: Alarm Manager
01-01 00:00:10.430  1962  1962 I SystemServer: Init Watchdog
01-01 00:00:10.430  1962  1962 I SystemServer: Input Manager
01-01 00:00:10.430  1962  1962 I InputManager: Initializing input manager, mUseDevInputEventForAudioJack=false
01-01 00:00:10.431  1962  1962 I SystemServer: Window Manager
01-01 00:00:10.440  1962  1976 I WindowManager: No existing display settings /data/system/display_settings.xml; starting empty
01-01 00:00:10.485  1962  1990 I WindowManager: No keyguard interface!
01-01 00:00:10.488  1962  1962 I InputManager: Starting input manager
01-01 00:00:10.490  1962  1962 I SystemServer: Bluetooth Manager Service
01-01 00:00:10.492  1962  1962 I SystemServer: Input Method Service
01-01 00:00:10.495  1962  1962 W InputMethodManagerService: Couldn't create dir.: /data/system/inputmethod
01-01 00:00:10.513  1962  1962 I SystemServer: Accessibility Manager
01-01 00:00:10.516  1962  1962 I XXXXXXX : ******************************* ADJ: 0,1,2,3,9,15
01-01 00:00:10.516  1962  1962 I XXXXXXX : ******************************* MINFREE: 2048,2560,3072,3584,4096,5120
01-01 00:00:10.551  1962  1962 I ActivityManager: Config changes=1df8 {1.0 ?mcc?mnc ru_RU ldltr sw720dp w1280dp h720dp 240dpi xlrg long land ?uimode ?night -touch -keyb/v/h -nav/h s.2}
01-01 00:00:10.569  1962  1962 I SystemServer: Mount Service
01-01 00:00:10.576  1962  1962 D MountService: got storage path: /mnt/sdcard description: SD-карта primary: true removable: false emulated: false mtpReserve: 0 allowMassStorage: false maxFileSize: 0
01-01 00:00:10.577  1962  1962 D MountService: addVolumeLocked() StorageVolume:
01-01 00:00:10.577  1962  1962 D MountService:     mStorageId=0 mPath=/mnt/sdcard mDescriptionId=17040666 mPrimary=true 
01-01 00:00:10.577  1962  1962 D MountService:     mRemovable=false mEmulated=false mMtpReserveSpace=0 
01-01 00:00:10.577  1962  1962 D MountService:     mAllowMassStorage=false mMaxFileSize=0 mOwner=null mUuid=null 
01-01 00:00:10.577  1962  1962 D MountService:     mUserLabel=null mState=null 
01-01 00:00:10.577  1962  1962 D MountService: got storage path: /storage/emulated/0 description: SD-карта primary: false removable: false emulated: false mtpReserve: 0 allowMassStorage: false maxFileSize: 0
01-01 00:00:10.578  1962  1962 D MountService: addVolumeLocked() StorageVolume:
01-01 00:00:10.578  1962  1962 D MountService:     mStorageId=0 mPath=/storage/emulated/0 mDescriptionId=17040666 
01-01 00:00:10.578  1962  1962 D MountService:     mPrimary=false mRemovable=false mEmulated=false mMtpReserveSpace=0 
01-01 00:00:10.578  1962  1962 D MountService:     mAllowMassStorage=false mMaxFileSize=0 mOwner=null mUuid=null 
01-01 00:00:10.578  1962  1962 D MountService:     mUserLabel=null mState=null 
01-01 00:00:10.581  1962  1962 I SystemServer: LockSettingsService
01-01 00:00:10.583  1962  1962 I SystemServer: Device Policy
01-01 00:00:10.585  1962  1962 I SystemServer: Status Bar
01-01 00:00:10.586  1962  1962 I SystemServer: Clipboard Service
01-01 00:00:10.588  1962  1962 I SystemServer: NetworkManagement Service
01-01 00:00:10.592  1962  1962 I SystemServer: Text Service Manager Service
01-01 00:00:10.598  1962  1962 I SystemServer: micphone Android Service
01-01 00:00:10.601  1962  1962 I SystemServer: rtSoundEffects Android Service
01-01 00:00:10.601  1962  2027 I MountService: Media shared on daemon connection unmounted
01-01 00:00:10.601  1962  2027 I MountService: Updating valid state unmounted
01-01 00:00:10.601  1962  2027 D MountService: volume state changed for /mnt/sdcard_external (null -> unmounted)
01-01 00:00:10.601  1962  1962 I SystemServer: NetworkStats Service
01-01 00:00:10.602  1962  2027 W MountService: getSecureContainerList() called when storage not mounted
01-01 00:00:10.611  1962  2015 I ActivityManager: Config changes=68 {1.0 ?mcc?mnc ru_RU ldltr sw720dp w1280dp h720dp 240dpi xlrg long land ?uimode ?night finger -keyb/v/h dpad/v s.3}
01-01 00:00:10.613  1962  1962 I SystemServer: NetworkPolicy Service
01-01 00:00:10.615  1962  1962 I SystemServer: Wi-Fi P2pService
01-01 00:00:10.615  1962  2027 W PackageManager: Not granting permission android.permission.GLOBAL_SEARCH to package com.android.quicksearchbox (protectionLevel=18 flags=0x8be45)
01-01 00:00:10.615  1962  2027 W PackageManager: Unknown permission com.android.launcher.permission.READ_SETTINGS in package com.hisilicon.dlna.dms
01-01 00:00:10.615  1962  2027 W PackageManager: Unknown permission com.android.launcher.permission.WRITE_SETTINGS in package com.hisilicon.dlna.dms
01-01 00:00:10.617  1962  2027 W PackageManager: Unknown permission com.android.launcher.permission.READ_SETTINGS in package com.google.android.onetimeinitializer
01-01 00:00:10.618  1962  2027 W PackageManager: Unknown permission com.android.launcher.permission.WRITE_SETTINGS in package com.google.android.onetimeinitializer
01-01 00:00:10.618  1962  2027 W PackageManager: Unknown permission com.android.launcher.permission.PRELOAD_WORKSPACE in package com.google.android.partnersetup
01-01 00:00:10.619  1962  2027 W PackageManager: Unknown permission com.android.vending.billing.IBillingAccountService.BIND2 in package com.google.android.gsf.login
01-01 00:00:10.619  1962  2027 W PackageManager: Unknown permission com.android.chrome.TOS_ACKED in package com.google.android.gsf.login
01-01 00:00:10.619  1962  2027 W PackageManager: Unknown permission android.permission.SYSTEM_OVERLAY_WINDOW in package com.hisilicon.android.pqsetting
01-01 00:00:10.619  1962  2027 W PackageManager: Unknown permission com.google.android.gallery3d.permission.GALLERY_PROVIDER in package com.android.bluetooth
01-01 00:00:10.619  1962  2027 W PackageManager: Unknown permission android.permission.MMS_SEND_OUTBOX_MSG in package com.android.bluetooth
01-01 00:00:10.620  1962  2027 W PackageManager: Unknown permission com.google.android.finsky.permission.BIND_GET_INSTALL_REFERRER_SERVICE in package com.andevapps.tvhd
01-01 00:00:10.620  1962  2027 W PackageManager: Unknown permission com.android.launcher.permission.READ_SETTINGS in package com.android.onetimeinitializer
01-01 00:00:10.620  1962  2027 W PackageManager: Unknown permission com.android.launcher.permission.WRITE_SETTINGS in package com.android.onetimeinitializer
01-01 00:00:10.621  1962  2027 W PackageManager: Unknown permission android.permission.OBSERVE_GRANT_REVOKE_PERMISSIONS in package com.google.android.gms
01-01 00:00:10.622  1962  2027 W PackageManager: Unknown permission android.permission.RECOVERY in package com.google.android.gms
01-01 00:00:10.622  1962  2027 W PackageManager: Not granting permission android.permission.READ_DREAM_STATE to package com.google.android.gms (protectionLevel=2 flags=0x40483e45)
01-01 00:00:10.622  1962  2027 W PackageManager: Unknown permission android.permission.PROVIDE_TRUST_AGENT in package com.google.android.gms
01-01 00:00:10.622  1962  2027 W PackageManager: Unknown permission com.google.android.apps.enterprise.dmagent.permission.AutoSyncPermission in package com.google.android.gms
01-01 00:00:10.623  1962  2027 W PackageManager: Unknown permission com.google.android.googlequicksearchbox.permission.PAUSE_HOTWORD in package com.google.android.gms
01-01 00:00:10.623  1962  2027 W PackageManager: Unknown permission android.permission.MANAGE_VOICE_KEYPHRASES in package com.google.android.gms
01-01 00:00:10.623  1962  2027 W PackageManager: Unknown permission android.permission.REAL_GET_TASKS in package com.google.android.gms
01-01 00:00:10.623  1962  2027 W PackageManager: Unknown permission com.google.android.hangouts.START_HANGOUT in package com.google.android.gms
01-01 00:00:10.623  1962  2027 W PackageManager: Unknown permission android.permission.READ_WIFI_CREDENTIAL in package com.google.android.gms
01-01 00:00:10.623  1962  2027 W PackageManager: Unknown permission android.permission.SCORE_NETWORKS in package com.google.android.gms
01-01 00:00:10.623  1962  2027 W PackageManager: Unknown permission android.permission.CONTROL_INCALL_EXPERIENCE in package com.google.android.gms
01-01 00:00:10.624  1962  2027 W PackageManager: Unknown permission android.permission.USER_ACTIVITY in package com.google.android.gms
01-01 00:00:10.624  1962  2027 W PackageManager: Unknown permission android.permission.MODIFY_AUDIO_ROUTING in package com.google.android.gms
01-01 00:00:10.624  1962  2027 W PackageManager: Unknown permission com.google.android.wearable.READ_SETTINGS in package com.google.android.gms
01-01 00:00:10.624  1962  2027 W PackageManager: Unknown permission android.permission.INTENT_FILTER_VERIFICATION_AGENT in package com.google.android.gms
01-01 00:00:10.624  1962  2027 W PackageManager: Unknown permission android.permission.LOCAL_MAC_ADDRESS in package com.google.android.gms
01-01 00:00:10.624  1962  2027 W PackageManager: Unknown permission android.permission.CHANGE_DEVICE_IDLE_TEMP_WHITELIST in package com.google.android.gms
01-01 00:00:10.624  1962  2027 W PackageManager: Unknown permission android.permission.BODY_SENSORS in package com.google.android.gms
01-01 00:00:10.624  1962  2027 W PackageManager: Unknown permission android.permission.NOTIFY_PENDING_SYSTEM_UPDATE in package com.google.android.gms
01-01 00:00:10.624  1962  2027 W PackageManager: Unknown permission com.google.android.launcher.permission.RECEIVE_LAUNCH_BROADCASTS in package com.google.android.gms
01-01 00:00:10.624  1962  2027 W PackageManager: Unknown permission com.google.android.gm.permission.READ_GMAIL in package com.google.android.gms
01-01 00:00:10.624  1962  2027 W PackageManager: Unknown permission com.android.voicemail.permission.READ_VOICEMAIL in package com.google.android.gms
01-01 00:00:10.625  1962  2027 W PackageManager: Unknown permission com.google.android.gallery3d.permission.PICASA_STORE in package com.android.dreams.phototable
01-01 00:00:10.625  1962  2027 W PackageManager: Unknown permission com.android.launcher.permission.READ_SETTINGS in package com.android.settings
01-01 00:00:10.625  1962  2027 W PackageManager: Unknown permission com.android.launcher.permission.WRITE_SETTINGS in package com.android.settings
01-01 00:00:10.626  1962  2027 W PackageManager: Unknown permission android.permission.QUICKBOOT_POWERON in package ds.cpuoverlay
01-01 00:00:10.626  1962  2027 W PackageManager: Unknown permission android.permission.ACCESS_SUPERUSER in package com.ghisler.android.TotalCommander
01-01 00:00:10.627  1962  2027 W PackageManager: Unknown permission android.permission.REAL_GET_TASKS in package com.android.vending
01-01 00:00:10.627  1962  2027 W PackageManager: Not granting permission android.permission.SEND_DOWNLOAD_COMPLETED_INTENTS to package com.android.vending (protectionLevel=2 flags=0x404abe45)
01-01 00:00:10.627  1962  2027 W PackageManager: Unknown permission android.permission.SEND_SMS_NO_CONFIRMATION in package com.android.vending
01-01 00:00:10.627  1962  2027 W PackageManager: Unknown permission android.permission.USE_FINGERPRINT in package com.android.vending
01-01 00:00:10.627  1962  2027 W PackageManager: Unknown permission android.permission.GET_PACKAGE_IMPORTANCE in package com.android.vending
01-01 00:00:10.627  1962  2027 W PackageManager: Unknown permission android.permission.GET_ACCOUNTS_PRIVILEGED in package com.android.vending
01-01 00:00:10.627  1962  2027 W PackageManager: Unknown permission android.permission.INSTALL_GRANT_RUNTIME_PERMISSIONS in package com.android.vending
01-01 00:00:10.627  1962  2027 W PackageManager: Unknown permission android.permission.GRANT_RUNTIME_PERMISSIONS in package com.android.vending
01-01 00:00:10.627  1962  2027 W PackageManager: Unknown permission android.permission.REVOKE_RUNTIME_PERMISSIONS in package com.android.vending
01-01 00:00:10.627  1962  2027 W PackageManager: Unknown permission android.permission.CHANGE_DEVICE_IDLE_TEMP_WHITELIST in package com.android.vending
01-01 00:00:10.628  1962  2027 W PackageManager: Not granting permission android.permission.FORCE_STOP_PACKAGES to package com.android.vending (protectionLevel=2 flags=0x404abe45)
01-01 00:00:10.628  1962  2027 W PackageManager: Unknown permission com.google.android.partnersetup.permission.WRITE_APP_PROVIDER in package com.android.vending
01-01 00:00:10.628  1962  2027 W PackageManager: Unknown permission com.android.launcher.permission.READ_SETTINGS in package com.hisilicon.dlna.player
01-01 00:00:10.628  1962  2027 W PackageManager: Unknown permission com.android.launcher.permission.WRITE_SETTINGS in package com.hisilicon.dlna.player
01-01 00:00:10.629  1962  2027 W PackageManager: Unknown permission android.permission.ACCESS_SUPERUSER in package berserker.android.apps.ftpdroid
01-01 00:00:10.631  1962  2027 W PackageManager: Not granting permission android.permission.DELETE_PACKAGES to package com.svox.pico (protectionLevel=18 flags=0x8be45)
01-01 00:00:10.632  1962  2027 W PackageManager: Not granting permission android.permission.READ_DREAM_STATE to package com.google.android.gsf (protectionLevel=2 flags=0x40083e45)
01-01 00:00:10.782  1962  1962 I SystemServer: Wi-Fi Service
--------- beginning of /dev/log/main
01-01 00:00:10.859  1962  1962 D WifiStateMachine: completeConstruction: E
01-01 00:00:10.860  1962  1962 D WifiStateMachine: completeConstruction: maxDepth=6
01-01 00:00:10.860  1962  1962 D WifiStateMachine: setupInitialStateStack: E mInitialState=InitialState
01-01 00:00:10.860  1962  1962 D WifiStateMachine: moveTempStackToStateStack: i=1,j=0
01-01 00:00:10.860  1962  1962 D WifiStateMachine: moveTempStackToStateStack: i=0,j=1
01-01 00:00:10.860  1962  1962 D WifiStateMachine: moveTempStackToStateStack: X mStateStackTop=1,startingIndex=0,Top=InitialState
01-01 00:00:10.860  1962  1962 D WifiStateMachine: completeConstruction: X
01-01 00:00:10.860  1962  2032 D WifiStateMachine: handleMessage: E msg.what=-2
01-01 00:00:10.860  1962  2032 D WifiStateMachine: invokeEnterMethods: DefaultState
01-01 00:00:10.860  1962  2032 D WifiStateMachine: invokeEnterMethods: InitialState
01-01 00:00:10.864  1962  2032 D WifiStateMachine: handleMessage: X
01-01 00:00:10.864  1962  2032 D WifiStateMachine: handleMessage: E msg.what=131154
01-01 00:00:10.864  1962  2032 D WifiStateMachine: processMsg: InitialState
01-01 00:00:10.864  1962  2032 D WifiStateMachine: processMsg: DefaultState
01-01 00:00:10.865  1962  2032 D WifiStateMachine: handleMessage: X
01-01 00:00:10.865  1962  2032 D WifiStateMachine: handleMessage: E msg.what=69632
01-01 00:00:10.865  1962  2032 D WifiStateMachine: processMsg: InitialState
01-01 00:00:10.865  1962  2032 D WifiStateMachine: processMsg: DefaultState
01-01 00:00:10.865  1962  2032 D WifiStateMachine: handleMessage: X
01-01 00:00:10.865  1962  2032 D WifiStateMachine: handleMessage: E msg.what=131084
01-01 00:00:10.865  1962  2032 D WifiStateMachine: processMsg: InitialState
01-01 00:00:10.865  1962  2032 D WifiStateMachine: processMsg: DefaultState
01-01 00:00:10.865  1962  2032 D WifiStateMachine: handleMessage: X
01-01 00:00:10.867  1962  1962 I SystemServer: Ethernet Service
01-01 00:00:10.887  1962  1962 I SystemServer: Pppoe Service
01-01 00:00:10.887  1962  1962 I SystemServer: G3 Service
01-01 00:00:10.888  1962  1962 I G3Service: G3 service initialize
01-01 00:00:10.888  1962  1962 I SystemServer: Connectivity Service
01-01 00:00:10.889  1962  1962 D ConnectivityService: ConnectivityService starting up
01-01 00:00:10.892  1962  1962 D ConnectivityService: wifiOnly=false
01-01 00:00:10.917  1962  1962 I EthernetJNI: interface eth0:2 found
01-01 00:00:10.917  1962  1962 D EthernetJNI: android_net_ethernet_initEthernetNative exited with success
01-01 00:00:10.919  1962  1962 E NetUtils: Interface eth0 LinkDown!
01-01 00:00:10.920  1962  1962 E EthernetDataTracker: Physical Connection ERROR! please check your wire
01-01 00:00:10.920  1962  1962 W ContextImpl: Calling a method in the system process without a qualified user: android.app.ContextImpl.sendStickyBroadcast:1358 android.net.EthernetDataTracker.postNotification:695 android.net.EthernetDataTracker.reconnect:969 com.android.server.ConnectivityService.<init>:649 com.android.server.ConnectivityService.<init>:453 
01-01 00:00:10.925  1962  1962 I G3StateTracker: getInstance()
01-01 00:00:10.925  1962  1962 I G3StateTracker: getInstance(): new G3StateTracker()
01-01 00:00:10.925  1962  1962 I G3StateTracker: G3StateTracker constructor
01-01 00:00:10.925  1962  1962 I G3StateTracker: startMonitoring() begin...
01-01 00:00:10.926  1962  1962 I G3Manager: init G3Manager
01-01 00:00:10.926  1962  1962 I G3Manager: getG3PersistedConnectMode()
01-01 00:00:10.926  1962  1962 I G3Service: getG3PersistedConnectMode() :AUTO 0
01-01 00:00:10.926  1962  1962 I G3Manager: getG3PersistedState()
01-01 00:00:10.926  1962  1962 I G3Service: getG3PersistedState() :DISABLE
01-01 00:00:10.926  1962  1962 I G3StateTracker: startMonitoring() success
01-01 00:00:10.927  1962  1962 E G3StateTracker: reconnect failed, the 3g card is removed
01-01 00:00:10.929  1962  2032 D WifiStateMachine: handleMessage: E msg.what=131217
01-01 00:00:10.929  1962  2032 D WifiStateMachine: processMsg: InitialState
01-01 00:00:10.929  1962  2032 D WifiStateMachine: processMsg: DefaultState
01-01 00:00:10.929  1962  2032 D WifiStateMachine: handleMessage: X
01-01 00:00:10.930  1962  1962 E MobileDataStateTracker: default: Ignoring feature request because could not acquire PhoneService
01-01 00:00:10.930  1962  1962 E MobileDataStateTracker: default: Could not enable APN type "default"
01-01 00:00:10.934  1962  1962 I EthernetService: setEthernetState from 0 to 1
01-01 00:00:10.935  1962  1962 E NetUtils: Interface eth0 LinkDown!
01-01 00:00:10.936  1962  1962 E EthernetDataTracker: Physical Connection ERROR! please check your wire
01-01 00:00:10.936  1962  1962 W ContextImpl: Calling a method in the system process without a qualified user: android.app.ContextImpl.sendStickyBroadcast:1358 android.net.EthernetDataTracker.postNotification:695 android.net.EthernetDataTracker.reconnect:969 android.net.EthernetDataTracker.interfaceAdded:202 android.net.EthernetDataTracker.resetInterface:1185 
01-01 00:00:10.937  1962  1962 I WifiService: WifiService starting up with Wi-Fi disabled
01-01 00:00:10.948  1962  1962 I G3Service: getG3PersistedState() :DISABLE
01-01 00:00:10.948  1962  1962 I G3StateTracker: getInstance()
01-01 00:00:10.948  1962  1962 I G3Service: checkAndStartG3()->g3EnableState:0, now register g3 observer
01-01 00:00:10.948  1962  1962 I G3Service: registerG3Observer
01-01 00:00:10.948  1962  1962 I G3StateTracker: 3g registerG3Observer Success!
01-01 00:00:10.948  1962  1962 I WifiService: WifiService starting up with WiFi-AP disabled
01-01 00:00:10.948  1962  1962 I SystemServer: Network Service Discovery Service
01-01 00:00:10.949  1962  1962 D NsdService: Network service discovery enabled true
01-01 00:00:10.950  1962  1962 I SystemServer: UpdateLock Service
01-01 00:00:10.992  1962  1962 I SystemServer: Notification Manager
01-01 00:00:10.996  1962  1962 I SystemServer: Device Storage Monitor
01-01 00:00:10.997  1962  1962 I SystemServer: Location Manager
01-01 00:00:10.998  1962  1962 I SystemServer: Country Detector
01-01 00:00:10.998  1962  1962 I SystemServer: Search Service
01-01 00:00:10.999  1962  1962 I SystemServer: DropBox Service
01-01 00:00:11.000  1962  1962 I SystemServer: Wallpaper Service
01-01 00:00:11.004  1962  1962 I SystemServer: Audio Service
01-01 00:00:11.055  1465  1465 D AudioPolicyManagerBase: NO Force device 
01-01 00:00:11.055  1465  1866 D AudioPolicyManagerBase: NO Force device 
01-01 00:00:11.071  1465  1465 D AudioPolicyManagerBase: AudioPolicyManagerBase::checkAndSetVolume 15,1.000000
01-01 00:00:11.072  1465  1866 D AudioPolicyManagerBase: AudioPolicyManagerBase::checkAndSetVolume 15,0.501188
01-01 00:00:11.072  1465  1853 I AudioFlinger: AudioFlinger::setStreamVolume 1,0.501188
01-01 00:00:11.073  1465  1465 D AudioPolicyManagerBase: AudioPolicyManagerBase::checkAndSetVolume 5,0.060000
01-01 00:00:11.074  1465  1853 I AudioFlinger: AudioFlinger::setStreamVolume 2,0.060000
01-01 00:00:11.074  1465  1866 D AudioPolicyManagerBase: AudioPolicyManagerBase::checkAndSetVolume 15,1.000000
01-01 00:00:11.075  1465  1465 D AudioPolicyManagerBase: AudioPolicyManagerBase::checkAndSetVolume 6,0.125893
01-01 00:00:11.075  1465  1853 I AudioFlinger: AudioFlinger::setStreamVolume 4,0.125893
01-01 00:00:11.075  1465  1866 D AudioPolicyManagerBase: AudioPolicyManagerBase::checkAndSetVolume 5,0.060000
01-01 00:00:11.075  1465  1853 I AudioFlinger: AudioFlinger::setStreamVolume 5,0.060000
01-01 00:00:11.077  1465  1866 D AudioPolicyManagerBase: AudioPolicyManagerBase::checkAndSetVolume 15,0.501188
01-01 00:00:11.077  1465  1853 I AudioFlinger: AudioFlinger::setStreamVolume 7,0.501188
01-01 00:00:11.078  1465  1465 D AudioPolicyManagerBase: AudioPolicyManagerBase::checkAndSetVolume 15,0.501188
01-01 00:00:11.078  1465  1853 I AudioFlinger: AudioFlinger::setStreamVolume 8,0.501188
01-01 00:00:11.079  1465  1866 D AudioPolicyManagerBase: AudioPolicyManagerBase::checkAndSetVolume 15,1.000000
01-01 00:00:11.080  1962  1962 I SystemServer: Dock Observer
01-01 00:00:11.081  1962  1962 W DockObserver: This kernel does not have dock station support
01-01 00:00:11.081  1962  1962 I SystemServer: Wired Accessory Manager
01-01 00:00:11.082  1962  1962 W WiredAccessoryManager: This kernel does not have usb audio support
01-01 00:00:11.083  1962  1962 I SystemServer: USB Service
01-01 00:00:11.085  1962  1962 I SystemServer: Serial Service
01-01 00:00:11.085  1962  1962 I SystemServer: Twilight Service
01-01 00:00:11.086  1962  1962 I SystemServer: UI Mode Manager Service
01-01 00:00:11.088  1962  1962 I SystemServer: Backup Service
01-01 00:00:11.094  1962  1962 V BackupManagerService: Initializing package tracking
01-01 00:00:11.094  1962  1962 V BackupManagerService: No ancestral data
01-01 00:00:11.100  1962  1962 V BackupManagerService: addPackageParticipantsLocked: all
01-01 00:00:11.100  1962  1962 I BackupManagerService: Scheduling backup for new app com.android.calendar
01-01 00:00:11.100  1962  1962 D BackupManagerService: Now staging backup of com.android.calendar
01-01 00:00:11.115  1962  1962 I BackupManagerService: Scheduling backup for new app com.android.browser
01-01 00:00:11.115  1962  1962 D BackupManagerService: Now staging backup of com.android.browser
01-01 00:00:11.118  1962  1962 I BackupManagerService: Scheduling backup for new app com.android.providers.userdictionary
01-01 00:00:11.118  1962  1962 D BackupManagerService: Now staging backup of com.android.providers.userdictionary
01-01 00:00:11.122  1962  1962 I BackupManagerService: Scheduling backup for new app com.android.sharedstoragebackup
01-01 00:00:11.122  1962  1962 D BackupManagerService: Now staging backup of com.android.sharedstoragebackup
01-01 00:00:11.125  1962  1962 I BackupManagerService: Scheduling backup for new app android
01-01 00:00:11.125  1962  1962 D BackupManagerService: Now staging backup of android
01-01 00:00:11.128  1962  1962 I BackupManagerService: Scheduling backup for new app com.android.vending
01-01 00:00:11.129  1962  1962 D BackupManagerService: Now staging backup of com.android.vending
01-01 00:00:11.135  1962  1966 D dalvikvm: GC_CONCURRENT freed 622K, 11% free 5918K/6648K, paused 1ms+3ms, total 40ms
01-01 00:00:11.135  1962  1962 I BackupManagerService: Scheduling backup for new app com.android.providers.settings
01-01 00:00:11.136  1962  1962 D BackupManagerService: Now staging backup of com.android.providers.settings
01-01 00:00:11.139  1962  1962 I BackupManagerService: Scheduling backup for new app com.hisilicon.android.inputmethod.latin
01-01 00:00:11.139  1962  1962 D BackupManagerService: Now staging backup of com.hisilicon.android.inputmethod.latin
01-01 00:00:11.143  1962  1962 V BackupManagerService: Starting with transport android/com.android.internal.backup.LocalTransport
01-01 00:00:11.143  1962  1962 V BackupManagerService: Found transports: 2
01-01 00:00:11.143  1962  1962 I BackupManagerService: Binding to transport host ComponentInfo{android/com.android.internal.backup.LocalTransportService}
01-01 00:00:11.145  1962  1962 I BackupManagerService: Binding to transport host ComponentInfo{com.google.android.backuptransport/com.google.android.backup.BackupTransportService}
01-01 00:00:11.146  1962  1962 I BackupManagerService: Found stale backup journal, scheduling
01-01 00:00:11.147  1962  1962 I BackupManagerService:   com.android.calendar
01-01 00:00:11.147  1962  1962 I BackupManagerService:   com.android.browser
01-01 00:00:11.147  1962  1962 I BackupManagerService:   com.android.providers.userdictionary
01-01 00:00:11.148  1962  1962 I BackupManagerService:   com.android.sharedstoragebackup
01-01 00:00:11.148  1962  1962 I BackupManagerService:   android
01-01 00:00:11.148  1962  1962 I BackupManagerService:   com.android.vending
01-01 00:00:11.148  1962  1962 I BackupManagerService:   com.android.providers.settings
01-01 00:00:11.148  1962  1962 I BackupManagerService:   com.hisilicon.android.inputmethod.latin
01-01 00:00:11.149  1962  1962 I BackupManagerService: Backup enabled => false
01-01 00:00:11.149  1962  1962 I BackupManagerService: Opting out of backup
01-01 00:00:11.149  1962  1962 I SystemServer: AppWidget Service
01-01 00:00:11.150  1962  1962 I SystemServer: Recognition Service
01-01 00:00:11.151  1962  1962 I SystemServer: DiskStats Service
01-01 00:00:11.151  1962  1962 I SystemServer: SamplingProfiler Service
01-01 00:00:11.153  1962  1962 I SystemServer: NetworkTimeUpdateService
01-01 00:00:11.153  1962  1962 I SystemServer: CommonTimeManagementService
01-01 00:00:11.154  1962  1962 I SystemServer: CertBlacklister
01-01 00:00:11.155  1962  1962 I SystemServer: Dreams Service
01-01 00:00:11.155  1962  1962 I SystemServer: Assets Atlas Service
01-01 00:00:11.156  1962  1962 I SystemServer: IdleMaintenanceService
01-01 00:00:11.157  1962  1962 I SystemServer: Print Service
01-01 00:00:11.158  1962  2042 D Atlas   : Loaded configuration: SliceMinArea (768x768) flags=0x2 count=34
01-01 00:00:11.159  1962  1962 I SystemServer: Media Router Service
01-01 00:00:11.160  1962  1962 I WindowManager: SAFE MODE not enabled
01-01 00:00:11.161  1962  1968 D dalvikvm: JIT started for system_server
01-01 00:00:11.193  1962  2042 D Atlas   : Rendered atlas in 19,10ms (7,99+11,11ms)
01-01 00:00:11.218  1962  1962 E ViewRootImpl: 201409092 enable acc for view=KeyguardScrim
01-01 00:00:11.221  1962  1962 I Zygote  : Process: zygote socket opened
01-01 00:00:11.232  1962  1962 V KeyguardServiceDelegate: *** Keyguard started
01-01 00:00:11.232  1962  1962 V KeyguardServiceDelegate: onSystemReady() called before keyguard service was ready
01-01 00:00:11.232  1962  1962 I ActivityManager: Start proc com.android.systemui for service com.android.keyguard/.KeyguardService: pid=2045 uid=10009 gids={50009, 1028, 1015, 1035, 3002, 3001}
01-01 00:00:11.235  2045  2045 E Environment: canonicalPath = /mnt/sdcard
01-01 00:00:11.261  1962  1962 I AppOps  : Pruning old package media/1013: new uid=-1
01-01 00:00:11.261  1962  1962 I ActivityManager: System now ready
01-01 00:00:11.265  1962  1962 I SystemServer: Making services ready
01-01 00:00:11.268  1962  1962 D NetworkManagementService: enabling bandwidth control
01-01 00:00:11.269  1962  2017 E MountService: getDefaultPathFromXml  = null
01-01 00:00:11.269  1962  2017 E MountService: -->Enter isDefaultVolume , output = null
01-01 00:00:11.269  1962  2017 D MountService: --> [ sct ] /storage/emulated/0 is default volume
01-01 00:00:11.269  1962  2017 I MountService: doMountVolume: Mouting /storage/emulated/0
01-01 00:00:11.269  1962  2017 D MountService: volume state changed for /storage/emulated/0 (unmounted -> mounted)
01-01 00:00:11.270  1962  2017 D MountService: sendStorageIntent Intent { act=android.intent.action.MEDIA_MOUNTED dat=file:///storage/emulated/0 (has extras) } to UserHandle{-1}
01-01 00:00:11.271  1962  2017 E MountService: getDefaultPathFromXml  = null
01-01 00:00:11.275  1962  2017 E MountService: getDefaultPathFromXml  = null
01-01 00:00:11.275  1962  2017 E MountService: -->Enter isDefaultVolume , output = null
01-01 00:00:11.277  1962  2017 E MountService: getDefaultPathFromXml  = null
01-01 00:00:11.277  1962  2017 E MountService: -->Enter isDefaultVolume , output = null
01-01 00:00:11.278  1962  2017 E MountService: getDefaultPathFromXml  = null
01-01 00:00:11.278  1962  2017 E MountService: -->Enter isDefaultVolume , output = null
01-01 00:00:11.278  1962  2017 D MountService: --> [ sct ] /storage/emulated/0 is default volume
01-01 00:00:11.279  1962  2017 I PackageManager: Updating external media status from unmounted to mounted
01-01 00:00:11.279  1962  2017 E MountService: getDefaultPathFromXml  = null
01-01 00:00:11.279  1962  2017 E MountService: -->Enter isDefaultVolume , output = null
01-01 00:00:11.279  1962  2017 I MountService: doMountVolume: Mouting /mnt/sdcard
01-01 00:00:11.279  1962  2017 D MountService: volume state changed for /mnt/sdcard (unmounted -> mounted)
01-01 00:00:11.279  1962  2017 D MountService: sendStorageIntent Intent { act=android.intent.action.MEDIA_MOUNTED dat=file:///mnt/sdcard (has extras) } to UserHandle{-1}
01-01 00:00:11.291  1962  1994 I PackageManager: No secure containers on sdcard
01-01 00:00:11.295  1962  1977 I ActivityManager: Start proc android.process.media for broadcast com.android.providers.downloads/.DownloadReceiver: pid=2061 uid=10004 gids={50004, 1028, 1015, 1023, 1024, 2001, 3003, 3007}
01-01 00:00:11.295  1962  1994 W PackageManager: Not granting permission android.permission.GLOBAL_SEARCH to package com.android.quicksearchbox (protectionLevel=18 flags=0x88be45)
01-01 00:00:11.296  1962  1994 W PackageManager: Unknown permission com.android.launcher.permission.READ_SETTINGS in package com.hisilicon.dlna.dms
01-01 00:00:11.296  1962  1994 W PackageManager: Unknown permission com.android.launcher.permission.WRITE_SETTINGS in package com.hisilicon.dlna.dms
01-01 00:00:11.304  1962  1994 W PackageManager: Unknown permission com.android.launcher.permission.READ_SETTINGS in package com.google.android.onetimeinitializer
01-01 00:00:11.304  1962  1994 W PackageManager: Unknown permission com.android.launcher.permission.WRITE_SETTINGS in package com.google.android.onetimeinitializer
01-01 00:00:11.305  2061  2061 E Environment: canonicalPath = /mnt/sdcard
01-01 00:00:11.306  1962  1994 W PackageManager: Unknown permission com.android.launcher.permission.PRELOAD_WORKSPACE in package com.google.android.partnersetup
01-01 00:00:11.314  1962  1994 W PackageManager: Unknown permission com.android.vending.billing.IBillingAccountService.BIND2 in package com.google.android.gsf.login
01-01 00:00:11.314  1962  1994 W PackageManager: Unknown permission com.android.chrome.TOS_ACKED in package com.google.android.gsf.login
01-01 00:00:11.314  1962  1994 W PackageManager: Unknown permission android.permission.SYSTEM_OVERLAY_WINDOW in package com.hisilicon.android.pqsetting
01-01 00:00:11.315  1962  1994 W PackageManager: Unknown permission com.google.android.gallery3d.permission.GALLERY_PROVIDER in package com.android.bluetooth
01-01 00:00:11.316  1962  1994 W PackageManager: Unknown permission android.permission.MMS_SEND_OUTBOX_MSG in package com.android.bluetooth
01-01 00:00:11.320  1962  1994 W PackageManager: Unknown permission com.google.android.finsky.permission.BIND_GET_INSTALL_REFERRER_SERVICE in package com.andevapps.tvhd
01-01 00:00:11.321  1962  1994 W PackageManager: Unknown permission com.android.launcher.permission.READ_SETTINGS in package com.android.onetimeinitializer
01-01 00:00:11.321  1962  1994 W PackageManager: Unknown permission com.android.launcher.permission.WRITE_SETTINGS in package com.android.onetimeinitializer
01-01 00:00:11.323  1962  1994 W PackageManager: Unknown permission android.permission.OBSERVE_GRANT_REVOKE_PERMISSIONS in package com.google.android.gms
01-01 00:00:11.324  1962  1994 W PackageManager: Unknown permission android.permission.RECOVERY in package com.google.android.gms
01-01 00:00:11.324  1962  1994 W PackageManager: Not granting permission android.permission.READ_DREAM_STATE to package com.google.android.gms (protectionLevel=2 flags=0x40483e45)
01-01 00:00:11.325  1962  1994 W PackageManager: Unknown permission android.permission.PROVIDE_TRUST_AGENT in package com.google.android.gms
01-01 00:00:11.325  1962  1994 W PackageManager: Unknown permission com.google.android.apps.enterprise.dmagent.permission.AutoSyncPermission in package com.google.android.gms
01-01 00:00:11.327  1962  1994 W PackageManager: Unknown permission com.google.android.googlequicksearchbox.permission.PAUSE_HOTWORD in package com.google.android.gms
01-01 00:00:11.327  1962  1994 W PackageManager: Unknown permission android.permission.MANAGE_VOICE_KEYPHRASES in package com.google.android.gms
01-01 00:00:11.327  1962  1994 W PackageManager: Unknown permission android.permission.REAL_GET_TASKS in package com.google.android.gms
01-01 00:00:11.328  1962  1994 W PackageManager: Unknown permission com.google.android.hangouts.START_HANGOUT in package com.google.android.gms
01-01 00:00:11.329  1962  1994 W PackageManager: Unknown permission android.permission.READ_WIFI_CREDENTIAL in package com.google.android.gms
01-01 00:00:11.329  1962  1994 W PackageManager: Unknown permission android.permission.SCORE_NETWORKS in package com.google.android.gms
01-01 00:00:11.329  1962  1994 W PackageManager: Unknown permission android.permission.CONTROL_INCALL_EXPERIENCE in package com.google.android.gms
01-01 00:00:11.329  1962  1994 W PackageManager: Unknown permission android.permission.USER_ACTIVITY in package com.google.android.gms
01-01 00:00:11.330  1962  1994 W PackageManager: Unknown permission android.permission.MODIFY_AUDIO_ROUTING in package com.google.android.gms
01-01 00:00:11.331  1962  1994 W PackageManager: Unknown permission com.google.android.wearable.READ_SETTINGS in package com.google.android.gms
01-01 00:00:11.332  1962  1994 W PackageManager: Unknown permission android.permission.INTENT_FILTER_VERIFICATION_AGENT in package com.google.android.gms
01-01 00:00:11.332  1962  1994 W PackageManager: Unknown permission android.permission.LOCAL_MAC_ADDRESS in package com.google.android.gms
01-01 00:00:11.332  1962  1994 W PackageManager: Unknown permission android.permission.CHANGE_DEVICE_IDLE_TEMP_WHITELIST in package com.google.android.gms
01-01 00:00:11.332  1962  1994 W PackageManager: Unknown permission android.permission.BODY_SENSORS in package com.google.android.gms
01-01 00:00:11.333  1962  1994 W PackageManager: Unknown permission android.permission.NOTIFY_PENDING_SYSTEM_UPDATE in package com.google.android.gms
01-01 00:00:11.333  1962  1994 W PackageManager: Unknown permission com.google.android.launcher.permission.RECEIVE_LAUNCH_BROADCASTS in package com.google.android.gms
01-01 00:00:11.333  1962  1994 W PackageManager: Unknown permission com.google.android.gm.permission.READ_GMAIL in package com.google.android.gms
01-01 00:00:11.334  1962  1994 W PackageManager: Unknown permission com.android.voicemail.permission.READ_VOICEMAIL in package com.google.android.gms
01-01 00:00:11.334  1962  1994 W PackageManager: Unknown permission com.google.android.gallery3d.permission.PICASA_STORE in package com.android.dreams.phototable
01-01 00:00:11.337  1962  1994 W PackageManager: Unknown permission com.android.launcher.permission.READ_SETTINGS in package com.android.settings
01-01 00:00:11.337  1962  1994 W PackageManager: Unknown permission com.android.launcher.permission.WRITE_SETTINGS in package com.android.settings
01-01 00:00:11.339  1962  1994 W PackageManager: Unknown permission android.permission.QUICKBOOT_POWERON in package ds.cpuoverlay
01-01 00:00:11.339  1962  1994 W PackageManager: Unknown permission android.permission.ACCESS_SUPERUSER in package com.ghisler.android.TotalCommander
01-01 00:00:11.342  1962  1994 W PackageManager: Unknown permission android.permission.REAL_GET_TASKS in package com.android.vending
01-01 00:00:11.344  1962  1994 W PackageManager: Not granting permission android.permission.SEND_DOWNLOAD_COMPLETED_INTENTS to package com.android.vending (protectionLevel=2 flags=0x404abe45)
01-01 00:00:11.344  1962  1994 W PackageManager: Unknown permission android.permission.SEND_SMS_NO_CONFIRMATION in package com.android.vending
01-01 00:00:11.345  1962  1994 W PackageManager: Unknown permission android.permission.USE_FINGERPRINT in package com.android.vending
01-01 00:00:11.345  1962  1994 W PackageManager: Unknown permission android.permission.GET_PACKAGE_IMPORTANCE in package com.android.vending
01-01 00:00:11.345  1962  1994 W PackageManager: Unknown permission android.permission.GET_ACCOUNTS_PRIVILEGED in package com.android.vending
01-01 00:00:11.345  1962  1994 W PackageManager: Unknown permission android.permission.INSTALL_GRANT_RUNTIME_PERMISSIONS in package com.android.vending
01-01 00:00:11.345  1962  1994 W PackageManager: Unknown permission android.permission.GRANT_RUNTIME_PERMISSIONS in package com.android.vending
01-01 00:00:11.345  1962  1994 W PackageManager: Unknown permission android.permission.REVOKE_RUNTIME_PERMISSIONS in package com.android.vending
01-01 00:00:11.345  1962  1994 W PackageManager: Unknown permission android.permission.CHANGE_DEVICE_IDLE_TEMP_WHITELIST in package com.android.vending
01-01 00:00:11.347  1962  1994 W PackageManager: Not granting permission android.permission.FORCE_STOP_PACKAGES to package com.android.vending (protectionLevel=2 flags=0x404abe45)
01-01 00:00:11.348  1962  1994 W PackageManager: Unknown permission com.google.android.partnersetup.permission.WRITE_APP_PROVIDER in package com.android.vending
01-01 00:00:11.348  1962  1994 W PackageManager: Unknown permission com.android.launcher.permission.READ_SETTINGS in package com.hisilicon.dlna.player
01-01 00:00:11.348  1962  1994 W PackageManager: Unknown permission com.android.launcher.permission.WRITE_SETTINGS in package com.hisilicon.dlna.player
01-01 00:00:11.353  1962  1994 W PackageManager: Unknown permission android.permission.ACCESS_SUPERUSER in package berserker.android.apps.ftpdroid
01-01 00:00:11.356  1962  1994 W PackageManager: Not granting permission android.permission.DELETE_PACKAGES to package com.svox.pico (protectionLevel=18 flags=0x8be45)
01-01 00:00:11.358  1962  1994 W PackageManager: Not granting permission android.permission.READ_DREAM_STATE to package com.google.android.gsf (protectionLevel=2 flags=0x40883e45)
01-01 00:00:11.513  1962  2017 E MountService: getDefaultPathFromXml  = null
01-01 00:00:11.513  1962  2017 E MountService: -->Enter isDefaultVolume , output = null
01-01 00:00:11.513  1962  2017 I MountService: doMountVolume: Mouting /mnt/sdcard_external
01-01 00:00:11.513  1962  2017 D MountService: use the mConnectorSpec[1]
01-01 00:00:11.527  1459  1521 D Vold    : vold : mountVolume v->getMountpoint() = /mnt/sdcard_external
01-01 00:00:11.528  1459  1521 D Vold    : [-vold_debug-350] :Volume block state changing 1 (Idle-Unmounted) -> 3 (Checking)
01-01 00:00:11.528  1459  1521 E Vold    : this type=0
01-01 00:00:11.528  1459  1521 D Vold    : [-vold_debug-689] :getMountpoint=(/mnt/sdcard_external),ubiName=((null))
01-01 00:00:11.531  1962  1989 I MountService: onEvent:: raw= 605 Volume block /mnt/sdcard_external state changed from 1 (Idle-Unmounted) to 3 (Checking) cooked =  605 Volume block /mnt/sdcard_external state changed from 1 (Idle-Unmounted) to 3 (Checking)
01-01 00:00:11.532  1962  1989 I MountService: notifyVolumeStateChange::unmounted
01-01 00:00:11.532  1962  1989 I MountService: updating volume state checking
01-01 00:00:11.532  1962  1989 D MountService: volume state changed for /mnt/sdcard_external (unmounted -> checking)
01-01 00:00:11.532  1962  1989 E VoldConnector: Error handling '605 Volume block /mnt/sdcard_external state changed from 1 (Idle-Unmounted) to 3 (Checking)': java.lang.NullPointerException
01-01 00:00:11.546  1459  1521 D Vold    : [-vold_debug-345] :msg=Volume block /mnt/sdcard_external state changed from 3 (Checking) to 4 (Mounted) UUID=EAA3-C432 DevType=SDCARD 45848 D
01-01 00:00:11.564  1962  1989 I MountService: onEvent:: raw= 605 Volume block /mnt/sdcard_external state changed from 3 (Checking) to 4 (Mounted) UUID=EAA3-C432 DevType=SDCARD 45848 D cooked =  605 Volume block /mnt/sdcard_external state changed from 3 (Checking) to 4 (Mounted) UUID=EAA3-C432 DevType=SDCARD 45848 D
01-01 00:00:11.564  1962  1989 D MountService: onEvent : exInfo.mUUID=[EAA3-C432] exInfo.mDevType=[SDCARD] exInfo.mDevNode=[45848]exInfo.mDiskLabel = [D]
01-01 00:00:11.569  1962  1966 D dalvikvm: GC_CONCURRENT freed 789K, 13% free 6157K/7044K, paused 3ms+6ms, total 73ms
01-01 00:00:11.569  1962  1989 D dalvikvm: WAIT_FOR_CONCURRENT_GC blocked 4ms
01-01 00:00:11.570  1962  1989 E MountService: getDefaultPathFromXml  = null
01-01 00:00:11.570  1962  1989 E MountService: -->Enter isDefaultVolume , output = null
01-01 00:00:11.571  1962  1989 I MountService: notifyVolumeStateChange::checking
01-01 00:00:11.571  1962  1989 I MountService: updating volume state mounted
01-01 00:00:11.571  1962  1989 D MountService: volume state changed for /mnt/sdcard_external (checking -> mounted)
01-01 00:00:11.571  1962  1989 D MountService: sendStorageIntent Intent { act=android.intent.action.MEDIA_MOUNTED dat=file:///mnt/sdcard_external (has extras) } to UserHandle{-1}
01-01 00:00:11.591  2045  2045 E SoundPool: error loading /system/media/audio/ui/Lock.ogg
01-01 00:00:11.591  2045  2045 W KeyguardViewMediator: failed to load lock sound from /system/media/audio/ui/Lock.ogg
01-01 00:00:11.591  2045  2045 E SoundPool: error loading /system/media/audio/ui/Unlock.ogg
01-01 00:00:11.591  2045  2045 W KeyguardViewMediator: failed to load unlock sound from /system/media/audio/ui/Unlock.ogg
01-01 00:00:11.592  2045  2045 V KeyguardService: onCreate()
01-01 00:00:11.613  2045  2045 D SystemUIService: loading: class com.android.systemui.recent.Recents
01-01 00:00:11.613  2045  2045 D SystemUIService: running: com.android.systemui.recent.Recents@2cb9ad60
01-01 00:00:11.613  2045  2045 D SystemUIService: loading: class com.android.systemui.statusbar.SystemBars
01-01 00:00:11.613  2045  2045 D SystemUIService: running: com.android.systemui.statusbar.SystemBars@2cb9b348
01-01 00:00:11.616  2045  2045 D SystemUIService: loading: class com.android.systemui.usb.StorageNotification
01-01 00:00:11.616  2045  2045 D SystemUIService: running: com.android.systemui.usb.StorageNotification@2cb9d108
01-01 00:00:11.620  2045  2045 D SystemUIService: loading: class com.android.systemui.power.PowerUI
01-01 00:00:11.620  2045  2045 D SystemUIService: running: com.android.systemui.power.PowerUI@2cb9ece8
01-01 00:00:11.622  2045  2045 D SystemUIService: loading: class com.android.systemui.media.RingtonePlayer
01-01 00:00:11.622  2045  2045 D SystemUIService: running: com.android.systemui.media.RingtonePlayer@2cb9fa30
01-01 00:00:11.623  2045  2045 D SystemUIService: loading: class com.android.systemui.settings.SettingsUI
01-01 00:00:11.623  2045  2045 D SystemUIService: running: com.android.systemui.settings.SettingsUI@2cba0d18
