01-01 00:00:13.744  2371  2371 D dalvikvm: VFY: replacing opcode 0x6e at 0x00cd
01-01 00:00:13.745  1480  2006 I DVBSTACK: [Reply] DVB_DB_CONFIG_Get(33), size:8 (DvbService.cpp, 203)
01-01 00:00:13.747  2371  2371 I MultiDex: VM with version 1.6.0 does not have multidex support
01-01 00:00:13.747  2371  2371 I MultiDex: install
01-01 00:00:13.748  1480  1480 I DVBSTACK: [Reply] DVB_DB_CONFIG_Get(33), size:8 (DvbService.cpp, 203)
01-01 00:00:13.750  2371  2371 I MultiDex: MultiDexExtractor.load(/system/priv-app/PrebuiltGmsCore.apk, false)
01-01 00:00:13.751  2235  2235 V PvrPlayer: setVisibility : 4
01-01 00:00:13.752  2235  2235 V PvrPlayer: setPvrTime : 0
01-01 00:00:13.752  2235  2235 D PvrPlayer: setMax max : 300 / pvrSeekBar.getMax() : 7200
01-01 00:00:13.752  2235  2235 V PvrPlayer: setProgress : 0 0 0
01-01 00:00:13.753  2235  2235 D PvrPlayer: setMax max : 7200 / pvrSeekBar.getMax() : 300
01-01 00:00:13.754  2235  2235 V PvrManager: getModePlayback : 0
01-01 00:00:13.754  2235  2235 V PvrPlayer: setTrickModeIcon 1 : 100
01-01 00:00:13.754  2235  2235 V PvrPlayer: setTrickModeIcon 2 : 0
01-01 00:00:13.761  2371  2371 I MultiDex: loading existing secondary dex files
01-01 00:00:13.763  2371  2371 I MultiDex: load found 3 secondary dex files
01-01 00:00:13.768  2371  2371 I MultiDex: install done
01-01 00:00:13.779  1480  2006 I DVBSTACK: [Reply] DVB_ETC_VFD_SetText(282), size:4 (DvbService.cpp, 203)
01-01 00:00:13.838  2371  2371 D dalvikvm: DexOpt: couldn't find static field Landroid/os/Build;.SUPPORTED_ABIS
01-01 00:00:13.838  2371  2371 W dalvikvm: VFY: unable to resolve static field 120 (SUPPORTED_ABIS) in Landroid/os/Build;
01-01 00:00:13.838  2371  2371 D dalvikvm: VFY: replacing opcode 0x62 at 0x000a
01-01 00:00:13.838  2371  2371 D dalvikvm: DexOpt: couldn't find field Landroid/content/pm/ApplicationInfo;.splitSourceDirs
01-01 00:00:13.838  2371  2371 W dalvikvm: VFY: unable to resolve instance field 36
01-01 00:00:13.838  2371  2371 D dalvikvm: VFY: replacing opcode 0x54 at 0x005f
01-01 00:00:13.840  2371  2371 D dalvikvm: DexOpt: couldn't find static field Landroid/os/Build;.SUPPORTED_ABIS
01-01 00:00:13.840  2371  2371 W dalvikvm: VFY: unable to resolve static field 120 (SUPPORTED_ABIS) in Landroid/os/Build;
01-01 00:00:13.840  2371  2371 D dalvikvm: VFY: replacing opcode 0x62 at 0x0047
01-01 00:00:13.841  2371  2371 D dalvikvm: DexOpt: couldn't find field Landroid/content/pm/ApplicationInfo;.splitSourceDirs
01-01 00:00:13.841  2371  2371 I dalvikvm: DexOpt: unable to optimize instance field ref 0x0024 at 0x63 in Lcom/google/android/gms/common/util/ba;.b
01-01 00:00:13.861  2371  2371 D dalvikvm: No JNI_OnLoad found in /system/lib/libgmscore.so 0x2cb8f5f0, skipping init
01-01 00:00:13.871  2371  2371 V JNIHelp : Registering com/google/android/gms/org/conscrypt/NativeCrypto's 254 native methods...
01-01 00:00:13.917  2330  2330 D dalvikvm: DexOpt: couldn't find static field Landroid/os/Build;.SUPPORTED_ABIS
01-01 00:00:13.917  2330  2330 W dalvikvm: VFY: unable to resolve static field 120 (SUPPORTED_ABIS) in Landroid/os/Build;
01-01 00:00:13.917  2330  2330 D dalvikvm: VFY: replacing opcode 0x62 at 0x000a
01-01 00:00:13.918  2330  2330 D dalvikvm: DexOpt: couldn't find field Landroid/content/pm/ApplicationInfo;.splitSourceDirs
01-01 00:00:13.918  2330  2330 W dalvikvm: VFY: unable to resolve instance field 36
01-01 00:00:13.918  2330  2330 D dalvikvm: VFY: replacing opcode 0x54 at 0x005f
01-01 00:00:13.919  2330  2330 D dalvikvm: DexOpt: couldn't find static field Landroid/os/Build;.SUPPORTED_ABIS
01-01 00:00:13.919  2330  2330 W dalvikvm: VFY: unable to resolve static field 120 (SUPPORTED_ABIS) in Landroid/os/Build;
01-01 00:00:13.919  2330  2330 D dalvikvm: VFY: replacing opcode 0x62 at 0x0047
01-01 00:00:13.920  2330  2330 D dalvikvm: DexOpt: couldn't find field Landroid/content/pm/ApplicationInfo;.splitSourceDirs
01-01 00:00:13.920  2330  2330 I dalvikvm: DexOpt: unable to optimize instance field ref 0x0024 at 0x63 in Lcom/google/android/gms/common/util/ba;.b
01-01 00:00:13.928  2330  2330 D dalvikvm: No JNI_OnLoad found in /system/lib/libgmscore.so 0x2cb988d0, skipping init
01-01 00:00:13.929  2330  2333 D dalvikvm: GC_CONCURRENT freed 460K, 15% free 3427K/3988K, paused 3ms+13ms, total 35ms
01-01 00:00:13.932  2330  2330 V JNIHelp : Registering com/google/android/gms/org/conscrypt/NativeCrypto's 254 native methods...
01-01 00:00:13.989  2371  2371 I ProviderInstaller: Installed default security provider GmsCore_OpenSSL
01-01 00:00:14.030  2330  2330 I ProviderInstaller: Installed default security provider GmsCore_OpenSSL
01-01 00:00:14.047  2330  2413 D NativeLibraryUtils: Installer failed to acquire lock.
01-01 00:00:14.047  2330  2413 D NativeLibraryUtils: java.io.IOException: fcntl failed: EAGAIN (Try again)
01-01 00:00:14.047  2330  2413 D NativeLibraryUtils: 	at java.nio.FileChannelImpl.basicLock(FileChannelImpl.java:123)
01-01 00:00:14.047  2330  2413 D NativeLibraryUtils: 	at java.nio.FileChannelImpl.tryLock(FileChannelImpl.java:177)
01-01 00:00:14.047  2330  2413 D NativeLibraryUtils: 	at java.nio.channels.FileChannel.tryLock(FileChannel.java:587)
01-01 00:00:14.047  2330  2413 D NativeLibraryUtils: 	at com.google.android.gms.common.util.ba.b(:com.google.android.gms:335)
01-01 00:00:14.047  2330  2413 D NativeLibraryUtils: 	at com.google.android.gms.common.app.c.run(:com.google.android.gms:211)
01-01 00:00:14.047  2330  2413 D NativeLibraryUtils: Caused by: libcore.io.ErrnoException: fcntl failed: EAGAIN (Try again)
01-01 00:00:14.047  2330  2413 D NativeLibraryUtils: 	at libcore.io.Posix.fcntlFlock(Native Method)
01-01 00:00:14.047  2330  2413 D NativeLibraryUtils: 	at libcore.io.ForwardingOs.fcntlFlock(ForwardingOs.java:54)
01-01 00:00:14.047  2330  2413 D NativeLibraryUtils: 	at java.nio.FileChannelImpl.basicLock(FileChannelImpl.java:121)
01-01 00:00:14.047  2330  2413 D NativeLibraryUtils: 	... 4 more
01-01 00:00:14.050  2330  2330 D ChimeraCfgMgr: Reading stored module config
01-01 00:00:14.056  2371  2373 D dalvikvm: GC_CONCURRENT freed 597K, 18% free 3309K/4008K, paused 3ms+3ms, total 34ms
01-01 00:00:14.063  2371  2371 I dalvikvm: Could not find method android.app.Notification$Builder.setLocalOnly, referenced from method com.google.android.gms.common.os.b
01-01 00:00:14.063  2371  2371 W dalvikvm: VFY: unable to resolve virtual method 142: Landroid/app/Notification$Builder;.setLocalOnly (Z)Landroid/app/Notification$Builder;
01-01 00:00:14.063  2371  2371 D dalvikvm: VFY: replacing opcode 0x6e at 0x00ce
01-01 00:00:14.064  2371  2371 I dalvikvm: Could not find method android.content.pm.PackageManager.getPackageInstaller, referenced from method com.google.android.gms.common.ou.a
01-01 00:00:14.064  2371  2371 W dalvikvm: VFY: unable to resolve virtual method 430: Landroid/content/pm/PackageManager;.getPackageInstaller ()Landroid/content/pm/PackageInstaller;
01-01 00:00:14.064  2371  2371 D dalvikvm: VFY: replacing opcode 0x6e at 0x000d
01-01 00:00:14.064  2235  2235 D dalvikvm: GC_FOR_ALLOC freed 153K, 2% free 16352K/16608K, paused 29ms, total 30ms
01-01 00:00:14.075  2371  2371 I GCoreNlp: shouldConfirmNlp, NLP off. Ensuring opt-in disabled
01-01 00:00:14.077  2330  2330 I dalvikvm: Could not find method android.content.res.Resources.getColor, referenced from method com.google.android.chimera.container.internal.ModuleResources.getColor
01-01 00:00:14.077  2330  2330 W dalvikvm: VFY: unable to resolve virtual method 458: Landroid/content/res/Resources;.getColor (ILandroid/content/res/Resources$Theme;)I
01-01 00:00:14.077  2330  2330 D dalvikvm: VFY: replacing opcode 0x6f at 0x0006
01-01 00:00:14.077  2330  2330 I dalvikvm: Could not find method android.content.res.Resources.getColor, referenced from method com.google.android.chimera.container.internal.ModuleResources.getColor
01-01 00:00:14.077  2330  2330 W dalvikvm: VFY: unable to resolve virtual method 458: Landroid/content/res/Resources;.getColor (ILandroid/content/res/Resources$Theme;)I
01-01 00:00:14.077  2330  2330 D dalvikvm: VFY: replacing opcode 0x6e at 0x000d
01-01 00:00:14.077  2330  2330 I dalvikvm: Could not find method android.content.res.Resources.getColorStateList, referenced from method com.google.android.chimera.container.internal.ModuleResources.getColorStateList
01-01 00:00:14.077  2330  2330 W dalvikvm: VFY: unable to resolve virtual method 460: Landroid/content/res/Resources;.getColorStateList (ILandroid/content/res/Resources$Theme;)Landroid/content/res/ColorStateList;
01-01 00:00:14.077  2330  2330 D dalvikvm: VFY: replacing opcode 0x6f at 0x0006
01-01 00:00:14.077  2330  2330 I dalvikvm: Could not find method android.content.res.Resources.getColorStateList, referenced from method com.google.android.chimera.container.internal.ModuleResources.getColorStateList
01-01 00:00:14.077  2330  2330 W dalvikvm: VFY: unable to resolve virtual method 460: Landroid/content/res/Resources;.getColorStateList (ILandroid/content/res/Resources$Theme;)Landroid/content/res/ColorStateList;
01-01 00:00:14.077  2330  2330 D dalvikvm: VFY: replacing opcode 0x6e at 0x000d
01-01 00:00:14.078  2330  2330 I dalvikvm: Could not find method android.content.res.Resources.getDrawable, referenced from method com.google.android.chimera.container.internal.ModuleResources.getDrawable
01-01 00:00:14.078  2330  2330 W dalvikvm: VFY: unable to resolve virtual method 467: Landroid/content/res/Resources;.getDrawable (ILandroid/content/res/Resources$Theme;)Landroid/graphics/drawable/Drawable;
01-01 00:00:14.078  2330  2330 D dalvikvm: VFY: replacing opcode 0x6f at 0x0006
01-01 00:00:14.078  2330  2330 I dalvikvm: Could not find method android.content.res.Resources.getDrawable, referenced from method com.google.android.chimera.container.internal.ModuleResources.getDrawable
01-01 00:00:14.078  2330  2330 W dalvikvm: VFY: unable to resolve virtual method 467: Landroid/content/res/Resources;.getDrawable (ILandroid/content/res/Resources$Theme;)Landroid/graphics/drawable/Drawable;
01-01 00:00:14.078  2330  2330 D dalvikvm: VFY: replacing opcode 0x6e at 0x000d
01-01 00:00:14.078  2330  2330 I dalvikvm: Could not find method android.content.res.Resources.getDrawableForDensity, referenced from method com.google.android.chimera.container.internal.ModuleResources.getDrawableForDensity
01-01 00:00:14.078  2330  2330 W dalvikvm: VFY: unable to resolve virtual method 469: Landroid/content/res/Resources;.getDrawableForDensity (IILandroid/content/res/Resources$Theme;)Landroid/graphics/drawable/Drawable;
01-01 00:00:14.078  2330  2330 D dalvikvm: VFY: replacing opcode 0x6f at 0x0006
01-01 00:00:14.078  2330  2330 I dalvikvm: Could not find method android.content.res.Resources.getDrawableForDensity, referenced from method com.google.android.chimera.container.internal.ModuleResources.getDrawableForDensity
01-01 00:00:14.078  2330  2330 W dalvikvm: VFY: unable to resolve virtual method 469: Landroid/content/res/Resources;.getDrawableForDensity (IILandroid/content/res/Resources$Theme;)Landroid/graphics/drawable/Drawable;
01-01 00:00:14.078  2330  2330 D dalvikvm: VFY: replacing opcode 0x6e at 0x000d
01-01 00:00:14.168  2371  2371 I GCoreUlr: Starting service, intent=Intent { act=com.google.android.location.reporting.ACTION_UPDATE_WORLD cmp=com.google.android.gms/com.google.android.location.reporting.service.DispatchingService (has extras) }, extras=Bundle[{receiverAction=android.location.PROVIDERS_CHANGED}]
01-01 00:00:14.176  2155  2155 W Finsky  : [1] com.google.android.finsky.FinskyApp.i(1358): No account configured on this device.
01-01 00:00:14.180  2235  2235 V AppSettings: getUserAppsListFromPref :  0
01-01 00:00:14.180  2235  2235 V AppSettings: getUserAppsListFromPref X : 17
01-01 00:00:14.200  1962  2220 I ActivityManager: Start proc com.android.settings for broadcast com.android.settings/.widget.SettingsAppWidgetProvider: pid=2417 uid=1000 gids={41000, 1028, 1015, 3003, 3002, 3001}
01-01 00:00:14.220  2417  2417 E Environment: canonicalPath = /mnt/sdcard
01-01 00:00:14.233  2235  2235 I ------Samba_Interface--------: Create smb.conf
01-01 00:00:14.234  2235  2235 I ------Samba_Interface--------: SMB Directory has Existed!
01-01 00:00:14.235  2235  2235 I ------Samba_Interface--------: No need to create smb.conf,it has existed!
01-01 00:00:14.235  2235  2235 E ------Samba_Interface--------: Create SAMBA 4
01-01 00:00:14.241  2235  2235 I ------SambaServer--------: SambaServer constructor
01-01 00:00:14.241  2235  2235 I ------Samba_Interface--------: Create smb.conf
01-01 00:00:14.241  2235  2235 I ------Samba_Interface--------: SMB Directory has Existed!
01-01 00:00:14.241  2235  2235 I ------Samba_Interface--------: No need to create smb.conf,it has existed!
01-01 00:00:14.241  2235  2235 I ------SambaServer--------: Set global parameter!
01-01 00:00:14.241  2235  2235 I ------SambaServer--------: WORKGROUP = WORKGROUP
01-01 00:00:14.262  2235  2235 I ------SambaServer--------: security = share
01-01 00:00:14.264  2235  2235 I ------SambaServer--------: maxLogSize = 225
01-01 00:00:14.272  2235  2235 I ------Samba_Interface--------: Create smb.conf
01-01 00:00:14.272  2235  2235 I ------Samba_Interface--------: SMB Directory has Existed!
01-01 00:00:14.272  2235  2235 I ------Samba_Interface--------: No need to create smb.conf,it has existed!
01-01 00:00:14.272  2235  2235 E ------Samba_Interface--------: Create SAMBA 4
01-01 00:00:14.272  2235  2235 I ------SambaServer--------: SambaServer constructor
01-01 00:00:14.272  2235  2235 I ------Samba_Interface--------: Create smb.conf
01-01 00:00:14.272  2235  2235 I ------Samba_Interface--------: SMB Directory has Existed!
01-01 00:00:14.272  2235  2235 I ------Samba_Interface--------: No need to create smb.conf,it has existed!
01-01 00:00:14.273  2235  2235 I ------Samba_Interface--------: Create smb.conf
01-01 00:00:14.273  2235  2235 I ------Samba_Interface--------: SMB Directory has Existed!
01-01 00:00:14.273  2235  2235 I ------Samba_Interface--------: No need to create smb.conf,it has existed!
01-01 00:00:14.273  2235  2235 E ------Samba_Interface--------: Create SAMBA 4
01-01 00:00:14.273  2235  2235 I ------SambaServer--------: SambaServer constructor
01-01 00:00:14.273  2235  2235 I ------Samba_Interface--------: Create smb.conf
01-01 00:00:14.273  2235  2235 I ------Samba_Interface--------: SMB Directory has Existed!
01-01 00:00:14.273  2235  2235 I ------Samba_Interface--------: No need to create smb.conf,it has existed!
01-01 00:00:14.273  2235  2235 I ------SambaServer--------: Set global parameter!
01-01 00:00:14.279  2235  2235 I ------SambaServer--------: path = /mnt
01-01 00:00:14.281  2235  2235 I ------SambaServer--------: Start
01-01 00:00:14.281  2235  2235 I ------Samba_Interface--------: Create smb.conf
01-01 00:00:14.281  2235  2235 I ------Samba_Interface--------: SMB Directory has Existed!
01-01 00:00:14.281  2235  2235 I ------Samba_Interface--------: No need to create smb.conf,it has existed!
01-01 00:00:14.281  2235  2235 E ------Samba_Interface--------: Create SAMBA 4
01-01 00:00:14.281  2235  2235 I ------SambaServer--------: SambaServer constructor
01-01 00:00:14.281  2235  2235 I ------Samba_Interface--------: Create smb.conf
01-01 00:00:14.281  2235  2235 I ------Samba_Interface--------: SMB Directory has Existed!
01-01 00:00:14.281  2235  2235 I ------Samba_Interface--------: No need to create smb.conf,it has existed!
01-01 00:00:14.281  2235  2235 I         : nssh(IClient)cmd=1011,buf=(/mnt/ps)
01-01 00:00:14.282  1470  1470 I         : nssh(server) cmd=1011, buf=/mnt/ps
01-01 00:00:14.282  1470  1470 E         : nssh(1011,/mnt/ps) run !
01-01 00:00:14.302  2371  2373 D dalvikvm: GC_CONCURRENT freed 362K, 11% free 3944K/4388K, paused 6ms+6ms, total 49ms
01-01 00:00:14.324  2371  2371 I GCoreUlr: DispatchingService.onCreate()
01-01 00:00:14.354  1470  1470 I         : nssh(server) ret=0
01-01 00:00:14.355  2235  2235 I         : nssh(IClient)cmd=1011,buf=(/mnt/ps)
01-01 00:00:14.357  1470  2431 I         : nssh(server) cmd=1011, buf=/mnt/ps
01-01 00:00:14.357  1470  2431 E         : nssh(1011,/mnt/ps) run !
01-01 00:00:14.366  1962  1991 D BluetoothManagerService: Message: 20
01-01 00:00:14.366  1962  1991 D BluetoothManagerService: Added callback: android.bluetooth.IBluetoothManagerCallback$Stub$Proxy@2ce68a70:true
01-01 00:00:14.367  2371  2371 I dalvikvm: Could not find method android.accounts.AccountManager.getPreviousName, referenced from method com.google.android.location.util.c.a
01-01 00:00:14.367  2371  2371 W dalvikvm: VFY: unable to resolve virtual method 16: Landroid/accounts/AccountManager;.getPreviousName (Landroid/accounts/Account;)Ljava/lang/String;
01-01 00:00:14.367  2371  2371 D dalvikvm: VFY: replacing opcode 0x6e at 0x000a
01-01 00:00:14.371  2417  2417 D BluetoothAdapter: 750368872: getState() :  mService = null. Returning STATE_OFF
01-01 00:00:14.373  1962  1991 D BluetoothManagerService: Message: 30
01-01 00:00:14.378  2417  2417 W ContextImpl: Calling a method in the system process without a qualified user: android.app.ContextImpl.bindService:1620 android.content.ContextWrapper.bindService:517 android.bluetooth.BluetoothInputDevice.doBind:245 android.bluetooth.BluetoothInputDevice.<init>:238 android.bluetooth.BluetoothAdapter.getProfileProxy:1187 
01-01 00:00:14.382  1962  1991 D BluetoothManagerService: Message: 30
01-01 00:00:14.386  2417  2417 W ContextImpl: Calling a method in the system process without a qualified user: android.app.ContextImpl.bindService:1620 android.content.ContextWrapper.bindService:517 android.bluetooth.BluetoothPan.doBind:149 android.bluetooth.BluetoothPan.<init>:141 android.bluetooth.BluetoothAdapter.getProfileProxy:1190 
01-01 00:00:14.388  2417  2417 D LocalBluetoothProfileManager: Adding local MAP profile
01-01 00:00:14.389  2417  2417 D BluetoothMap: Create BluetoothMap proxy object
01-01 00:00:14.390  1962  1991 D BluetoothManagerService: Message: 30
01-01 00:00:14.394  2417  2417 W ContextImpl: Calling a method in the system process without a qualified user: android.app.ContextImpl.bindService:1620 android.content.ContextWrapper.bindService:517 android.bluetooth.BluetoothMap.doBind:109 android.bluetooth.BluetoothMap.<init>:102 android.bluetooth.BluetoothAdapter.getProfileProxy:1196 
01-01 00:00:14.397  2330  2330 I dalvikvm: Could not find method android.os.PowerManager.isInteractive, referenced from method com.google.android.gms.cast.d.o.o
01-01 00:00:14.397  2330  2330 W dalvikvm: VFY: unable to resolve virtual method 1533: Landroid/os/PowerManager;.isInteractive ()Z
01-01 00:00:14.397  2330  2330 D dalvikvm: VFY: replacing opcode 0x6e at 0x0042
01-01 00:00:14.398  1962  1991 D BluetoothManagerService: Message: 30
01-01 00:00:14.398  2371  2412 D NativeLibraryUtils: Install completed successfully. count=0 extracted=0
01-01 00:00:14.400  2417  2417 W ContextImpl: Calling a method in the system process without a qualified user: android.app.ContextImpl.bindService:1620 android.content.ContextWrapper.bindService:517 android.bluetooth.BluetoothPbap.doBind:164 android.bluetooth.BluetoothPbap.<init>:157 com.android.settings.bluetooth.PbapServerProfile.<init>:68 
01-01 00:00:14.401  2417  2417 D LocalBluetoothProfileManager: LocalBluetoothProfileManager construction complete
01-01 00:00:14.401  2417  2417 D BluetoothAdapter: 750368872: getState() :  mService = null. Returning STATE_OFF
01-01 00:00:14.401  2417  2417 D BluetoothAdapter: 750368872: getState() :  mService = null. Returning STATE_OFF
01-01 00:00:14.443  1470  2431 I         : nssh(server) ret=0
01-01 00:00:14.448  2235  2235 I ------Samba_Interface--------: line : 214, ip = 192.168.1.30, str = 
01-01 00:00:14.486  2235  2235 I ------Samba_Interface--------: line : 222, echo_ip = echo "192.168.1.30" >/data/app/samba/var/ip
01-01 00:00:14.497  2235  2235 I ------SambaServer--------: line : 274, netbios and server string = Android_c06ca1
01-01 00:00:14.513  2330  2330 I CastSocket: 19 >= 18. Adding new CastClientAuthKeyManager.
01-01 00:00:14.532  2045  2045 I Choreographer: Skipped 93 frames!  The application may be doing too much work on its main thread.
01-01 00:00:14.580  2330  2333 D dalvikvm: GC_CONCURRENT freed 623K, 17% free 3727K/4452K, paused 4ms+5ms, total 41ms
01-01 00:00:14.633  2155  2155 W Finsky  : [1] com.google.android.finsky.FinskyApp.i(1358): No account configured on this device.
01-01 00:00:14.639  2371  2371 I dalvikvm: Failed resolving Lcom/google/android/gms/common/j/c; interface 119 'Landroid/content/pm/PackageManager$OnPermissionsChangedListener;'
01-01 00:00:14.639  2371  2371 W dalvikvm: Link of class 'Lcom/google/android/gms/common/j/c;' failed
01-01 00:00:14.643  2371  2371 E dalvikvm: Could not find class 'com.google.android.gms.common.j.c', referenced from method com.google.android.gms.common.j.b.a
01-01 00:00:14.643  2371  2371 W dalvikvm: VFY: unable to resolve new-instance 2862 (Lcom/google/android/gms/common/j/c;) in Lcom/google/android/gms/common/j/b;
01-01 00:00:14.643  2371  2371 D dalvikvm: VFY: replacing opcode 0x22 at 0x0000
01-01 00:00:14.643  2371  2371 I dalvikvm: Could not find method android.content.Context.checkSelfPermission, referenced from method com.google.android.gms.common.j.b.b
01-01 00:00:14.643  2371  2371 W dalvikvm: VFY: unable to resolve virtual method 276: Landroid/content/Context;.checkSelfPermission (Ljava/lang/String;)I
01-01 00:00:14.643  2371  2371 D dalvikvm: VFY: replacing opcode 0x6e at 0x0036
01-01 00:00:14.644  2371  2371 I dalvikvm: Failed resolving Lcom/google/android/gms/common/j/c; interface 119 'Landroid/content/pm/PackageManager$OnPermissionsChangedListener;'
01-01 00:00:14.644  2371  2371 W dalvikvm: Link of class 'Lcom/google/android/gms/common/j/c;' failed
01-01 00:00:14.645  2371  2371 D dalvikvm: DexOpt: unable to opt direct call 0x363b at 0x02 in Lcom/google/android/gms/common/j/b;.a
01-01 00:00:14.674  2330  2455 I iu.SyncManager: SYNC; picasa accounts
01-01 00:00:14.681  2371  2450 I GCoreUlr: WorldUpdater received intent Intent { act=com.google.android.location.reporting.ACTION_UPDATE_WORLD cmp=com.google.android.gms/com.google.android.location.reporting.service.DispatchingService (has extras) } with receiverAction android.location.PROVIDERS_CHANGED
01-01 00:00:14.682  2371  2371 D GeofencerStateMachine: Creating GeofencerStateMachine
01-01 00:00:14.689  2330  2330 D NetworkLogImpl: Loaded NetworkSpeedPredictor
01-01 00:00:14.700  2330  2330 I iu.Environment: update connectivity state; isNetworkMetered? false, isRoaming? false, isBackgroundDataAllowed? true*
01-01 00:00:14.735  2280  2415 D dalvikvm: GC_EXPLICIT freed 137K, 11% free 3546K/3960K, paused 3ms+4ms, total 33ms
01-01 00:00:14.736  2330  2455 I iu.UploadsManager: num queued entries: 0
01-01 00:00:14.738  2330  2455 I iu.UploadsManager: num updated entries: 0
01-01 00:00:14.744  2330  2455 I iu.SyncManager: NEXT; no task
01-01 00:00:14.754  2371  2371 I dalvikvm: Could not find method android.app.AlarmManager.setExactAndAllowWhileIdle, referenced from method com.google.android.gms.common.stats.b.a
01-01 00:00:14.754  2371  2371 W dalvikvm: VFY: unable to resolve virtual method 70: Landroid/app/AlarmManager;.setExactAndAllowWhileIdle (IJLandroid/app/PendingIntent;)V
01-01 00:00:14.754  2371  2371 D dalvikvm: VFY: replacing opcode 0x6e at 0x0010
01-01 00:00:14.774  2371  2450 I GCoreUlr: WorldUpdater:android.location.PROVIDERS_CHANGED: Ensuring that reporting is stopped because of reasons: (no Google accounts)
01-01 00:00:14.777  2371  2450 I GCoreUlr: Unbound from all location providers
01-01 00:00:14.777  2371  2450 I GCoreUlr: Place inference reporting - stopped
01-01 00:00:14.790  2371  2371 I dalvikvm: Failed resolving Lcom/google/android/gms/common/util/bq; interface 119 'Landroid/content/pm/PackageManager$OnPermissionsChangedListener;'
01-01 00:00:14.790  2371  2371 W dalvikvm: Link of class 'Lcom/google/android/gms/common/util/bq;' failed
01-01 00:00:14.790  2371  2371 E dalvikvm: Could not find class 'com.google.android.gms.common.util.bq', referenced from method com.google.android.gms.common.util.bo.a
01-01 00:00:14.790  2371  2371 W dalvikvm: VFY: unable to resolve new-instance 2701 (Lcom/google/android/gms/common/util/bq;) in Lcom/google/android/gms/common/util/bo;
01-01 00:00:14.790  2371  2371 D dalvikvm: VFY: replacing opcode 0x22 at 0x0010
01-01 00:00:14.791  2371  2371 I dalvikvm: Failed resolving Lcom/google/android/gms/common/util/bq; interface 119 'Landroid/content/pm/PackageManager$OnPermissionsChangedListener;'
01-01 00:00:14.791  2371  2371 W dalvikvm: Link of class 'Lcom/google/android/gms/common/util/bq;' failed
01-01 00:00:14.791  2371  2371 D dalvikvm: DexOpt: unable to opt direct call 0x2dc1 at 0x16 in Lcom/google/android/gms/common/util/bo;.a
01-01 00:00:14.809  2371  2373 D dalvikvm: GC_CONCURRENT freed 729K, 17% free 4190K/5020K, paused 5ms+5ms, total 30ms
01-01 00:00:14.889  2371  2371 I dalvikvm: Could not find method android.os.PowerManager.isDeviceIdleMode, referenced from method com.google.android.location.util.k.a
01-01 00:00:14.889  2371  2371 W dalvikvm: VFY: unable to resolve virtual method 1532: Landroid/os/PowerManager;.isDeviceIdleMode ()Z
01-01 00:00:14.889  2371  2371 D dalvikvm: VFY: replacing opcode 0x6e at 0x000a
01-01 00:00:14.972  2371  2371 I GCoreUlr: Starting service, intent=Intent { act=com.google.android.location.reporting.ACTION_UPDATE_WORLD cmp=com.google.android.gms/com.google.android.location.reporting.service.DispatchingService (has extras) }, extras=Bundle[{receiverAction=android.intent.action.ACTION_POWER_DISCONNECTED}]
01-01 00:00:15.008  2371  2371 I GAv4-SVC: Google Analytics 8.7.03 is starting up.
01-01 00:00:15.179  2371  2371 I dalvikvm: Could not find method android.net.wifi.WifiManager.isWifiScannerSupported, referenced from method com.google.android.location.places.i.k.<init>
01-01 00:00:15.179  2371  2371 W dalvikvm: VFY: unable to resolve virtual method 1032: Landroid/net/wifi/WifiManager;.isWifiScannerSupported ()Z
01-01 00:00:15.179  2371  2371 D dalvikvm: VFY: replacing opcode 0x6e at 0x002d
01-01 00:00:15.180  2371  2371 W dalvikvm: VFY: unable to find class referenced in signature (Landroid/net/wifi/WifiScanner;)
01-01 00:00:15.186  2371  2371 I dalvikvm: Could not find method android.bluetooth.BluetoothAdapter.isOffloadedFilteringSupported, referenced from method com.google.android.gms.blescanner.c.b.a
01-01 00:00:15.186  2371  2371 W dalvikvm: VFY: unable to resolve virtual method 338: Landroid/bluetooth/BluetoothAdapter;.isOffloadedFilteringSupported ()Z
01-01 00:00:15.186  2371  2371 D dalvikvm: VFY: replacing opcode 0x6e at 0x004c
01-01 00:00:15.186  2371  2371 I dalvikvm: Could not find method android.bluetooth.BluetoothAdapter.getBluetoothLeScanner, referenced from method com.google.android.gms.blescanner.c.b.a
01-01 00:00:15.186  2371  2371 W dalvikvm: VFY: unable to resolve virtual method 331: Landroid/bluetooth/BluetoothAdapter;.getBluetoothLeScanner ()Landroid/bluetooth/le/BluetoothLeScanner;
01-01 00:00:15.186  2371  2371 D dalvikvm: VFY: replacing opcode 0x6e at 0x00c3
01-01 00:00:15.186  2371  2371 I dalvikvm: Could not find method android.bluetooth.BluetoothAdapter.getBluetoothLeScanner, referenced from method com.google.android.gms.blescanner.c.b.a
01-01 00:00:15.186  2371  2371 W dalvikvm: VFY: unable to resolve virtual method 331: Landroid/bluetooth/BluetoothAdapter;.getBluetoothLeScanner ()Landroid/bluetooth/le/BluetoothLeScanner;
01-01 00:00:15.186  2371  2371 D dalvikvm: VFY: replacing opcode 0x6e at 0x012b
01-01 00:00:15.198  2371  2371 I BleScanCompatLib: Building BLE scanner compat:  'L/M' hardware access layer is not available: Build version is 19 which is too low.
01-01 00:00:15.199  1962  1991 D BluetoothManagerService: Message: 20
01-01 00:00:15.200  1962  1991 D BluetoothManagerService: Added callback: android.bluetooth.IBluetoothManagerCallback$Stub$Proxy@2cec1e50:true
01-01 00:00:15.204  2371  2371 I BleScanCompatLib: BLE 'JB+' software access layer enabled
01-01 00:00:15.245  2371  2371 W dalvikvm: VFY: unable to find class referenced in signature (Landroid/net/wifi/RttManager;)
01-01 00:00:15.250  2371  2371 W dalvikvm: VFY: unable to find class referenced in signature (Landroid/net/wifi/WifiScanner;)
01-01 00:00:15.252  2371  2371 E dalvikvm: Could not find class 'android.net.wifi.WifiScanner$BssidInfo[]', referenced from method com.google.android.location.places.i.i.a
01-01 00:00:15.252  2371  2371 W dalvikvm: VFY: unable to resolve new-array 10944 ([Landroid/net/wifi/WifiScanner$BssidInfo;) in Lcom/google/android/location/places/i/i;
01-01 00:00:15.252  2371  2371 D dalvikvm: VFY: replacing opcode 0x23 at 0x0012
01-01 00:00:15.273  2371  2373 D dalvikvm: GC_CONCURRENT freed 1305K, 27% free 3893K/5300K, paused 2ms+2ms, total 31ms
01-01 00:00:15.290  2330  2487 I dalvikvm: Could not find method android.os.PowerManager.isInteractive, referenced from method com.google.android.gms.common.util.aa.a
01-01 00:00:15.290  2330  2487 W dalvikvm: VFY: unable to resolve virtual method 1255: Landroid/os/PowerManager;.isInteractive ()Z
01-01 00:00:15.290  2330  2487 D dalvikvm: VFY: replacing opcode 0x6e at 0x003d
01-01 00:00:15.299  2330  2487 D MdnsClient: #acquireLock. Multicast lock not held. Acquiring
01-01 00:00:15.301  1962  2032 D WifiStateMachine: handleMessage: E msg.what=131157
01-01 00:00:15.301  1962  2032 D WifiStateMachine: processMsg: InitialState
01-01 00:00:15.301  1962  2032 D WifiStateMachine: processMsg: DefaultState
01-01 00:00:15.304  1962  2032 E WifiStateMachine: Error! unhandled message{ when=0 what=131157 target=com.android.internal.util.StateMachine$SmHandler }
01-01 00:00:15.304  1962  2032 D WifiStateMachine: handleMessage: X
01-01 00:00:15.318  1962  2032 D WifiStateMachine: handleMessage: E msg.what=131143
01-01 00:00:15.318  1962  2032 D WifiStateMachine: processMsg: InitialState
01-01 00:00:15.318  1962  2032 D WifiStateMachine: processMsg: DefaultState
01-01 00:00:15.318  1962  2032 D WifiStateMachine: handleMessage: X
01-01 00:00:15.352  2371  2371 I GCoreUlr: DispatchingService.onDestroy()
01-01 00:00:15.352  2371  2371 I GCoreUlr: Stopping handler for UlrDispSvcFast
01-01 00:00:15.355  2371  2371 I GCoreUlr: Unbound from all location providers
01-01 00:00:15.355  2371  2371 I GCoreUlr: Place inference reporting - stopped
01-01 00:00:15.356  2371  2480 I Places  : b.c:195: PlacesBleScanner stop()
01-01 00:00:15.357  2371  2371 V GeofencerHelper: Initializing geofence's system cache.
01-01 00:00:15.357  2371  2480 I BleScanCompatLib: Scan : No clients left, canceling alarm.
01-01 00:00:15.371  2371  2458 D GeofenceStateCache: Recovered 0 geofences.
01-01 00:00:15.383  2371  2458 I GeofencerStateMachine: Network location disabled.
01-01 00:00:15.384  2371  2371 I dalvikvm: Could not find method android.os.UserHandle.isOwner, referenced from method com.google.android.location.internal.server.o.f
01-01 00:00:15.384  2371  2371 W dalvikvm: VFY: unable to resolve virtual method 1558: Landroid/os/UserHandle;.isOwner ()Z
01-01 00:00:15.384  2371  2371 D dalvikvm: VFY: replacing opcode 0x6e at 0x00ab
01-01 00:00:15.400  2371  2458 W GeofencerStateMachine: Ignoring removeGeofence because network location is disabled.
01-01 00:00:15.436  2371  2371 I GCoreUlr: DispatchingService.onCreate()
01-01 00:00:15.479  2371  2371 I dalvikvm: Could not find method android.os.UserManager.isManagedProfile, referenced from method com.google.android.gms.tapandpay.j.f.a
01-01 00:00:15.479  2371  2371 W dalvikvm: VFY: unable to resolve virtual method 1563: Landroid/os/UserManager;.isManagedProfile ()Z
01-01 00:00:15.479  2371  2371 D dalvikvm: VFY: replacing opcode 0x6e at 0x0037
01-01 00:00:15.485  2280  2280 W dalvikvm: VFY: unable to resolve static field 560 (PR_SET_DUMPABLE) in Landroid/system/OsConstants;
01-01 00:00:15.485  2280  2280 D dalvikvm: VFY: replacing opcode 0x60 at 0x000b
01-01 00:00:15.491  2280  2280 I dalvikvm: Could not find method com.google.android.gms.common.app.GmsApplication.getSystemService, referenced from method com.google.android.gms.common.app.GmsApplication.onCreate
01-01 00:00:15.491  2280  2280 W dalvikvm: VFY: unable to resolve virtual method 12441: Lcom/google/android/gms/common/app/GmsApplication;.getSystemService (Ljava/lang/Class;)Ljava/lang/Object;
01-01 00:00:15.491  2280  2280 D dalvikvm: VFY: replacing opcode 0x6e at 0x00cd
01-01 00:00:15.493  2371  2494 I GCoreUlr: WorldUpdater received intent Intent { act=com.google.android.location.reporting.ACTION_UPDATE_WORLD cmp=com.google.android.gms/com.google.android.location.reporting.service.DispatchingService (has extras) } with receiverAction android.intent.action.ACTION_POWER_DISCONNECTED
01-01 00:00:15.493  2280  2280 I MultiDex: VM with version 1.6.0 does not have multidex support
01-01 00:00:15.493  2280  2280 I MultiDex: install
01-01 00:00:15.496  2280  2280 I MultiDex: MultiDexExtractor.load(/system/priv-app/PrebuiltGmsCore.apk, false)
01-01 00:00:15.497  2235  2235 I         : sambaStart(IClient)
01-01 00:00:15.498  1470  1470 I         : sambaStart(server)
01-01 00:00:15.498  1470  1470 I         : In function start smbd
01-01 00:00:15.498  1480  1480 I DVBSTACK: [Reply] DVB_DB_CONFIG_Get(33), size:8 (DvbService.cpp, 203)
01-01 00:00:15.498  1480  2006 I DVBSTACK: [Reply] DVB_DB_CONFIG_Get(33), size:8 (DvbService.cpp, 203)
01-01 00:00:15.498  1480  1480 I DVBSTACK: [Reply] DVB_DB_CONFIG_Get(33), size:8 (DvbService.cpp, 203)
01-01 00:00:15.508  2280  2280 I MultiDex: loading existing secondary dex files
01-01 00:00:15.513  2280  2280 I MultiDex: load found 3 secondary dex files
01-01 00:00:15.539  2280  2280 I MultiDex: install done
01-01 00:00:15.567  2280  2280 D dalvikvm: DexOpt: couldn't find static field Landroid/os/Build;.SUPPORTED_ABIS
01-01 00:00:15.567  2280  2280 W dalvikvm: VFY: unable to resolve static field 120 (SUPPORTED_ABIS) in Landroid/os/Build;
01-01 00:00:15.567  2280  2280 D dalvikvm: VFY: replacing opcode 0x62 at 0x000a
01-01 00:00:15.568  2280  2280 D dalvikvm: DexOpt: couldn't find field Landroid/content/pm/ApplicationInfo;.splitSourceDirs
01-01 00:00:15.568  2280  2280 W dalvikvm: VFY: unable to resolve instance field 36
01-01 00:00:15.568  2280  2280 D dalvikvm: VFY: replacing opcode 0x54 at 0x005f
01-01 00:00:15.571  2280  2280 D dalvikvm: DexOpt: couldn't find static field Landroid/os/Build;.SUPPORTED_ABIS
01-01 00:00:15.571  2280  2280 W dalvikvm: VFY: unable to resolve static field 120 (SUPPORTED_ABIS) in Landroid/os/Build;
01-01 00:00:15.571  2280  2280 D dalvikvm: VFY: replacing opcode 0x62 at 0x0047
01-01 00:00:15.578  2280  2280 D dalvikvm: DexOpt: couldn't find field Landroid/content/pm/ApplicationInfo;.splitSourceDirs
01-01 00:00:15.578  2280  2280 I dalvikvm: DexOpt: unable to optimize instance field ref 0x0024 at 0x63 in Lcom/google/android/gms/common/util/ba;.b
01-01 00:00:15.583  1962  1973 D dalvikvm: GC_EXPLICIT freed 301K, 11% free 6601K/7376K, paused 3ms+12ms, total 86ms
01-01 00:00:15.590  2280  2280 D dalvikvm: No JNI_OnLoad found in /system/lib/libgmscore.so 0x2cbcd608, skipping init
01-01 00:00:15.599  2280  2280 V JNIHelp : Registering com/google/android/gms/org/conscrypt/NativeCrypto's 254 native methods...
01-01 00:00:15.672  2371  2495 W dalvikvm: VFY: unable to find class referenced in signature (Lcom/android/location/provider/ActivityChangedEvent;)
01-01 00:00:15.686  2371  2495 I dalvikvm: Could not find method com.android.location.provider.ActivityChangedEvent.getActivityRecognitionEvents, referenced from method com.google.android.location.a.j.a
01-01 00:00:15.686  2371  2495 W dalvikvm: VFY: unable to resolve virtual method 3515: Lcom/android/location/provider/ActivityChangedEvent;.getActivityRecognitionEvents ()Ljava/lang/Iterable;
01-01 00:00:15.686  2371  2495 D dalvikvm: VFY: replacing opcode 0x6e at 0x0009
01-01 00:00:15.695  2371  2373 D dalvikvm: GC_CONCURRENT freed 712K, 22% free 4156K/5300K, paused 3ms+4ms, total 37ms
01-01 00:00:15.705  2371  2494 I GCoreUlr: WorldUpdater:android.intent.action.ACTION_POWER_DISCONNECTED: Ensuring that reporting is stopped because of reasons: (no Google accounts)
01-01 00:00:15.721  2235  2235 I DvbCallbackListener: -------------->addDvbListener : CiMessageDialog
01-01 00:00:15.722  1480  2006 I DVBSTACK: [Reply] DVB_SYS_LuncherStart(8), size:8 (DvbService.cpp, 203)
01-01 00:00:15.752  2371  2494 I GCoreUlr: Unbound from all location providers
01-01 00:00:15.754  2371  2494 I GCoreUlr: Place inference reporting - stopped
01-01 00:00:15.755  1480  1480 I DVBSTACK: [Reply] DVB_STORAGE_RecordPath(246), size:4 (DvbService.cpp, 203)
01-01 00:00:15.755  1480  2006 I DVBSTACK: [Reply] DVB_DB_CONFIG_Get(33), size:8 (DvbService.cpp, 203)
01-01 00:00:15.755  1480  1480 I DVBSTACK: [Reply] DVB_DB_CONFIG_Get(33), size:8 (DvbService.cpp, 203)
01-01 00:00:15.757  1480  2006 I DVBSTACK: [Reply] DVB_SYS_BootSource(9), size:8 (DvbService.cpp, 203)
01-01 00:00:15.757  1480  1480 I DVBSTACK: [Reply] DVB_DB_CONFIG_Get(33), size:8 (DvbService.cpp, 203)
01-01 00:00:15.757  2235  2235 V Home    : !!!!!!!! Wakeupsrc 0
01-01 00:00:15.757  1480  2006 I DVBSTACK: [Reply] DVB_DB_CONFIG_Get(33), size:8 (DvbService.cpp, 203)
01-01 00:00:15.758  1480  1480 I DVBSTACK: [Reply] DVB_DB_CONFIG_Get(33), size:8 (DvbService.cpp, 203)
01-01 00:00:15.762  2280  2280 I ProviderInstaller: Installed default security provider GmsCore_OpenSSL
01-01 00:00:15.790  2371  2371 I GCoreUlr: DispatchingService.onDestroy()
01-01 00:00:15.790  2371  2371 I GCoreUlr: Stopping handler for UlrDispSvcFast
01-01 00:00:15.797  2371  2371 I GCoreUlr: Unbound from all location providers
01-01 00:00:15.797  2371  2371 I GCoreUlr: Place inference reporting - stopped
01-01 00:00:15.815  2371  2371 I GCoreNlp: shouldConfirmNlp, NLP off. Ensuring opt-in disabled
01-01 00:00:15.823  2235  2235 D Supremo : [MultiFeedManager] setInfoBar : com.android.dvb.common.view.WMessageBar{2d7442d8 I.E..... ......I. 0,0-0,0 #7f0d00d4 app:id/information_bottom_msg}
01-01 00:00:15.823  2235  2235 V Home    : onResume E
01-01 00:00:15.823  2235  2235 V Home    : Sys Boot Check onResume : true
01-01 00:00:15.829  1470  1470 I         : In function start nmbd
01-01 00:00:15.847  2371  2371 I GCoreUlr: Starting service, intent=Intent { act=com.google.android.location.reporting.ACTION_UPDATE_WORLD cmp=com.google.android.gms/com.google.android.location.reporting.service.DispatchingService (has extras) }, extras=Bundle[{receiverAction=android.location.PROVIDERS_CHANGED}]
01-01 00:00:15.850  2371  2371 I GCoreUlr: DispatchingService.onCreate()
01-01 00:00:15.859  2280  2284 D dalvikvm: GC_CONCURRENT freed 718K, 20% free 3764K/4648K, paused 2ms+11ms, total 36ms
01-01 00:00:15.863  2155  2155 W Finsky  : [1] com.google.android.finsky.FinskyApp.i(1358): No account configured on this device.
01-01 00:00:15.875  2417  2417 D BluetoothAdapter: 750368872: getState() :  mService = null. Returning STATE_OFF
01-01 00:00:15.891  1962  1972 I ActivityManager: Start proc com.google.android.partnersetup for broadcast com.google.android.partnersetup/.PhoneStateReceiver: pid=2523 uid=10008 gids={50008, 3003}
01-01 00:00:15.897  2523  2523 E Environment: canonicalPath = /mnt/sdcard
01-01 00:00:15.961  1470  1470 I         : sambaStart(server) ret = 0
01-01 00:00:15.982  2371  2535 I GCoreUlr: WorldUpdater received intent Intent { act=com.google.android.location.reporting.ACTION_UPDATE_WORLD cmp=com.google.android.gms/com.google.android.location.reporting.service.DispatchingService (has extras) } with receiverAction android.location.PROVIDERS_CHANGED
01-01 00:00:15.988  2280  2518 D NativeLibraryUtils: Install completed successfully. count=0 extracted=0
01-01 00:00:15.999  2371  2495 W Settings: Setting airplane_mode_on has moved from android.provider.Settings.System to android.provider.Settings.Global, returning read-only value.
01-01 00:00:16.003  1480  2006 I DVBSTACK: [Reply] DVB_SYS_ChangeContext(1), size:12 (DvbService.cpp, 203)
01-01 00:00:16.015  2371  2535 I GCoreUlr: WorldUpdater:android.location.PROVIDERS_CHANGED: Ensuring that reporting is stopped because of reasons: (no Google accounts)
01-01 00:00:16.018  2371  2535 I GCoreUlr: Unbound from all location providers
01-01 00:00:16.018  2371  2535 I GCoreUlr: Place inference reporting - stopped
01-01 00:00:16.019  2371  2495 W Settings: Setting airplane_mode_on has moved from android.provider.Settings.System to android.provider.Settings.Global, returning read-only value.
01-01 00:00:16.072  2371  2371 I GCoreUlr: DispatchingService.onDestroy()
01-01 00:00:16.072  2371  2371 I GCoreUlr: Stopping handler for UlrDispSvcFast
01-01 00:00:16.078  2371  2371 I GCoreUlr: Unbound from all location providers
01-01 00:00:16.078  2371  2371 I GCoreUlr: Place inference reporting - stopped
01-01 00:00:16.079  2330  2330 I dalvikvm: Could not find method android.os.UserManager.getUserProfiles, referenced from method com.google.android.gms.wearable.service.WearableController.a
01-01 00:00:16.079  2330  2330 W dalvikvm: VFY: unable to resolve virtual method 1561: Landroid/os/UserManager;.getUserProfiles ()Ljava/util/List;
01-01 00:00:16.079  2330  2330 D dalvikvm: VFY: replacing opcode 0x6e at 0x003e
01-01 00:00:16.118  2371  2371 D ChimeraCfgMgr: Reading stored module config
01-01 00:00:16.134  1480  2005 E HI_AO   : [1259979526 ERROR-HI_AO]:HI_MPI_AO_Track_SetChannelMode[983]:track(0x0) is not ao handle!
01-01 00:00:16.134  2371  2371 I dalvikvm: Could not find method android.content.res.Resources.getColor, referenced from method com.google.android.chimera.container.internal.ModuleResources.getColor
01-01 00:00:16.134  2371  2371 W dalvikvm: VFY: unable to resolve virtual method 458: Landroid/content/res/Resources;.getColor (ILandroid/content/res/Resources$Theme;)I
01-01 00:00:16.134  2371  2371 D dalvikvm: VFY: replacing opcode 0x6f at 0x0006
01-01 00:00:16.134  1480  2005 E HI_AO   : [1259979526 ERROR-HI_AO]:HI_UNF_SND_SetTrackChannelMode[689]:Set Track(0) SoftTrackMode failed.
01-01 00:00:16.134  2371  2371 I dalvikvm: Could not find method android.content.res.Resources.getColor, referenced from method com.google.android.chimera.container.internal.ModuleResources.getColor
01-01 00:00:16.134  2371  2371 W dalvikvm: VFY: unable to resolve virtual method 458: Landroid/content/res/Resources;.getColor (ILandroid/content/res/Resources$Theme;)I
01-01 00:00:16.134  2371  2371 D dalvikvm: VFY: replacing opcode 0x6e at 0x000d
01-01 00:00:16.135  2371  2371 I dalvikvm: Could not find method android.content.res.Resources.getColorStateList, referenced from method com.google.android.chimera.container.internal.ModuleResources.getColorStateList
01-01 00:00:16.135  2371  2371 W dalvikvm: VFY: unable to resolve virtual method 460: Landroid/content/res/Resources;.getColorStateList (ILandroid/content/res/Resources$Theme;)Landroid/content/res/ColorStateList;
01-01 00:00:16.135  2371  2371 D dalvikvm: VFY: replacing opcode 0x6f at 0x0006
01-01 00:00:16.135  2371  2371 I dalvikvm: Could not find method android.content.res.Resources.getColorStateList, referenced from method com.google.android.chimera.container.internal.ModuleResources.getColorStateList
01-01 00:00:16.135  2371  2371 W dalvikvm: VFY: unable to resolve virtual method 460: Landroid/content/res/Resources;.getColorStateList (ILandroid/content/res/Resources$Theme;)Landroid/content/res/ColorStateList;
01-01 00:00:16.135  2371  2371 D dalvikvm: VFY: replacing opcode 0x6e at 0x000d
01-01 00:00:16.138  2371  2371 I dalvikvm: Could not find method android.content.res.Resources.getDrawable, referenced from method com.google.android.chimera.container.internal.ModuleResources.getDrawable
01-01 00:00:16.138  2371  2371 W dalvikvm: VFY: unable to resolve virtual method 467: Landroid/content/res/Resources;.getDrawable (ILandroid/content/res/Resources$Theme;)Landroid/graphics/drawable/Drawable;
01-01 00:00:16.138  2371  2371 D dalvikvm: VFY: replacing opcode 0x6f at 0x0006
01-01 00:00:16.138  2371  2371 I dalvikvm: Could not find method android.content.res.Resources.getDrawable, referenced from method com.google.android.chimera.container.internal.ModuleResources.getDrawable
01-01 00:00:16.138  2371  2371 W dalvikvm: VFY: unable to resolve virtual method 467: Landroid/content/res/Resources;.getDrawable (ILandroid/content/res/Resources$Theme;)Landroid/graphics/drawable/Drawable;
01-01 00:00:16.138  2371  2371 D dalvikvm: VFY: replacing opcode 0x6e at 0x000d
01-01 00:00:16.138  2371  2371 I dalvikvm: Could not find method android.content.res.Resources.getDrawableForDensity, referenced from method com.google.android.chimera.container.internal.ModuleResources.getDrawableForDensity
01-01 00:00:16.138  2371  2371 W dalvikvm: VFY: unable to resolve virtual method 469: Landroid/content/res/Resources;.getDrawableForDensity (IILandroid/content/res/Resources$Theme;)Landroid/graphics/drawable/Drawable;
01-01 00:00:16.138  2371  2371 D dalvikvm: VFY: replacing opcode 0x6f at 0x0006
01-01 00:00:16.139  2371  2371 I dalvikvm: Could not find method android.content.res.Resources.getDrawableForDensity, referenced from method com.google.android.chimera.container.internal.ModuleResources.getDrawableForDensity
01-01 00:00:16.139  2371  2371 W dalvikvm: VFY: unable to resolve virtual method 469: Landroid/content/res/Resources;.getDrawableForDensity (IILandroid/content/res/Resources$Theme;)Landroid/graphics/drawable/Drawable;
01-01 00:00:16.139  2371  2371 D dalvikvm: VFY: replacing opcode 0x6e at 0x000d
01-01 00:00:16.141  2371  2373 D dalvikvm: GC_CONCURRENT freed 708K, 17% free 4445K/5300K, paused 2ms+3ms, total 27ms
01-01 00:00:16.173  2371  2371 I dalvikvm: Could not find method android.os.UserManager.getUserProfiles, referenced from method com.google.android.gms.wearable.service.WearableController.a
01-01 00:00:16.173  2371  2371 W dalvikvm: VFY: unable to resolve virtual method 1561: Landroid/os/UserManager;.getUserProfiles ()Ljava/util/List;
01-01 00:00:16.173  2371  2371 D dalvikvm: VFY: replacing opcode 0x6e at 0x003e
01-01 00:00:16.174  1480  1480 I DVBSTACK: [Reply] DVB_DB_CONFIG_Get(33), size:8 (DvbService.cpp, 203)
01-01 00:00:16.175  1480  2006 I DVBSTACK: [Reply] DVB_DB_CONFIG_Get(33), size:8 (DvbService.cpp, 203)
01-01 00:00:16.175  1480  1480 I DVBSTACK: [Reply] DVB_DB_CONFIG_Get(33), size:8 (DvbService.cpp, 203)
01-01 00:00:16.175  2235  2235 V PvrManager: getModePlayback : 0
01-01 00:00:16.175  1480  2006 I DVBSTACK: [Reply] DVB_DB_CONFIG_Get(33), size:8 (DvbService.cpp, 203)
01-01 00:00:16.175  2371  2371 D WearableService: callingUid 10006, callindPid: 2371
01-01 00:00:16.175  1480  1480 I DVBSTACK: [Reply] DVB_DB_CONFIG_Get(33), size:8 (DvbService.cpp, 203)
01-01 00:00:16.176  1480  2006 I DVBSTACK: [Reply] DVB_DB_CONFIG_Get(33), size:8 (DvbService.cpp, 203)
01-01 00:00:16.176  1480  1480 I DVBSTACK: [Reply] DVB_DB_CONFIG_Get(33), size:8 (DvbService.cpp, 203)
01-01 00:00:16.176  1480  2006 I DVBSTACK: [Reply] DVB_DB_CONFIG_Get(33), size:8 (DvbService.cpp, 203)
01-01 00:00:16.176  1480  1480 I DVBSTACK: [Reply] DVB_DB_CONFIG_Get(33), size:8 (DvbService.cpp, 203)
01-01 00:00:16.176  2371  2371 E dalvikvm: Could not find class 'android.telecom.TelecomManager', referenced from method com.google.android.gms.wearable.service.x.a
01-01 00:00:16.176  2371  2371 W dalvikvm: VFY: unable to resolve check-cast 750 (Landroid/telecom/TelecomManager;) in Lcom/google/android/gms/wearable/service/x;
01-01 00:00:16.176  2371  2371 D dalvikvm: VFY: replacing opcode 0x1f at 0x0054
01-01 00:00:16.176  1480  2006 I DVBSTACK: [Reply] DVB_DB_CONFIG_Get(33), size:8 (DvbService.cpp, 203)
01-01 00:00:16.177  1480  1480 I DVBSTACK: [Reply] DVB_DB_CONFIG_Get(33), size:8 (DvbService.cpp, 203)
01-01 00:00:16.177  1480  2006 I DVBSTACK: [Reply] DVB_DB_CONFIG_Get(33), size:8 (DvbService.cpp, 203)
01-01 00:00:16.177  1480  1480 I DVBSTACK: [Reply] DVB_DB_CONFIG_Get(33), size:8 (DvbService.cpp, 203)
01-01 00:00:16.177  2371  2371 W dalvikvm: VFY: unable to find class referenced in signature (Landroid/telecom/TelecomManager;)
01-01 00:00:16.177  1480  2006 I DVBSTACK: [Reply] DVB_DB_CONFIG_Get(33), size:8 (DvbService.cpp, 203)
01-01 00:00:16.177  2235  2235 V SvcInfo : getFromDvb : 0 268 1 -60 
01-01 00:00:16.177  2235  2235 I DvbApi  : appGetServiceList() mainSub 0, svcType 0, satIdx 268, type 1, filter -60
01-01 00:00:16.193  1480  1480 I DVBSTACK: [Reply] DVB_SVC_CH_List(104), size:12924 (DvbService.cpp, 203)
01-01 00:00:16.193  2235  2235 V SvcInfo : refreshSvcList Start : 0 268 1 -60 
01-01 00:00:16.193  2235  2235 V SvcInfo : refreshSvcList getServiceList count : 202 21
01-01 00:00:16.206  2371  2371 E GmsWearableNodeHelper: GoogleApiClient connection failed: ConnectionResult{statusCode=API_UNAVAILABLE, resolution=null, message=null}
01-01 00:00:16.211  2235  2235 V SvcInfo : moveIndexService curSvcIdx  : 212
01-01 00:00:16.212  1480  2006 I DVBSTACK: [Reply] DVB_DB_CONFIG_Get(33), size:8 (DvbService.cpp, 203)
01-01 00:00:16.213  1480  1480 I DVBSTACK: [Reply] DVB_DB_CONFIG_Get(33), size:8 (DvbService.cpp, 203)
01-01 00:00:16.214  1480  2006 I DVBSTACK: [Reply] DVB_PVR_REC_GetInfo(147), size:4 (DvbService.cpp, 203)
01-01 00:00:16.214  1480  1480 I DVBSTACK: [Reply] DVB_PVR_REC_GetInfo(147), size:4 (DvbService.cpp, 203)
01-01 00:00:16.214  1480  2006 I DVBSTACK: [Reply] DVB_PVR_REC_GetInfo(147), size:4 (DvbService.cpp, 203)
01-01 00:00:16.214  1480  1480 I DVBSTACK: [Reply] DVB_PVR_PB_GetInfo(167), size:4 (DvbService.cpp, 203)
01-01 00:00:16.214  2235  2235 V PvrManager: updatePvrPlayBackInfo Fail 
01-01 00:00:16.215  2235  2235 V SvcInfo : getSvcIdx curSvcIdx : 212
01-01 00:00:16.215  2235  2235 V Home    : recordingDialogSetVisible 0
01-01 00:00:16.215  2235  2235 V PvrManager: getModePlayback : 0
01-01 00:00:16.215  2235  2235 V HomeInfobar: setInfoBar : 212 -2
