01-01 00:00:11.637  1962  1972 I StatusBarManagerService: registerStatusBar bar=com.android.internal.statusbar.IStatusBar$Stub$Proxy@2ccb75e0
01-01 00:00:11.642  2045  2045 D PhoneStatusBar: mSettingsPanelGravity = 8388661
01-01 00:00:11.712  1962  1973 I ActivityManager: Start proc com.android.externalstorage for broadcast com.android.externalstorage/.MountReceiver: pid=2116 uid=10005 gids={50005, 1028, 1015, 1023}
01-01 00:00:11.717  2116  2116 E Environment: canonicalPath = /mnt/sdcard
01-01 00:00:11.766  2116  2116 D ExternalStorage: After updating volumes, found 0 active roots
01-01 00:00:11.771  2116  2116 D ExternalStorage: After updating volumes, found 0 active roots
01-01 00:00:11.785  2116  2116 D ExternalStorage: After updating volumes, found 0 active roots
01-01 00:00:11.794  2116  2116 D ExternalStorage: After updating volumes, found 0 active roots
01-01 00:00:11.821  1962  1962 I ActivityManager: Config changes=200 {1.0 ?mcc?mnc ru_RU ldltr sw720dp w1280dp h720dp 240dpi xlrg long land finger -keyb/v/h dpad/v s.4}
01-01 00:00:11.825  1962  1962 W RecognitionManagerService: no available voice recognition services found for user 0
01-01 00:00:11.872  1962  1962 W InputMethodManagerService: Ignoring setImeWindowStatus of uid 1000 token: null
01-01 00:00:11.881  2045  2045 D dalvikvm: GC_FOR_ALLOC freed 148K, 7% free 3311K/3556K, paused 17ms, total 18ms
01-01 00:00:11.894  1962  1962 I ActivityManager: Start proc com.hisilicon.android.inputmethod.latin for service com.hisilicon.android.inputmethod.latin/.LatinIME: pid=2142 uid=10024 gids={50024}
01-01 00:00:11.894  1962  1962 V InputMethodManagerService: Adding window token: android.os.Binder@2ce9eda8
01-01 00:00:11.897  1962  1962 D LocationManagerService: addProviderLocked - passiveProvider...
01-01 00:00:11.904  1962  1962 W GpsLocationProvider: Could not open GPS configuration file /etc/gps.conf
01-01 00:00:11.905  1962  1962 D LocationManagerService: addProviderLocked - NO gpsProvider...
01-01 00:00:11.905  1962  1962 W ServiceWatcher: com.google.android.location not found
01-01 00:00:11.908  1962  1962 W ServiceWatcher: com.google.android.location not found
01-01 00:00:11.908  2142  2142 E Environment: canonicalPath = /mnt/sdcard
01-01 00:00:11.909  1962  1962 W LocationProviderProxy-network: com.google.android.gms resolves service com.android.location.service.v3.NetworkLocationProvider, but has wrong signature, ignoring
01-01 00:00:11.909  1962  1962 D LocationManagerService: no network location provider found
01-01 00:00:11.910  1962  1962 W ServiceWatcher: com.google.android.location not found
01-01 00:00:11.911  1962  1962 W LocationProviderProxy-fused: com.google.android.gms resolves service com.android.location.service.FusedLocationProvider, but has wrong signature, ignoring
01-01 00:00:11.913  1962  1962 D LocationManagerService: addProviderLocked - fusedLocationProvider...
01-01 00:00:11.915  1962  1962 W ServiceWatcher: com.google.android.location not found
01-01 00:00:11.916  1962  1962 W GeocoderProxy: com.google.android.gms resolves service com.android.location.service.GeocodeProvider, but has wrong signature, ignoring
01-01 00:00:11.916  1962  1962 E LocationManagerService: no geocoder provider found
01-01 00:00:11.918  1962  1962 E FlpHardwareProvider: Error hw_get_module 'flp': -2
01-01 00:00:11.918  1962  1962 W ServiceWatcher: com.google.android.location not found
01-01 00:00:11.919  1962  1962 W FusedProxy: com.google.android.gms resolves service com.android.location.service.FusedProvider, but has wrong signature, ignoring
01-01 00:00:11.919  1962  1962 E LocationManagerService: No FusedProvider found.
01-01 00:00:11.919  1962  1962 E FlpHardwareProvider: Error hw_get_module 'flp': -2
01-01 00:00:11.919  1962  1962 W ServiceWatcher: com.google.android.location not found
01-01 00:00:11.922  1962  1962 W GeofenceProxy: com.google.android.gms resolves service com.android.location.service.GeofenceProvider, but has wrong signature, ignoring
01-01 00:00:11.922  1962  1962 E LocationManagerService: no geofence provider found
01-01 00:00:11.935  1962  1977 I ActivityManager: Start proc com.android.vending for broadcast com.android.vending/com.google.android.finsky.receivers.LocationProviderChangedReceiver: pid=2155 uid=10012 gids={50012, 3003, 1028, 1015}
01-01 00:00:11.940  1962  1962 W Settings: Setting ntp_server has moved from android.provider.Settings.Secure to android.provider.Settings.Global, returning global URI.
01-01 00:00:11.940  1962  1962 I CommonTimeManagementService: No common time service detected on this platform.  Common time services will be unavailable.
01-01 00:00:11.946  1962  2016 I InputReader: Reconfiguring input devices.  changes=0x00000020
01-01 00:00:11.954  1962  2016 I InputReader: Reconfiguring input devices.  changes=0x00000010
01-01 00:00:11.956  1962  1962 I ActivityManager: Start proc com.hisilicon.dlna.dms for added application com.hisilicon.dlna.dms: pid=2166 uid=1000 gids={41000, 1028, 1015, 3003, 3002, 3001}
01-01 00:00:11.958  2155  2155 E Environment: canonicalPath = /mnt/sdcard
01-01 00:00:11.979  2166  2166 E Environment: canonicalPath = /mnt/sdcard
01-01 00:00:11.979  1962  1962 I ActivityManager: Start proc com.hisilicon.dlna.dmr for added application com.hisilicon.dlna.dmr: pid=2179 uid=1000 gids={41000, 1028, 1015, 3003, 3002, 3001}
01-01 00:00:11.984  2179  2179 E Environment: canonicalPath = /mnt/sdcard
01-01 00:00:11.995  1962  1962 I ActivityManager: Start proc com.android.phone for added application com.android.phone: pid=2195 uid=1001 gids={41001, 3002, 3001, 3003, 1028, 1015}
01-01 00:00:12.000  2195  2195 E Environment: canonicalPath = /mnt/sdcard
01-01 00:00:12.017  1962  1962 I ActivityManager: Start proc com.hisilicon.multiscreen.server for added application com.hisilicon.multiscreen.server: pid=2207 uid=1000 gids={41000, 1028, 1015, 3003, 3002, 3001}
01-01 00:00:12.024  2207  2207 E Environment: canonicalPath = /mnt/sdcard
01-01 00:00:12.025  2045  2045 D dalvikvm: GC_FOR_ALLOC freed 20K, 6% free 4154K/4376K, paused 19ms, total 19ms
01-01 00:00:12.040  1463  1463 D dalvikvm: GC_EXPLICIT freed 38K, 5% free 2956K/3092K, paused 2ms+2ms, total 23ms
01-01 00:00:12.062  1463  1463 D dalvikvm: GC_EXPLICIT freed <1K, 5% free 2956K/3092K, paused 2ms+2ms, total 22ms
01-01 00:00:12.085  1463  1463 D dalvikvm: GC_EXPLICIT freed <1K, 5% free 2956K/3092K, paused 1ms+2ms, total 23ms
01-01 00:00:12.092  1962  1962 I ActivityManager: Start proc com.android.hisilicon.powercontrol for added application com.android.hisilicon.powercontrol: pid=2221 uid=10030 gids={50030, 3003}
01-01 00:00:12.097  1962  1962 I ActivityManager: START u0 {act=android.intent.action.MAIN cat=[android.intent.category.HOME] flg=0x10000000 cmp=com.android.dvb.launcher/com.android.dvb.livescreen.Home} from pid 0
01-01 00:00:12.103  2221  2221 E Environment: canonicalPath = /mnt/sdcard
01-01 00:00:12.115  2235  2235 D dalvikvm: Late-enabling CheckJNI
01-01 00:00:12.115  1962  1962 I ActivityManager: Start proc com.android.dvb.launcher for activity com.android.dvb.launcher/com.android.dvb.livescreen.Home: pid=2235 uid=1000 gids={41000, 1028, 1015, 3003, 3002, 3001}
01-01 00:00:12.131  1962  1978 I ActivityManager: Start proc com.android.printspooler for service com.android.printspooler/.PrintSpoolerService: pid=2246 uid=10031 gids={50031}
01-01 00:00:12.136  2235  2235 E Environment: canonicalPath = /mnt/sdcard
01-01 00:00:12.152  2246  2246 E Environment: canonicalPath = /mnt/sdcard
01-01 00:00:12.178  1962  1962 I Choreographer: Skipped 56 frames!  The application may be doing too much work on its main thread.
01-01 00:00:12.186  1962  1962 V KeyguardServiceDelegate: *** Keyguard connected (yay!)
01-01 00:00:12.186  1962  1962 W InputMethodManagerService: Focus gain on non-focused client android.view.inputmethod.InputMethodManager$1@2cdddfc0 (uid=1000 pid=1962)
01-01 00:00:12.197  2142  2260 E ActivityThread: Failed to find provider info for com.hisilicon.android.inputmethod.latin.dictionarypack
01-01 00:00:12.204  2142  2260 E BinaryDictionaryGetter: Could not find a dictionary pack
01-01 00:00:12.233  1962  2220 I ActivityManager: Start proc android.process.acore for content provider com.android.providers.userdictionary/.UserDictionaryProvider: pid=2264 uid=10002 gids={50002, 3003, 1028, 1015}
01-01 00:00:12.247  2264  2264 E Environment: canonicalPath = /mnt/sdcard
01-01 00:00:12.250  2221  2221 I System.out: arm
01-01 00:00:12.252  2246  2246 I PrintSpoolerService: No existing print spooler state.
01-01 00:00:12.283  2221  2221 D dalvikvm: Trying to load lib /data/data/com.android.hisilicon.powercontrol/.lib/libexec.so 0x2cb85d40
01-01 00:00:12.291  2045  2045 V PhoneStatusBar/NavigationBarView: touchEnabled:false
01-01 00:00:12.323  1962  1966 D dalvikvm: GC_CONCURRENT freed 701K, 12% free 6390K/7196K, paused 3ms+6ms, total 59ms
01-01 00:00:12.338  1962  1991 D BluetoothManagerService: Message: 300
01-01 00:00:12.338  1962  1991 D BluetoothManagerService: MESSAGE_USER_SWITCHED
01-01 00:00:12.340  1962  1962 D AudioService: Intent.ACTION_USER_SWITCHED  discard 
01-01 00:00:12.344  1962  1962 V BackupManagerService: Connected to transport ComponentInfo{android/com.android.internal.backup.LocalTransportService}
01-01 00:00:12.345  2221  2221 D dalvikvm: Added shared lib /data/data/com.android.hisilicon.powercontrol/.lib/libexec.so 0x2cb85d40
01-01 00:00:12.346  1962  1962 V BackupManagerService: Registering transport android/com.android.internal.backup.LocalTransportService::android/com.android.internal.backup.LocalTransport = com.android.internal.backup.LocalTransport@2cf66388
01-01 00:00:12.347  2221  2221 D dalvikvm: Trying to load lib /data/data/com.android.hisilicon.powercontrol/.lib/libexecmain.so 0x2cb85d40
01-01 00:00:12.348  2221  2221 D dalvikvm: Added shared lib /data/data/com.android.hisilicon.powercontrol/.lib/libexecmain.so 0x2cb85d40
01-01 00:00:12.375  1962  2219 I ActivityManager: Start proc com.google.process.gapps for content provider com.google.android.gsf/.gservices.GservicesProvider: pid=2280 uid=10006 gids={50006, 3003, 1007, 1028, 1015, 3002, 3001, 3007, 2001, 3006}
01-01 00:00:12.384  1962  1962 I FusedLocation: engine stopped (com.android.location.fused)
01-01 00:00:12.384  1962  1962 I FusedLocation: engine started (com.android.location.fused)
01-01 00:00:12.386  1962  1962 I FusedLocation: engine started (com.android.location.fused)
01-01 00:00:12.394  1962  1991 D BluetoothManagerService: Message: 20
01-01 00:00:12.394  1962  1991 D BluetoothManagerService: Added callback: android.bluetooth.IBluetoothManagerCallback$Stub$Proxy@2cd50008:true
01-01 00:00:12.397  2045  2045 D BluetoothAdapter: 751984504: getState() :  mService = null. Returning STATE_OFF
01-01 00:00:12.397  2045  2045 D BluetoothAdapter: 751984504: getState() :  mService = null. Returning STATE_OFF
01-01 00:00:12.401  2280  2280 E Environment: canonicalPath = /mnt/sdcard
01-01 00:00:12.507  1962  1973 I ActivityManager: Start proc com.android.smspush for service com.android.smspush/.WapPushManager: pid=2303 uid=10034 gids={50034}
01-01 00:00:12.510  2235  2235 V Home    : onCreate
01-01 00:00:12.527  2303  2303 E Environment: canonicalPath = /mnt/sdcard
01-01 00:00:12.551  2235  2235 I SurfaceView: surface type is: 3
01-01 00:00:12.551  2235  2235 I SurfaceView: surface type is: 3
01-01 00:00:12.578  2235  2235 D skia    : ---- fAsset->read(1024) returned 0
01-01 00:00:12.578  2235  2235 D skia    : ---- fAsset->read(1024) returned 0
01-01 00:00:12.586  2280  2280 I GservicesProvider: Gservices pushing to system: true; secure/global: true
01-01 00:00:12.597  1962  1991 D BluetoothManagerService: Message: 20
01-01 00:00:12.598  1962  1991 D BluetoothManagerService: Added callback: android.bluetooth.IBluetoothManagerCallback$Stub$Proxy@2ce11d70:true
01-01 00:00:12.615  2045  2045 D BluetoothAdapter: 751984504: getState() :  mService = null. Returning STATE_OFF
01-01 00:00:12.627  1962  1991 D BluetoothManagerService: Message: 30
01-01 00:00:12.643  2195  2195 D CallNotifier: CallNotifier: mSignalInfoToneGenerator created when toneplay
01-01 00:00:12.645  1962  1991 D BluetoothManagerService: Message: 30
01-01 00:00:12.661  2235  2235 D dalvikvm: GC_FOR_ALLOC freed 118K, 7% free 3047K/3268K, paused 20ms, total 20ms
01-01 00:00:12.686  2235  2235 I dalvikvm-heap: Grow heap (frag case) to 10.982MB for 8294416-byte allocation
01-01 00:00:12.694  1962  1962 D MobileDataStateTracker: fota: Broadcast received: android.intent.action.ANY_DATA_STATE apnType=fota
01-01 00:00:12.697  1962  1962 D MobileDataStateTracker: fota: Received state=DISCONNECTED, old=DISCONNECTED, reason=radioTurnedOff
01-01 00:00:12.700  2235  2244 D dalvikvm: GC_FOR_ALLOC freed <1K, 2% free 11147K/11372K, paused 14ms, total 14ms
01-01 00:00:12.700  1962  1962 D MobileDataStateTracker: ia: Broadcast received: android.intent.action.ANY_DATA_STATE apnType=ia
01-01 00:00:12.702  1962  1962 D MobileDataStateTracker: ia: Received state=DISCONNECTED, old=DISCONNECTED, reason=radioTurnedOff
01-01 00:00:12.705  1962  1962 D MobileDataStateTracker: supl: Broadcast received: android.intent.action.ANY_DATA_STATE apnType=supl
01-01 00:00:12.707  1962  1962 D MobileDataStateTracker: supl: Received state=DISCONNECTED, old=DISCONNECTED, reason=radioTurnedOff
01-01 00:00:12.710  1962  1962 D MobileDataStateTracker: hipri: Broadcast received: android.intent.action.ANY_DATA_STATE apnType=hipri
01-01 00:00:12.712  1962  1962 D MobileDataStateTracker: hipri: Received state=DISCONNECTED, old=DISCONNECTED, reason=radioTurnedOff
01-01 00:00:12.715  1962  1962 D MobileDataStateTracker: ims: Broadcast received: android.intent.action.ANY_DATA_STATE apnType=ims
01-01 00:00:12.720  1962  1962 D MobileDataStateTracker: ims: Received state=DISCONNECTED, old=DISCONNECTED, reason=radioTurnedOff
01-01 00:00:12.721  1962  1962 D MobileDataStateTracker: default: Broadcast received: android.intent.action.ANY_DATA_STATE apnType=default
01-01 00:00:12.724  1962  1962 D MobileDataStateTracker: default: Received state=DISCONNECTED, old=DISCONNECTED, reason=radioTurnedOff
01-01 00:00:12.725  1962  1962 D MobileDataStateTracker: mms: Broadcast received: android.intent.action.ANY_DATA_STATE apnType=mms
01-01 00:00:12.727  1962  1962 D MobileDataStateTracker: mms: Received state=DISCONNECTED, old=DISCONNECTED, reason=radioTurnedOff
01-01 00:00:12.727  1962  1962 D MobileDataStateTracker: cbs: Broadcast received: android.intent.action.ANY_DATA_STATE apnType=cbs
01-01 00:00:12.729  2235  2239 D dalvikvm: GC_CONCURRENT freed <1K, 2% free 11147K/11372K, paused 3ms+4ms, total 29ms
01-01 00:00:12.729  1962  1962 D MobileDataStateTracker: cbs: Received state=DISCONNECTED, old=DISCONNECTED, reason=radioTurnedOff
01-01 00:00:12.731  1962  1962 D MobileDataStateTracker: fota: Broadcast received: android.intent.action.ANY_DATA_STATE apnType=fota
01-01 00:00:12.735  1962  1962 D MobileDataStateTracker: fota: Received state=DISCONNECTED, old=DISCONNECTED, reason=radioTurnedOff
01-01 00:00:12.735  1962  1962 D MobileDataStateTracker: ia: Broadcast received: android.intent.action.ANY_DATA_STATE apnType=ia
01-01 00:00:12.739  1962  1962 D MobileDataStateTracker: ia: Received state=DISCONNECTED, old=DISCONNECTED, reason=radioTurnedOff
01-01 00:00:12.743  1962  1962 D MobileDataStateTracker: supl: Broadcast received: android.intent.action.ANY_DATA_STATE apnType=supl
01-01 00:00:12.746  1962  1962 D MobileDataStateTracker: supl: Received state=DISCONNECTED, old=DISCONNECTED, reason=radioTurnedOff
01-01 00:00:12.748  1962  1962 D MobileDataStateTracker: hipri: Broadcast received: android.intent.action.ANY_DATA_STATE apnType=hipri
01-01 00:00:12.752  1962  1962 D MobileDataStateTracker: hipri: Received state=DISCONNECTED, old=DISCONNECTED, reason=radioTurnedOff
01-01 00:00:12.752  1962  1962 D MobileDataStateTracker: ims: Broadcast received: android.intent.action.ANY_DATA_STATE apnType=ims
01-01 00:00:12.755  1962  1962 D MobileDataStateTracker: ims: Received state=DISCONNECTED, old=DISCONNECTED, reason=radioTurnedOff
01-01 00:00:12.758  1962  1962 D MobileDataStateTracker: default: Broadcast received: android.intent.action.ANY_DATA_STATE apnType=default
01-01 00:00:12.760  1962  1962 D MobileDataStateTracker: default: Received state=DISCONNECTED, old=DISCONNECTED, reason=radioTurnedOff
01-01 00:00:12.760  1962  1962 D MobileDataStateTracker: mms: Broadcast received: android.intent.action.ANY_DATA_STATE apnType=mms
01-01 00:00:12.761  1962  1962 D MobileDataStateTracker: mms: Received state=DISCONNECTED, old=DISCONNECTED, reason=radioTurnedOff
01-01 00:00:12.762  2045  2047 D dalvikvm: GC_CONCURRENT freed 211K, 7% free 4882K/5196K, paused 2ms+3ms, total 39ms
01-01 00:00:12.762  1962  1962 D MobileDataStateTracker: cbs: Broadcast received: android.intent.action.ANY_DATA_STATE apnType=cbs
01-01 00:00:12.763  1962  1962 D MobileDataStateTracker: cbs: Received state=DISCONNECTED, old=DISCONNECTED, reason=radioTurnedOff
01-01 00:00:12.764  1962  1962 D MobileDataStateTracker: fota: Broadcast received: android.intent.action.ANY_DATA_STATE apnType=fota
01-01 00:00:12.765  1962  1962 D MobileDataStateTracker: fota: Received state=DISCONNECTED, old=DISCONNECTED, reason=dataDetached
01-01 00:00:12.765  1962  1962 D MobileDataStateTracker: ia: Broadcast received: android.intent.action.ANY_DATA_STATE apnType=ia
01-01 00:00:12.766  1962  1962 D MobileDataStateTracker: ia: Received state=DISCONNECTED, old=DISCONNECTED, reason=dataDetached
01-01 00:00:12.769  1962  1962 D MobileDataStateTracker: supl: Broadcast received: android.intent.action.ANY_DATA_STATE apnType=supl
01-01 00:00:12.772  1962  1962 D MobileDataStateTracker: supl: Received state=DISCONNECTED, old=DISCONNECTED, reason=dataDetached
01-01 00:00:12.772  1962  1962 D MobileDataStateTracker: hipri: Broadcast received: android.intent.action.ANY_DATA_STATE apnType=hipri
01-01 00:00:12.775  1962  1962 D MobileDataStateTracker: hipri: Received state=DISCONNECTED, old=DISCONNECTED, reason=dataDetached
01-01 00:00:12.775  1962  1962 D MobileDataStateTracker: ims: Broadcast received: android.intent.action.ANY_DATA_STATE apnType=ims
01-01 00:00:12.777  1962  1962 D MobileDataStateTracker: ims: Received state=DISCONNECTED, old=DISCONNECTED, reason=dataDetached
01-01 00:00:12.779  1962  1962 D MobileDataStateTracker: default: Broadcast received: android.intent.action.ANY_DATA_STATE apnType=default
01-01 00:00:12.781  1962  1962 D MobileDataStateTracker: default: Received state=DISCONNECTED, old=DISCONNECTED, reason=dataDetached
01-01 00:00:12.782  1962  1962 D MobileDataStateTracker: mms: Broadcast received: android.intent.action.ANY_DATA_STATE apnType=mms
01-01 00:00:12.784  1962  1962 D MobileDataStateTracker: mms: Received state=DISCONNECTED, old=DISCONNECTED, reason=dataDetached
01-01 00:00:12.784  1962  1962 D MobileDataStateTracker: cbs: Broadcast received: android.intent.action.ANY_DATA_STATE apnType=cbs
01-01 00:00:12.785  1962  1962 D MobileDataStateTracker: cbs: Received state=DISCONNECTED, old=DISCONNECTED, reason=dataDetached
01-01 00:00:12.786  1962  1962 D MobileDataStateTracker: fota: Broadcast received: android.intent.action.ANY_DATA_STATE apnType=fota
01-01 00:00:12.787  1962  1962 D MobileDataStateTracker: fota: Received state=DISCONNECTED, old=DISCONNECTED, reason=roamingOff
01-01 00:00:12.788  1962  1962 D MobileDataStateTracker: ia: Broadcast received: android.intent.action.ANY_DATA_STATE apnType=ia
01-01 00:00:12.789  1962  1962 D MobileDataStateTracker: ia: Received state=DISCONNECTED, old=DISCONNECTED, reason=roamingOff
01-01 00:00:12.790  1962  1962 D MobileDataStateTracker: supl: Broadcast received: android.intent.action.ANY_DATA_STATE apnType=supl
01-01 00:00:12.790  1962  1962 D MobileDataStateTracker: supl: Received state=DISCONNECTED, old=DISCONNECTED, reason=roamingOff
01-01 00:00:12.791  1962  1962 D MobileDataStateTracker: hipri: Broadcast received: android.intent.action.ANY_DATA_STATE apnType=hipri
01-01 00:00:12.792  1962  1962 D MobileDataStateTracker: hipri: Received state=DISCONNECTED, old=DISCONNECTED, reason=roamingOff
01-01 00:00:12.792  1962  1962 D MobileDataStateTracker: ims: Broadcast received: android.intent.action.ANY_DATA_STATE apnType=ims
01-01 00:00:12.793  1962  1962 D MobileDataStateTracker: ims: Received state=DISCONNECTED, old=DISCONNECTED, reason=roamingOff
01-01 00:00:12.794  1962  1962 D MobileDataStateTracker: default: Broadcast received: android.intent.action.ANY_DATA_STATE apnType=default
01-01 00:00:12.795  1962  1962 D MobileDataStateTracker: default: Received state=DISCONNECTED, old=DISCONNECTED, reason=roamingOff
01-01 00:00:12.795  1962  1962 D MobileDataStateTracker: mms: Broadcast received: android.intent.action.ANY_DATA_STATE apnType=mms
01-01 00:00:12.796  1962  1962 D MobileDataStateTracker: mms: Received state=DISCONNECTED, old=DISCONNECTED, reason=roamingOff
01-01 00:00:12.796  1962  1962 D MobileDataStateTracker: cbs: Broadcast received: android.intent.action.ANY_DATA_STATE apnType=cbs
01-01 00:00:12.798  1962  1962 D MobileDataStateTracker: cbs: Received state=DISCONNECTED, old=DISCONNECTED, reason=roamingOff
01-01 00:00:12.799  1962  1962 D MobileDataStateTracker: fota: Broadcast received: android.intent.action.ANY_DATA_STATE apnType=fota
01-01 00:00:12.800  1962  1962 D MobileDataStateTracker: fota: Received state=DISCONNECTED, old=DISCONNECTED, reason=roamingOff
01-01 00:00:12.805  1962  1962 D MobileDataStateTracker: ia: Broadcast received: android.intent.action.ANY_DATA_STATE apnType=ia
01-01 00:00:12.813  1962  1962 D MobileDataStateTracker: ia: Received state=DISCONNECTED, old=DISCONNECTED, reason=roamingOff
01-01 00:00:12.817  1962  1962 D MobileDataStateTracker: supl: Broadcast received: android.intent.action.ANY_DATA_STATE apnType=supl
01-01 00:00:12.819  2195  2195 D TelephonyDebugService: TelephonyDebugService()
01-01 00:00:12.821  1962  1962 D MobileDataStateTracker: supl: Received state=DISCONNECTED, old=DISCONNECTED, reason=roamingOff
01-01 00:00:12.821  1962  1962 D MobileDataStateTracker: hipri: Broadcast received: android.intent.action.ANY_DATA_STATE apnType=hipri
01-01 00:00:12.823  1962  1991 D BluetoothManagerService: Message: 30
01-01 00:00:12.823  1962  1962 D MobileDataStateTracker: hipri: Received state=DISCONNECTED, old=DISCONNECTED, reason=roamingOff
01-01 00:00:12.823  1962  1962 D MobileDataStateTracker: ims: Broadcast received: android.intent.action.ANY_DATA_STATE apnType=ims
01-01 00:00:12.825  2195  2195 E BluetoothPhoneService: Could not get a handle on Connection object for the call
01-01 00:00:12.826  2195  2195 W CallNotifier: Got onMwiChanged() on non-voice-capable device! Ignoring...
01-01 00:00:12.826  1962  1962 D MobileDataStateTracker: ims: Received state=DISCONNECTED, old=DISCONNECTED, reason=roamingOff
01-01 00:00:12.828  1962  1962 D MobileDataStateTracker: default: Broadcast received: android.intent.action.ANY_DATA_STATE apnType=default
01-01 00:00:12.831  1962  1962 D MobileDataStateTracker: default: Received state=DISCONNECTED, old=DISCONNECTED, reason=roamingOff
01-01 00:00:12.832  1962  1962 D MobileDataStateTracker: mms: Broadcast received: android.intent.action.ANY_DATA_STATE apnType=mms
01-01 00:00:12.836  1962  1962 D MobileDataStateTracker: mms: Received state=DISCONNECTED, old=DISCONNECTED, reason=roamingOff
01-01 00:00:12.837  2045  2045 E ViewRootImpl: 201409092 enable acc for view=StatusBar
01-01 00:00:12.837  1962  1962 D MobileDataStateTracker: cbs: Broadcast received: android.intent.action.ANY_DATA_STATE apnType=cbs
01-01 00:00:12.841  1962  1962 D MobileDataStateTracker: cbs: Received state=DISCONNECTED, old=DISCONNECTED, reason=roamingOff
01-01 00:00:12.843  2045  2045 D PhoneStatusBar: disable: < expand icons alerts ticker system_info back home recent clock search >
01-01 00:00:12.856  2195  2195 I PhoneApp: Headset phone created, binding local service.
01-01 00:00:12.895  2045  2045 E ViewRootImpl: 201409092 enable acc for view=SearchPanel
01-01 00:00:12.901  2045  2045 E ViewRootImpl: 201409092 enable acc for view=NavigationBar
01-01 00:00:12.913  2045  2045 D BluetoothAdapter: 751984504: getState() :  mService = null. Returning STATE_OFF
01-01 00:00:12.914  2045  2045 D BluetoothAdapter: 751984504: getState() :  mService = null. Returning STATE_OFF
01-01 00:00:12.922  2045  2045 D PhoneStatusBar: heads up is disabled
01-01 00:00:12.930  2280  2284 D dalvikvm: GC_CONCURRENT freed 346K, 12% free 3512K/3960K, paused 2ms+2ms, total 27ms
01-01 00:00:12.938  2045  2045 D PhoneStatusBar: mSettingsPanelGravity = 8388661
01-01 00:00:12.945  1962  2040 V KeyguardServiceDelegate: **** SHOWN CALLED ****
01-01 00:00:12.946  2045  2045 I Choreographer: Skipped 36 frames!  The application may be doing too much work on its main thread.
01-01 00:00:13.030  2264  2296 I ContactLocale: AddressBook Labels [ru_RU]: [, А, Б, В, Г, Д, Е, Є, Ж, З, И, І, Й, К, Л, М, Н, О, П, Р, С, Т, У, Ф, Х, Ц, Ч, Ш, Щ, Ы, Э, Ю, Я, , A, B, C, D, E, F, G, H, I, J, K, L, M, N, O, P, Q, R, S, T, U, V, W, X, Y, Z, Α, Β, Γ, Δ, Ε, Ζ, Η, Θ, Ι, Κ, Λ, Μ, Ν, Ξ, Ο, Π, Ρ, Σ, Τ, Υ, Φ, Χ, Ψ, Ω, , א, ב, ג, ד, ה, ו, ז, ח, ט, י, כ, ל, מ, נ, ס, ע, פ, צ, ק, ר, ש, ת, , ا, ب, ت, ث, ج, ح, خ, د, ذ, ر, ز, س, ش, ص, ض, ط, ظ, ع, غ, ف, ق, ك, ل, م, ن, ه, و, ي, , ก, ข, ฃ, ค, ฅ, ฆ, ง, จ, ฉ, ช, ซ, ฌ, ญ, ฎ, ฏ, ฐ, ฑ, ฒ, ณ, ด, ต, ถ, ท, ธ, น, บ, ป, ผ, ฝ, พ, ฟ, ภ, ม, ย, ร, ฤ, ล, ฦ, ว, ศ, ษ, ส, ห, ฬ, อ, ฮ, , ㄱ, ㄴ, ㄷ, ㄹ, ㅁ, ㅂ, ㅅ, ㅇ, ㅈ, ㅊ, ㅋ, ㅌ, ㅍ, ㅎ, , あ, か, さ, た, な, は, ま, や, ら, わ, #, ]
01-01 00:00:13.032  2155  2155 I dalvikvm: Could not find method android.os.PowerManager.isInteractive, referenced from method com.google.android.finsky.utils.jo.c
01-01 00:00:13.032  2155  2155 W dalvikvm: VFY: unable to resolve virtual method 1762: Landroid/os/PowerManager;.isInteractive ()Z
01-01 00:00:13.032  2155  2155 D dalvikvm: VFY: replacing opcode 0x6e at 0x000e
01-01 00:00:13.057  1962  1962 I ActivityManager: Start proc com.google.android.gms for service com.google.android.gms/.cast.media.CastRemoteDisplayProviderService: pid=2330 uid=10006 gids={50006, 3003, 1007, 1028, 1015, 3002, 3001, 3007, 2001, 3006}
01-01 00:00:13.061  2330  2330 E Environment: canonicalPath = /mnt/sdcard
01-01 00:00:13.077  2155  2155 I dalvikvm: Could not find method android.content.pm.PackageManager.getPackageInstaller, referenced from method com.google.android.gms.common.c.a
01-01 00:00:13.077  2155  2155 W dalvikvm: VFY: unable to resolve virtual method 915: Landroid/content/pm/PackageManager;.getPackageInstaller ()Landroid/content/pm/PackageInstaller;
01-01 00:00:13.077  2155  2155 D dalvikvm: VFY: replacing opcode 0x6e at 0x000e
01-01 00:00:13.090  2155  2155 W Finsky  : [1] com.google.android.finsky.FinskyApp.i(1358): No account configured on this device.
01-01 00:00:13.117  2045  2045 D OpenGLRenderer: Enabling debug mode 0
01-01 00:00:13.118  2330  2330 W dalvikvm: VFY: unable to resolve static field 560 (PR_SET_DUMPABLE) in Landroid/system/OsConstants;
01-01 00:00:13.118  2330  2330 D dalvikvm: VFY: replacing opcode 0x60 at 0x000b
01-01 00:00:13.142  2330  2330 I dalvikvm: Could not find method com.google.android.gms.common.app.GmsApplication.getSystemService, referenced from method com.google.android.gms.common.app.GmsApplication.onCreate
01-01 00:00:13.142  2330  2330 W dalvikvm: VFY: unable to resolve virtual method 12441: Lcom/google/android/gms/common/app/GmsApplication;.getSystemService (Ljava/lang/Class;)Ljava/lang/Object;
01-01 00:00:13.142  2330  2330 D dalvikvm: VFY: replacing opcode 0x6e at 0x00cd
01-01 00:00:13.154  2330  2330 I MultiDex: VM with version 1.6.0 does not have multidex support
01-01 00:00:13.154  2330  2330 I MultiDex: install
01-01 00:00:13.158  2330  2330 I MultiDex: MultiDexExtractor.load(/system/priv-app/PrebuiltGmsCore.apk, false)
01-01 00:00:13.164  2155  2155 I Finsky  : [1] com.google.android.finsky.FinskyApp.onCreate(369): Initializing network with DFE https://android.clients.google.com/fdfe/
01-01 00:00:13.166  1962  2219 D WifiStateTracker: do not disguise!
01-01 00:00:13.173  2330  2330 I MultiDex: loading existing secondary dex files
01-01 00:00:13.180  2155  2155 W Finsky  : [1] com.google.android.finsky.FinskyApp.i(1358): No account configured on this device.
01-01 00:00:13.183  2330  2330 I MultiDex: load found 3 secondary dex files
01-01 00:00:13.204  2155  2155 E TelephonyManager: cts.appProcess.processName:com.android.vending
01-01 00:00:13.215  2330  2330 I MultiDex: install done
01-01 00:00:13.287  2155  2155 I dalvikvm: Could not find method android.content.pm.ApplicationInfo.loadUnbadgedIcon, referenced from method com.google.android.finsky.utils.dq.f
01-01 00:00:13.287  2155  2155 W dalvikvm: VFY: unable to resolve virtual method 831: Landroid/content/pm/ApplicationInfo;.loadUnbadgedIcon (Landroid/content/pm/PackageManager;)Landroid/graphics/drawable/Drawable;
01-01 00:00:13.287  2155  2155 D dalvikvm: VFY: replacing opcode 0x6e at 0x0013
01-01 00:00:13.316  2155  2159 D dalvikvm: GC_CONCURRENT freed 533K, 16% free 3329K/3960K, paused 2ms+2ms, total 37ms
01-01 00:00:13.338  2155  2155 I dalvikvm: Could not find method android.content.pm.PackageManager.getLeanbackLaunchIntentForPackage, referenced from method com.google.android.finsky.b.u.f
01-01 00:00:13.338  2155  2155 W dalvikvm: VFY: unable to resolve virtual method 911: Landroid/content/pm/PackageManager;.getLeanbackLaunchIntentForPackage (Ljava/lang/String;)Landroid/content/Intent;
01-01 00:00:13.338  2155  2155 D dalvikvm: VFY: replacing opcode 0x6e at 0x000a
01-01 00:00:13.352  2045  2045 D skia    : ---- fAsset->read(1024) returned 0
01-01 00:00:13.352  2045  2045 D skia    : ---- fAsset->read(1024) returned 0
01-01 00:00:13.353  2155  2155 W Finsky  : [1] com.google.android.finsky.FinskyApp.i(1358): No account configured on this device.
01-01 00:00:13.354  2235  2235 D dalvikvm: GC_FOR_ALLOC freed 21K, 1% free 13631K/13752K, paused 23ms, total 23ms
01-01 00:00:13.356  2155  2155 W Finsky  : [1] com.google.android.finsky.FinskyApp.i(1358): No account configured on this device.
01-01 00:00:13.358  1962  2040 D WifiStateTracker: do not disguise!
01-01 00:00:13.368  2155  2155 W Finsky  : [1] com.google.android.finsky.FinskyApp.i(1358): No account configured on this device.
01-01 00:00:13.375  2155  2155 W Finsky  : [1] com.google.android.finsky.FinskyApp.i(1358): No account configured on this device.
01-01 00:00:13.377  2155  2155 W Finsky  : [1] com.google.android.finsky.FinskyApp.i(1358): No account configured on this device.
01-01 00:00:13.388  2045  2045 D dalvikvm: GC_FOR_ALLOC freed 244K, 7% free 5178K/5520K, paused 17ms, total 17ms
01-01 00:00:13.406  2155  2155 W Finsky  : [1] com.google.android.finsky.FinskyApp.i(1358): No account configured on this device.
01-01 00:00:13.409  2155  2155 W Finsky  : [1] com.google.android.finsky.FinskyApp.i(1358): No account configured on this device.
01-01 00:00:13.411  2045  2045 I dalvikvm-heap: Grow heap (frag case) to 14.524MB for 9830416-byte allocation
01-01 00:00:13.412  2155  2155 I Finsky  : [1] com.google.android.finsky.services.DailyHygiene.a(123): No need to run daily hygiene.
01-01 00:00:13.413  2155  2155 W Finsky  : [1] com.google.android.finsky.FinskyApp.i(1358): No account configured on this device.
01-01 00:00:13.414  2155  2155 I dalvikvm: Could not find method android.app.admin.DevicePolicyManager.isProfileOwnerApp, referenced from method com.google.android.finsky.utils.aq.a
01-01 00:00:13.414  2155  2155 W dalvikvm: VFY: unable to resolve virtual method 609: Landroid/app/admin/DevicePolicyManager;.isProfileOwnerApp (Ljava/lang/String;)Z
01-01 00:00:13.414  2155  2155 D dalvikvm: VFY: replacing opcode 0x6e at 0x0032
01-01 00:00:13.416  1962  1989 D EthernetDataTracker: Interface eth0 link up
01-01 00:00:13.416  1962  1989 I EthernetDataTracker: PHY Link Up, send EthernetManager.EVENT_PHY_LINK_UP
01-01 00:00:13.417  1962  1989 W ContextImpl: Calling a method in the system process without a qualified user: android.app.ContextImpl.sendStickyBroadcast:1358 android.net.EthernetDataTracker.postNotification:695 android.net.EthernetDataTracker.access$800:60 android.net.EthernetDataTracker$InterfaceObserver.interfaceLinkStateChanged:145 com.android.server.NetworkManagementService.notifyInterfaceLinkStateChanged:283 
01-01 00:00:13.419  1962  1989 W ContextImpl: Calling a method in the system process without a qualified user: android.app.ContextImpl.sendStickyBroadcast:1358 android.net.EthernetDataTracker.postNotification:695 android.net.EthernetDataTracker.access$800:60 android.net.EthernetDataTracker$InterfaceObserver.interfaceLinkStateChanged:149 com.android.server.NetworkManagementService.notifyInterfaceLinkStateChanged:283 
01-01 00:00:13.427  1962  1989 E NetUtils: Interface eth0 LinkUp!
01-01 00:00:13.430  1962  1989 I EthernetDataTracker: configure ethernet manually, run ConfigureInterface()
01-01 00:00:13.433  1962  1989 I EthernetDataTracker: Set IP manually ipaddr 192.168.1.30 gateway 192.168.1.1 netmask 255.255.255.0 dns1 172.22.0.1 dns2 8.8.8.8 DHCP server 0.0.0.0 lease 0 seconds
01-01 00:00:13.433  2155  2155 W Settings: Setting download_manager_max_bytes_over_mobile has moved from android.provider.Settings.Secure to android.provider.Settings.Global.
01-01 00:00:13.435  2155  2155 W Settings: Setting download_manager_recommended_max_bytes_over_mobile has moved from android.provider.Settings.Secure to android.provider.Settings.Global.
01-01 00:00:13.437  2045  2047 D dalvikvm: GC_CONCURRENT freed 7K, 3% free 14770K/15124K, paused 3ms+3ms, total 26ms
01-01 00:00:13.439  2155  2155 D dalvikvm: DexOpt: couldn't find static field Landroid/os/Build$VERSION;.PREVIEW_SDK_INT
01-01 00:00:13.439  2155  2155 W dalvikvm: VFY: unable to resolve static field 233 (PREVIEW_SDK_INT) in Landroid/os/Build$VERSION;
01-01 00:00:13.439  2155  2155 D dalvikvm: VFY: replacing opcode 0x60 at 0x0007
01-01 00:00:13.440  1460  1928 D CommandListener: Setting iface cfg
01-01 00:00:13.441  1460  1928 D CommandListener: Trying to bring up eth0
01-01 00:00:13.450  1962  1989 W System.err: Proxy Parse Error!
01-01 00:00:13.450  1962  1989 D EthernetDataTracker: Latest proxy_host -- host:null; port:0; exclude_list:null
01-01 00:00:13.451  1962  1989 I EthernetDataTracker: configureInterface, mIpv4LinkProperties:{InterfaceName: eth0 LinkAddresses: [192.168.1.30/24,]  Routes: [192.168.1.0/24 -> 0.0.0.0,0.0.0.0/0 -> 192.168.1.1,] DnsAddresses: [172.22.0.1,8.8.8.8,] Domains: nullMTU: 0}
01-01 00:00:13.452  1962  1989 I EthernetDataTracker: runDhcp compAddres:removed=[] added=[192.168.1.30/24,]
01-01 00:00:13.452  1962  1989 I EthernetDataTracker: runDhcp compRoutes:removed=[] added=[192.168.1.0/24 -> 0.0.0.0,0.0.0.0/0 -> 192.168.1.1,]
01-01 00:00:13.452  1962  1989 I EthernetDataTracker: runDhcp compDnses:removed=[] added=[/172.22.0.1,/8.8.8.8,]
01-01 00:00:13.452  1962  1989 I EthernetDataTracker: route interface:eth0
01-01 00:00:13.452  1962  1989 I EthernetDataTracker: route interface:eth0
01-01 00:00:13.454  1962  1989 I EthernetDataTracker: runDhcp mIpv4LinkProperties:{InterfaceName: eth0 LinkAddresses: [192.168.1.30/24,]  Routes: [192.168.1.0/24 -> 0.0.0.0,0.0.0.0/0 -> 192.168.1.1,] DnsAddresses: [172.22.0.1,8.8.8.8,] Domains: nullMTU: 0}
01-01 00:00:13.455  1962  1989 I EthernetDataTracker: runDhcp mLinkProperties:{InterfaceName: eth0 LinkAddresses: [192.168.1.30/24,]  Routes: [192.168.1.0/24 -> 0.0.0.0,0.0.0.0/0 -> 192.168.1.1,] DnsAddresses: [172.22.0.1,8.8.8.8,] Domains: nullMTU: 0}
01-01 00:00:13.457  1962  1989 W ContextImpl: Calling a method in the system process without a qualified user: android.app.ContextImpl.sendStickyBroadcast:1358 android.net.EthernetDataTracker.postNotification:695 android.net.EthernetDataTracker.configureInterface:352 android.net.EthernetDataTracker.reconnect:992 android.net.EthernetDataTracker.interfaceAdded:202 
01-01 00:00:13.460  1962  1989 I EthernetDataTracker: IPV6 not enabled!
01-01 00:00:13.460  1962  1989 D G3StateTracker: 3g interfaceLinkStateChanged eth0 link up
01-01 00:00:13.460  1962  2034 D ConnectivityService: ConnectivityChange for ETHERNET: CONNECTED/CONNECTED
01-01 00:00:13.461  1962  2034 D ConnectivityService: Coexist!! Do not teardown: ETHERNET
01-01 00:00:13.463  1962  2034 E ConnectivityService: Unexpected mtu value: android.net.EthernetDataTracker@2cdc8fc8
01-01 00:00:13.482  1962  2034 E ConnectivityService: updatedns, getDnsRemain: mNumDnsEntries = 0
01-01 00:00:13.484  1962  2034 E ConnectivityService: updateDnsLocked, dnses:[/172.22.0.1, /8.8.8.8]
01-01 00:00:13.485  1962  2034 E ConnectivityService: wifidns:null g3dns:null ethdns:[/172.22.0.1, /8.8.8.8]
01-01 00:00:13.485  1962  2034 E ConnectivityService: updateDns, adding net.dns1 172.22.0.1
01-01 00:00:13.486  2155  2155 I dalvikvm: Could not find method com.google.android.finsky.layout.DocImageView.setTransitionName, referenced from method com.google.android.finsky.utils.fb.a
01-01 00:00:13.486  2155  2155 W dalvikvm: VFY: unable to resolve virtual method 23413: Lcom/google/android/finsky/layout/DocImageView;.setTransitionName (Ljava/lang/String;)V
01-01 00:00:13.486  2155  2155 D dalvikvm: VFY: replacing opcode 0x6e at 0x0122
01-01 00:00:13.486  1962  2034 E ConnectivityService: updateDns, adding net.dns2 8.8.8.8
01-01 00:00:13.487  1962  2034 D ConnectivityService: curLp before coexist handle: null
01-01 00:00:13.488  1962  2034 D ConnectivityService: newLp before coexist handle: {InterfaceName: eth0 LinkAddresses: [192.168.1.30/24,]  Routes: [192.168.1.0/24 -> 0.0.0.0,0.0.0.0/0 -> 192.168.1.1,] DnsAddresses: [172.22.0.1,8.8.8.8,] Domains: nullMTU: 0}
01-01 00:00:13.488  1962  2034 D ConnectivityService: newLpPrefered before coexist handle: false
01-01 00:00:13.489  1962  2034 D ConnectivityService: Coexist!! No Previous Available Network!! New newType(9) Connected!!
01-01 00:00:13.489  1962  2034 D ConnectivityService: curLp before updateRoutes: null
01-01 00:00:13.489  1962  2034 D ConnectivityService: newLp before updateRoutes: {InterfaceName: eth0 LinkAddresses: [192.168.1.30/24,]  Routes: [192.168.1.0/24 -> 0.0.0.0,0.0.0.0/0 -> 192.168.1.1,] DnsAddresses: [172.22.0.1,8.8.8.8,] Domains: nullMTU: 0}
01-01 00:00:13.489  1962  2034 D ConnectivityService: newLpPrefered before updateRoutes: true
01-01 00:00:13.491  1962  2034 D ConnectivityService: Adding 192.168.1.0/24 -> 0.0.0.0 into mAddedRoutes as it's already in use
01-01 00:00:13.500  2155  2155 I dalvikvm: Could not find method com.google.android.finsky.layout.DocImageView.setTransitionName, referenced from method com.google.android.finsky.utils.fb.a
01-01 00:00:13.500  2155  2155 W dalvikvm: VFY: unable to resolve virtual method 23413: Lcom/google/android/finsky/layout/DocImageView;.setTransitionName (Ljava/lang/String;)V
01-01 00:00:13.500  2155  2155 D dalvikvm: VFY: replacing opcode 0x6e at 0x03e1
01-01 00:00:13.501  2155  2155 I dalvikvm: Could not find method com.google.android.finsky.layout.DocImageView.setTransitionName, referenced from method com.google.android.finsky.utils.fb.a
01-01 00:00:13.501  2155  2155 W dalvikvm: VFY: unable to resolve virtual method 23413: Lcom/google/android/finsky/layout/DocImageView;.setTransitionName (Ljava/lang/String;)V
01-01 00:00:13.501  2155  2155 D dalvikvm: VFY: replacing opcode 0x6e at 0x03e7
01-01 00:00:13.502  1962  2034 D ConnectivityService: Adding 192.168.1.1/32 -> 0.0.0.0 into mAddedRoutes as it's already in use
01-01 00:00:13.514  1962  2034 D ConnectivityService: Adding 0.0.0.0/0 -> 192.168.1.1 into mAddedRoutes as it's already in use
01-01 00:00:13.518  2155  2155 I dalvikvm: Could not find method android.view.View.getTransitionName, referenced from method com.google.android.finsky.navigationmanager.b.a
01-01 00:00:13.518  2155  2155 W dalvikvm: VFY: unable to resolve virtual method 10137: Landroid/view/View;.getTransitionName ()Ljava/lang/String;
01-01 00:00:13.518  2155  2155 D dalvikvm: VFY: replacing opcode 0x6e at 0x001b
01-01 00:00:13.530  1962  2034 D Nat464Xlat: requiresClat: netType=9, hasIPv4Address=true
01-01 00:00:13.532  1962  2030 D WifiStateTracker: do not disguise!
01-01 00:00:13.536  1962  2034 D ConnectivityService: Coexist!! NewType(9) priority is higher than CurrentType(-1), update mActiveDefaultNetwork!
01-01 00:00:13.554  2045  2045 D dalvikvm: GC_FOR_ALLOC freed <1K, 3% free 14771K/15124K, paused 16ms, total 16ms
01-01 00:00:13.567  2155  2155 W Finsky  : [1] com.google.android.finsky.FinskyApp.i(1358): No account configured on this device.
01-01 00:00:13.570  2155  2155 W Finsky  : [1] com.google.android.finsky.FinskyApp.i(1358): No account configured on this device.
01-01 00:00:13.572  2155  2155 W Finsky  : [1] com.google.android.finsky.FinskyApp.i(1358): No account configured on this device.
01-01 00:00:13.574  2235  2235 V PowerAlarmManager: setAutoPowerSleepAlarm : 0
01-01 00:00:13.575  2155  2155 W Finsky  : [1] com.google.android.finsky.FinskyApp.i(1358): No account configured on this device.
01-01 00:00:13.576  2155  2155 W Finsky  : [1] com.google.android.finsky.FinskyApp.b(1059): No account configured on this device.
01-01 00:00:13.580  2155  2155 W Finsky  : [1] com.google.android.finsky.FinskyApp.i(1358): No account configured on this device.
01-01 00:00:13.582  2155  2369 D Ads     : Skipping gmscore version check
01-01 00:00:13.595  1962  2233 I ActivityManager: Start proc com.google.android.gms.persistent for broadcast com.google.android.gms/com.google.android.location.internal.NlpNetworkProviderSettingsUpdateReceiver: pid=2371 uid=10006 gids={50006, 3003, 1007, 1028, 1015, 3002, 3001, 3007, 2001, 3006}
01-01 00:00:13.598  1962  2029 D WifiStateTracker: getNetworkInfo Wifi disguise to ethernet!
01-01 00:00:13.608  2371  2371 E Environment: canonicalPath = /mnt/sdcard
01-01 00:00:13.612  2155  2155 I Finsky  : [1] com.google.android.finsky.b.j.a(270): result=false type=4
01-01 00:00:13.624  2045  2045 I dalvikvm-heap: Grow heap (frag case) to 36.379MB for 22924816-byte allocation
01-01 00:00:13.631  2235  2235 I DvbCallbackListener: -------------->addDvbListener : Home
01-01 00:00:13.631  2235  2235 I DvbCallbackListener: -------------->addDvbListener : PvrManager
01-01 00:00:13.631  2235  2235 I DvbCallbackListener: -------------->addDvbListener : EPGManager
01-01 00:00:13.644  2235  2235 D StorageStatusReceiver: /proc/mount
01-01 00:00:13.645  2235  2235 D StorageStatusReceiver: rootfs / rootfs ro,relatime 0 0
01-01 00:00:13.645  2235  2235 V StorageStatusReceiver: getDevType : rootfs / rootfs ro,relatime 0 0
01-01 00:00:13.646  2235  2235 D StorageStatusReceiver: tmpfs /dev tmpfs rw,nosuid,relatime,mode=755 0 0
01-01 00:00:13.646  2235  2235 V StorageStatusReceiver: getDevType : tmpfs /dev tmpfs rw,nosuid,relatime,mode=755 0 0
01-01 00:00:13.647  2155  2155 I Finsky  : [1] com.google.android.finsky.services.ar.a(1049): Restore complete with 0 success and 0 failed.
01-01 00:00:13.647  2235  2235 D StorageStatusReceiver: devpts /dev/pts devpts rw,relatime,mode=600 0 0
01-01 00:00:13.647  2235  2235 V StorageStatusReceiver: getDevType : devpts /dev/pts devpts rw,relatime,mode=600 0 0
01-01 00:00:13.648  2235  2235 D StorageStatusReceiver: adb /dev/usb-ffs/adb functionfs rw,relatime 0 0
01-01 00:00:13.648  2235  2235 V StorageStatusReceiver: getDevType : adb /dev/usb-ffs/adb functionfs rw,relatime 0 0
01-01 00:00:13.649  2235  2235 D StorageStatusReceiver: proc /proc proc rw,relatime 0 0
01-01 00:00:13.649  2235  2235 V StorageStatusReceiver: getDevType : proc /proc proc rw,relatime 0 0
01-01 00:00:13.649  2235  2235 D StorageStatusReceiver: sysfs /sys sysfs rw,relatime 0 0
01-01 00:00:13.649  2235  2235 V StorageStatusReceiver: getDevType : sysfs /sys sysfs rw,relatime 0 0
01-01 00:00:13.650  2235  2235 D StorageStatusReceiver: tmpfs /mnt tmpfs rw,relatime,mode=775,gid=1000 0 0
01-01 00:00:13.650  2235  2235 V StorageStatusReceiver: getDevType : tmpfs /mnt tmpfs rw,relatime,mode=775,gid=1000 0 0
01-01 00:00:13.650  2045  2047 D dalvikvm: GC_CONCURRENT freed 0K, 1% free 37158K/37512K, paused 5ms+4ms, total 26ms
01-01 00:00:13.650  2045  2045 D dalvikvm: WAIT_FOR_CONCURRENT_GC blocked 20ms
01-01 00:00:13.651  2235  2235 D StorageStatusReceiver: tmpfs /mnt/secure tmpfs rw,relatime,mode=700 0 0
01-01 00:00:13.651  2235  2235 V StorageStatusReceiver: getDevType : tmpfs /mnt/secure tmpfs rw,relatime,mode=700 0 0
01-01 00:00:13.652  2235  2235 D StorageStatusReceiver: tmpfs /mnt/asec tmpfs rw,relatime,mode=755,gid=1000 0 0
01-01 00:00:13.652  2235  2235 V StorageStatusReceiver: getDevType : tmpfs /mnt/asec tmpfs rw,relatime,mode=755,gid=1000 0 0
01-01 00:00:13.652  2235  2235 D StorageStatusReceiver: tmpfs /mnt/obb tmpfs rw,relatime,mode=755,gid=1000 0 0
01-01 00:00:13.652  2235  2235 V StorageStatusReceiver: getDevType : tmpfs /mnt/obb tmpfs rw,relatime,mode=755,gid=1000 0 0
01-01 00:00:13.653  2235  2235 D StorageStatusReceiver: /data/media /mnt/sdcard sdcardfs rw,nosuid,nodev,relatime,uid=1023,gid=1028,derive=legacy,reserved=100MB 0 0
01-01 00:00:13.653  2235  2235 V StorageStatusReceiver: getDevType : /data/media /mnt/sdcard sdcardfs rw,nosuid,nodev,relatime,uid=1023,gid=1028,derive=legacy,reserved=100MB 0 0
01-01 00:00:13.654  2235  2235 D StorageStatusReceiver: tmpfs /tmp tmpfs rw,relatime,mode=775 0 0
01-01 00:00:13.654  2235  2235 V StorageStatusReceiver: getDevType : tmpfs /tmp tmpfs rw,relatime,mode=775 0 0
01-01 00:00:13.654  2235  2235 D StorageStatusReceiver: /dev/block/platform/hi_mci.1/by-name/system /system ext4 ro,nosuid,nodev,relatime,data=ordered 0 0
01-01 00:00:13.654  2235  2235 V StorageStatusReceiver: getDevType : /dev/block/platform/hi_mci.1/by-name/system /system ext4 ro,nosuid,nodev,relatime,data=ordered 0 0
01-01 00:00:13.655  2235  2235 D StorageStatusReceiver: /dev/block/platform/hi_mci.1/by-name/reserved /system/reserved ext4 rw,nosuid,nodev,relatime,data=ordered 0 0
01-01 00:00:13.655  2235  2235 V StorageStatusReceiver: getDevType : /dev/block/platform/hi_mci.1/by-name/reserved /system/reserved ext4 rw,nosuid,nodev,relatime,data=ordered 0 0
01-01 00:00:13.656  2235  2235 D StorageStatusReceiver: /dev/block/platform/hi_mci.1/by-name/userdata /data ext4 rw,nosuid,nodev,relatime,data=ordered 0 0
01-01 00:00:13.656  2235  2235 V StorageStatusReceiver: getDevType : /dev/block/platform/hi_mci.1/by-name/userdata /data ext4 rw,nosuid,nodev,relatime,data=ordered 0 0
01-01 00:00:13.657  2235  2235 D StorageStatusReceiver: /dev/block/platform/hi_mci.1/by-name/cache /cache ext4 rw,nosuid,nodev,relatime,data=ordered 0 0
01-01 00:00:13.657  2235  2235 V StorageStatusReceiver: getDevType : /dev/block/platform/hi_mci.1/by-name/cache /cache ext4 rw,nosuid,nodev,relatime,data=ordered 0 0
01-01 00:00:13.658  2235  2235 D StorageStatusReceiver: /data/media /storage/emulated sdcardfs rw,nosuid,nodev,relatime,uid=1023,gid=1028,derive=legacy,reserved=100MB 0 0
01-01 00:00:13.658  2235  2235 V StorageStatusReceiver: getDevType : /data/media /storage/emulated sdcardfs rw,nosuid,nodev,relatime,uid=1023,gid=1028,derive=legacy,reserved=100MB 0 0
01-01 00:00:13.658  2235  2235 D StorageStatusReceiver: /dev/block/vold/179:25 /mnt/sdcard_external vfat rw,dirsync,nosuid,nodev,relatime,uid=1000,gid=1015,fmask=0000,dmask=0000,allow_utime=0022,codepage=437,iocharset=iso8859-1,shortname=mixed,utf8,errors=remount-ro 0 0
01-01 00:00:13.658  2235  2235 V StorageStatusReceiver: getDevType : /dev/block/vold/179:25 /mnt/sdcard_external vfat rw,dirsync,nosuid,nodev,relatime,uid=1000,gid=1015,fmask=0000,dmask=0000,allow_utime=0022,codepage=437,iocharset=iso8859-1,shortname=mixed,utf8,errors=remount-ro 0 0
01-01 00:00:13.660  2235  2235 D StorageStatusReceiver: -----------dev_type= SDCARD
01-01 00:00:13.660  2235  2235 D StorageStatusReceiver: -----------mount_path= /mnt/sdcard_external
01-01 00:00:13.660  2235  2235 D StorageStatusReceiver: -----------fs_type= VFAT
01-01 00:00:13.660  2235  2235 D StorageStatusReceiver: -----------io_mode= RW
01-01 00:00:13.660  2235  2235 D StorageStatusReceiver: -----------usbPort= UNKNOWN
01-01 00:00:13.715  1962  2219 D dalvikvm: GC_EXPLICIT freed 764K, 12% free 6504K/7376K, paused 5ms+6ms, total 76ms
01-01 00:00:13.719  2235  2235 I DvbCallbackListener: -------------->addDvbListener : PowerStatusReceiver
01-01 00:00:13.734  1480  2006 I DVBSTACK: [Reply] DVB_DB_CONFIG_Get(33), size:8 (DvbService.cpp, 203)
01-01 00:00:13.736  1480  1480 I DVBSTACK: [Reply] DVB_DB_CONFIG_Get(33), size:8 (DvbService.cpp, 203)
01-01 00:00:13.738  1480  2006 I DVBSTACK: [Reply] DVB_DB_CONFIG_Get(33), size:8 (DvbService.cpp, 203)
01-01 00:00:13.738  1480  1480 I DVBSTACK: [Reply] DVB_DB_CONFIG_Get(33), size:8 (DvbService.cpp, 203)
01-01 00:00:13.738  1480  2006 I DVBSTACK: [Reply] DVB_DB_CONFIG_Get(33), size:8 (DvbService.cpp, 203)
01-01 00:00:13.738  2371  2371 W dalvikvm: VFY: unable to resolve static field 560 (PR_SET_DUMPABLE) in Landroid/system/OsConstants;
01-01 00:00:13.738  2371  2371 D dalvikvm: VFY: replacing opcode 0x60 at 0x000b
01-01 00:00:13.738  1480  1480 I DVBSTACK: [Reply] DVB_DB_CONFIG_Get(33), size:8 (DvbService.cpp, 203)
01-01 00:00:13.739  1480  2006 I DVBSTACK: [Reply] DVB_DB_CONFIG_Get(33), size:8 (DvbService.cpp, 203)
01-01 00:00:13.740  1480  1480 I DVBSTACK: [Reply] DVB_DB_CONFIG_Get(33), size:8 (DvbService.cpp, 203)
01-01 00:00:13.740  1480  2006 I DVBSTACK: [Reply] DVB_DB_CONFIG_Get(33), size:8 (DvbService.cpp, 203)
01-01 00:00:13.741  1480  1480 I DVBSTACK: [Reply] DVB_DB_CONFIG_Get(33), size:8 (DvbService.cpp, 203)
01-01 00:00:13.744  2371  2371 I dalvikvm: Could not find method com.google.android.gms.common.app.GmsApplication.getSystemService, referenced from method com.google.android.gms.common.app.GmsApplication.onCreate
01-01 00:00:13.744  2371  2371 W dalvikvm: VFY: unable to resolve virtual method 12441: Lcom/google/android/gms/common/app/GmsApplication;.getSystemService (Ljava/lang/Class;)Ljava/lang/Object;
