03-11 15:56:47.274  2207  3119 E MultiScreenUpnpDevice: [VPPMULTISCREEN][MultiScreenDeviceStart][:893] can not load description file from /data/data/com.hisilicon.multiscreen.server/shared_prefs/multiscreendesc.xml, use default description
03-11 15:56:47.282  2207  3119 I MultiScreenUpnpDevice: [VPPMULTISCREEN][MultiScreenDeviceStart][:931] UPnP Initialized tipaddress = 192.168.1.30 port = 49152
03-11 15:56:47.282  2207  3119 I MultiScreenUpnpDevice: [VPPMULTISCREEN][MultiScreenDeviceStart][:941] Initializing State Table
03-11 15:56:47.285  2207  3119 I MultiScreenUpnpDevice: [VPPMULTISCREEN][MultiScreenStateTableInit][:407]:finish MultiScreenStateTableInit
03-11 15:56:47.285  2207  3119 I MultiScreenUpnpDevice: [VPPMULTISCREEN][MultiScreenDeviceStart][:945] Advertisements Sent
03-11 15:56:47.500  1962  1977 I ActivityManager: Waited long enough for: ServiceRecord{2cf98380 u0 com.google.android.gms/.common.stats.GmsCoreStatsService}
03-11 15:56:47.501  1962  1977 I ActivityManager: Resuming delayed broadcast
03-11 15:56:47.510  2806  2806 D AlertReceiver: onReceive: a=android.intent.action.PROVIDER_CHANGED Intent { act=android.intent.action.PROVIDER_CHANGED dat=content://com.android.calendar flg=0x10 cmp=com.android.calendar/.alerts.AlertReceiver }
03-11 15:56:47.515  1962  2233 I ActivityManager: Delay finish: com.android.calendar/.alerts.AlertReceiver
03-11 15:56:47.516  2806  3154 D AlertService: 0 Action = android.intent.action.PROVIDER_CHANGED
03-11 15:56:48.144  2207  3119 D MultiScreenUpnpDevice: load compatlist <?xml version="1.0"?>
03-11 15:56:48.144  2207  3119 D MultiScreenUpnpDevice: <deviceList>
03-11 15:56:48.144  2207  3119 D MultiScreenUpnpDevice: <device>
03-11 15:56:48.144  2207  3119 D MultiScreenUpnpDevice: <buildModel>HUAWEI MT1-U06</buildModel>
03-11 15:56:48.144  2207  3119 D MultiScreenUpnpDevice: <sdkVersion>4.1.2</sdkVersion>
03-11 15:56:48.144  2207  3119 D MultiScreenUpnpDevice: </device>
03-11 15:56:48.144  2207  3119 D MultiScreenUpnpDevice: <device>
03-11 15:56:48.144  2207  3119 D MultiScreenUpnpDevice: <buildModel>GT-I9500</buildModel>
03-11 15:56:48.144  2207  3119 D MultiScreenUpnpDevice: <sdkVersion>4.2.2</sdkVersion>
03-11 15:56:48.144  2207  3119 D MultiScreenUpnpDevice: </device>
03-11 15:56:48.144  2207  3119 D MultiScreenUpnpDevice: <device>
03-11 15:56:48.144  2207  3119 D MultiScreenUpnpDevice: <buildModel>H60-L01</buildModel>
03-11 15:56:48.144  2207  3119 D MultiScreenUpnpDevice: <sdkVersion>4.4.2</sdkVersion>
03-11 15:56:48.144  2207  3119 D MultiScreenUpnpDevice: </device>
03-11 15:56:48.144  2207  3119 D MultiScreenUpnpDevice: <device>
03-11 15:56:48.144  2207  3119 D MultiScreenUpnpDevice: <buildModel>H60-L11</buildModel>
03-11 15:56:48.144  2207  3119 D MultiScreenUpnpDevice: <sdkVersion>4.4.2</sdkVersion>
03-11 15:56:48.144  2207  3119 D MultiScreenUpnpDevice: </device>
03-11 15:56:48.144  2207  3119 D MultiScreenUpnpDevice: <device>
03-11 15:56:48.144  2207  3119 D MultiScreenUpnpDevice: <buildModel>H60-L02</buildModel>
03-11 15:56:48.144  2207  3119 D MultiScreenUpnpDevice: <sdkVersion>4.4.2</sdkVersion>
03-11 15:56:48.144  2207  3119 D MultiScreenUpnpDevice: </device>
03-11 15:56:48.144  2207  3119 D MultiScreenUpnpDevice: <device>
03-11 15:56:48.144  2207  3119 D MultiScreenUpnpDevice: <buildModel>H60-L12</buildModel>
03-11 15:56:48.144  2207  3119 D MultiScreenUpnpDevice: <sdkVersion>4.4.2</sdkVersion>
03-11 15:56:48.144  2207  3119 D MultiScreenUpnpDevice: </device>
03-11 15:56:48.144  2207  3119 D MultiScreenUpnpDevice: <device>
03-11 15:56:48.144  2207  3119 D MultiScreenUpnpDevice: <buildModel>SM-G9006V</buildModel>
03-11 15:56:48.144  2207  3119 D MultiScreenUpnpDevice: <sdkVersion>4.4.2</sdkVersion>
03-11 15:56:48.144  2207  3119 D MultiScreenUpnpDevice: </device>
03-11 15:56:48.144  2207  3119 D MultiScreenUpnpDevice: <device>
03-11 15:56:48.144  2207  3119 D MultiScreenUpnpDevice: <buildModel>SM-G9008V</buildModel>
03-11 15:56:48.144  2207  3119 D MultiScreenUpnpDevice: <sdkVersion>4.4.2</sdkVersion>
03-11 15:56:48.144  2207  3119 D MultiScreenUpnpDevice: </device>
03-11 15:56:48.144  2207  3119 D MultiScreenUpnpDevice: </deviceList>
03-11 15:56:48.144  2207  3119 D MultiScreenUpnpDevice:  [MultiScreenDeviceStart][:957]
03-11 15:56:48.144  2207  3119 D MultiScreenUpnpDevice:  
03-11 15:56:48.144  2207  3119 D MultiScreenUpnpDevice: MultiScreen_UPNP_DEV_PROC_CreateMode
03-11 15:56:48.304  2166  3074 D UPNP    : com.hisilicon.dlna.dms.MediaService.restartDLNAServer()  Line:312  (restartDLNAServer)
03-11 15:56:48.306  2166  3074 D MediaService: readConfig
03-11 15:56:48.308  2166  3074 D UPNP    : com.hisilicon.dlna.dms.MediaService.restartDMS()  Line:305  (restart dms)
03-11 15:56:48.312  2179  3076 D UPNP    : com.hisilicon.dlna.dmr.UpnpBootBroadcastServiceDMR.restartDLNAServer()  Line:264  (restartDLNAServer)
03-11 15:56:48.313  2166  3074 E MediaService: getLocalIpAddress:fe80::21e:b8ff:fea1:6cc0%eth0
03-11 15:56:48.316  2179  3076 D UpnpBootBroadcastServiceDMR: readConfig
03-11 15:56:48.317  2179  3076 D UPNP    : com.hisilicon.dlna.dmr.UpnpBootBroadcastServiceDMR.readConfig()  Line:426  (UpnpBootBroadcastServiceDMR.java)
03-11 15:56:48.319  2179  3076 D UPNP    : com.hisilicon.dlna.dmr.UpnpBootBroadcastServiceDMR.restartDMR()  Line:257  (restart dmr)
03-11 15:56:48.320  2179  3178 D DMRBinder: destroy()
03-11 15:56:48.320  2179  3178 D DMRManager: destroy
03-11 15:56:48.327  2179  3076 E UpnpBootBroadcastServiceDMR: getLocalIpAddress:fe80::21e:b8ff:fea1:6cc0%eth0
03-11 15:56:48.360  2179  3178 D DMRBinder: create()
03-11 15:56:48.360  2179  3178 D DMRManager: create
03-11 15:56:48.362  2179  3178 I CommonDef: [getCurrentAdapterName] ethernet is open
03-11 15:56:48.362  2179  3178 E CommonDef: getDatabaseInterfaceName []
03-11 15:56:48.363  2179  3178 D CommonDef: getCurrentAdapterName start strAdapterName=eth0
03-11 15:56:48.364  2179  3178 E VPP_DLNA_LOG: [VPPDLNA][UpnpInit3][:510] === the name is adapter_name: eth0
03-11 15:56:48.364  2179  3178 E VPP_DLNA_LOG: [VPPDLNA]:[getlocalhostname]:the param adapterName is eth0!
03-11 15:56:48.364  2179  3178 E VPP_DLNA_LOG: [VPPDLNA]:[getlocalhostname] find the adapter :eth0,MAC is 001EB8A16CC0
03-11 15:56:48.364  2179  3178 E VPP_DLNA_LOG: [VPPDLNA]:Inside getlocalhostname: after strncpy 192.168.1.30
03-11 15:56:48.899  1962  1977 I ActivityManager: Waited long enough for: ServiceRecord{2cfb46d8 u0 com.android.calendar/.alerts.InitAlarmsService}
03-11 15:56:48.899  1962  1977 I ActivityManager: Resuming delayed broadcast
03-11 15:56:48.914  1962  2219 I ActivityManager: Delay finish: com.google.android.gms/.lockbox.LockboxAlarmReceiver
03-11 15:56:48.949  1962  2219 I ActivityManager: Resuming delayed broadcast
03-11 15:56:48.953  1962  1972 I ActivityManager: Delay finish: com.google.android.gms/.common.download.DownloadAlarmReceiver
03-11 15:56:48.996  1458  1458 E ServiceManager: add_service('dmr',0x5b) uid=1000 - ALREADY REGISTERED, OVERRIDE
03-11 15:56:48.996  1458  1458 I ServiceManager: service 'dmr' died
03-11 15:56:49.183  1962  2137 I ActivityManager: Resuming delayed broadcast
03-11 15:56:49.198  2330  2333 D dalvikvm: GC_CONCURRENT freed 816K, 17% free 4530K/5452K, paused 2ms+2ms, total 25ms
03-11 15:56:49.213  1962  2220 I ActivityManager: Delay finish: com.google.android.gms/.security.snet.SnetReceiver
03-11 15:56:49.263  1962  2233 I ActivityManager: Resuming delayed broadcast
03-11 15:56:49.282  2280  3222 D GCM     : GcmService start Intent { act=com.google.android.checkin.CHECKIN_COMPLETE flg=0x10 cmp=com.google.android.gms/.gcm.GcmService (has extras) } com.google.android.checkin.CHECKIN_COMPLETE
03-11 15:56:49.450  1962  2219 I ActivityManager: Delay finish: com.android.providers.calendar/.CalendarProviderBroadcastReceiver
03-11 15:56:49.478  1962  2040 I ActivityManager: Resuming delayed broadcast
03-11 15:56:49.533  2330  3225 I EventLogService: Aggregate from 1551671817156 (log), 1551671817156 (data)
03-11 15:56:49.578  2371  2373 D dalvikvm: GC_CONCURRENT freed 838K, 17% free 4745K/5684K, paused 5ms+4ms, total 33ms
03-11 15:56:49.624  1962  2194 I ActivityManager: Delay finish: com.google.android.gms/.checkin.EventLogService$Receiver
03-11 15:56:49.664  1962  2220 I ActivityManager: Resuming delayed broadcast
03-11 15:56:49.667  2330  2330 V AuthZen : Received broadcast action: com.google.android.gms.auth.authzen.CHECK_REGISTRATION
03-11 15:56:49.668  1962  2233 I ActivityManager: Delay finish: com.google.android.gms/.auth.authzen.GcmReceiverService$Receiver
03-11 15:56:49.669  2330  3232 V AuthZen : Handling intent: com.google.android.gms.auth.authzen.CHECK_REGISTRATION
03-11 15:56:49.670  2330  3232 D AuthZenEventHandler: Handling event: com.google.android.gms.auth.authzen.CHECK_REGISTRATION
03-11 15:56:49.673  1962  2233 I ActivityManager: Resuming delayed broadcast
03-11 15:56:49.677  1962  1972 I ActivityManager: Delay finish: com.google.android.gms/.auth.be.recovery.AccountRecoveryBackgroundService$Receiver
03-11 15:56:49.686  1962  2233 I ActivityManager: Resuming delayed broadcast
03-11 15:56:49.691  1962  2219 I ActivityManager: Delay finish: com.google.android.gms/.reminders.notification.NotificationReceiver
03-11 15:56:49.702  1962  2137 I ActivityManager: Resuming delayed broadcast
03-11 15:56:49.703  1962  1962 D AlarmManagerService: Kernel timezone updated to 0 minutes west of GMT
03-11 15:56:49.710  1962  2219 I ActivityManager: Delay finish: com.google.android.gms/.playlog.service.MonitorAlarmReceiver
03-11 15:56:49.715  1962  2194 I ActivityManager: Resuming delayed broadcast
03-11 15:56:49.722  1962  2233 I ActivityManager: Delay finish: com.google.android.gms/.checkin.CheckinService$Receiver
03-11 15:56:49.728  2330  3238 E TelephonyManager: cts.appProcess.processName:com.google.android.gms
03-11 15:56:49.730  2330  3238 I CheckinService: Checking schedule, now: 1552319809730 next: 1389117579688
03-11 15:56:49.730  2330  3238 I CheckinService: active receiver: enabled
03-11 15:56:49.746  2330  3238 I CheckinService: Preparing to send checkin request
03-11 15:56:49.746  2330  3238 I EventLogService: Accumulating logs since 1552319809603
03-11 15:56:49.765  2330  3238 I CheckinRequestBuilder: Checkin reason type: 1 attempt count: 1
03-11 15:56:49.767  2330  3238 E ActivityThread: Failed to find provider info for com.google.android.wearable.settings
03-11 15:56:49.877  1962  2040 D dalvikvm: GC_EXPLICIT freed 769K, 16% free 6979K/8256K, paused 3ms+6ms, total 61ms
03-11 15:56:49.892  2330  3238 E TelephonyManager: cts.appProcess.processName:com.google.android.gms
03-11 15:56:49.893  2330  3238 E CheckinRequestBuilder: TelephonyManager.getDeviceId() must return a 15-decimal-digit IMEI, a 14-hex-digit MEID or an 8-hex-digit ESN 
03-11 15:56:49.933  2330  2333 D dalvikvm: GC_CONCURRENT freed 719K, 15% free 4757K/5576K, paused 3ms+4ms, total 28ms
03-11 15:56:49.962  1962  2220 I ActivityManager: Start proc com.google.android.gms.unstable for service com.google.android.gms/.droidguard.DroidGuardService: pid=3241 uid=10006 gids={50006, 3003, 1007, 1028, 1015, 3002, 3001, 3007, 2001, 3006}
03-11 15:56:49.964  3241  3241 E Environment: canonicalPath = /mnt/sdcard
03-11 15:56:49.986  3241  3241 W dalvikvm: VFY: unable to resolve static field 560 (PR_SET_DUMPABLE) in Landroid/system/OsConstants;
03-11 15:56:49.986  3241  3241 D dalvikvm: VFY: replacing opcode 0x60 at 0x000b
03-11 15:56:49.990  3241  3241 I dalvikvm: Could not find method com.google.android.gms.common.app.GmsApplication.getSystemService, referenced from method com.google.android.gms.common.app.GmsApplication.onCreate
03-11 15:56:49.990  3241  3241 W dalvikvm: VFY: unable to resolve virtual method 12441: Lcom/google/android/gms/common/app/GmsApplication;.getSystemService (Ljava/lang/Class;)Ljava/lang/Object;
03-11 15:56:49.990  3241  3241 D dalvikvm: VFY: replacing opcode 0x6e at 0x00cd
03-11 15:56:49.993  3241  3241 I MultiDex: VM with version 1.6.0 does not have multidex support
03-11 15:56:49.993  3241  3241 I MultiDex: install
03-11 15:56:49.994  3241  3241 I MultiDex: MultiDexExtractor.load(/system/priv-app/PrebuiltGmsCore.apk, false)
03-11 15:56:50.000  3241  3241 I MultiDex: loading existing secondary dex files
03-11 15:56:50.001  3241  3241 I MultiDex: load found 3 secondary dex files
03-11 15:56:50.006  3241  3241 I MultiDex: install done
03-11 15:56:50.027  3241  3241 D dalvikvm: DexOpt: couldn't find static field Landroid/os/Build;.SUPPORTED_ABIS
03-11 15:56:50.027  3241  3241 W dalvikvm: VFY: unable to resolve static field 120 (SUPPORTED_ABIS) in Landroid/os/Build;
03-11 15:56:50.027  3241  3241 D dalvikvm: VFY: replacing opcode 0x62 at 0x000a
03-11 15:56:50.028  3241  3241 D dalvikvm: DexOpt: couldn't find field Landroid/content/pm/ApplicationInfo;.splitSourceDirs
03-11 15:56:50.028  3241  3241 W dalvikvm: VFY: unable to resolve instance field 36
03-11 15:56:50.028  3241  3241 D dalvikvm: VFY: replacing opcode 0x54 at 0x005f
03-11 15:56:50.029  3241  3241 D dalvikvm: DexOpt: couldn't find static field Landroid/os/Build;.SUPPORTED_ABIS
03-11 15:56:50.029  3241  3241 W dalvikvm: VFY: unable to resolve static field 120 (SUPPORTED_ABIS) in Landroid/os/Build;
03-11 15:56:50.029  3241  3241 D dalvikvm: VFY: replacing opcode 0x62 at 0x0047
03-11 15:56:50.030  3241  3241 D dalvikvm: DexOpt: couldn't find field Landroid/content/pm/ApplicationInfo;.splitSourceDirs
03-11 15:56:50.030  3241  3241 I dalvikvm: DexOpt: unable to optimize instance field ref 0x0024 at 0x63 in Lcom/google/android/gms/common/util/ba;.b
03-11 15:56:50.033  3241  3241 D dalvikvm: No JNI_OnLoad found in /system/lib/libgmscore.so 0x2cb8c920, skipping init
03-11 15:56:50.034  3241  3241 V JNIHelp : Registering com/google/android/gms/org/conscrypt/NativeCrypto's 254 native methods...
03-11 15:56:50.099  3241  3241 I ProviderInstaller: Installed default security provider GmsCore_OpenSSL
03-11 15:56:50.138  3241  3244 D dalvikvm: GC_CONCURRENT freed 616K, 18% free 3337K/4056K, paused 1ms+3ms, total 19ms
03-11 15:56:50.143  3241  3241 I dalvikvm: Could not find method android.app.Notification$Builder.setLocalOnly, referenced from method com.google.android.gms.common.os.b
03-11 15:56:50.143  3241  3241 W dalvikvm: VFY: unable to resolve virtual method 142: Landroid/app/Notification$Builder;.setLocalOnly (Z)Landroid/app/Notification$Builder;
03-11 15:56:50.143  3241  3241 D dalvikvm: VFY: replacing opcode 0x6e at 0x00ce
03-11 15:56:50.145  3241  3241 I dalvikvm: Could not find method android.content.pm.PackageManager.getPackageInstaller, referenced from method com.google.android.gms.common.ou.a
03-11 15:56:50.145  3241  3241 W dalvikvm: VFY: unable to resolve virtual method 430: Landroid/content/pm/PackageManager;.getPackageInstaller ()Landroid/content/pm/PackageInstaller;
03-11 15:56:50.145  3241  3241 D dalvikvm: VFY: replacing opcode 0x6e at 0x000d
03-11 15:56:50.159  3241  3241 I dalvikvm: Failed resolving Lcom/google/android/gms/common/j/c; interface 119 'Landroid/content/pm/PackageManager$OnPermissionsChangedListener;'
03-11 15:56:50.159  3241  3241 W dalvikvm: Link of class 'Lcom/google/android/gms/common/j/c;' failed
03-11 15:56:50.159  3241  3241 E dalvikvm: Could not find class 'com.google.android.gms.common.j.c', referenced from method com.google.android.gms.common.j.b.a
03-11 15:56:50.159  3241  3241 W dalvikvm: VFY: unable to resolve new-instance 2862 (Lcom/google/android/gms/common/j/c;) in Lcom/google/android/gms/common/j/b;
03-11 15:56:50.159  3241  3241 D dalvikvm: VFY: replacing opcode 0x22 at 0x0000
03-11 15:56:50.160  3241  3241 I dalvikvm: Could not find method android.content.Context.checkSelfPermission, referenced from method com.google.android.gms.common.j.b.b
03-11 15:56:50.160  3241  3241 W dalvikvm: VFY: unable to resolve virtual method 276: Landroid/content/Context;.checkSelfPermission (Ljava/lang/String;)I
03-11 15:56:50.160  3241  3241 D dalvikvm: VFY: replacing opcode 0x6e at 0x0036
03-11 15:56:50.161  3241  3241 I dalvikvm: Failed resolving Lcom/google/android/gms/common/j/c; interface 119 'Landroid/content/pm/PackageManager$OnPermissionsChangedListener;'
03-11 15:56:50.161  3241  3241 W dalvikvm: Link of class 'Lcom/google/android/gms/common/j/c;' failed
03-11 15:56:50.161  3241  3241 D dalvikvm: DexOpt: unable to opt direct call 0x363b at 0x02 in Lcom/google/android/gms/common/j/b;.a
03-11 15:56:50.230  3241  3244 D dalvikvm: GC_CONCURRENT freed 448K, 13% free 3908K/4460K, paused 2ms+2ms, total 19ms
03-11 15:56:50.230  3241  3272 D dalvikvm: WAIT_FOR_CONCURRENT_GC blocked 8ms
03-11 15:56:50.230  3241  3252 D dalvikvm: WAIT_FOR_CONCURRENT_GC blocked 8ms
03-11 15:56:50.242  1465  1465 E Drm     : Failed to open plugin directory /vendor/lib/mediadrm
03-11 15:56:50.243  3241  3273 W DG.WV   : Widevine DRM not supported on this device
03-11 15:56:50.243  3241  3273 W DG.WV   : android.media.UnsupportedSchemeException: Failed to instantiate drm object.
03-11 15:56:50.243  3241  3273 W DG.WV   : 	at android.media.MediaDrm.native_setup(Native Method)
03-11 15:56:50.243  3241  3273 W DG.WV   : 	at android.media.MediaDrm.<init>(MediaDrm.java:163)
03-11 15:56:50.243  3241  3273 W DG.WV   : 	at com.google.android.gms.droidguard.q.run(:com.google.android.gms:99)
03-11 15:56:50.243  3241  3273 W DG.WV   : 	at java.util.concurrent.ThreadPoolExecutor.runWorker(ThreadPoolExecutor.java:1112)
03-11 15:56:50.243  3241  3273 W DG.WV   : 	at java.util.concurrent.ThreadPoolExecutor$Worker.run(ThreadPoolExecutor.java:587)
03-11 15:56:50.243  3241  3273 W DG.WV   : 	at java.lang.Thread.run(Thread.java:841)
03-11 15:56:50.258  3241  3272 D NativeLibraryUtils: Install completed successfully. count=0 extracted=0
03-11 15:56:50.296  3241  3251 I dalvikvm: Could not find method android.os.PowerManager.isInteractive, referenced from method com.google.android.gms.common.util.aa.a
03-11 15:56:50.296  3241  3251 W dalvikvm: VFY: unable to resolve virtual method 1255: Landroid/os/PowerManager;.isInteractive ()Z
03-11 15:56:50.296  3241  3251 D dalvikvm: VFY: replacing opcode 0x6e at 0x003d
03-11 15:56:50.301  3241  3251 W dalvikvm: VFY: unable to find class referenced in signature (Landroid/net/Network;)
03-11 15:56:50.302  3241  3251 W dalvikvm: VFY: unable to find class referenced in signature (Landroid/net/Network;)
03-11 15:56:50.306  3241  3251 W dalvikvm: VFY: unable to find class referenced in signature (Landroid/net/Network;)
03-11 15:56:50.307  3241  3251 I dalvikvm: Could not find method android.net.Network.openConnection, referenced from method com.google.android.gms.http.g.a
03-11 15:56:50.307  3241  3251 W dalvikvm: VFY: unable to resolve virtual method 1029: Landroid/net/Network;.openConnection (Ljava/net/URL;)Ljava/net/URLConnection;
03-11 15:56:50.307  3241  3251 D dalvikvm: VFY: replacing opcode 0x6e at 0x00bb
03-11 15:56:50.313  3241  3251 I GoogleURLConnFactory: Using platform SSLCertificateSocketFactory
03-11 15:56:50.637  3241  3244 D dalvikvm: GC_CONCURRENT freed 724K, 17% free 4197K/5024K, paused 1ms+6ms, total 24ms
03-11 15:56:50.693  3241  3251 D dalvikvm: GC_FOR_ALLOC freed 814K, 30% free 3648K/5208K, paused 16ms, total 16ms
03-11 15:56:50.693  3241  3251 I dalvikvm-heap: Grow heap (frag case) to 4.011MB for 371102-byte allocation
03-11 15:56:50.707  3241  3249 D dalvikvm: GC_FOR_ALLOC freed <1K, 29% free 4010K/5572K, paused 13ms, total 13ms
03-11 15:56:50.724  3241  3251 D dalvikvm: GC_FOR_ALLOC freed 556K, 35% free 3653K/5572K, paused 13ms, total 13ms
03-11 15:56:50.746  3241  3251 D dalvikvm: GC_FOR_ALLOC freed 581K, 34% free 3691K/5572K, paused 12ms, total 12ms
03-11 15:56:50.862  3241  3251 D dalvikvm: DexOpt: --- BEGIN 'the.apk' (bootstrap=0) ---
03-11 15:56:50.920  3278  3278 D dalvikvm: DexOpt: load 4ms, verify+opt 11ms, 170884 bytes
03-11 15:56:50.934  3241  3251 D dalvikvm: DexOpt: --- END 'the.apk' (success) ---
03-11 15:56:50.934  3241  3251 D dalvikvm: DEX prep '/data/data/com.google.android.gms/app_dg_cache/C15E93CCFD9EF178293A2334A1C9F9B08F115993/the.apk': unzip in 0ms, rewrite 71ms
03-11 15:56:50.981  3241  3244 D dalvikvm: GC_CONCURRENT freed 853K, 31% free 3853K/5572K, paused 2ms+2ms, total 18ms
03-11 15:56:51.049  3241  3251 D dalvikvm: Trying to load lib /data/data/com.google.android.gms/app_dg_cache/C15E93CCFD9EF178293A2334A1C9F9B08F115993/libd2C22E41CF0AC.so 0x2cc1fb40
03-11 15:56:51.050  3241  3251 D dalvikvm: Added shared lib /data/data/com.google.android.gms/app_dg_cache/C15E93CCFD9EF178293A2334A1C9F9B08F115993/libd2C22E41CF0AC.so 0x2cc1fb40
03-11 15:56:51.050  3241  3251 D dalvikvm: No JNI_OnLoad found in /data/data/com.google.android.gms/app_dg_cache/C15E93CCFD9EF178293A2334A1C9F9B08F115993/libd2C22E41CF0AC.so 0x2cc1fb40, skipping init
03-11 15:56:51.380  3241  3244 D dalvikvm: GC_CONCURRENT freed 625K, 25% free 4220K/5572K, paused 1ms+2ms, total 25ms
03-11 15:56:51.867  2330  3238 I CheckinRequestBuilder: Classify the device as Tablet.
03-11 15:56:52.080  2330  3238 I CheckinTask: Sending checkin request (10125 bytes)
03-11 15:56:52.351  2330  2333 D dalvikvm: GC_CONCURRENT freed 827K, 16% free 4953K/5880K, paused 2ms+3ms, total 28ms
03-11 15:56:52.351  2330  3238 D dalvikvm: WAIT_FOR_CONCURRENT_GC blocked 11ms
03-11 15:56:52.392  2330  3238 I CheckinResponseProcessor: From server: 1323 gservices [full]
03-11 15:56:52.441  2280  2284 D dalvikvm: GC_CONCURRENT freed 584K, 19% free 4421K/5408K, paused 1ms+3ms, total 23ms
03-11 15:56:52.517  2806  3154 I GlobalDismissManager: no sender configured
03-11 15:56:52.517  2806  3154 D AlertService: Beginning updateAlertNotification
03-11 15:56:52.527  2806  3154 D AlertService: No fired or scheduled alerts
03-11 15:56:52.538  2806  3154 D AlertService: Scheduling next alarm with AlarmScheduler. sEventReminderReceived: null
03-11 15:56:52.549  2806  3154 D AlarmScheduler: No events found starting within 1 week.
03-11 15:56:52.551  1962  2234 I ActivityManager: Resuming delayed broadcast
03-11 15:56:52.566  2155  2155 I dalvikvm: Could not find method android.content.pm.PackageManager.getLeanbackLaunchIntentForPackage, referenced from method com.google.android.finsky.utils.cq.a
03-11 15:56:52.566  2155  2155 W dalvikvm: VFY: unable to resolve virtual method 911: Landroid/content/pm/PackageManager;.getLeanbackLaunchIntentForPackage (Ljava/lang/String;)Landroid/content/Intent;
03-11 15:56:52.566  2155  2155 D dalvikvm: VFY: replacing opcode 0x6e at 0x0017
03-11 15:56:52.576  1962  1972 I ActivityManager: Delay finish: com.google.android.gms/.chimera.GmsIntentOperationService$PersistentExternalReceiver
03-11 15:56:52.598  2330  3325 D PkgBroadcastIntentOp: Received broadcast action=android.intent.action.PACKAGE_CHANGED and uri=com.google.android.gms
03-11 15:56:52.598  2330  3325 I PkgBroadcastIntentOp: Null package name or gms related package.  Ignoreing.
03-11 15:56:52.614  2330  3325 D WearableController: Received broadcast action=android.intent.action.PACKAGE_CHANGED and uri=com.google.android.gms
03-11 15:56:52.642  2330  3328 W IcingInternalCorpora: getNumBytesRead when not calculated.
03-11 15:56:52.693  2330  2757 I CheckinService: Done disabling old GoogleServicesFramework version
03-11 15:56:52.696  2330  2781 I Icing   : Storage manager: low false usage 1,65MB avail 5,88GB capacity 6,12GB
03-11 15:56:52.724  2330  2333 D dalvikvm: GC_CONCURRENT freed 474K, 10% free 5442K/6020K, paused 3ms+4ms, total 31ms
03-11 15:56:52.728  2330  2781 I dalvikvm: Could not find method android.os.UserHandle.isOwner, referenced from method com.google.android.gms.icing.b.g.a
03-11 15:56:52.728  2330  2781 W dalvikvm: VFY: unable to resolve virtual method 1295: Landroid/os/UserHandle;.isOwner ()Z
03-11 15:56:52.728  2330  2781 D dalvikvm: VFY: replacing opcode 0x6e at 0x0029
03-11 15:56:52.802  2330  2781 E Icing   : Array storage bad crc 3199768013 vs 1246740510
03-11 15:56:52.803  2330  2781 E Icing   : Array storage bad crc 1641473190 vs 2898977193
03-11 15:56:52.809  2330  2781 E Icing   : Array storage bad crc 3838467221 vs 1370146115
03-11 15:56:52.809  2330  2781 E Icing   : Trie mmap suffix failed
03-11 15:56:52.823  2330  2781 W Icing   : Docstore bad crc 0x4c22251d vs 0x92e620f5
03-11 15:56:52.895  2330  2781 E Icing   : Lite index crc check failed: 855421024 vs 2462939147
03-11 15:56:52.896  1962  3335 I CertBlacklister: Certificate blacklist changed, updating...
03-11 15:56:52.903  1962  3335 I CertBlacklister: Certificate blacklist updated
03-11 15:56:52.911  2280  2415 I GservicesProvider: main update completed
03-11 15:56:52.920  2330  3238 I CheckinRequestBuilder: Checkin reason type: 1 attempt count: 1
03-11 15:56:52.921  2330  3238 E ActivityThread: Failed to find provider info for com.google.android.wearable.settings
03-11 15:56:52.950  1480  2986 V WI_BEAN : ## BeanSuccess[1], resp[0], emsg[0], token[1] ##
03-11 15:56:53.008  2330  3238 E TelephonyManager: cts.appProcess.processName:com.google.android.gms
03-11 15:56:53.009  2330  3238 E CheckinRequestBuilder: TelephonyManager.getDeviceId() must return a 15-decimal-digit IMEI, a 14-hex-digit MEID or an 8-hex-digit ESN 
03-11 15:56:53.044  2330  3238 I CheckinRequestBuilder: Classify the device as Tablet.
03-11 15:56:53.059  2371  3336 I Scheduler: Use legacy PeriodicScheduler
03-11 15:56:53.076  2330  3238 I CheckinTask: Checkin success: https://android.clients.google.com/checkin (1 requests sent)
03-11 15:56:53.076  2330  3238 I CheckinService: From server: Intent { act=com.google.android.gms.checkin.NOOP }
03-11 15:56:53.081  2330  3238 E TelephonyManager: cts.appProcess.processName:com.google.android.gms
03-11 15:56:53.085  2371  3336 W InstanceID/Rpc: Found 10006
03-11 15:56:53.092  2330  3238 I CheckinService: Checking schedule, now: 1552319813093 next: 1552902974077
03-11 15:56:53.092  2330  3238 I CheckinService: active receiver: disabled
03-11 15:56:53.111  2330  2330 D CheckinService: Recording last checkin time for package unspecified as 1552319813111
03-11 15:56:53.153  2330  2781 I Icing   : updateResources: need to parse f{com.google.android.gms}
03-11 15:56:53.289  2330  2333 D dalvikvm: GC_CONCURRENT freed 1515K, 25% free 4876K/6492K, paused 3ms+4ms, total 33ms
03-11 15:56:53.373  2330  2781 I Icing   : Internal init done: storage state 0
03-11 15:56:53.386  2330  2781 I Icing   : 6 corpora need re-polling
03-11 15:56:53.417  2330  2781 I Icing   : Post-init done
03-11 15:56:53.419  2330  2781 I Icing   : updateResources: need to parse f{com.google.android.gms}
03-11 15:56:53.579  2330  2781 I Icing   : Indexing 35C6B2551596051EC2B7A8BFD548D2F4676A57B1 from com.google.android.gms
03-11 15:56:53.591  2330  2781 I Icing   : Indexing done 35C6B2551596051EC2B7A8BFD548D2F4676A57B1
03-11 15:56:53.596  2330  2781 I Icing   : Indexing 03EDB384A4F5DE25B3DF8DC950D19AF9F8C46907 from com.google.android.gms
03-11 15:56:53.642  2330  2333 D dalvikvm: GC_CONCURRENT freed 944K, 25% free 4900K/6492K, paused 4ms+3ms, total 29ms
03-11 15:56:53.816  2330  2333 D dalvikvm: GC_CONCURRENT freed 818K, 22% free 5080K/6492K, paused 2ms+3ms, total 29ms
03-11 15:56:53.962  2330  2781 D Icing   : Loaded CLD2 Version V2.0 - 20141016
03-11 15:56:53.973  2330  2333 D dalvikvm: GC_CONCURRENT freed 1015K, 23% free 5001K/6492K, paused 3ms+4ms, total 31ms
03-11 15:56:54.012  2330  2781 I Icing   : Indexing A652BB0F1CCCAF287989406DFC2CDC4B7C781426 from com.google.android.gms
03-11 15:56:54.024  2330  2781 I Icing   : Indexing done A652BB0F1CCCAF287989406DFC2CDC4B7C781426
03-11 15:56:54.026  2330  2781 I Icing   : Indexing B391C207C1072B0F0BA5537C1C72BCF8E7691EC1 from com.google.android.gms
03-11 15:56:54.033  2330  2781 I Icing   : Indexing done B391C207C1072B0F0BA5537C1C72BCF8E7691EC1
03-11 15:56:54.035  2330  2781 I Icing   : Indexing 16F60506DDE783E1073AD3F0A71CFECA641409EA from com.google.android.gms
03-11 15:56:54.042  2330  2781 I Icing   : Indexing done 16F60506DDE783E1073AD3F0A71CFECA641409EA
03-11 15:56:54.044  2330  2781 I Icing   : Indexing F618F53B9B9CBAE046D4F2E143F43D7096DE263F from com.google.android.gms
03-11 15:56:54.051  2330  2781 I Icing   : Indexing done F618F53B9B9CBAE046D4F2E143F43D7096DE263F
03-11 15:56:54.056  2330  2781 I Icing   : Indexing done 03EDB384A4F5DE25B3DF8DC950D19AF9F8C46907
03-11 15:56:54.604  2330  2781 I Icing   : Indexing 03EDB384A4F5DE25B3DF8DC950D19AF9F8C46907 from com.google.android.gms
03-11 15:56:54.609  2330  2781 I Icing   : Indexing done 03EDB384A4F5DE25B3DF8DC950D19AF9F8C46907
03-11 15:56:54.624  1962  2220 I ActivityManager: Resuming delayed broadcast
03-11 15:56:54.636  1962  2220 I ActivityManager: Start proc com.android.gallery3d for broadcast com.android.gallery3d/.app.PackagesMonitor: pid=3373 uid=10021 gids={50021, 3003, 1028, 1015}
03-11 15:56:54.646  3373  3373 E Environment: canonicalPath = /mnt/sdcard
03-11 15:56:54.729  1962  2219 I ActivityManager: Delay finish: com.android.gallery3d/.app.PackagesMonitor
03-11 15:56:54.746  1962  2193 I ActivityManager: Resuming delayed broadcast
03-11 15:56:54.953  2280  2284 D dalvikvm: GC_CONCURRENT freed 1295K, 27% free 4042K/5504K, paused 1ms+3ms, total 27ms
03-11 15:56:54.968  1962  2219 I ActivityManager: Delay finish: com.google.android.gms/.init.InitializeGmsReceiver
03-11 15:56:54.972  2330  3391 D LocationInitializer: Restart initialization of location
03-11 15:56:54.980  2371  2371 D WearableService: callingUid 10006, callindPid: 2371
03-11 15:56:54.993  2371  3390 E MDM     : [129] b.run: Couldn't connect to Google API client: ConnectionResult{statusCode=API_UNAVAILABLE, resolution=null, message=null}
03-11 15:56:55.008  1962  2234 I ActivityManager: Resuming delayed broadcast
03-11 15:56:55.017  2280  2280 D AuthorizationBluetoothService: Received GmsCore event: Intent { act=com.google.android.gms.INITIALIZE flg=0x10 pkg=com.google.android.gms cmp=com.google.android.gms/.auth.be.proximity.authorization.bt.AuthorizationBluetoothService$AutoStarter }.
03-11 15:56:55.018  2280  2280 E AuthorizationBluetoothService: Proximity feature is not enabled.
03-11 15:56:55.021  1962  2219 I ActivityManager: Delay finish: com.google.android.gms/.auth.be.account.AccountStatusChecker$InitializeReceiver
03-11 15:56:55.023  2280  2280 V GLSActivity: AuthDelegateWrapperCreated with selected intent: Intent { cmp=com.google.android.gms/.auth.DefaultAuthDelegateService }
03-11 15:56:55.024  2280  2280 V GLSActivity: AuthDelegateWrapperCreated with selected intent: Intent { cmp=com.google.android.gms/.auth.DefaultAuthDelegateService }
03-11 15:56:55.027  1962  2219 I ActivityManager: Resuming delayed broadcast
03-11 15:56:55.032  1962  2040 I ActivityManager: Delay finish: com.google.android.gms/.auth.crypto.ChannelBindingBroadcastReceiver
03-11 15:56:55.036  1962  2233 I ActivityManager: Resuming delayed broadcast
03-11 15:56:55.048  1962  2040 I ActivityManager: Delay finish: com.google.android.partnersetup/.GservicesChangedReceiver
03-11 15:56:55.075  2280  3388 I GCM     : GCM config loaded
03-11 15:56:55.131  1962  2040 I ActivityManager: Resuming delayed broadcast
03-11 15:56:55.149  1962  2034 D ConnectivityService: handleInetConditionChange: net=1 != default=9 - ignore
03-11 15:56:55.174  1962  1972 I ActivityManager: Delay finish: com.google.android.gms/.chimera.container.GmsModuleFinder$Receiver
03-11 15:56:55.176  2330  3422 D GmsModuleFndr: Beginning GMS chimera module scan
03-11 15:56:55.177  2330  3422 D GmsModuleFndr: Module pkg com.google.android.apps.kids.familylinkmanager not installed, skipping
03-11 15:56:55.177  2330  3422 D GmsModuleFndr: Module pkg com.google.android.gms.policy_test_support not installed, skipping
03-11 15:56:55.177  2330  3422 D GmsModuleFndr: Module pkg com.google.android.apps.kids.familylink not installed, skipping
03-11 15:56:55.177  2330  3422 D GmsModuleFndr: Module pkg com.google.android.projection.gearhead not installed, skipping
03-11 15:56:55.178  2330  3422 D GmsModuleFndr: Module pkg com.google.android.play.games not installed, skipping
03-11 15:56:55.180  2330  3422 D ChimeraCfgMgr: Beginning module configuration check
03-11 15:56:55.197  1962  2034 D ConnectivityService: handleInetConditionChange: net=1 != default=9 - ignore
03-11 15:56:55.201  1962  2034 D ConnectivityService: handleInetConditionChange: net=1 != default=9 - ignore
03-11 15:56:55.234  2330  3422 D ChimeraCfgMgr: Module APKs unchanged, check complete
03-11 15:56:55.235  1962  2137 I ActivityManager: Resuming delayed broadcast
03-11 15:56:55.240  1962  1972 I ActivityManager: Delay finish: com.google.android.gms/.checkin.CheckinService$Receiver
03-11 15:56:55.258  2330  3423 E TelephonyManager: cts.appProcess.processName:com.google.android.gms
03-11 15:56:55.259  2330  3423 I CheckinService: Checking schedule, now: 1552319815260 next: 1552902974077
03-11 15:56:55.259  2330  3423 I CheckinService: active receiver: disabled
03-11 15:56:55.265  1962  2234 I ActivityManager: Resuming delayed broadcast
03-11 15:56:55.272  2330  2330 I SystemUpdateService: receiver: Intent { act=com.google.gservices.intent.action.GSERVICES_CHANGED flg=0x10 cmp=com.google.android.gms/.update.SystemUpdateService$Receiver }
03-11 15:56:55.275  1962  2219 I ActivityManager: Delay finish: com.google.android.gms/.update.SystemUpdateService$Receiver
03-11 15:56:55.276  2330  2330 D SystemUpdateService: onCreate
03-11 15:56:55.278  2330  2330 D SystemUpdateService: onStartCommand: intent: Intent { cmp=com.google.android.gms/.update.SystemUpdateService (has extras) }
03-11 15:56:55.287  2330  3424 I SystemUpdateService: cancelUpdate (empty URL)
03-11 15:56:55.287  2330  3424 I SystemUpdateService: active receiver: disabled
03-11 15:56:55.292  1962  2234 I ActivityManager: Resuming delayed broadcast
03-11 15:56:55.295  2330  2330 D SystemUpdateService: onDestroy
03-11 15:56:55.305  2330  2330 I dalvikvm: Could not find method android.security.NetworkSecurityPolicy.getInstance, referenced from method com.google.android.gms.ads.internal.t.e.a
03-11 15:56:55.305  2330  2330 W dalvikvm: VFY: unable to resolve static method 1065: Landroid/security/NetworkSecurityPolicy;.getInstance ()Landroid/security/NetworkSecurityPolicy;
03-11 15:56:55.305  2330  2330 D dalvikvm: VFY: replacing opcode 0x71 at 0x004e
03-11 15:56:55.377  1962  1966 D dalvikvm: GC_CONCURRENT freed 862K, 15% free 7018K/8256K, paused 2ms+5ms, total 51ms
03-11 15:56:55.485  2280  2415 D dalvikvm: GC_EXPLICIT freed 715K, 26% free 4079K/5504K, paused 2ms+3ms, total 31ms
03-11 15:56:55.624  2330  2330 D dalvikvm: GC_EXPLICIT freed 703K, 23% free 5007K/6492K, paused 3ms+6ms, total 40ms
03-11 15:56:55.708  2330  2330 W DynamiteLoaderImpl: Failed to load module version: module com.google.android.gms.flags not found
03-11 15:56:55.708  2330  2330 I DynamiteModule: Considering local module com.google.android.gms.flags:1 and remote module com.google.android.gms.flags:0
03-11 15:56:55.708  2330  2330 I DynamiteModule: Selected local version of com.google.android.gms.flags
03-11 15:56:55.740  1962  2220 I ActivityManager: Delay finish: com.google.android.gms/.icing.service.SystemEventReceiver
03-11 15:56:55.866  1962  2194 I ActivityManager: Resuming delayed broadcast
03-11 15:56:55.875  1962  2219 I ActivityManager: Delay finish: com.google.android.gms/.security.snet.SnetReceiver
03-11 15:56:55.895  1962  2194 I ActivityManager: Resuming delayed broadcast
03-11 15:56:55.897  2330  2330 D SystemEventReceiver: Received GSERVICES_CHANGED broadcast
03-11 15:56:55.904  2330  2330 V FeaturePrerequisiteCheckerUtil: Build version: 19
03-11 15:56:55.905  2330  2330 V FeaturePrerequisiteCheckerUtil: Model: unknown
03-11 15:56:55.905  2330  2330 V FeaturePrerequisiteCheckerUtil: CPU_ABI: armeabi-v7a
03-11 15:56:55.905  2330  2330 V FeaturePrerequisiteCheckerUtil: CPU_ABI2: armeabi
03-11 15:56:55.905  1465  1866 I CameraModule: [CAMERA_HAL] camera_get_number_of_cameras = 0
03-11 15:56:55.905  2330  2330 W FeaturePrerequisiteCheckerUtil: No rear-facing camera detected.
03-11 15:56:55.905  2330  2330 I OcrUtils: Updating ocr activity enabled=false
03-11 15:56:55.935  1962  1972 I ActivityManager: Delay finish: com.google.android.gms/.auth.api.credentials.sync.CredentialSyncReceiverService$Receiver
03-11 15:56:55.938  1962  2040 I ActivityManager: Resuming delayed broadcast
03-11 15:56:55.958  1962  2137 I ActivityManager: Delay finish: com.google.android.gms/.analytics.internal.GServicesChangedReceiver
03-11 15:56:55.973  1962  2194 I ActivityManager: Resuming delayed broadcast
03-11 15:56:55.979  1962  2220 W ActivityManager: Unable to start service Intent { cmp=com.google.android.gms/.measurement.service.b } U=0: not found
03-11 15:56:55.986  2330  2330 D OcrModelManager: Updating downloaded model state (gservices changed)
03-11 15:56:55.995  2280  3435 D GCM     : GcmService start Intent { act=com.google.gservices.intent.action.GSERVICES_CHANGED flg=0x10 cmp=com.google.android.gms/.gcm.GcmService } com.google.gservices.intent.action.GSERVICES_CHANGED
03-11 15:56:56.048  1962  2193 I ActivityManager: Delay finish: com.google.android.gms/.auth.crypto.ChannelBindingBroadcastReceiver
03-11 15:56:56.051  1962  1973 I ActivityManager: Resuming delayed broadcast
03-11 15:56:56.186  2371  2373 D dalvikvm: GC_CONCURRENT freed 750K, 15% free 4911K/5764K, paused 3ms+4ms, total 35ms
03-11 15:56:56.297  2280  2660 D dalvikvm: GC_EXPLICIT freed 157K, 26% free 4098K/5504K, paused 2ms+4ms, total 27ms
03-11 15:56:56.312  2371  2371 E dalvikvm: Could not find class 'android.app.usage.UsageStatsManager', referenced from method com.google.android.contextmanager.m.a.az.i
03-11 15:56:56.312  2371  2371 W dalvikvm: VFY: unable to resolve check-cast 76 (Landroid/app/usage/UsageStatsManager;) in Lcom/google/android/contextmanager/m/a/az;
03-11 15:56:56.312  2371  2371 D dalvikvm: VFY: replacing opcode 0x1f at 0x001a
03-11 15:56:56.313  2371  2371 D dalvikvm: DexOpt: unable to opt direct call 0x013e at 0x2b in Lcom/google/android/contextmanager/m/a/az;.i
03-11 15:56:56.323  2371  2371 I dalvikvm: Could not find method android.os.PowerManager.isInteractive, referenced from method com.google.android.contextmanager.m.a.bc.b
03-11 15:56:56.323  2371  2371 W dalvikvm: VFY: unable to resolve virtual method 1533: Landroid/os/PowerManager;.isInteractive ()Z
03-11 15:56:56.323  2371  2371 D dalvikvm: VFY: replacing opcode 0x6e at 0x0012
03-11 15:56:56.462  2371  2371 I GCoreUlr: Starting service, intent=Intent { act=com.google.android.location.reporting.ACTION_UPDATE_WORLD cmp=com.google.android.gms/com.google.android.location.reporting.service.DispatchingService (has extras) }, extras=Bundle[{receiverAction=com.google.gservices.intent.action.GSERVICES_CHANGED}]
03-11 15:56:56.464  1962  2233 I ActivityManager: Delay finish: com.google.android.gms/com.google.android.location.reporting.service.ExternalChangeReceiver
03-11 15:56:56.477  2371  2371 I GCoreUlr: DispatchingService.onCreate()
03-11 15:56:56.530  2371  2458 W GeofencerStateMachine: Ignoring removeGeofence because network location is disabled.
03-11 15:56:56.533  2371  3457 I GCoreUlr: WorldUpdater received intent Intent { act=com.google.android.location.reporting.ACTION_UPDATE_WORLD cmp=com.google.android.gms/com.google.android.location.reporting.service.DispatchingService (has extras) } with receiverAction com.google.gservices.intent.action.GSERVICES_CHANGED
03-11 15:56:56.536  2371  3438 E ctxmgr  : [FenceManager]Could not remove all geofences. status=Status{statusCode=unknown status code: 1000, resolution=null}
03-11 15:56:56.602  2371  3457 I GCoreUlr: WorldUpdater:com.google.gservices.intent.action.GSERVICES_CHANGED: Ensuring that reporting is stopped because of reasons: (no Google accounts)
03-11 15:56:56.607  2371  3457 I GCoreUlr: Unbound from all location providers
03-11 15:56:56.607  2371  3457 I GCoreUlr: Place inference reporting - stopped
03-11 15:56:56.613  2371  3438 W ctxmgr  : [AclManager]checkPermissionTypeStatus: no inject permission for { uid=10006, packageName=com.google.android.gms }. Returned permission was: PACKAGE_NOT_WHITELISTED for context name=POWER_CONNECTION, account=account#-517948760#
03-11 15:56:56.621  2371  2371 E ctxmgr  : [PowerConnectionProducer]Could not write powerInfo=Plug state: 1 BatteryLevel: 0.0, status=Status{statusCode=unknown status code: 7503, resolution=null}
03-11 15:56:56.624  2371  2371 I GCoreUlr: DispatchingService.onDestroy()
03-11 15:56:56.624  2371  2371 I GCoreUlr: Stopping handler for UlrDispSvcFast
03-11 15:56:56.624  1962  2193 I ActivityManager: Resuming delayed broadcast
03-11 15:56:56.631  2371  2371 I GCoreUlr: Unbound from all location providers
03-11 15:56:56.631  2371  2371 I GCoreUlr: Place inference reporting - stopped
03-11 15:56:56.709  1962  2137 I ActivityManager: Delay finish: com.google.android.gms/.gcm.gmsproc.GmsAutoStarter
03-11 15:56:56.727  1962  2234 I ActivityManager: Resuming delayed broadcast
03-11 15:56:56.733  2280  3459 D GCM     : GcmService start Intent { act=com.google.android.checkin.CHECKIN_COMPLETE flg=0x10 cmp=com.google.android.gms/.gcm.GcmService (has extras) } com.google.android.checkin.CHECKIN_COMPLETE
03-11 15:56:56.746  2280  3460 D GCM     : GcmService start Intent { act=com.google.android.checkin.CHECKIN_COMPLETE flg=0x10 cmp=com.google.android.gms/.gcm.GcmService (has extras) } com.google.android.checkin.CHECKIN_COMPLETE
03-11 15:56:59.813  1962  2016 I InputReader: Reconfiguring input devices.  changes=0x00000010
03-11 15:56:59.837  1962  1972 I ActivityManager: Delay finish: com.android.gallery3d/.app.PackagesMonitor
03-11 15:56:59.859  2330  3511 D PkgBroadcastIntentOp: Received broadcast action=android.intent.action.PACKAGE_CHANGED and uri=com.google.android.gms
03-11 15:56:59.859  2330  3511 I PkgBroadcastIntentOp: Null package name or gms related package.  Ignoreing.
03-11 15:56:59.868  2330  3511 D WearableController: Received broadcast action=android.intent.action.PACKAGE_CHANGED and uri=com.google.android.gms
03-11 15:56:59.876  2330  2781 I Icing   : updateResources: need to parse f{com.google.android.gms}
03-11 15:56:59.880  1962  1978 W LocationProviderProxy-fused: com.google.android.gms resolves service com.android.location.service.FusedLocationProvider, but has wrong signature, ignoring
03-11 15:56:59.920  2330  2333 D dalvikvm: GC_CONCURRENT freed 977K, 23% free 4991K/6448K, paused 3ms+5ms, total 33ms
03-11 15:57:00.074  2371  2373 D dalvikvm: GC_CONCURRENT freed 752K, 15% free 5059K/5912K, paused 3ms+4ms, total 33ms
03-11 15:57:01.063  2330  2781 I Icing   : Indexing 03EDB384A4F5DE25B3DF8DC950D19AF9F8C46907 from com.google.android.gms
03-11 15:57:01.097  2330  2781 D Icing   : Loaded CLD2 Version V2.0 - 20141016
03-11 15:57:01.117  2330  2781 I Icing   : Indexing done 03EDB384A4F5DE25B3DF8DC950D19AF9F8C46907
03-11 15:57:01.121  1962  1972 I ActivityManager: Resuming delayed broadcast
03-11 15:57:01.149  2235  2239 D dalvikvm: GC_CONCURRENT freed 798K, 5% free 18528K/19428K, paused 1ms+3ms, total 22ms
03-11 15:57:01.296  1962  1977 I ActivityManager: Waited long enough for: ServiceRecord{2cf1d288 u0 com.hisilicon.android.music/.MediaPlaybackService}
03-11 15:57:03.899  2806  2840 D InitAlarmsService: Clearing and rescheduling alarms.
03-11 15:57:08.546  1480  2861 I DVBSTACK: [Reply] DVB_DB_CONFIG_Get(33), size:8 (DvbService.cpp, 203)
03-11 15:57:18.173  2166  3176 E DMS-C   : In HI_DmsInit OK
03-11 15:57:18.175  2166  3176 I CommonDef: [getCurrentAdapterName] ethernet is open
03-11 15:57:18.176  2166  3176 E CommonDef: getDatabaseInterfaceName []
03-11 15:57:18.176  2166  3176 D CommonDef: getCurrentAdapterName start strAdapterName=eth0
03-11 15:57:18.178  2166  3176 E VPP_DLNA_LOG: [VPPDLNA][UpnpInit3][:510] === the name is adapter_name: eth0
03-11 15:57:18.178  2166  3176 E VPP_DLNA_LOG: [VPPDLNA]:[getlocalhostname]:the param adapterName is eth0!
03-11 15:57:18.178  2166  3176 E VPP_DLNA_LOG: [VPPDLNA]:[getlocalhostname] find the adapter :eth0,MAC is 001EB8A16CC0
03-11 15:57:18.178  2166  3176 E VPP_DLNA_LOG: [VPPDLNA]:Inside getlocalhostname: after strncpy 192.168.1.30
03-11 15:57:18.233  1962  1966 D dalvikvm: GC_CONCURRENT freed 834K, 12% free 7082K/8028K, paused 3ms+5ms, total 65ms
03-11 15:57:18.676  2166  3176 E DMS-C   : HI_DLNA_AddDmsSharedDir Failed
03-11 15:57:18.679  2166  3176 E DMS-C   : HI_DLNA_AddDmsSharedDir Failed
03-11 15:57:18.679  2166  3176 I System.out: UpnpSettingActivitycall addSharDir by jni......
03-11 15:57:18.679  2166  3176 D MediaService: dms addShareDir+HiMediaServer+ fail
03-11 15:57:18.679  2166  3176 D UPNP    : com.hisilicon.dlna.dms.MediaService.addDMSSharedDirByStack()  Line:1052  (MediaService.java)
03-11 15:57:18.679  2166  3176 E MediaService: dmsBinder2.create success in BroadCast
03-11 15:57:18.680  2166  3176 D UPNP    : com.hisilicon.dlna.dms.MediaService.addDMSSharedDirByStack()  Line:1056  (MediaService.java)
03-11 15:57:20.666  1480  2006 I DVBSTACK: [Reply] DVB_DB_CONFIG_Get(33), size:8 (DvbService.cpp, 203)
03-11 15:57:21.237  1480  1480 I DVBSTACK: [Reply] DVB_DB_CONFIG_Get(33), size:8 (DvbService.cpp, 203)
03-11 15:57:25.841  1480  2861 I DVBSTACK: [Reply] DVB_DB_CONFIG_Get(33), size:8 (DvbService.cpp, 203)
03-11 15:57:30.619  1962  2034 D ConnectivityService: Sampling interval elapsed, updating statistics ..
03-11 15:57:30.624  1962  2034 D ConnectivityService: Done.
03-11 15:57:30.625  1962  2034 D ConnectivityService: Setting timer for 720seconds
03-11 15:57:46.733  3056  3056 W ContextImpl: Calling a method in the system process without a qualified user: android.app.ContextImpl.sendBroadcast:1200 android.content.ContextWrapper.sendBroadcast:365 com.hisilicon.android.music.MediaPlaybackService.onDestroy:428 android.app.ActivityThread.handleStopService:2732 android.app.ActivityThread.access$2200:135 
03-11 15:57:46.735  3056  3056 V MediaPlayer: setListener
03-11 15:57:46.735  3056  3056 V MediaPlayer: disconnect
03-11 15:57:46.735  3056  3056 V MediaPlayer: destructor
03-11 15:57:46.735  3056  3056 V MediaPlayer: disconnect
03-11 15:57:46.737  1962  2220 I MediaFocusControl:  AudioFocus  abandonAudioFocus() from android.media.AudioManager@2cb949c8com.hisilicon.android.music.MediaPlaybackService$4@2cb93008
03-11 15:57:46.762  1962  1977 I ActivityManager: Start proc com.android.musicfx for broadcast com.android.musicfx/.ControlPanelReceiver: pid=4362 uid=10010 gids={50010, 3003, 3002}
03-11 15:57:46.776  4362  4362 E Environment: canonicalPath = /mnt/sdcard
03-11 15:57:46.811  4362  4362 V MusicFXControlPanelReceiver: onReceive
03-11 15:57:46.811  4362  4362 V MusicFXControlPanelReceiver: Action: android.media.action.CLOSE_AUDIO_EFFECT_CONTROL_SESSION
03-11 15:57:46.812  4362  4362 V MusicFXControlPanelReceiver: Package name: com.hisilicon.android.music
03-11 15:57:46.812  4362  4362 V MusicFXControlPanelReceiver: Audio session: 0
03-11 15:57:46.814  4362  4362 V MusicFXControlPanelEffect: closeSession(android.app.ReceiverRestrictedContext@2cb8efb8, com.hisilicon.android.music, 0)
03-11 15:57:49.803  1962  1968 I dalvikvm: Jit: resizing JitTable from 4096 to 8192
03-11 15:57:49.879  2371  4434 I VacuumService: Vacuum at: now=1552319869880 tag=VacuumService
03-11 15:57:49.987  2280  2284 D dalvikvm: GC_CONCURRENT freed 933K, 27% free 4066K/5496K, paused 2ms+2ms, total 26ms
03-11 15:58:49.755  2330  5512 D UdcContextInitService: registered all accounts: true
03-11 15:58:49.779  2330  5512 I GAv4-SVC: Google Analytics 8.7.03 is starting up.
03-11 15:58:49.917  2330  2333 D dalvikvm: GC_CONCURRENT freed 722K, 18% free 5292K/6448K, paused 5ms+4ms, total 36ms
03-11 15:58:49.917  2330  5512 D dalvikvm: WAIT_FOR_CONCURRENT_GC blocked 21ms
03-11 15:58:50.132  2371  5517 I PhenotypeConfigurator: Scheduling Phenotype for one-off execution 13586 seconds from now (1552319930133)
03-11 15:58:50.253  2371  5515 I PhenotypeFlagCommitter: Experiment Configs successfully retrieved for com.google.android.gms.playlog.uploader
03-11 15:58:50.267  2371  5515 W dalvikvm: VFY: unable to find class referenced in signature (Landroid/net/Network;)
03-11 15:58:50.269  2371  5515 W dalvikvm: VFY: unable to find class referenced in signature (Landroid/net/Network;)
03-11 15:58:50.272  2371  5515 W dalvikvm: VFY: unable to find class referenced in signature (Landroid/net/Network;)
03-11 15:58:50.273  2371  5515 I dalvikvm: Could not find method android.net.Network.openConnection, referenced from method com.google.android.gms.http.g.a
03-11 15:58:50.273  2371  5515 W dalvikvm: VFY: unable to resolve virtual method 1029: Landroid/net/Network;.openConnection (Ljava/net/URL;)Ljava/net/URLConnection;
03-11 15:58:50.273  2371  5515 D dalvikvm: VFY: replacing opcode 0x6e at 0x00bb
03-11 15:58:50.274  2371  5515 I GoogleURLConnFactory: Using platform SSLCertificateSocketFactory
03-11 15:58:50.338  2371  5515 I dalvikvm: Could not find method android.os.PowerManager.isInteractive, referenced from method com.google.android.gms.common.util.aa.a
03-11 15:58:50.339  2371  5515 W dalvikvm: VFY: unable to resolve virtual method 1255: Landroid/os/PowerManager;.isInteractive ()Z
03-11 15:58:50.339  2371  5515 D dalvikvm: VFY: replacing opcode 0x6e at 0x003d
03-11 15:58:50.520  2371  2373 D dalvikvm: GC_CONCURRENT freed 873K, 16% free 5186K/6160K, paused 4ms+4ms, total 41ms
03-11 16:01:27.664  2155  2362 W PlayEventLogger: No account for auth token provided
03-11 16:01:27.754  2155  2159 D dalvikvm: GC_CONCURRENT freed 736K, 20% free 3500K/4336K, paused 2ms+2ms, total 23ms
03-11 16:05:29.386  2235  2235 V PowerAlarmManager: setAutoPowerSleepAlarm : 0
03-11 16:05:29.387  1480  2006 I DVBSTACK: [Reply] DVB_SYS_SetKeyInputHistory(11), size:0 (DvbService.cpp, 203)
03-11 16:05:29.387  2235  2235 V Home    : keyFlag : 8
03-11 16:05:29.387  2235  2235 V Home    :  dispatchKeyEvent : 165
03-11 16:05:29.592  2235  2235 V PowerAlarmManager: setAutoPowerSleepAlarm : 0
03-11 16:05:29.594  2235  2235 V Home    : keyFlag : 8
